[INFO] cloning repository https://github.com/jacklund/i2pd-rs
[INFO] running `Command { std: "git" "-c" "credential.helper=" "-c" "credential.helper=/workspace/cargo-home/bin/git-credential-null" "clone" "--bare" "https://github.com/jacklund/i2pd-rs" "/workspace/cache/git-repos/https%3A%2F%2Fgithub.com%2Fjacklund%2Fi2pd-rs", kill_on_drop: false }`
[INFO] [stderr] Cloning into bare repository '/workspace/cache/git-repos/https%3A%2F%2Fgithub.com%2Fjacklund%2Fi2pd-rs'...
[INFO] running `Command { std: "git" "rev-parse" "HEAD", kill_on_drop: false }`
[INFO] [stdout] 54463c8ae9c565429e02bd5aca02bb2fca288701
[INFO] documenting jacklund/i2pd-rs against beta-2021-08-01 for beta-1.55-rustdoc-1
[INFO] running `Command { std: "git" "clone" "/workspace/cache/git-repos/https%3A%2F%2Fgithub.com%2Fjacklund%2Fi2pd-rs" "/workspace/builds/worker-14/source", kill_on_drop: false }`
[INFO] [stderr] Cloning into '/workspace/builds/worker-14/source'...
[INFO] [stderr] done.
[INFO] validating manifest of git repo https://github.com/jacklund/i2pd-rs on toolchain beta-2021-08-01
[INFO] running `Command { std: "/workspace/cargo-home/bin/cargo" "+beta-2021-08-01" "metadata" "--manifest-path" "Cargo.toml" "--no-deps", kill_on_drop: false }`
[INFO] started tweaking git repo https://github.com/jacklund/i2pd-rs
[INFO] finished tweaking git repo https://github.com/jacklund/i2pd-rs
[INFO] tweaked toml for git repo https://github.com/jacklund/i2pd-rs written to /workspace/builds/worker-14/source/Cargo.toml
[INFO] crate git repo https://github.com/jacklund/i2pd-rs already has a lockfile, it will not be regenerated
[INFO] running `Command { std: "/workspace/cargo-home/bin/cargo" "+beta-2021-08-01" "fetch" "--manifest-path" "Cargo.toml", kill_on_drop: false }`
[INFO] [stderr]  Downloading crates ...
[INFO] [stderr]   Downloaded lazy_static v0.2.6
[INFO] [stderr]   Downloaded ordered-float v0.4.0
[INFO] [stderr]   Downloaded serde_yaml v0.6.2
[INFO] [stderr]   Downloaded flate2 v0.2.17
[INFO] [stderr]   Downloaded gcrypt v0.5.2
[INFO] [stderr]   Downloaded mockers v0.5.7
[INFO] [stderr]   Downloaded gpg-error v0.2.1
[INFO] [stderr]   Downloaded log4rs v0.6.2
[INFO] [stderr]   Downloaded serde-value v0.4.0
[INFO] [stderr]   Downloaded base64 v0.4.0
[INFO] [stderr]   Downloaded libgcrypt-sys v0.5.2
[INFO] [stderr]   Downloaded libgpg-error-sys v0.2.2
[INFO] running `Command { std: "docker" "create" "-v" "/var/lib/crater-agent-workspace/builds/worker-14/target:/opt/rustwide/target:rw,Z" "-v" "/var/lib/crater-agent-workspace/builds/worker-14/source:/opt/rustwide/workdir:ro,Z" "-v" "/var/lib/crater-agent-workspace/cargo-home:/opt/rustwide/cargo-home:ro,Z" "-v" "/var/lib/crater-agent-workspace/rustup-home:/opt/rustwide/rustup-home:ro,Z" "-e" "SOURCE_DIR=/opt/rustwide/workdir" "-e" "CARGO_TARGET_DIR=/opt/rustwide/target" "-e" "CARGO_HOME=/opt/rustwide/cargo-home" "-e" "RUSTUP_HOME=/opt/rustwide/rustup-home" "-w" "/opt/rustwide/workdir" "-m" "1610612736" "--user" "0:0" "--network" "none" "ghcr.io/rust-lang/crates-build-env/linux@sha256:34b6a614d2c27851fe6cbf88fbd1137609cefab8b10d0615aaeb6fd47975d74e" "/opt/rustwide/cargo-home/bin/cargo" "+beta-2021-08-01" "metadata" "--no-deps" "--format-version=1", kill_on_drop: false }`
[INFO] [stdout] 9aadf590df480febfe3a80d4d7e1c8f7ad26b6c94d8ac04feaaba38b367a3ad7
[INFO] [stderr] WARNING: Your kernel does not support swap limit capabilities or the cgroup is not mounted. Memory limited without swap.
[INFO] running `Command { std: "docker" "start" "-a" "9aadf590df480febfe3a80d4d7e1c8f7ad26b6c94d8ac04feaaba38b367a3ad7", kill_on_drop: false }`
[INFO] running `Command { std: "docker" "inspect" "9aadf590df480febfe3a80d4d7e1c8f7ad26b6c94d8ac04feaaba38b367a3ad7", kill_on_drop: false }`
[INFO] running `Command { std: "docker" "rm" "-f" "9aadf590df480febfe3a80d4d7e1c8f7ad26b6c94d8ac04feaaba38b367a3ad7", kill_on_drop: false }`
[INFO] [stdout] 9aadf590df480febfe3a80d4d7e1c8f7ad26b6c94d8ac04feaaba38b367a3ad7
[INFO] running `Command { std: "docker" "create" "-v" "/var/lib/crater-agent-workspace/builds/worker-14/target:/opt/rustwide/target:rw,Z" "-v" "/var/lib/crater-agent-workspace/builds/worker-14/source:/opt/rustwide/workdir:ro,Z" "-v" "/var/lib/crater-agent-workspace/cargo-home:/opt/rustwide/cargo-home:ro,Z" "-v" "/var/lib/crater-agent-workspace/rustup-home:/opt/rustwide/rustup-home:ro,Z" "-e" "SOURCE_DIR=/opt/rustwide/workdir" "-e" "CARGO_TARGET_DIR=/opt/rustwide/target" "-e" "CARGO_INCREMENTAL=0" "-e" "RUST_BACKTRACE=full" "-e" "RUSTDOCFLAGS=--cap-lints=warn" "-e" "CARGO_HOME=/opt/rustwide/cargo-home" "-e" "RUSTUP_HOME=/opt/rustwide/rustup-home" "-w" "/opt/rustwide/workdir" "-m" "1610612736" "--user" "0:0" "--network" "none" "ghcr.io/rust-lang/crates-build-env/linux@sha256:34b6a614d2c27851fe6cbf88fbd1137609cefab8b10d0615aaeb6fd47975d74e" "/opt/rustwide/cargo-home/bin/cargo" "+beta-2021-08-01" "doc" "--frozen" "--no-deps" "--document-private-items" "--message-format=json", kill_on_drop: false }`
[INFO] [stderr] WARNING: Your kernel does not support swap limit capabilities or the cgroup is not mounted. Memory limited without swap.
[INFO] [stdout] b2d4af58734adeb5e46e7bd2af55a065e2a4d64b6f204a2b04be4450da454518
[INFO] running `Command { std: "docker" "start" "-a" "b2d4af58734adeb5e46e7bd2af55a065e2a4d64b6f204a2b04be4450da454518", kill_on_drop: false }`
[INFO] [stderr]    Compiling gcc v0.3.45
[INFO] [stderr]     Checking libc v0.2.21
[INFO] [stderr]     Checking num-traits v0.1.37
[INFO] [stderr]     Checking serde v0.9.11
[INFO] [stderr]    Compiling cfg-if v0.1.0
[INFO] [stderr]     Checking linked-hash-map v0.3.0
[INFO] [stderr]     Checking itoa v0.3.1
[INFO] [stderr]     Checking quick-error v1.1.0
[INFO] [stderr]     Checking dtoa v0.4.1
[INFO] [stderr]     Checking unicode-segmentation v1.1.0
[INFO] [stderr]     Checking log v0.3.7
[INFO] [stderr]     Checking log-mdc v0.1.0
[INFO] [stderr]     Checking lazy_static v0.2.6
[INFO] [stderr]     Checking bitflags v0.8.0
[INFO] [stderr]     Checking vec_map v0.7.0
[INFO] [stderr]     Checking byteorder v1.0.0
[INFO] [stderr]     Checking unreachable v0.1.1
[INFO] [stderr]     Checking unsafe-any v0.4.1
[INFO] [stderr]     Checking humantime v1.0.0
[INFO] [stderr]    Compiling syn v0.11.9
[INFO] [stderr]     Checking yaml-rust v0.3.5
[INFO] [stderr]     Checking typemap v0.3.3
[INFO] [stderr]     Checking num-integer v0.1.33
[INFO] [stderr]     Checking ordered-float v0.4.0
[INFO] [stderr]     Checking time v0.1.36
[INFO] [stderr]     Checking atty v0.2.2
[INFO] [stderr]     Checking term_size v0.2.3
[INFO] [stderr]     Checking rand v0.3.15
[INFO] [stderr]    Compiling libgpg-error-sys v0.2.2
[INFO] [stderr]    Compiling miniz-sys v0.1.9
[INFO] [stderr]    Compiling libgcrypt-sys v0.5.2
[INFO] [stderr]     Checking clap v2.21.1
[INFO] [stderr]     Checking num-iter v0.1.33
[INFO] [stderr]     Checking num v0.1.37
[INFO] [stderr]     Checking chrono v0.3.0
[INFO] [stderr]    Compiling serde_codegen_internals v0.14.1
[INFO] [stderr]     Checking flate2 v0.2.17
[INFO] [stderr]    Compiling serde_derive v0.9.11
[INFO] [stderr]     Checking serde_json v0.9.9
[INFO] [stderr]     Checking serde_yaml v0.6.2
[INFO] [stderr]     Checking serde-value v0.4.0
[INFO] [stderr]     Checking gpg-error v0.2.1
[INFO] [stderr]     Checking log4rs v0.6.2
[INFO] [stderr]     Checking gcrypt v0.5.2
[INFO] [stderr]  Documenting i2pd-rs v0.1.0 (/opt/rustwide/workdir)
[INFO] [stdout] error[E0557]: feature has been removed
[INFO] [stdout]  --> src/main.rs:2:20
[INFO] [stdout]   |
[INFO] [stdout] 2 | #![feature(plugin, custom_derive)]
[INFO] [stdout]   |                    ^^^^^^^^^^^^^ feature has been removed
[INFO] [stdout]   |
[INFO] [stdout]   = note: subsumed by `#[proc_macro_derive]`
[INFO] [stdout] 
[INFO] [stdout] 
[INFO] [stderr] error: could not document `i2pd-rs`
[INFO] [stdout] error[E0554]: `#![feature]` may not be used on the beta release channel
[INFO] [stdout]  --> src/main.rs:1:1
[INFO] [stdout]   |
[INFO] [stdout] 1 | #![feature(box_syntax)]
[INFO] [stdout]   | ^^^^^^^^^^^^^^^^^^^^^^^
[INFO] [stdout] 
[INFO] [stdout] 
[INFO] [stderr] 
[INFO] [stdout] error[E0554]: `#![feature]` may not be used on the beta release channel
[INFO] [stdout]  --> src/main.rs:2:1
[INFO] [stdout]   |
[INFO] [stdout] 2 | #![feature(plugin, custom_derive)]
[INFO] [stdout]   | ^^^^^^^^^^^^^^^^^^^^^^^^^^^^^^^^^^
[INFO] [stdout] 
[INFO] [stdout] 
[INFO] [stderr] Caused by:
[INFO] [stdout] error: Compilation failed, aborting rustdoc
[INFO] [stdout] 
[INFO] [stdout] 
[INFO] [stderr]   process didn't exit successfully: `rustdoc --crate-type bin --crate-name i2pd_rs src/main.rs -o /opt/rustwide/target/doc --error-format=json --json=diagnostic-rendered-ansi --document-private-items -L dependency=/opt/rustwide/target/debug/deps --extern byteorder=/opt/rustwide/target/debug/deps/libbyteorder-484760be230e7f87.rmeta --extern clap=/opt/rustwide/target/debug/deps/libclap-344c780b86cba9c2.rmeta --extern gcrypt=/opt/rustwide/target/debug/deps/libgcrypt-99eb6acf557c5a05.rmeta --extern libc=/opt/rustwide/target/debug/deps/liblibc-c9d76235c1739fdd.rmeta --extern linked_hash_map=/opt/rustwide/target/debug/deps/liblinked_hash_map-e574478fe0f3a5f2.rmeta --extern log=/opt/rustwide/target/debug/deps/liblog-df3f90da0988e3f0.rmeta --extern log4rs=/opt/rustwide/target/debug/deps/liblog4rs-1c3a5c268b4143cf.rmeta --extern rand=/opt/rustwide/target/debug/deps/librand-1ed50e33eb55d481.rmeta --extern serde=/opt/rustwide/target/debug/deps/libserde-fac59c628bc92fb1.rmeta --extern serde_derive=/opt/rustwide/target/debug/deps/libserde_derive-42eac4935d2a9bc5.so --extern serde_yaml=/opt/rustwide/target/debug/deps/libserde_yaml-f8aa5c37ab4c9f7e.rmeta --extern time=/opt/rustwide/target/debug/deps/libtime-d006acc5c280b055.rmeta --extern vec_map=/opt/rustwide/target/debug/deps/libvec_map-8da71e9bf4691b5c.rmeta --extern walkdir=/opt/rustwide/target/debug/deps/libwalkdir-ed0c27ed08cf5b3a.rmeta --extern yaml_rust=/opt/rustwide/target/debug/deps/libyaml_rust-a5481a153f966d3e.rmeta --cap-lints=warn --crate-version 0.1.0` (exit status: 1)
[INFO] [stdout] error: aborting due to 4 previous errors
[INFO] [stdout] 
[INFO] [stdout] 
[INFO] [stdout] Some errors have detailed explanations: E0554, E0557.
[INFO] [stdout] 
[INFO] [stdout] For more information about an error, try `rustc --explain E0554`.
[INFO] [stdout] 
[INFO] running `Command { std: "docker" "inspect" "b2d4af58734adeb5e46e7bd2af55a065e2a4d64b6f204a2b04be4450da454518", kill_on_drop: false }`
[INFO] running `Command { std: "docker" "rm" "-f" "b2d4af58734adeb5e46e7bd2af55a065e2a4d64b6f204a2b04be4450da454518", kill_on_drop: false }`
[INFO] [stdout] b2d4af58734adeb5e46e7bd2af55a065e2a4d64b6f204a2b04be4450da454518
