[INFO] cloning repository https://github.com/iterate/counters-backend
[INFO] running `Command { std: "git" "-c" "credential.helper=" "-c" "credential.helper=/workspace/cargo-home/bin/git-credential-null" "clone" "--bare" "https://github.com/iterate/counters-backend" "/workspace/cache/git-repos/https%3A%2F%2Fgithub.com%2Fiterate%2Fcounters-backend", kill_on_drop: false }`
[INFO] [stderr] Cloning into bare repository '/workspace/cache/git-repos/https%3A%2F%2Fgithub.com%2Fiterate%2Fcounters-backend'...
[INFO] running `Command { std: "git" "rev-parse" "HEAD", kill_on_drop: false }`
[INFO] [stdout] ed4a1d248ff079d0d043e973992b6ab38ed98dfa
[INFO] documenting iterate/counters-backend against beta-2021-08-01 for beta-1.55-rustdoc-1
[INFO] running `Command { std: "git" "clone" "/workspace/cache/git-repos/https%3A%2F%2Fgithub.com%2Fiterate%2Fcounters-backend" "/workspace/builds/worker-15/source", kill_on_drop: false }`
[INFO] [stderr] Cloning into '/workspace/builds/worker-15/source'...
[INFO] [stderr] done.
[INFO] validating manifest of git repo https://github.com/iterate/counters-backend on toolchain beta-2021-08-01
[INFO] running `Command { std: "/workspace/cargo-home/bin/cargo" "+beta-2021-08-01" "metadata" "--manifest-path" "Cargo.toml" "--no-deps", kill_on_drop: false }`
[INFO] started tweaking git repo https://github.com/iterate/counters-backend
[INFO] finished tweaking git repo https://github.com/iterate/counters-backend
[INFO] tweaked toml for git repo https://github.com/iterate/counters-backend written to /workspace/builds/worker-15/source/Cargo.toml
[INFO] crate git repo https://github.com/iterate/counters-backend already has a lockfile, it will not be regenerated
[INFO] running `Command { std: "/workspace/cargo-home/bin/cargo" "+beta-2021-08-01" "fetch" "--manifest-path" "Cargo.toml", kill_on_drop: false }`
[INFO] [stderr]     Blocking waiting for file lock on package cache
[INFO] [stderr]     Blocking waiting for file lock on package cache
[INFO] [stderr]  Downloading crates ...
[INFO] [stderr]   Downloaded state v0.3.2
[INFO] [stderr]   Downloaded smallvec v0.4.3
[INFO] running `Command { std: "docker" "create" "-v" "/var/lib/crater-agent-workspace/builds/worker-15/target:/opt/rustwide/target:rw,Z" "-v" "/var/lib/crater-agent-workspace/builds/worker-15/source:/opt/rustwide/workdir:ro,Z" "-v" "/var/lib/crater-agent-workspace/cargo-home:/opt/rustwide/cargo-home:ro,Z" "-v" "/var/lib/crater-agent-workspace/rustup-home:/opt/rustwide/rustup-home:ro,Z" "-e" "SOURCE_DIR=/opt/rustwide/workdir" "-e" "CARGO_TARGET_DIR=/opt/rustwide/target" "-e" "CARGO_HOME=/opt/rustwide/cargo-home" "-e" "RUSTUP_HOME=/opt/rustwide/rustup-home" "-w" "/opt/rustwide/workdir" "-m" "1610612736" "--user" "0:0" "--network" "none" "ghcr.io/rust-lang/crates-build-env/linux@sha256:34b6a614d2c27851fe6cbf88fbd1137609cefab8b10d0615aaeb6fd47975d74e" "/opt/rustwide/cargo-home/bin/cargo" "+beta-2021-08-01" "metadata" "--no-deps" "--format-version=1", kill_on_drop: false }`
[INFO] [stdout] d8b76163b563c6c5aa2bcede6fbbdf8f90c4559a0f79387ef74a17b43b0798cb
[INFO] running `Command { std: "docker" "start" "-a" "d8b76163b563c6c5aa2bcede6fbbdf8f90c4559a0f79387ef74a17b43b0798cb", kill_on_drop: false }`
[INFO] running `Command { std: "docker" "inspect" "d8b76163b563c6c5aa2bcede6fbbdf8f90c4559a0f79387ef74a17b43b0798cb", kill_on_drop: false }`
[INFO] running `Command { std: "docker" "rm" "-f" "d8b76163b563c6c5aa2bcede6fbbdf8f90c4559a0f79387ef74a17b43b0798cb", kill_on_drop: false }`
[INFO] [stdout] d8b76163b563c6c5aa2bcede6fbbdf8f90c4559a0f79387ef74a17b43b0798cb
[INFO] running `Command { std: "docker" "create" "-v" "/var/lib/crater-agent-workspace/builds/worker-15/target:/opt/rustwide/target:rw,Z" "-v" "/var/lib/crater-agent-workspace/builds/worker-15/source:/opt/rustwide/workdir:ro,Z" "-v" "/var/lib/crater-agent-workspace/cargo-home:/opt/rustwide/cargo-home:ro,Z" "-v" "/var/lib/crater-agent-workspace/rustup-home:/opt/rustwide/rustup-home:ro,Z" "-e" "SOURCE_DIR=/opt/rustwide/workdir" "-e" "CARGO_TARGET_DIR=/opt/rustwide/target" "-e" "CARGO_INCREMENTAL=0" "-e" "RUST_BACKTRACE=full" "-e" "RUSTDOCFLAGS=--cap-lints=warn" "-e" "CARGO_HOME=/opt/rustwide/cargo-home" "-e" "RUSTUP_HOME=/opt/rustwide/rustup-home" "-w" "/opt/rustwide/workdir" "-m" "1610612736" "--user" "0:0" "--network" "none" "ghcr.io/rust-lang/crates-build-env/linux@sha256:34b6a614d2c27851fe6cbf88fbd1137609cefab8b10d0615aaeb6fd47975d74e" "/opt/rustwide/cargo-home/bin/cargo" "+beta-2021-08-01" "doc" "--frozen" "--no-deps" "--document-private-items" "--message-format=json", kill_on_drop: false }`
[INFO] [stdout] 3cea7d7b5f87e2dde0426298cb51ffffb4310bf8a6c9c77669194f95e2a9ef1a
[INFO] running `Command { std: "docker" "start" "-a" "3cea7d7b5f87e2dde0426298cb51ffffb4310bf8a6c9c77669194f95e2a9ef1a", kill_on_drop: false }`
[INFO] [stderr]    Compiling libc v0.2.31
[INFO] [stderr]    Compiling version_check v0.1.3
[INFO] [stderr]    Compiling either v1.1.0
[INFO] [stderr]    Compiling scopeguard v0.3.2
[INFO] [stderr]    Compiling rayon-core v1.2.1
[INFO] [stderr]    Compiling lazy_static v0.2.8
[INFO] [stderr]    Compiling futures v0.1.16
[INFO] [stderr]    Compiling gcc v0.3.54
[INFO] [stderr]    Compiling yansi v0.3.4
[INFO] [stderr]     Checking matches v0.1.6
[INFO] [stderr]    Compiling unicode-normalization v0.1.5
[INFO] [stderr]    Compiling safemem v0.2.0
[INFO] [stderr]     Checking byteorder v1.1.0
[INFO] [stderr]    Compiling percent-encoding v1.0.0
[INFO] [stderr]     Checking serde v1.0.15
[INFO] [stderr]    Compiling log v0.3.8
[INFO] [stderr]     Checking untrusted v0.5.1
[INFO] [stderr]    Compiling pear_codegen v0.0.10
[INFO] [stderr]    Compiling traitobject v0.1.0
[INFO] [stderr]     Checking typeable v0.1.2
[INFO] [stderr]     Checking httparse v1.2.3
[INFO] [stderr]    Compiling language-tags v0.2.2
[INFO] [stderr]     Checking smallvec v0.4.3
[INFO] [stdout] error[E0557]: feature has been removed
[INFO] [stdout]  --> /opt/rustwide/cargo-home/registry/src/github.com-1ecc6299db9ec823/pear_codegen-0.0.10/src/lib.rs:1:45
[INFO] [stdout]   |
[INFO] [stdout] 1 | #![feature(plugin_registrar, rustc_private, quote)]
[INFO] [stdout]   |                                             ^^^^^ feature has been removed
[INFO] [stdout] 
[INFO] [stdout] 
[INFO] [stdout] error[E0462]: found staticlib `rustc` instead of rlib or dylib
[INFO] [stdout]  --> /opt/rustwide/cargo-home/registry/src/github.com-1ecc6299db9ec823/pear_codegen-0.0.10/src/lib.rs:3:1
[INFO] [stdout]   |
[INFO] [stdout] 3 | extern crate rustc;
[INFO] [stdout]   | ^^^^^^^^^^^^^^^^^^^
[INFO] [stdout]   |
[INFO] [stdout]   = help: please recompile that crate using --crate-type lib
[INFO] [stdout]   = note: the following crate versions were found:
[INFO] [stdout]           crate `rustc`: /opt/rustwide/rustup-home/toolchains/beta-2021-08-01-x86_64-unknown-linux-gnu/lib/rustlib/x86_64-unknown-linux-gnu/lib/librustc-beta_rt.asan.a
[INFO] [stdout]           crate `rustc`: /opt/rustwide/rustup-home/toolchains/beta-2021-08-01-x86_64-unknown-linux-gnu/lib/rustlib/x86_64-unknown-linux-gnu/lib/librustc-beta_rt.tsan.a
[INFO] [stdout]           crate `rustc`: /opt/rustwide/rustup-home/toolchains/beta-2021-08-01-x86_64-unknown-linux-gnu/lib/rustlib/x86_64-unknown-linux-gnu/lib/librustc-beta_rt.msan.a
[INFO] [stdout]           crate `rustc`: /opt/rustwide/rustup-home/toolchains/beta-2021-08-01-x86_64-unknown-linux-gnu/lib/rustlib/x86_64-unknown-linux-gnu/lib/librustc-beta_rt.lsan.a
[INFO] [stdout] 
[INFO] [stdout] 
[INFO] [stderr] error: could not compile `pear_codegen` due to 3 previous errors
[INFO] [stdout] error: aborting due to 2 previous errors
[INFO] [stdout] 
[INFO] [stdout] 
[INFO] [stderr] warning: build failed, waiting for other jobs to finish...
[INFO] [stdout] For more information about this error, try `rustc --explain E0557`.
[INFO] [stdout] 
[INFO] [stdout] error[E0554]: `#![feature]` may not be used on the beta release channel
[INFO] [stdout]  --> /opt/rustwide/cargo-home/registry/src/github.com-1ecc6299db9ec823/yansi-0.3.4/src/lib.rs:1:32
[INFO] [stdout]   |
[INFO] [stdout] 1 | #![cfg_attr(feature="nightly", feature(const_atomic_bool_new))]
[INFO] [stdout]   |                                ^^^^^^^^^^^^^^^^^^^^^^^^^^^^^^
[INFO] [stdout] 
[INFO] [stdout] 
[INFO] [stdout] error: aborting due to previous error
[INFO] [stdout] 
[INFO] [stdout] 
[INFO] [stdout] For more information about this error, try `rustc --explain E0554`.
[INFO] [stdout] 
[INFO] [stderr] error: build failed
[INFO] running `Command { std: "docker" "inspect" "3cea7d7b5f87e2dde0426298cb51ffffb4310bf8a6c9c77669194f95e2a9ef1a", kill_on_drop: false }`
[INFO] running `Command { std: "docker" "rm" "-f" "3cea7d7b5f87e2dde0426298cb51ffffb4310bf8a6c9c77669194f95e2a9ef1a", kill_on_drop: false }`
[INFO] [stdout] 3cea7d7b5f87e2dde0426298cb51ffffb4310bf8a6c9c77669194f95e2a9ef1a
