[INFO] cloning repository https://github.com/hustxiaoc/learningrust
[INFO] running `Command { std: "git" "-c" "credential.helper=" "-c" "credential.helper=/workspace/cargo-home/bin/git-credential-null" "clone" "--bare" "https://github.com/hustxiaoc/learningrust" "/workspace/cache/git-repos/https%3A%2F%2Fgithub.com%2Fhustxiaoc%2Flearningrust", kill_on_drop: false }`
[INFO] [stderr] Cloning into bare repository '/workspace/cache/git-repos/https%3A%2F%2Fgithub.com%2Fhustxiaoc%2Flearningrust'...
[INFO] running `Command { std: "git" "rev-parse" "HEAD", kill_on_drop: false }`
[INFO] [stdout] 9c6691af2a79ab7126852529c3dd0009ac82a739
[INFO] documenting hustxiaoc/learningrust against beta-2021-08-01 for beta-1.55-rustdoc-1
[INFO] running `Command { std: "git" "clone" "/workspace/cache/git-repos/https%3A%2F%2Fgithub.com%2Fhustxiaoc%2Flearningrust" "/workspace/builds/worker-7/source", kill_on_drop: false }`
[INFO] [stderr] Cloning into '/workspace/builds/worker-7/source'...
[INFO] [stderr] done.
[INFO] validating manifest of git repo https://github.com/hustxiaoc/learningrust on toolchain beta-2021-08-01
[INFO] running `Command { std: "/workspace/cargo-home/bin/cargo" "+beta-2021-08-01" "metadata" "--manifest-path" "Cargo.toml" "--no-deps", kill_on_drop: false }`
[INFO] started tweaking git repo https://github.com/hustxiaoc/learningrust
[INFO] finished tweaking git repo https://github.com/hustxiaoc/learningrust
[INFO] tweaked toml for git repo https://github.com/hustxiaoc/learningrust written to /workspace/builds/worker-7/source/Cargo.toml
[INFO] running `Command { std: "/workspace/cargo-home/bin/cargo" "+beta-2021-08-01" "generate-lockfile" "--manifest-path" "Cargo.toml" "-Zno-index-update", kill_on_drop: false }`
[INFO] running `Command { std: "/workspace/cargo-home/bin/cargo" "+beta-2021-08-01" "fetch" "--manifest-path" "Cargo.toml", kill_on_drop: false }`
[INFO] [stderr]  Downloading crates ...
[INFO] [stderr]   Downloaded js-sys v0.3.52
[INFO] [stderr]   Downloaded fastrand v1.5.0
[INFO] [stderr]   Downloaded async-attributes v1.1.2
[INFO] [stderr]   Downloaded combine v4.6.0
[INFO] [stderr]   Downloaded sql-builder v0.12.2
[INFO] [stderr]   Downloaded async-sse v3.0.0
[INFO] [stderr]   Downloaded wepoll-ffi v0.1.2
[INFO] [stderr]   Downloaded async-dup v1.2.2
[INFO] [stderr]   Downloaded sqlformat v0.1.6
[INFO] [stderr]   Downloaded async-global-executor v2.0.2
[INFO] [stderr]   Downloaded hyper v0.13.10
[INFO] [stderr]   Downloaded async-lock v2.4.0
[INFO] [stderr]   Downloaded polling v2.1.0
[INFO] [stderr]   Downloaded web-sys v0.3.52
[INFO] [stderr]   Downloaded http-types v2.11.1
[INFO] [stderr]   Downloaded tide v0.10.0
[INFO] [stderr]   Downloaded ctor v0.1.20
[INFO] [stderr]   Downloaded async-process v1.2.0
[INFO] [stderr]   Downloaded wasm-bindgen-futures v0.4.25
[INFO] [stderr]   Downloaded async-std v1.9.0
[INFO] [stderr]   Downloaded socket2 v0.4.1
[INFO] [stderr]   Downloaded async-io v1.6.0
[INFO] [stderr]   Downloaded futures-lite v1.12.0
[INFO] [stderr]   Downloaded subtle v2.4.1
[INFO] [stderr]   Downloaded crypto-mac v0.10.1
[INFO] [stderr]   Downloaded byte-pool v0.2.3
[INFO] [stderr]   Downloaded async-h1 v2.3.2
[INFO] [stderr]   Downloaded universal-hash v0.4.1
[INFO] [stderr]   Downloaded infer v0.2.3
[INFO] [stderr]   Downloaded serde_qs v0.7.2
[INFO] [stderr]   Downloaded value-bag v1.0.0-alpha.7
[INFO] running `Command { std: "docker" "create" "-v" "/var/lib/crater-agent-workspace/builds/worker-7/target:/opt/rustwide/target:rw,Z" "-v" "/var/lib/crater-agent-workspace/builds/worker-7/source:/opt/rustwide/workdir:ro,Z" "-v" "/var/lib/crater-agent-workspace/cargo-home:/opt/rustwide/cargo-home:ro,Z" "-v" "/var/lib/crater-agent-workspace/rustup-home:/opt/rustwide/rustup-home:ro,Z" "-e" "SOURCE_DIR=/opt/rustwide/workdir" "-e" "CARGO_TARGET_DIR=/opt/rustwide/target" "-e" "CARGO_HOME=/opt/rustwide/cargo-home" "-e" "RUSTUP_HOME=/opt/rustwide/rustup-home" "-w" "/opt/rustwide/workdir" "-m" "1610612736" "--user" "0:0" "--network" "none" "ghcr.io/rust-lang/crates-build-env/linux@sha256:34b6a614d2c27851fe6cbf88fbd1137609cefab8b10d0615aaeb6fd47975d74e" "/opt/rustwide/cargo-home/bin/cargo" "+beta-2021-08-01" "metadata" "--no-deps" "--format-version=1", kill_on_drop: false }`
[INFO] [stdout] 1ae5ffa9fb0cf6b99bca281632cd058a58d0451f6e431ef27033c1787ce72262
[INFO] [stderr] WARNING: Your kernel does not support swap limit capabilities or the cgroup is not mounted. Memory limited without swap.
[INFO] running `Command { std: "docker" "start" "-a" "1ae5ffa9fb0cf6b99bca281632cd058a58d0451f6e431ef27033c1787ce72262", kill_on_drop: false }`
[INFO] running `Command { std: "docker" "inspect" "1ae5ffa9fb0cf6b99bca281632cd058a58d0451f6e431ef27033c1787ce72262", kill_on_drop: false }`
[INFO] running `Command { std: "docker" "rm" "-f" "1ae5ffa9fb0cf6b99bca281632cd058a58d0451f6e431ef27033c1787ce72262", kill_on_drop: false }`
[INFO] [stdout] 1ae5ffa9fb0cf6b99bca281632cd058a58d0451f6e431ef27033c1787ce72262
[INFO] running `Command { std: "docker" "create" "-v" "/var/lib/crater-agent-workspace/builds/worker-7/target:/opt/rustwide/target:rw,Z" "-v" "/var/lib/crater-agent-workspace/builds/worker-7/source:/opt/rustwide/workdir:ro,Z" "-v" "/var/lib/crater-agent-workspace/cargo-home:/opt/rustwide/cargo-home:ro,Z" "-v" "/var/lib/crater-agent-workspace/rustup-home:/opt/rustwide/rustup-home:ro,Z" "-e" "SOURCE_DIR=/opt/rustwide/workdir" "-e" "CARGO_TARGET_DIR=/opt/rustwide/target" "-e" "CARGO_INCREMENTAL=0" "-e" "RUST_BACKTRACE=full" "-e" "RUSTDOCFLAGS=--cap-lints=warn" "-e" "CARGO_HOME=/opt/rustwide/cargo-home" "-e" "RUSTUP_HOME=/opt/rustwide/rustup-home" "-w" "/opt/rustwide/workdir" "-m" "1610612736" "--user" "0:0" "--network" "none" "ghcr.io/rust-lang/crates-build-env/linux@sha256:34b6a614d2c27851fe6cbf88fbd1137609cefab8b10d0615aaeb6fd47975d74e" "/opt/rustwide/cargo-home/bin/cargo" "+beta-2021-08-01" "doc" "--frozen" "--no-deps" "--document-private-items" "--message-format=json", kill_on_drop: false }`
[INFO] [stdout] 390383540c8e6a6643168a4645c30d1b5b5ed5dca19a7c09f10056cda38e1cab
[INFO] [stderr] WARNING: Your kernel does not support swap limit capabilities or the cgroup is not mounted. Memory limited without swap.
[INFO] running `Command { std: "docker" "start" "-a" "390383540c8e6a6643168a4645c30d1b5b5ed5dca19a7c09f10056cda38e1cab", kill_on_drop: false }`
[INFO] [stderr]    Compiling syn v1.0.74
[INFO] [stderr]    Compiling libc v0.2.98
[INFO] [stderr]    Compiling futures-core v0.3.16
[INFO] [stderr]    Compiling log v0.4.14
[INFO] [stderr]     Checking slab v0.4.4
[INFO] [stderr]     Checking pin-project-lite v0.2.7
[INFO] [stderr]     Checking futures-io v0.3.16
[INFO] [stderr]    Compiling futures-channel v0.3.16
[INFO] [stderr]    Compiling futures-task v0.3.16
[INFO] [stderr]     Checking once_cell v1.8.0
[INFO] [stderr]     Checking itoa v0.4.7
[INFO] [stderr]    Compiling crossbeam-utils v0.8.5
[INFO] [stderr]    Compiling signal-hook v0.3.9
[INFO] [stderr]     Checking tinyvec_macros v0.1.0
[INFO] [stderr]     Checking futures-sink v0.3.16
[INFO] [stderr]    Compiling openssl v0.10.35
[INFO] [stderr]     Checking fastrand v1.5.0
[INFO] [stderr]    Compiling radium v0.5.3
[INFO] [stderr]    Compiling serde_json v1.0.66
[INFO] [stderr]     Checking subtle v2.4.1
[INFO] [stderr]    Compiling cache-padded v1.1.1
[INFO] [stderr]    Compiling lexical-core v0.7.6
[INFO] [stderr]    Compiling waker-fn v1.1.0
[INFO] [stderr]    Compiling event-listener v2.5.1
[INFO] [stderr]    Compiling parking v2.0.0
[INFO] [stderr]    Compiling httparse v1.4.1
[INFO] [stderr]    Compiling maybe-uninit v2.0.0
[INFO] [stderr]    Compiling async-task v4.0.3
[INFO] [stderr]    Compiling matches v0.1.8
[INFO] [stderr]     Checking byte-tools v0.3.1
[INFO] [stderr]     Checking cpuid-bool v0.2.0
[INFO] [stderr]     Checking openssl-probe v0.1.4
[INFO] [stderr]    Compiling const_fn v0.4.8
[INFO] [stderr]    Compiling foreign-types-shared v0.1.1
[INFO] [stderr]    Compiling regex-syntax v0.6.25
[INFO] [stderr]    Compiling atomic-waker v1.0.0
[INFO] [stderr]    Compiling anyhow v1.0.42
[INFO] [stderr]    Compiling static_assertions v1.1.0
[INFO] [stderr]     Checking fake-simd v0.1.2
[INFO] [stderr]     Checking cpufeatures v0.1.5
[INFO] [stderr]    Compiling tap v1.0.1
[INFO] [stderr]     Checking hashbrown v0.11.2
[INFO] [stderr]     Checking opaque-debug v0.2.3
[INFO] [stderr]    Compiling percent-encoding v2.1.0
[INFO] [stderr]    Compiling arrayvec v0.5.2
[INFO] [stderr]    Compiling funty v1.1.0
[INFO] [stderr]    Compiling wyz v0.2.0
[INFO] [stderr]    Compiling byteorder v1.4.3
[INFO] [stderr]     Checking data-encoding v2.3.2
[INFO] [stderr]    Compiling http-types v2.11.1
[INFO] [stderr]     Checking try-lock v0.2.3
[INFO] [stderr]    Compiling crossbeam-queue v0.3.2
[INFO] [stderr]     Checking tower-service v0.3.1
[INFO] [stderr]    Compiling pin-project-internal v0.4.28
[INFO] [stderr]    Compiling unicode_categories v0.1.1
[INFO] [stderr]     Checking infer v0.2.3
[INFO] [stderr]    Compiling maplit v1.0.2
[INFO] [stderr]    Compiling encoding_rs v0.8.28
[INFO] [stderr]    Compiling gcc v0.3.55
[INFO] [stderr]     Checking httpdate v0.3.2
[INFO] [stderr]    Compiling hex v0.4.3
[INFO] [stderr]    Compiling base64 v0.12.3
[INFO] [stderr]     Checking stable_deref_trait v1.2.0
[INFO] [stderr]    Compiling async-trait v0.1.51
[INFO] [stderr]     Checking utf-8 v0.7.6
[INFO] [stderr]     Checking ipnet v2.3.1
[INFO] [stderr]    Compiling dotenv v0.15.0
[INFO] [stderr]     Checking sha1 v0.6.0
[INFO] [stderr]     Checking dtoa v0.4.8
[INFO] [stderr]     Checking route-recognizer v0.1.13
[INFO] [stderr]     Checking sql-builder v0.12.2
[INFO] [stderr]    Compiling value-bag v1.0.0-alpha.7
[INFO] [stderr]    Compiling standback v0.2.17
[INFO] [stderr]    Compiling nom v6.1.2
[INFO] [stderr]    Compiling unicase v2.6.0
[INFO] [stderr]    Compiling time v0.2.27
[INFO] [stderr]    Compiling cookie v0.14.4
[INFO] [stderr]    Compiling futures-macro v0.3.16
[INFO] [stderr]    Compiling futures-util v0.3.16
[INFO] [stderr]    Compiling num-integer v0.1.44
[INFO] [stderr]    Compiling crossbeam-utils v0.7.2
[INFO] [stderr]     Checking tracing-core v0.1.18
[INFO] [stderr]    Compiling indexmap v1.7.0
[INFO] [stderr]    Compiling num-bigint v0.2.6
[INFO] [stderr]    Compiling openssl-sys v0.9.65
[INFO] [stderr]     Checking form_urlencoded v1.0.1
[INFO] [stderr]     Checking unicode-bidi v0.3.5
[INFO] [stderr]     Checking async-mutex v1.4.0
[INFO] [stderr]     Checking async-lock v2.4.0
[INFO] [stderr]     Checking simple-mutex v1.1.5
[INFO] [stderr]     Checking tinyvec v1.3.1
[INFO] [stderr]     Checking input_buffer v0.3.1
[INFO] [stderr]    Compiling concurrent-queue v1.2.2
[INFO] [stderr]     Checking http v0.2.4
[INFO] [stderr]     Checking block-padding v0.1.5
[INFO] [stderr]    Compiling foreign-types v0.3.2
[INFO] [stderr]    Compiling typenum v1.13.0
[INFO] [stderr]    Compiling ryu v1.0.5
[INFO] [stderr]     Checking async-dup v1.2.2
[INFO] [stderr]    Compiling rust-crypto v0.2.36
[INFO] [stderr]     Checking generic-array v0.12.4
[INFO] [stderr]    Compiling num-traits v0.2.14
[INFO] [stderr]    Compiling futures-lite v1.12.0
[INFO] [stderr]    Compiling async-channel v1.6.1
[INFO] [stderr]     Checking unicode-normalization v0.1.19
[INFO] [stderr]    Compiling regex v1.5.4
[INFO] [stderr]     Checking cipher v0.2.5
[INFO] [stderr]     Checking universal-hash v0.4.1
[INFO] [stderr]     Checking crypto-mac v0.10.1
[INFO] [stderr]     Checking aead v0.3.2
[INFO] [stderr]     Checking bitvec v0.19.5
[INFO] [stderr]     Checking digest v0.8.1
[INFO] [stderr]     Checking block-buffer v0.7.3
[INFO] [stderr]    Compiling native-tls v0.2.7
[INFO] [stderr]     Checking net2 v0.2.37
[INFO] [stderr]     Checking iovec v0.1.4
[INFO] [stderr]     Checking socket2 v0.4.1
[INFO] [stderr]     Checking getrandom v0.1.16
[INFO] [stderr]     Checking signal-hook-registry v1.4.0
[INFO] [stderr]     Checking num_cpus v1.13.0
[INFO] [stderr]     Checking getrandom v0.2.3
[INFO] [stderr]     Checking time v0.1.43
[INFO] [stderr]     Checking socket2 v0.3.19
[INFO] [stderr]     Checking rand v0.4.6
[INFO] [stderr]    Compiling mime_guess v2.0.3
[INFO] [stderr]     Checking byte-pool v0.2.3
[INFO] [stderr]     Checking http-body v0.3.1
[INFO] [stderr]     Checking sha2 v0.9.5
[INFO] [stderr]     Checking aes-soft v0.6.4
[INFO] [stderr]     Checking ctr v0.6.0
[INFO] [stderr]     Checking polyval v0.4.5
[INFO] [stderr]     Checking hmac v0.10.1
[INFO] [stderr]    Compiling async-executor v1.4.1
[INFO] [stderr]    Compiling blocking v1.0.2
[INFO] [stderr]     Checking idna v0.2.3
[INFO] [stderr]     Checking sha-1 v0.8.2
[INFO] [stderr]     Checking sha2 v0.8.2
[INFO] [stderr]    Compiling crossbeam-queue v0.2.3
[INFO] [stderr]     Checking rand_core v0.5.1
[INFO] [stderr]    Compiling Inflector v0.11.4
[INFO] [stderr]     Checking chrono v0.4.19
[INFO] [stderr]     Checking rand_core v0.6.3
[INFO] [stderr]     Checking rand v0.3.23
[INFO] [stderr]     Checking hkdf v0.10.0
[INFO] [stderr]     Checking ghash v0.3.1
[INFO] [stderr]     Checking aes v0.6.0
[INFO] [stderr]     Checking rand_chacha v0.2.2
[INFO] [stderr]     Checking rand_chacha v0.3.1
[INFO] [stderr]     Checking aes-gcm v0.8.0
[INFO] [stderr]     Checking rand v0.7.3
[INFO] [stderr]     Checking rand v0.8.4
[INFO] [stderr]    Compiling sqlformat v0.1.6
[INFO] [stderr]    Compiling ctor v0.1.20
[INFO] [stderr]    Compiling serde_derive v1.0.127
[INFO] [stderr]    Compiling thiserror-impl v1.0.26
[INFO] [stderr]    Compiling async-attributes v1.1.2
[INFO] [stderr]    Compiling pin-project-internal v1.0.8
[INFO] [stderr]    Compiling time-macros-impl v0.1.2
[INFO] [stderr]    Compiling async-stream-impl v0.2.1
[INFO] [stderr]    Compiling async_init v0.1.0 (/opt/rustwide/workdir/crates/async_init)
[INFO] [stdout] warning: unused import: `syn::punctuated::Punctuated`
[INFO] [stdout]  --> crates/async_init/src/lib.rs:3:5
[INFO] [stdout]   |
[INFO] [stdout] 3 | use syn::punctuated::Punctuated;
[INFO] [stdout]   |     ^^^^^^^^^^^^^^^^^^^^^^^^^^^
[INFO] [stdout]   |
[INFO] [stdout]   = note: `#[warn(unused_imports)]` on by default
[INFO] [stdout] 
[INFO] [stdout] 
[INFO] [stdout] warning: unused import: `syn::token::Comma`
[INFO] [stdout]  --> crates/async_init/src/lib.rs:4:5
[INFO] [stdout]   |
[INFO] [stdout] 4 | use syn::token::Comma;
[INFO] [stdout]   |     ^^^^^^^^^^^^^^^^^
[INFO] [stdout] 
[INFO] [stdout] 
[INFO] [stdout] warning: unused imports: `AttributeArgs`, `DataStruct`, `Data`, `DeriveInput`, `Fields`, `Meta`, `NestedMeta`, `PatType`, `Pat`, `Type`
[INFO] [stdout]  --> crates/async_init/src/lib.rs:5:30
[INFO] [stdout]   |
[INFO] [stdout] 5 | use syn::{ parse_macro_input,Pat,Type,  PatType, DeriveInput, NestedMeta, Meta, Data, Fields, ItemFn, FnArg, AttributeArgs, DataStruct };
[INFO] [stdout]   |                              ^^^ ^^^^   ^^^^^^^  ^^^^^^^^^^^  ^^^^^^^^^^  ^^^^  ^^^^  ^^^^^^                 ^^^^^^^^^^^^^  ^^^^^^^^^^
[INFO] [stdout] 
[INFO] [stdout] 
[INFO] [stdout] warning: unused import: `format_ident`
[INFO] [stdout]  --> crates/async_init/src/lib.rs:6:21
[INFO] [stdout]   |
[INFO] [stdout] 6 | use quote::{ quote, format_ident};
[INFO] [stdout]   |                     ^^^^^^^^^^^^
[INFO] [stdout] 
[INFO] [stdout] 
[INFO] [stdout] warning: unused import: `Span`
[INFO] [stdout]  --> crates/async_init/src/lib.rs:7:26
[INFO] [stdout]   |
[INFO] [stdout] 7 | use proc_macro2::{Ident, Span};
[INFO] [stdout]   |                          ^^^^
[INFO] [stdout] 
[INFO] [stdout] 
[INFO] [stdout] warning: unused import: `inflector::Inflector`
[INFO] [stdout]  --> crates/async_init/src/lib.rs:8:5
[INFO] [stdout]   |
[INFO] [stdout] 8 | use inflector::Inflector;
[INFO] [stdout]   |     ^^^^^^^^^^^^^^^^^^^^
[INFO] [stdout] 
[INFO] [stdout] 
[INFO] [stdout] warning: unused import: `std::env`
[INFO] [stdout]  --> crates/async_init/src/lib.rs:9:5
[INFO] [stdout]   |
[INFO] [stdout] 9 | use std::env;
[INFO] [stdout]   |     ^^^^^^^^
[INFO] [stdout] 
[INFO] [stdout] 
[INFO] [stdout] warning: variable `resultType` should have a snake case name
[INFO] [stdout]   --> crates/async_init/src/lib.rs:45:9
[INFO] [stdout]    |
[INFO] [stdout] 45 |     let resultType = Ident::new(&caps[1], func_name.span());
[INFO] [stdout]    |         ^^^^^^^^^^ help: convert the identifier to snake case: `result_type`
[INFO] [stdout]    |
[INFO] [stdout]    = note: `#[warn(non_snake_case)]` on by default
[INFO] [stdout] 
[INFO] [stdout] 
[INFO] [stderr]     Checking time-macros v0.1.1
[INFO] [stdout] warning: 8 warnings emitted
[INFO] [stdout] 
[INFO] [stdout] 
[INFO] [stderr]    Compiling async-stream v0.2.1
[INFO] [stderr]     Checking thiserror v1.0.26
[INFO] [stderr]     Checking polling v2.1.0
[INFO] [stderr]     Checking mio v0.6.23
[INFO] [stderr]     Checking kv-log-macro v1.0.7
[INFO] [stderr]     Checking tracing v0.1.26
[INFO] [stderr]     Checking want v0.3.0
[INFO] [stderr]     Checking pin-project v0.4.28
[INFO] [stderr]     Checking pin-project v1.0.8
[INFO] [stderr]     Checking async-io v1.6.0
[INFO] [stderr]     Checking tracing-futures v0.2.5
[INFO] [stderr]     Checking mio-uds v0.6.8
[INFO] [stderr]     Checking async-process v1.2.0
[INFO] [stderr]     Checking async-global-executor v2.0.2
[INFO] [stderr]     Checking tokio v0.2.25
[INFO] [stderr]     Checking async-std v1.9.0
[INFO] [stderr]     Checking futures-executor v0.3.16
[INFO] [stderr]     Checking serde v1.0.127
[INFO] [stderr]     Checking futures v0.3.16
[INFO] [stderr]     Checking tokio-util v0.3.1
[INFO] [stderr]     Checking tokio-tls v0.3.1
[INFO] [stderr]     Checking combine v4.6.0
[INFO] [stderr]     Checking h2 v0.2.7
[INFO] [stderr]     Checking url v2.2.2
[INFO] [stderr]     Checking serde_urlencoded v0.7.0
[INFO] [stderr]     Checking serde_qs v0.7.2
[INFO] [stderr]     Checking femme v2.1.1
[INFO] [stderr]     Checking async-native-tls v0.3.3
[INFO] [stderr]     Checking tungstenite v0.10.1
[INFO] [stderr]     Checking sqlx-core v0.3.5
[INFO] [stderr]     Checking tokio-tungstenite v0.10.1
[INFO] [stderr]     Checking hyper v0.13.10
[INFO] [stderr]     Checking async-h1 v2.3.2
[INFO] [stderr]     Checking async-sse v3.0.0
[INFO] [stdout] error[E0412]: cannot find type `Receiver` in module `sync`
[INFO] [stdout]   --> /opt/rustwide/cargo-home/registry/src/github.com-1ecc6299db9ec823/async-sse-3.0.0/src/encoder.rs:16:25
[INFO] [stdout]    |
[INFO] [stdout] 16 |         receiver: sync::Receiver<Vec<u8>>,
[INFO] [stdout]    |                         ^^^^^^^^ not found in `sync`
[INFO] [stdout]    |
[INFO] [stdout] help: consider importing one of these items
[INFO] [stdout]    |
[INFO] [stdout] 1  | use async_std::channel::Receiver;
[INFO] [stdout]    |
[INFO] [stdout] 1  | use core::ops::Receiver;
[INFO] [stdout]    |
[INFO] [stdout] 1  | use http_types::trailers::Receiver;
[INFO] [stdout]    |
[INFO] [stdout] 1  | use http_types::upgrade::Receiver;
[INFO] [stdout]    |
[INFO] [stdout]      and 2 other candidates
[INFO] [stdout] 
[INFO] [stdout] 
[INFO] [stdout] error[E0412]: cannot find type `Sender` in module `sync`
[INFO] [stdout]   --> /opt/rustwide/cargo-home/registry/src/github.com-1ecc6299db9ec823/async-sse-3.0.0/src/encoder.rs:83:25
[INFO] [stdout]    |
[INFO] [stdout] 83 | pub struct Sender(sync::Sender<Vec<u8>>);
[INFO] [stdout]    |                         ^^^^^^ not found in `sync`
[INFO] [stdout]    |
[INFO] [stdout] help: consider importing one of these items
[INFO] [stdout]    |
[INFO] [stdout] 1  | use async_std::channel::Sender;
[INFO] [stdout]    |
[INFO] [stdout] 1  | use crate::Sender;
[INFO] [stdout]    |
[INFO] [stdout] 1  | use http_types::trailers::Sender;
[INFO] [stdout]    |
[INFO] [stdout] 1  | use http_types::upgrade::Sender;
[INFO] [stdout]    |
[INFO] [stdout]      and 1 other candidate
[INFO] [stdout] 
[INFO] [stdout] 
[INFO] [stdout] error[E0425]: cannot find function `channel` in module `sync`
[INFO] [stdout]   --> /opt/rustwide/cargo-home/registry/src/github.com-1ecc6299db9ec823/async-sse-3.0.0/src/encoder.rs:87:36
[INFO] [stdout]    |
[INFO] [stdout] 87 |     let (sender, receiver) = sync::channel(1);
[INFO] [stdout]    |                                    ^^^^^^^ not found in `sync`
[INFO] [stdout]    |
[INFO] [stdout] help: consider importing this function
[INFO] [stdout]    |
[INFO] [stdout] 1  | use std::sync::mpsc::channel;
[INFO] [stdout]    |
[INFO] [stdout] 
[INFO] [stdout] 
[INFO] [stdout] error[E0599]: no method named `poll_next` found for struct `Pin<_>` in the current scope
[INFO] [stdout]   --> /opt/rustwide/cargo-home/registry/src/github.com-1ecc6299db9ec823/async-sse-3.0.0/src/encoder.rs:29:66
[INFO] [stdout]    |
[INFO] [stdout] 29 |             self.buf = match ready!(Pin::new(&mut self.receiver).poll_next(cx)) {
[INFO] [stdout]    |                                                                  ^^^^^^^^^ method not found in `Pin<_>`
[INFO] [stdout]    |
[INFO] [stdout]    = note: `Pin::new(&mut self.receiver)` is a function, perhaps you wish to call it
[INFO] [stdout] 
[INFO] [stdout] 
[INFO] [stdout] error: aborting due to 4 previous errors
[INFO] [stdout] 
[INFO] [stdout] 
[INFO] [stdout] Some errors have detailed explanations: E0412, E0425, E0599.
[INFO] [stdout] 
[INFO] [stdout] For more information about an error, try `rustc --explain E0412`.
[INFO] [stdout] 
[INFO] [stderr] error: could not compile `async-sse` due to 5 previous errors
[INFO] [stderr] warning: build failed, waiting for other jobs to finish...
[INFO] [stderr] error: build failed
[INFO] running `Command { std: "docker" "inspect" "390383540c8e6a6643168a4645c30d1b5b5ed5dca19a7c09f10056cda38e1cab", kill_on_drop: false }`
[INFO] running `Command { std: "docker" "rm" "-f" "390383540c8e6a6643168a4645c30d1b5b5ed5dca19a7c09f10056cda38e1cab", kill_on_drop: false }`
[INFO] [stdout] 390383540c8e6a6643168a4645c30d1b5b5ed5dca19a7c09f10056cda38e1cab
