[INFO] cloning repository https://github.com/humb1t/anduin
[INFO] running `Command { std: "git" "-c" "credential.helper=" "-c" "credential.helper=/workspace/cargo-home/bin/git-credential-null" "clone" "--bare" "https://github.com/humb1t/anduin" "/workspace/cache/git-repos/https%3A%2F%2Fgithub.com%2Fhumb1t%2Fanduin", kill_on_drop: false }`
[INFO] [stderr] Cloning into bare repository '/workspace/cache/git-repos/https%3A%2F%2Fgithub.com%2Fhumb1t%2Fanduin'...
[INFO] running `Command { std: "git" "rev-parse" "HEAD", kill_on_drop: false }`
[INFO] [stdout] 9d313debefd23d15815c861017f4cdad797853a9
[INFO] documenting humb1t/anduin against 1.54.0 for beta-1.55-rustdoc-1
[INFO] running `Command { std: "git" "clone" "/workspace/cache/git-repos/https%3A%2F%2Fgithub.com%2Fhumb1t%2Fanduin" "/workspace/builds/worker-2/source", kill_on_drop: false }`
[INFO] [stderr] Cloning into '/workspace/builds/worker-2/source'...
[INFO] [stderr] done.
[INFO] validating manifest of git repo https://github.com/humb1t/anduin on toolchain 1.54.0
[INFO] running `Command { std: "/workspace/cargo-home/bin/cargo" "+1.54.0" "metadata" "--manifest-path" "Cargo.toml" "--no-deps", kill_on_drop: false }`
[INFO] started tweaking git repo https://github.com/humb1t/anduin
[INFO] finished tweaking git repo https://github.com/humb1t/anduin
[INFO] tweaked toml for git repo https://github.com/humb1t/anduin written to /workspace/builds/worker-2/source/Cargo.toml
[INFO] crate git repo https://github.com/humb1t/anduin already has a lockfile, it will not be regenerated
[INFO] running `Command { std: "/workspace/cargo-home/bin/cargo" "+1.54.0" "fetch" "--manifest-path" "Cargo.toml", kill_on_drop: false }`
[INFO] running `Command { std: "docker" "create" "-v" "/var/lib/crater-agent-workspace/builds/worker-2/target:/opt/rustwide/target:rw,Z" "-v" "/var/lib/crater-agent-workspace/builds/worker-2/source:/opt/rustwide/workdir:ro,Z" "-v" "/var/lib/crater-agent-workspace/cargo-home:/opt/rustwide/cargo-home:ro,Z" "-v" "/var/lib/crater-agent-workspace/rustup-home:/opt/rustwide/rustup-home:ro,Z" "-e" "SOURCE_DIR=/opt/rustwide/workdir" "-e" "CARGO_TARGET_DIR=/opt/rustwide/target" "-e" "CARGO_HOME=/opt/rustwide/cargo-home" "-e" "RUSTUP_HOME=/opt/rustwide/rustup-home" "-w" "/opt/rustwide/workdir" "-m" "1610612736" "--user" "0:0" "--network" "none" "ghcr.io/rust-lang/crates-build-env/linux@sha256:34b6a614d2c27851fe6cbf88fbd1137609cefab8b10d0615aaeb6fd47975d74e" "/opt/rustwide/cargo-home/bin/cargo" "+1.54.0" "metadata" "--no-deps" "--format-version=1", kill_on_drop: false }`
[INFO] [stderr] WARNING: Your kernel does not support swap limit capabilities or the cgroup is not mounted. Memory limited without swap.
[INFO] [stdout] 80272a89ba46cfea82150ae7e45d4f037c3362feb43f016d0f486ae4525d4ec0
[INFO] running `Command { std: "docker" "start" "-a" "80272a89ba46cfea82150ae7e45d4f037c3362feb43f016d0f486ae4525d4ec0", kill_on_drop: false }`
[INFO] running `Command { std: "docker" "inspect" "80272a89ba46cfea82150ae7e45d4f037c3362feb43f016d0f486ae4525d4ec0", kill_on_drop: false }`
[INFO] running `Command { std: "docker" "rm" "-f" "80272a89ba46cfea82150ae7e45d4f037c3362feb43f016d0f486ae4525d4ec0", kill_on_drop: false }`
[INFO] [stdout] 80272a89ba46cfea82150ae7e45d4f037c3362feb43f016d0f486ae4525d4ec0
[INFO] running `Command { std: "docker" "create" "-v" "/var/lib/crater-agent-workspace/builds/worker-2/target:/opt/rustwide/target:rw,Z" "-v" "/var/lib/crater-agent-workspace/builds/worker-2/source:/opt/rustwide/workdir:ro,Z" "-v" "/var/lib/crater-agent-workspace/cargo-home:/opt/rustwide/cargo-home:ro,Z" "-v" "/var/lib/crater-agent-workspace/rustup-home:/opt/rustwide/rustup-home:ro,Z" "-e" "SOURCE_DIR=/opt/rustwide/workdir" "-e" "CARGO_TARGET_DIR=/opt/rustwide/target" "-e" "CARGO_INCREMENTAL=0" "-e" "RUST_BACKTRACE=full" "-e" "RUSTDOCFLAGS=--cap-lints=warn" "-e" "CARGO_HOME=/opt/rustwide/cargo-home" "-e" "RUSTUP_HOME=/opt/rustwide/rustup-home" "-w" "/opt/rustwide/workdir" "-m" "1610612736" "--user" "0:0" "--network" "none" "ghcr.io/rust-lang/crates-build-env/linux@sha256:34b6a614d2c27851fe6cbf88fbd1137609cefab8b10d0615aaeb6fd47975d74e" "/opt/rustwide/cargo-home/bin/cargo" "+1.54.0" "doc" "--frozen" "--no-deps" "--document-private-items" "--message-format=json", kill_on_drop: false }`
[INFO] [stderr] WARNING: Your kernel does not support swap limit capabilities or the cgroup is not mounted. Memory limited without swap.
[INFO] [stdout] 4bfefbe430b9c4b06054cc4aa3b79e98a02d8e4214f287bceba7cbd54738e01f
[INFO] running `Command { std: "docker" "start" "-a" "4bfefbe430b9c4b06054cc4aa3b79e98a02d8e4214f287bceba7cbd54738e01f", kill_on_drop: false }`
[INFO] [stderr]    Compiling bitflags v0.7.0
[INFO] [stderr]    Compiling libc v0.2.17
[INFO] [stderr]    Compiling phf_shared v0.7.18
[INFO] [stderr]    Compiling itoa v0.1.1
[INFO] [stderr]     Checking lazy_static v0.2.1
[INFO] [stderr]    Compiling serde v0.8.16
[INFO] [stderr]    Compiling num-traits v0.1.36
[INFO] [stderr]    Compiling dtoa v0.2.2
[INFO] [stderr]    Compiling gcc v0.3.38
[INFO] [stderr]    Compiling khronos_api v1.0.0
[INFO] [stderr]    Compiling log v0.3.6
[INFO] [stderr]     Checking crossbeam v0.2.10
[INFO] [stderr]    Compiling pkg-config v0.3.8
[INFO] [stderr]     Checking rustc-serialize v0.3.19
[INFO] [stderr]     Checking bitflags v0.6.0
[INFO] [stderr]     Checking smallvec v0.1.8
[INFO] [stderr]    Compiling backtrace v0.2.3
[INFO] [stderr]    Compiling vk-sys v0.1.1
[INFO] [stderr]     Checking color_quant v1.0.0
[INFO] [stderr]    Compiling ears v0.3.5
[INFO] [stderr]     Checking inflate v0.1.1
[INFO] [stdout] error[E0642]: patterns aren't allowed in functions without bodies
[INFO] [stdout]    --> /opt/rustwide/cargo-home/registry/src/github.com-1ecc6299db9ec823/rustc-serialize-0.3.19/src/serialize.rs:147:45
[INFO] [stdout]     |
[INFO] [stdout] 147 | ...                   &f_name: &str,
[INFO] [stdout]     |                       ^^^^^^^ pattern not allowed in function without body
[INFO] [stdout] 
[INFO] [stdout] 
[INFO] [stderr]     Checking fnv v1.0.5
[INFO] [stderr]     Checking rustc-demangle v0.1.2
[INFO] [stderr]     Checking glob v0.2.11
[INFO] [stderr]     Checking scoped_threadpool v0.1.7
[INFO] [stderr]     Checking rand v0.3.14
[INFO] [stderr]     Checking num_cpus v1.1.0
[INFO] [stderr]    Compiling dbghelp-sys v0.2.0
[INFO] [stderr]    Compiling xml-rs v0.3.4
[INFO] [stderr]     Checking draw_state v0.6.0
[INFO] [stderr]     Checking shared_library v0.1.5
[INFO] [stderr]    Compiling phf v0.7.18
[INFO] [stderr]    Compiling cmake v0.1.18
[INFO] [stderr]     Checking gif v0.9.0
[INFO] [stderr]    Compiling tempfile v2.1.4
[INFO] [stderr]     Checking osmesa-sys v0.1.2
[INFO] [stderr]     Checking fs2 v0.2.5
[INFO] [stderr]    Compiling x11-dl v2.11.0
[INFO] [stderr]     Checking gfx_core v0.4.0
[INFO] [stderr]     Checking vulkano v0.2.1
[INFO] [stderr]     Checking memmap v0.2.3
[INFO] [stderr]     Checking memmap v0.4.0
[INFO] [stderr]     Checking deque v0.3.1
[INFO] [stderr]    Compiling glsl-to-spirv v0.1.1
[INFO] [stderr]    Compiling miniz-sys v0.1.7
[INFO] [stderr]    Compiling backtrace-sys v0.1.4
[INFO] [stderr]     Checking rayon v0.4.3
[INFO] [stderr]    Compiling gl_generator v0.5.2
[INFO] [stderr]    Compiling wayland-scanner v0.5.11
[INFO] [stderr]    Compiling wayland-scanner v0.7.4
[INFO] [stderr]    Compiling phf_generator v0.7.18
[INFO] [stdout] error: aborting due to previous error
[INFO] [stdout] 
[INFO] [stdout] 
[INFO] [stdout] For more information about this error, try `rustc --explain E0642`.
[INFO] [stdout] 
[INFO] [stderr] error: could not compile `rustc-serialize`
[INFO] [stderr] 
[INFO] [stderr] To learn more, run the command again with --verbose.
[INFO] [stderr] warning: build failed, waiting for other jobs to finish...
[INFO] [stdout] error[E0282]: type annotations needed
[INFO] [stdout]     --> /opt/rustwide/cargo-home/registry/src/github.com-1ecc6299db9ec823/vulkano-0.2.1/src/command_buffer/sys.rs:1150:29
[INFO] [stdout]      |
[INFO] [stdout] 1150 |         self.src_stage_mask |= source.into();
[INFO] [stdout]      |                             ^^ ------------- this method call resolves to `T`
[INFO] [stdout]      |                             |
[INFO] [stdout]      |                             cannot infer type
[INFO] [stdout] 
[INFO] [stdout] 
[INFO] [stdout] error[E0282]: type annotations needed
[INFO] [stdout]     --> /opt/rustwide/cargo-home/registry/src/github.com-1ecc6299db9ec823/vulkano-0.2.1/src/command_buffer/sys.rs:1187:29
[INFO] [stdout]      |
[INFO] [stdout] 1187 |         self.src_stage_mask |= request.source_stage.into();
[INFO] [stdout]      |                             ^^ --------------------------- this method call resolves to `T`
[INFO] [stdout]      |                             |
[INFO] [stdout]      |                             cannot infer type
[INFO] [stdout] 
[INFO] [stdout] 
[INFO] [stdout] error[E0282]: type annotations needed
[INFO] [stdout]     --> /opt/rustwide/cargo-home/registry/src/github.com-1ecc6299db9ec823/vulkano-0.2.1/src/command_buffer/sys.rs:1222:29
[INFO] [stdout]      |
[INFO] [stdout] 1222 |         self.src_stage_mask |= request.source_stage.into();
[INFO] [stdout]      |                             ^^ --------------------------- this method call resolves to `T`
[INFO] [stdout]      |                             |
[INFO] [stdout]      |                             cannot infer type
[INFO] [stdout] 
[INFO] [stdout] 
[INFO] [stdout] error: aborting due to 3 previous errors
[INFO] [stdout] 
[INFO] [stdout] 
[INFO] [stdout] For more information about this error, try `rustc --explain E0282`.
[INFO] [stdout] 
[INFO] [stderr] error: build failed
[INFO] running `Command { std: "docker" "inspect" "4bfefbe430b9c4b06054cc4aa3b79e98a02d8e4214f287bceba7cbd54738e01f", kill_on_drop: false }`
[INFO] running `Command { std: "docker" "rm" "-f" "4bfefbe430b9c4b06054cc4aa3b79e98a02d8e4214f287bceba7cbd54738e01f", kill_on_drop: false }`
[INFO] [stdout] 4bfefbe430b9c4b06054cc4aa3b79e98a02d8e4214f287bceba7cbd54738e01f
