[INFO] cloning repository https://github.com/hsputra/test-palette
[INFO] running `Command { std: "git" "-c" "credential.helper=" "-c" "credential.helper=/workspace/cargo-home/bin/git-credential-null" "clone" "--bare" "https://github.com/hsputra/test-palette" "/workspace/cache/git-repos/https%3A%2F%2Fgithub.com%2Fhsputra%2Ftest-palette", kill_on_drop: false }`
[INFO] [stderr] Cloning into bare repository '/workspace/cache/git-repos/https%3A%2F%2Fgithub.com%2Fhsputra%2Ftest-palette'...
[INFO] running `Command { std: "git" "rev-parse" "HEAD", kill_on_drop: false }`
[INFO] [stdout] a0ed4a9f08af655c80072a3c5d8eeaf713ceda7b
[INFO] documenting hsputra/test-palette against beta-2021-08-01 for beta-1.55-rustdoc-1
[INFO] running `Command { std: "git" "clone" "/workspace/cache/git-repos/https%3A%2F%2Fgithub.com%2Fhsputra%2Ftest-palette" "/workspace/builds/worker-6/source", kill_on_drop: false }`
[INFO] [stderr] Cloning into '/workspace/builds/worker-6/source'...
[INFO] [stderr] done.
[INFO] validating manifest of git repo https://github.com/hsputra/test-palette on toolchain beta-2021-08-01
[INFO] running `Command { std: "/workspace/cargo-home/bin/cargo" "+beta-2021-08-01" "metadata" "--manifest-path" "Cargo.toml" "--no-deps", kill_on_drop: false }`
[INFO] started tweaking git repo https://github.com/hsputra/test-palette
[INFO] finished tweaking git repo https://github.com/hsputra/test-palette
[INFO] tweaked toml for git repo https://github.com/hsputra/test-palette written to /workspace/builds/worker-6/source/Cargo.toml
[INFO] crate git repo https://github.com/hsputra/test-palette already has a lockfile, it will not be regenerated
[INFO] running `Command { std: "/workspace/cargo-home/bin/cargo" "+beta-2021-08-01" "fetch" "--manifest-path" "Cargo.toml", kill_on_drop: false }`
[INFO] [stderr]     Blocking waiting for file lock on package cache
[INFO] [stderr]  Downloading crates ...
[INFO] [stderr]   Downloaded tracing-attributes v0.1.7
[INFO] [stderr]   Downloaded paste v0.1.7
[INFO] [stderr]   Downloaded trie-db v0.18.1
[INFO] [stderr]   Downloaded once_cell v0.2.4
[INFO] [stderr]   Downloaded impl-serde v0.3.0
[INFO] [stderr]   Downloaded uint v0.8.2
[INFO] [stderr]   Downloaded malloc_size_of_derive v0.1.1
[INFO] [stderr]   Downloaded paste-impl v0.1.7
[INFO] [stderr]   Downloaded trie-root v0.15.2
[INFO] [stderr]   Downloaded schnorrkel v0.8.5
[INFO] [stderr]   Downloaded tracing v0.1.13
[INFO] [stderr]   Downloaded fixed-hash v0.5.2
[INFO] [stderr]   Downloaded derive_more v0.99.3
[INFO] [stderr]   Downloaded primitive-types v0.6.2
[INFO] [stderr]   Downloaded bitvec v0.15.2
[INFO] [stderr]   Downloaded tiny-keccak v2.0.1
[INFO] [stderr]   Downloaded backtrace-sys v0.1.33
[INFO] [stderr]   Downloaded memory-db v0.18.1
[INFO] [stderr]   Downloaded parity-util-mem v0.3.0
[INFO] [stderr]   Downloaded parity-scale-codec v1.2.0
[INFO] [stderr]   Downloaded merlin v1.3.0
[INFO] [stderr]   Downloaded zeroize v0.9.3
[INFO] [stderr]   Downloaded substrate-bip39 v0.3.1
[INFO] running `Command { std: "docker" "create" "-v" "/var/lib/crater-agent-workspace/builds/worker-6/target:/opt/rustwide/target:rw,Z" "-v" "/var/lib/crater-agent-workspace/builds/worker-6/source:/opt/rustwide/workdir:ro,Z" "-v" "/var/lib/crater-agent-workspace/cargo-home:/opt/rustwide/cargo-home:ro,Z" "-v" "/var/lib/crater-agent-workspace/rustup-home:/opt/rustwide/rustup-home:ro,Z" "-e" "SOURCE_DIR=/opt/rustwide/workdir" "-e" "CARGO_TARGET_DIR=/opt/rustwide/target" "-e" "CARGO_HOME=/opt/rustwide/cargo-home" "-e" "RUSTUP_HOME=/opt/rustwide/rustup-home" "-w" "/opt/rustwide/workdir" "-m" "1610612736" "--user" "0:0" "--network" "none" "ghcr.io/rust-lang/crates-build-env/linux@sha256:34b6a614d2c27851fe6cbf88fbd1137609cefab8b10d0615aaeb6fd47975d74e" "/opt/rustwide/cargo-home/bin/cargo" "+beta-2021-08-01" "metadata" "--no-deps" "--format-version=1", kill_on_drop: false }`
[INFO] [stdout] 836d67cad5d80dc2448b4098b8cc7996c59bba39bbe7de22063ee80409ae910f
[INFO] [stderr] WARNING: Your kernel does not support swap limit capabilities or the cgroup is not mounted. Memory limited without swap.
[INFO] running `Command { std: "docker" "start" "-a" "836d67cad5d80dc2448b4098b8cc7996c59bba39bbe7de22063ee80409ae910f", kill_on_drop: false }`
[INFO] running `Command { std: "docker" "inspect" "836d67cad5d80dc2448b4098b8cc7996c59bba39bbe7de22063ee80409ae910f", kill_on_drop: false }`
[INFO] running `Command { std: "docker" "rm" "-f" "836d67cad5d80dc2448b4098b8cc7996c59bba39bbe7de22063ee80409ae910f", kill_on_drop: false }`
[INFO] [stdout] 836d67cad5d80dc2448b4098b8cc7996c59bba39bbe7de22063ee80409ae910f
[INFO] running `Command { std: "docker" "create" "-v" "/var/lib/crater-agent-workspace/builds/worker-6/target:/opt/rustwide/target:rw,Z" "-v" "/var/lib/crater-agent-workspace/builds/worker-6/source:/opt/rustwide/workdir:ro,Z" "-v" "/var/lib/crater-agent-workspace/cargo-home:/opt/rustwide/cargo-home:ro,Z" "-v" "/var/lib/crater-agent-workspace/rustup-home:/opt/rustwide/rustup-home:ro,Z" "-e" "SOURCE_DIR=/opt/rustwide/workdir" "-e" "CARGO_TARGET_DIR=/opt/rustwide/target" "-e" "CARGO_INCREMENTAL=0" "-e" "RUST_BACKTRACE=full" "-e" "RUSTDOCFLAGS=--cap-lints=warn" "-e" "CARGO_HOME=/opt/rustwide/cargo-home" "-e" "RUSTUP_HOME=/opt/rustwide/rustup-home" "-w" "/opt/rustwide/workdir" "-m" "1610612736" "--user" "0:0" "--network" "none" "ghcr.io/rust-lang/crates-build-env/linux@sha256:34b6a614d2c27851fe6cbf88fbd1137609cefab8b10d0615aaeb6fd47975d74e" "/opt/rustwide/cargo-home/bin/cargo" "+beta-2021-08-01" "doc" "--frozen" "--no-deps" "--document-private-items" "--message-format=json", kill_on_drop: false }`
[INFO] [stderr] WARNING: Your kernel does not support swap limit capabilities or the cgroup is not mounted. Memory limited without swap.
[INFO] [stdout] a5f6584979345cb6d9c055865279fe4b3aeda62d8d90805bf46ad263a9b66b65
[INFO] running `Command { std: "docker" "start" "-a" "a5f6584979345cb6d9c055865279fe4b3aeda62d8d90805bf46ad263a9b66b65", kill_on_drop: false }`
[INFO] [stderr]    Compiling proc-macro2 v1.0.9
[INFO] [stderr]    Compiling syn v1.0.16
[INFO] [stderr]    Compiling libc v0.2.67
[INFO] [stderr]    Compiling typenum v1.11.2
[INFO] [stderr]    Compiling byteorder v1.3.4
[INFO] [stderr]    Compiling serde v1.0.104
[INFO] [stderr]    Compiling crunchy v0.2.2
[INFO] [stderr]     Checking subtle v2.2.2
[INFO] [stderr]    Compiling failure_derive v0.1.7
[INFO] [stderr]     Checking byte-slice-cast v0.3.5
[INFO] [stderr]     Checking bitvec v0.15.2
[INFO] [stderr]     Checking arrayvec v0.5.1
[INFO] [stderr]    Compiling log v0.4.8
[INFO] [stderr]     Checking parity-wasm v0.41.0
[INFO] [stderr]    Compiling regex-syntax v0.6.16
[INFO] [stderr]     Checking sp-std v2.0.0 (https://github.com/paritytech/substrate.git?rev=3e651110aa06aa835790df63410a29676243fc54#3e651110)
[INFO] [stderr]     Checking rustc-hex v2.1.0
[INFO] [stderr]     Checking memory_units v0.3.0
[INFO] [stderr]     Checking hash-db v0.15.2
[INFO] [stderr]     Checking keccak v0.1.0
[INFO] [stderr]     Checking environmental v1.1.1
[INFO] [stderr]    Compiling tiny-keccak v2.0.1
[INFO] [stderr]     Checking zeroize v0.9.3
[INFO] [stderr]     Checking arrayref v0.3.6
[INFO] [stderr]     Checking constant_time_eq v0.1.5
[INFO] [stderr]     Checking hex v0.4.2
[INFO] [stderr]     Checking base58 v0.1.0
[INFO] [stderr]     Checking integer-sqrt v0.1.3
[INFO] [stderr]     Checking once_cell v0.2.4
[INFO] [stderr]     Checking bitmask v0.5.0
[INFO] [stderr]     Checking safe-mix v1.0.1
[INFO] [stderr]     Checking rand_core v0.3.1
[INFO] [stderr]    Compiling clear_on_drop v0.2.3
[INFO] [stderr]    Compiling rand v0.6.5
[INFO] [stderr]    Compiling backtrace-sys v0.1.33
[INFO] [stderr]    Compiling num-integer v0.1.42
[INFO] [stderr]    Compiling num-bigint v0.2.6
[INFO] [stderr]    Compiling num-rational v0.2.3
[INFO] [stderr]    Compiling hashbrown v0.6.3
[INFO] [stderr]    Compiling thread_local v1.0.1
[INFO] [stderr]     Checking lock_api v0.1.5
[INFO] [stderr]     Checking tracing-core v0.1.10
[INFO] [stderr]     Checking lock_api v0.3.3
[INFO] [stderr]     Checking trie-root v0.15.2
[INFO] [stderr]     Checking rand_hc v0.1.0
[INFO] [stderr]     Checking rand_isaac v0.1.1
[INFO] [stderr]     Checking rand_xorshift v0.1.1
[INFO] [stderr]     Checking rand_chacha v0.1.1
[INFO] [stderr]    Compiling aho-corasick v0.7.10
[INFO] [stderr]     Checking blake2-rfc v0.2.18
[INFO] [stderr]     Checking hash256-std-hasher v0.15.2
[INFO] [stderr]     Checking wasmi-validation v0.3.0
[INFO] [stderr]     Checking generic-array v0.12.3
[INFO] [stderr]     Checking uint v0.8.2
[INFO] [stderr]     Checking hashbrown v0.1.8
[INFO] [stderr]    Compiling quote v1.0.3
[INFO] [stderr]     Checking getrandom v0.1.14
[INFO] [stderr]     Checking rand_os v0.1.3
[INFO] [stderr]     Checking parking_lot_core v0.6.2
[INFO] [stderr]     Checking digest v0.8.1
[INFO] [stderr]     Checking block-buffer v0.7.3
[INFO] [stderr]     Checking crypto-mac v0.7.0
[INFO] [stderr]     Checking backtrace v0.3.45
[INFO] [stderr]     Checking sha2 v0.8.1
[INFO] [stderr]     Checking rand_core v0.5.1
[INFO] [stderr]     Checking hmac v0.7.1
[INFO] [stderr]     Checking pbkdf2 v0.3.0
[INFO] [stderr]     Checking parking_lot v0.9.0
[INFO] [stderr]    Compiling curve25519-dalek v1.2.3
[INFO] [stderr]     Checking rand_chacha v0.2.1
[INFO] [stderr]     Checking hmac-drbg v0.2.0
[INFO] [stderr]    Compiling regex v1.3.4
[INFO] [stderr]     Checking sp-panic-handler v2.0.0 (https://github.com/paritytech/substrate.git?rev=3e651110aa06aa835790df63410a29676243fc54#3e651110)
[INFO] [stderr]     Checking rand v0.7.3
[INFO] [stderr]     Checking parking_lot_core v0.4.0
[INFO] [stderr]     Checking wasmi v0.6.2
[INFO] [stderr]     Checking parking_lot v0.7.1
[INFO] [stderr]     Checking once_cell v0.1.8
[INFO] [stderr]     Checking fixed-hash v0.5.2
[INFO] [stderr]     Checking libsecp256k1 v0.3.5
[INFO] [stderr]     Checking twox-hash v1.5.0
[INFO] [stderr]    Compiling Inflector v0.11.4
[INFO] [stderr]    Compiling synstructure v0.12.3
[INFO] [stderr]    Compiling serde_derive v1.0.104
[INFO] [stderr]    Compiling zeroize_derive v1.0.0
[INFO] [stderr]    Compiling proc-macro-hack v0.5.11
[INFO] [stderr]    Compiling sp-debug-derive v2.0.0 (https://github.com/paritytech/substrate.git?rev=3e651110aa06aa835790df63410a29676243fc54#3e651110)
[INFO] [stderr]    Compiling impl-trait-for-tuples v0.1.3
[INFO] [stderr]    Compiling malloc_size_of_derive v0.1.1
[INFO] [stderr]    Compiling derive_more v0.99.3
[INFO] [stderr]    Compiling frame-support-procedural-tools-derive v2.0.0 (https://github.com/paritytech/substrate.git?rev=3e651110aa06aa835790df63410a29676243fc54#3e651110)
[INFO] [stderr]    Compiling tracing-attributes v0.1.7
[INFO] [stderr]     Checking parity-util-mem v0.3.0
[INFO] [stderr]     Checking zeroize v1.1.0
[INFO] [stderr]     Checking failure v0.1.7
[INFO] [stderr]     Checking merlin v1.3.0
[INFO] [stderr]     Checking curve25519-dalek v2.0.0
[INFO] [stderr]     Checking tiny-bip39 v0.6.2
[INFO] [stderr]     Checking schnorrkel v0.8.5
[INFO] [stderr]    Compiling const-random-macro v0.1.8
[INFO] [stderr]    Compiling paste-impl v0.1.7
[INFO] [stderr]     Checking ed25519-dalek v1.0.0-pre.3
[INFO] [stderr]     Checking tracing v0.1.13
[INFO] [stderr]     Checking substrate-bip39 v0.3.1
[INFO] [stderr]     Checking const-random v0.1.8
[INFO] [stderr]     Checking ahash v0.2.18
[INFO] [stderr]     Checking paste v0.1.7
[INFO] [stderr]     Checking trie-db v0.18.1
[INFO] [stderr]     Checking memory-db v0.18.1
[INFO] [stderr]     Checking sp-wasm-interface v2.0.0 (https://github.com/paritytech/substrate.git?rev=3e651110aa06aa835790df63410a29676243fc54#3e651110)
[INFO] [stderr]     Checking impl-serde v0.2.3
[INFO] [stderr]     Checking impl-serde v0.3.0
[INFO] [stderr]     Checking sp-storage v2.0.0 (https://github.com/paritytech/substrate.git?rev=3e651110aa06aa835790df63410a29676243fc54#3e651110)
[INFO] [stderr]     Checking sp-externalities v2.0.0 (https://github.com/paritytech/substrate.git?rev=3e651110aa06aa835790df63410a29676243fc54#3e651110)
[INFO] [stderr]    Compiling toml v0.5.6
[INFO] [stderr]    Compiling proc-macro-crate v0.1.4
[INFO] [stderr]    Compiling frame-support-procedural-tools v2.0.0 (https://github.com/paritytech/substrate.git?rev=3e651110aa06aa835790df63410a29676243fc54#3e651110)
[INFO] [stderr]    Compiling parity-scale-codec-derive v1.2.0
[INFO] [stderr]    Compiling sp-runtime-interface-proc-macro v2.0.0 (https://github.com/paritytech/substrate.git?rev=3e651110aa06aa835790df63410a29676243fc54#3e651110)
[INFO] [stderr]    Compiling frame-support-procedural v2.0.0 (https://github.com/paritytech/substrate.git?rev=3e651110aa06aa835790df63410a29676243fc54#3e651110)
[INFO] [stderr]     Checking parity-scale-codec v1.2.0
[INFO] [stderr]     Checking impl-codec v0.4.2
[INFO] [stderr]     Checking sp-arithmetic v2.0.0 (https://github.com/paritytech/substrate.git?rev=3e651110aa06aa835790df63410a29676243fc54#3e651110)
[INFO] [stderr]     Checking primitive-types v0.6.2
[INFO] [stderr]     Checking sp-runtime-interface v2.0.0 (https://github.com/paritytech/substrate.git?rev=3e651110aa06aa835790df63410a29676243fc54#3e651110)
[INFO] [stderr]     Checking sp-core v2.0.0 (https://github.com/paritytech/substrate.git?rev=3e651110aa06aa835790df63410a29676243fc54#3e651110)
[INFO] [stderr]     Checking sp-trie v2.0.0 (https://github.com/paritytech/substrate.git?rev=3e651110aa06aa835790df63410a29676243fc54#3e651110)
[INFO] [stderr]     Checking sp-inherents v2.0.0 (https://github.com/paritytech/substrate.git?rev=3e651110aa06aa835790df63410a29676243fc54#3e651110)
[INFO] [stderr]     Checking frame-metadata v2.0.0 (https://github.com/paritytech/substrate.git?rev=3e651110aa06aa835790df63410a29676243fc54#3e651110)
[INFO] [stderr]     Checking sp-state-machine v2.0.0 (https://github.com/paritytech/substrate.git?rev=3e651110aa06aa835790df63410a29676243fc54#3e651110)
[INFO] [stderr]     Checking sp-io v2.0.0 (https://github.com/paritytech/substrate.git?rev=3e651110aa06aa835790df63410a29676243fc54#3e651110)
[INFO] [stderr]     Checking sp-application-crypto v2.0.0 (https://github.com/paritytech/substrate.git?rev=3e651110aa06aa835790df63410a29676243fc54#3e651110)
[INFO] [stdout] error: unexpected token
[INFO] [stdout]   --> /opt/rustwide/cargo-home/git/checkouts/substrate-7e08433d4c370a21/3e65111/primitives/application-crypto/src/lib.rs:57:49
[INFO] [stdout]    |
[INFO] [stdout] 57 |         $crate::app_crypto_public_full_crypto!($module::Public, $key_type);
[INFO] [stdout]    |                                                       ^^
[INFO] [stdout]    | 
[INFO] [stdout]   ::: /opt/rustwide/cargo-home/git/checkouts/substrate-7e08433d4c370a21/3e65111/primitives/application-crypto/src/ed25519.rs:27:5
[INFO] [stdout]    |
[INFO] [stdout] 27 |     crate::app_crypto!(super, ED25519);
[INFO] [stdout]    |     ----------------------------------- in this macro invocation
[INFO] [stdout]    |
[INFO] [stdout]    = note: this error originates in the macro `crate::app_crypto` (in Nightly builds, run with -Z macro-backtrace for more info)
[INFO] [stdout] 
[INFO] [stdout] 
[INFO] [stdout] error: unexpected token
[INFO] [stdout]   --> /opt/rustwide/cargo-home/git/checkouts/substrate-7e08433d4c370a21/3e65111/primitives/application-crypto/src/lib.rs:59:52
[INFO] [stdout]    |
[INFO] [stdout] 59 |         $crate::app_crypto_signature_full_crypto!($module::Signature, $key_type);
[INFO] [stdout]    |                                                          ^^
[INFO] [stdout]    | 
[INFO] [stdout]   ::: /opt/rustwide/cargo-home/git/checkouts/substrate-7e08433d4c370a21/3e65111/primitives/application-crypto/src/ed25519.rs:27:5
[INFO] [stdout]    |
[INFO] [stdout] 27 |     crate::app_crypto!(super, ED25519);
[INFO] [stdout]    |     ----------------------------------- in this macro invocation
[INFO] [stdout]    |
[INFO] [stdout]    = note: this error originates in the macro `crate::app_crypto` (in Nightly builds, run with -Z macro-backtrace for more info)
[INFO] [stdout] 
[INFO] [stdout] 
[INFO] [stdout] error: unexpected token
[INFO] [stdout]   --> /opt/rustwide/cargo-home/git/checkouts/substrate-7e08433d4c370a21/3e65111/primitives/application-crypto/src/lib.rs:57:49
[INFO] [stdout]    |
[INFO] [stdout] 57 |         $crate::app_crypto_public_full_crypto!($module::Public, $key_type);
[INFO] [stdout]    |                                                       ^^
[INFO] [stdout]    | 
[INFO] [stdout]   ::: /opt/rustwide/cargo-home/git/checkouts/substrate-7e08433d4c370a21/3e65111/primitives/application-crypto/src/sr25519.rs:27:5
[INFO] [stdout]    |
[INFO] [stdout] 27 |     crate::app_crypto!(super, SR25519);
[INFO] [stdout]    |     ----------------------------------- in this macro invocation
[INFO] [stdout]    |
[INFO] [stdout]    = note: this error originates in the macro `crate::app_crypto` (in Nightly builds, run with -Z macro-backtrace for more info)
[INFO] [stdout] 
[INFO] [stdout] 
[INFO] [stdout] error: unexpected token
[INFO] [stdout]   --> /opt/rustwide/cargo-home/git/checkouts/substrate-7e08433d4c370a21/3e65111/primitives/application-crypto/src/lib.rs:59:52
[INFO] [stdout]    |
[INFO] [stdout] 59 |         $crate::app_crypto_signature_full_crypto!($module::Signature, $key_type);
[INFO] [stdout]    |                                                          ^^
[INFO] [stdout]    | 
[INFO] [stdout]   ::: /opt/rustwide/cargo-home/git/checkouts/substrate-7e08433d4c370a21/3e65111/primitives/application-crypto/src/sr25519.rs:27:5
[INFO] [stdout]    |
[INFO] [stdout] 27 |     crate::app_crypto!(super, SR25519);
[INFO] [stdout]    |     ----------------------------------- in this macro invocation
[INFO] [stdout]    |
[INFO] [stdout]    = note: this error originates in the macro `crate::app_crypto` (in Nightly builds, run with -Z macro-backtrace for more info)
[INFO] [stdout] 
[INFO] [stdout] 
[INFO] [stdout] error[E0277]: `ed25519::app::Public` doesn't implement `std::fmt::Debug`
[INFO] [stdout]    --> /opt/rustwide/cargo-home/git/checkouts/substrate-7e08433d4c370a21/3e65111/primitives/application-crypto/src/lib.rs:277:8
[INFO] [stdout]     |
[INFO] [stdout] 277 |         impl $crate::AppPublic for Public {
[INFO] [stdout]     |              ^^^^^^^^^^^^^^^^^ `ed25519::app::Public` cannot be formatted using `{:?}`
[INFO] [stdout]     | 
[INFO] [stdout]    ::: /opt/rustwide/cargo-home/git/checkouts/substrate-7e08433d4c370a21/3e65111/primitives/application-crypto/src/traits.rs:62:11
[INFO] [stdout]     |
[INFO] [stdout] 62  | pub trait AppPublic:
[INFO] [stdout]     |           --------- required by a bound in this
[INFO] [stdout] 63  |     AppKey + Public + Ord + PartialOrd + Eq + PartialEq + Debug + MaybeHash + codec::Codec
[INFO] [stdout]     |                                                           ----- required by this bound in `traits::AppPublic`
[INFO] [stdout]     | 
[INFO] [stdout]    ::: /opt/rustwide/cargo-home/git/checkouts/substrate-7e08433d4c370a21/3e65111/primitives/application-crypto/src/ed25519.rs:27:5
[INFO] [stdout]     |
[INFO] [stdout] 27  |     crate::app_crypto!(super, ED25519);
[INFO] [stdout]     |     ----------------------------------- in this macro invocation
[INFO] [stdout]     |
[INFO] [stdout]     = help: the trait `std::fmt::Debug` is not implemented for `ed25519::app::Public`
[INFO] [stdout]     = note: add `#[derive(Debug)]` to `ed25519::app::Public` or manually `impl std::fmt::Debug for ed25519::app::Public`
[INFO] [stdout]     = note: this error originates in the macro `$crate::app_crypto_public_common` (in Nightly builds, run with -Z macro-backtrace for more info)
[INFO] [stdout] 
[INFO] [stdout] 
[INFO] [stdout] error[E0277]: the trait bound `ed25519::app::Public: WrapperTypeEncode` is not satisfied
[INFO] [stdout]    --> /opt/rustwide/cargo-home/git/checkouts/substrate-7e08433d4c370a21/3e65111/primitives/application-crypto/src/lib.rs:277:8
[INFO] [stdout]     |
[INFO] [stdout] 277 |         impl $crate::AppPublic for Public {
[INFO] [stdout]     |              ^^^^^^^^^^^^^^^^^ the trait `WrapperTypeEncode` is not implemented for `ed25519::app::Public`
[INFO] [stdout]     | 
[INFO] [stdout]    ::: /opt/rustwide/cargo-home/git/checkouts/substrate-7e08433d4c370a21/3e65111/primitives/application-crypto/src/traits.rs:62:11
[INFO] [stdout]     |
[INFO] [stdout] 62  | pub trait AppPublic:
[INFO] [stdout]     |           --------- required by a bound in this
[INFO] [stdout] 63  |     AppKey + Public + Ord + PartialOrd + Eq + PartialEq + Debug + MaybeHash + codec::Codec
[INFO] [stdout]     |                                                                               ------------ required by this bound in `traits::AppPublic`
[INFO] [stdout]     | 
[INFO] [stdout]    ::: /opt/rustwide/cargo-home/git/checkouts/substrate-7e08433d4c370a21/3e65111/primitives/application-crypto/src/ed25519.rs:27:5
[INFO] [stdout]     |
[INFO] [stdout] 27  |     crate::app_crypto!(super, ED25519);
[INFO] [stdout]     |     ----------------------------------- in this macro invocation
[INFO] [stdout]     |
[INFO] [stdout]     = note: required because of the requirements on the impl of `Encode` for `ed25519::app::Public`
[INFO] [stdout]     = note: this error originates in the macro `$crate::app_crypto_public_common` (in Nightly builds, run with -Z macro-backtrace for more info)
[INFO] [stdout] 
[INFO] [stdout] 
[INFO] [stdout] error[E0277]: the trait bound `ed25519::app::Public: WrapperTypeDecode` is not satisfied
[INFO] [stdout]    --> /opt/rustwide/cargo-home/git/checkouts/substrate-7e08433d4c370a21/3e65111/primitives/application-crypto/src/lib.rs:277:8
[INFO] [stdout]     |
[INFO] [stdout] 277 |         impl $crate::AppPublic for Public {
[INFO] [stdout]     |              ^^^^^^^^^^^^^^^^^ the trait `WrapperTypeDecode` is not implemented for `ed25519::app::Public`
[INFO] [stdout]     | 
[INFO] [stdout]    ::: /opt/rustwide/cargo-home/git/checkouts/substrate-7e08433d4c370a21/3e65111/primitives/application-crypto/src/traits.rs:62:11
[INFO] [stdout]     |
[INFO] [stdout] 62  | pub trait AppPublic:
[INFO] [stdout]     |           --------- required by a bound in this
[INFO] [stdout] 63  |     AppKey + Public + Ord + PartialOrd + Eq + PartialEq + Debug + MaybeHash + codec::Codec
[INFO] [stdout]     |                                                                               ------------ required by this bound in `traits::AppPublic`
[INFO] [stdout]     | 
[INFO] [stdout]    ::: /opt/rustwide/cargo-home/git/checkouts/substrate-7e08433d4c370a21/3e65111/primitives/application-crypto/src/ed25519.rs:27:5
[INFO] [stdout]     |
[INFO] [stdout] 27  |     crate::app_crypto!(super, ED25519);
[INFO] [stdout]     |     ----------------------------------- in this macro invocation
[INFO] [stdout]     |
[INFO] [stdout]     = note: required because of the requirements on the impl of `Decode` for `ed25519::app::Public`
[INFO] [stdout]     = note: this error originates in the macro `$crate::app_crypto_public_common` (in Nightly builds, run with -Z macro-backtrace for more info)
[INFO] [stdout] 
[INFO] [stdout] 
[INFO] [stdout] error[E0277]: `ed25519::app::Signature` doesn't implement `std::fmt::Debug`
[INFO] [stdout]    --> /opt/rustwide/cargo-home/git/checkouts/substrate-7e08433d4c370a21/3e65111/primitives/application-crypto/src/lib.rs:384:8
[INFO] [stdout]     |
[INFO] [stdout] 384 |         impl $crate::AppSignature for Signature {
[INFO] [stdout]     |              ^^^^^^^^^^^^^^^^^^^^ `ed25519::app::Signature` cannot be formatted using `{:?}`
[INFO] [stdout]     | 
[INFO] [stdout]    ::: /opt/rustwide/cargo-home/git/checkouts/substrate-7e08433d4c370a21/3e65111/primitives/application-crypto/src/traits.rs:78:51
[INFO] [stdout]     |
[INFO] [stdout] 78  | pub trait AppSignature: AppKey + Eq + PartialEq + Debug + MaybeHash {
[INFO] [stdout]     |                                                   ----- required by this bound in `traits::AppSignature`
[INFO] [stdout]     | 
[INFO] [stdout]    ::: /opt/rustwide/cargo-home/git/checkouts/substrate-7e08433d4c370a21/3e65111/primitives/application-crypto/src/ed25519.rs:27:5
[INFO] [stdout]     |
[INFO] [stdout] 27  |     crate::app_crypto!(super, ED25519);
[INFO] [stdout]     |     ----------------------------------- in this macro invocation
[INFO] [stdout]     |
[INFO] [stdout]     = help: the trait `std::fmt::Debug` is not implemented for `ed25519::app::Signature`
[INFO] [stdout]     = note: add `#[derive(Debug)]` to `ed25519::app::Signature` or manually `impl std::fmt::Debug for ed25519::app::Signature`
[INFO] [stdout]     = note: this error originates in the macro `$crate::app_crypto_signature_common` (in Nightly builds, run with -Z macro-backtrace for more info)
[INFO] [stdout] 
[INFO] [stdout] 
[INFO] [stdout] error[E0277]: `sr25519::app::Public` doesn't implement `std::fmt::Debug`
[INFO] [stdout]    --> /opt/rustwide/cargo-home/git/checkouts/substrate-7e08433d4c370a21/3e65111/primitives/application-crypto/src/lib.rs:277:8
[INFO] [stdout]     |
[INFO] [stdout] 277 |         impl $crate::AppPublic for Public {
[INFO] [stdout]     |              ^^^^^^^^^^^^^^^^^ `sr25519::app::Public` cannot be formatted using `{:?}`
[INFO] [stdout]     | 
[INFO] [stdout]    ::: /opt/rustwide/cargo-home/git/checkouts/substrate-7e08433d4c370a21/3e65111/primitives/application-crypto/src/traits.rs:62:11
[INFO] [stdout]     |
[INFO] [stdout] 62  | pub trait AppPublic:
[INFO] [stdout]     |           --------- required by a bound in this
[INFO] [stdout] 63  |     AppKey + Public + Ord + PartialOrd + Eq + PartialEq + Debug + MaybeHash + codec::Codec
[INFO] [stdout]     |                                                           ----- required by this bound in `traits::AppPublic`
[INFO] [stdout]     | 
[INFO] [stdout]    ::: /opt/rustwide/cargo-home/git/checkouts/substrate-7e08433d4c370a21/3e65111/primitives/application-crypto/src/sr25519.rs:27:5
[INFO] [stdout]     |
[INFO] [stdout] 27  |     crate::app_crypto!(super, SR25519);
[INFO] [stdout]     |     ----------------------------------- in this macro invocation
[INFO] [stdout]     |
[INFO] [stdout]     = help: the trait `std::fmt::Debug` is not implemented for `sr25519::app::Public`
[INFO] [stdout]     = note: add `#[derive(Debug)]` to `sr25519::app::Public` or manually `impl std::fmt::Debug for sr25519::app::Public`
[INFO] [stdout]     = note: this error originates in the macro `$crate::app_crypto_public_common` (in Nightly builds, run with -Z macro-backtrace for more info)
[INFO] [stdout] 
[INFO] [stdout] 
[INFO] [stdout] error[E0277]: the trait bound `sr25519::app::Public: WrapperTypeEncode` is not satisfied
[INFO] [stdout]    --> /opt/rustwide/cargo-home/git/checkouts/substrate-7e08433d4c370a21/3e65111/primitives/application-crypto/src/lib.rs:277:8
[INFO] [stdout]     |
[INFO] [stdout] 277 |         impl $crate::AppPublic for Public {
[INFO] [stdout]     |              ^^^^^^^^^^^^^^^^^ the trait `WrapperTypeEncode` is not implemented for `sr25519::app::Public`
[INFO] [stdout]     | 
[INFO] [stdout]    ::: /opt/rustwide/cargo-home/git/checkouts/substrate-7e08433d4c370a21/3e65111/primitives/application-crypto/src/traits.rs:62:11
[INFO] [stdout]     |
[INFO] [stdout] 62  | pub trait AppPublic:
[INFO] [stdout]     |           --------- required by a bound in this
[INFO] [stdout] 63  |     AppKey + Public + Ord + PartialOrd + Eq + PartialEq + Debug + MaybeHash + codec::Codec
[INFO] [stdout]     |                                                                               ------------ required by this bound in `traits::AppPublic`
[INFO] [stdout]     | 
[INFO] [stdout]    ::: /opt/rustwide/cargo-home/git/checkouts/substrate-7e08433d4c370a21/3e65111/primitives/application-crypto/src/sr25519.rs:27:5
[INFO] [stdout]     |
[INFO] [stdout] 27  |     crate::app_crypto!(super, SR25519);
[INFO] [stdout]     |     ----------------------------------- in this macro invocation
[INFO] [stdout]     |
[INFO] [stdout]     = note: required because of the requirements on the impl of `Encode` for `sr25519::app::Public`
[INFO] [stdout]     = note: this error originates in the macro `$crate::app_crypto_public_common` (in Nightly builds, run with -Z macro-backtrace for more info)
[INFO] [stdout] 
[INFO] [stdout] 
[INFO] [stdout] error[E0277]: the trait bound `sr25519::app::Public: WrapperTypeDecode` is not satisfied
[INFO] [stdout]    --> /opt/rustwide/cargo-home/git/checkouts/substrate-7e08433d4c370a21/3e65111/primitives/application-crypto/src/lib.rs:277:8
[INFO] [stdout]     |
[INFO] [stdout] 277 |         impl $crate::AppPublic for Public {
[INFO] [stdout]     |              ^^^^^^^^^^^^^^^^^ the trait `WrapperTypeDecode` is not implemented for `sr25519::app::Public`
[INFO] [stdout]     | 
[INFO] [stdout]    ::: /opt/rustwide/cargo-home/git/checkouts/substrate-7e08433d4c370a21/3e65111/primitives/application-crypto/src/traits.rs:62:11
[INFO] [stdout]     |
[INFO] [stdout] 62  | pub trait AppPublic:
[INFO] [stdout]     |           --------- required by a bound in this
[INFO] [stdout] 63  |     AppKey + Public + Ord + PartialOrd + Eq + PartialEq + Debug + MaybeHash + codec::Codec
[INFO] [stdout]     |                                                                               ------------ required by this bound in `traits::AppPublic`
[INFO] [stdout]     | 
[INFO] [stdout]    ::: /opt/rustwide/cargo-home/git/checkouts/substrate-7e08433d4c370a21/3e65111/primitives/application-crypto/src/sr25519.rs:27:5
[INFO] [stdout]     |
[INFO] [stdout] 27  |     crate::app_crypto!(super, SR25519);
[INFO] [stdout]     |     ----------------------------------- in this macro invocation
[INFO] [stdout]     |
[INFO] [stdout]     = note: required because of the requirements on the impl of `Decode` for `sr25519::app::Public`
[INFO] [stdout]     = note: this error originates in the macro `$crate::app_crypto_public_common` (in Nightly builds, run with -Z macro-backtrace for more info)
[INFO] [stdout] 
[INFO] [stdout] 
[INFO] [stdout] error[E0277]: `sr25519::app::Signature` doesn't implement `std::fmt::Debug`
[INFO] [stdout]    --> /opt/rustwide/cargo-home/git/checkouts/substrate-7e08433d4c370a21/3e65111/primitives/application-crypto/src/lib.rs:384:8
[INFO] [stdout]     |
[INFO] [stdout] 384 |         impl $crate::AppSignature for Signature {
[INFO] [stdout]     |              ^^^^^^^^^^^^^^^^^^^^ `sr25519::app::Signature` cannot be formatted using `{:?}`
[INFO] [stdout]     | 
[INFO] [stdout]    ::: /opt/rustwide/cargo-home/git/checkouts/substrate-7e08433d4c370a21/3e65111/primitives/application-crypto/src/traits.rs:78:51
[INFO] [stdout]     |
[INFO] [stdout] 78  | pub trait AppSignature: AppKey + Eq + PartialEq + Debug + MaybeHash {
[INFO] [stdout]     |                                                   ----- required by this bound in `traits::AppSignature`
[INFO] [stdout]     | 
[INFO] [stdout]    ::: /opt/rustwide/cargo-home/git/checkouts/substrate-7e08433d4c370a21/3e65111/primitives/application-crypto/src/sr25519.rs:27:5
[INFO] [stdout]     |
[INFO] [stdout] 27  |     crate::app_crypto!(super, SR25519);
[INFO] [stdout]     |     ----------------------------------- in this macro invocation
[INFO] [stdout]     |
[INFO] [stdout]     = help: the trait `std::fmt::Debug` is not implemented for `sr25519::app::Signature`
[INFO] [stdout]     = note: add `#[derive(Debug)]` to `sr25519::app::Signature` or manually `impl std::fmt::Debug for sr25519::app::Signature`
[INFO] [stdout]     = note: this error originates in the macro `$crate::app_crypto_signature_common` (in Nightly builds, run with -Z macro-backtrace for more info)
[INFO] [stdout] 
[INFO] [stdout] 
[INFO] [stdout] error: aborting due to 12 previous errors
[INFO] [stdout] 
[INFO] [stdout] 
[INFO] [stdout] For more information about this error, try `rustc --explain E0277`.
[INFO] [stdout] 
[INFO] [stderr] error: could not compile `sp-application-crypto` due to 13 previous errors
[INFO] running `Command { std: "docker" "inspect" "a5f6584979345cb6d9c055865279fe4b3aeda62d8d90805bf46ad263a9b66b65", kill_on_drop: false }`
[INFO] running `Command { std: "docker" "rm" "-f" "a5f6584979345cb6d9c055865279fe4b3aeda62d8d90805bf46ad263a9b66b65", kill_on_drop: false }`
[INFO] [stdout] a5f6584979345cb6d9c055865279fe4b3aeda62d8d90805bf46ad263a9b66b65
