[INFO] cloning repository https://github.com/hicqu/online-tikv-recover
[INFO] running `Command { std: "git" "-c" "credential.helper=" "-c" "credential.helper=/workspace/cargo-home/bin/git-credential-null" "clone" "--bare" "https://github.com/hicqu/online-tikv-recover" "/workspace/cache/git-repos/https%3A%2F%2Fgithub.com%2Fhicqu%2Fonline-tikv-recover", kill_on_drop: false }`
[INFO] [stderr] Cloning into bare repository '/workspace/cache/git-repos/https%3A%2F%2Fgithub.com%2Fhicqu%2Fonline-tikv-recover'...
[INFO] running `Command { std: "git" "rev-parse" "HEAD", kill_on_drop: false }`
[INFO] [stdout] 4cc16eacf411330b64647e0041727282c666f462
[INFO] documenting hicqu/online-tikv-recover against beta-2021-08-01 for beta-1.55-rustdoc-1
[INFO] running `Command { std: "git" "clone" "/workspace/cache/git-repos/https%3A%2F%2Fgithub.com%2Fhicqu%2Fonline-tikv-recover" "/workspace/builds/worker-38/source", kill_on_drop: false }`
[INFO] [stderr] Cloning into '/workspace/builds/worker-38/source'...
[INFO] [stderr] done.
[INFO] validating manifest of git repo https://github.com/hicqu/online-tikv-recover on toolchain beta-2021-08-01
[INFO] running `Command { std: "/workspace/cargo-home/bin/cargo" "+beta-2021-08-01" "metadata" "--manifest-path" "Cargo.toml" "--no-deps", kill_on_drop: false }`
[INFO] started tweaking git repo https://github.com/hicqu/online-tikv-recover
[INFO] finished tweaking git repo https://github.com/hicqu/online-tikv-recover
[INFO] tweaked toml for git repo https://github.com/hicqu/online-tikv-recover written to /workspace/builds/worker-38/source/Cargo.toml
[INFO] crate git repo https://github.com/hicqu/online-tikv-recover already has a lockfile, it will not be regenerated
[INFO] running `Command { std: "/workspace/cargo-home/bin/cargo" "+beta-2021-08-01" "fetch" "--manifest-path" "Cargo.toml", kill_on_drop: false }`
[INFO] [stderr]     Blocking waiting for file lock on package cache
[INFO] [stderr]     Blocking waiting for file lock on package cache
[INFO] running `Command { std: "docker" "create" "-v" "/var/lib/crater-agent-workspace/builds/worker-38/target:/opt/rustwide/target:rw,Z" "-v" "/var/lib/crater-agent-workspace/builds/worker-38/source:/opt/rustwide/workdir:ro,Z" "-v" "/var/lib/crater-agent-workspace/cargo-home:/opt/rustwide/cargo-home:ro,Z" "-v" "/var/lib/crater-agent-workspace/rustup-home:/opt/rustwide/rustup-home:ro,Z" "-e" "SOURCE_DIR=/opt/rustwide/workdir" "-e" "CARGO_TARGET_DIR=/opt/rustwide/target" "-e" "CARGO_HOME=/opt/rustwide/cargo-home" "-e" "RUSTUP_HOME=/opt/rustwide/rustup-home" "-w" "/opt/rustwide/workdir" "-m" "1610612736" "--user" "0:0" "--network" "none" "ghcr.io/rust-lang/crates-build-env/linux@sha256:34b6a614d2c27851fe6cbf88fbd1137609cefab8b10d0615aaeb6fd47975d74e" "/opt/rustwide/cargo-home/bin/cargo" "+beta-2021-08-01" "metadata" "--no-deps" "--format-version=1", kill_on_drop: false }`
[INFO] [stdout] 406c4a32dc81c5259088a455289268224d61753cf0dde116a72346323d822dda
[INFO] running `Command { std: "docker" "start" "-a" "406c4a32dc81c5259088a455289268224d61753cf0dde116a72346323d822dda", kill_on_drop: false }`
[INFO] running `Command { std: "docker" "inspect" "406c4a32dc81c5259088a455289268224d61753cf0dde116a72346323d822dda", kill_on_drop: false }`
[INFO] running `Command { std: "docker" "rm" "-f" "406c4a32dc81c5259088a455289268224d61753cf0dde116a72346323d822dda", kill_on_drop: false }`
[INFO] [stdout] 406c4a32dc81c5259088a455289268224d61753cf0dde116a72346323d822dda
[INFO] running `Command { std: "docker" "create" "-v" "/var/lib/crater-agent-workspace/builds/worker-38/target:/opt/rustwide/target:rw,Z" "-v" "/var/lib/crater-agent-workspace/builds/worker-38/source:/opt/rustwide/workdir:ro,Z" "-v" "/var/lib/crater-agent-workspace/cargo-home:/opt/rustwide/cargo-home:ro,Z" "-v" "/var/lib/crater-agent-workspace/rustup-home:/opt/rustwide/rustup-home:ro,Z" "-e" "SOURCE_DIR=/opt/rustwide/workdir" "-e" "CARGO_TARGET_DIR=/opt/rustwide/target" "-e" "CARGO_INCREMENTAL=0" "-e" "RUST_BACKTRACE=full" "-e" "RUSTDOCFLAGS=--cap-lints=warn" "-e" "CARGO_HOME=/opt/rustwide/cargo-home" "-e" "RUSTUP_HOME=/opt/rustwide/rustup-home" "-w" "/opt/rustwide/workdir" "-m" "1610612736" "--user" "0:0" "--network" "none" "ghcr.io/rust-lang/crates-build-env/linux@sha256:34b6a614d2c27851fe6cbf88fbd1137609cefab8b10d0615aaeb6fd47975d74e" "/opt/rustwide/cargo-home/bin/cargo" "+beta-2021-08-01" "doc" "--frozen" "--no-deps" "--document-private-items" "--message-format=json", kill_on_drop: false }`
[INFO] [stdout] 223f0153b16b27cf014f96c8a0848a99e9365468c9975f5c240e7ab72b2dff7d
[INFO] running `Command { std: "docker" "start" "-a" "223f0153b16b27cf014f96c8a0848a99e9365468c9975f5c240e7ab72b2dff7d", kill_on_drop: false }`
[INFO] [stderr]     Blocking waiting for file lock on package cache
[INFO] [stderr]    Compiling memchr v2.4.0
[INFO] [stderr]    Compiling libc v0.2.97
[INFO] [stderr]    Compiling regex-syntax v0.6.25
[INFO] [stderr]    Compiling protobuf v2.8.0 (https://github.com/pingcap/rust-protobuf?rev=82b49fea7e696fd647b5aca0a6c6ec944eab3189#82b49fea)
[INFO] [stderr]    Compiling unicode-segmentation v1.7.1
[INFO] [stderr]    Compiling bytes v1.0.1
[INFO] [stderr]    Compiling hex v0.3.2
[INFO] [stderr]    Compiling futures-core v0.3.15
[INFO] [stderr]    Compiling syn v1.0.73
[INFO] [stderr]    Compiling bindgen v0.57.0
[INFO] [stderr]    Compiling futures-channel v0.3.15
[INFO] [stderr]    Compiling shlex v0.1.1
[INFO] [stderr]     Checking futures-sink v0.3.15
[INFO] [stderr]    Compiling rustc-hash v1.1.0
[INFO] [stderr]    Compiling lazycell v1.3.0
[INFO] [stderr]    Compiling peeking_take_while v0.1.2
[INFO] [stderr]    Compiling same-file v1.0.6
[INFO] [stderr]     Checking pin-project-lite v0.2.6
[INFO] [stderr]    Compiling nom v5.1.2
[INFO] [stderr]    Compiling clang-sys v1.2.0
[INFO] [stderr]    Compiling libloading v0.7.0
[INFO] [stderr]    Compiling futures-util v0.3.15
[INFO] [stderr]    Compiling libz-sys v1.1.3
[INFO] [stderr]    Compiling cmake v0.1.45
[INFO] [stderr]    Compiling bitflags v1.2.1
[INFO] [stderr]    Compiling heck v0.3.3
[INFO] [stderr]    Compiling walkdir v2.3.2
[INFO] [stderr]    Compiling boringssl-src v0.3.0+688fc5c
[INFO] [stderr]    Compiling aho-corasick v0.7.18
[INFO] [stderr]     Checking parking_lot_core v0.8.3
[INFO] [stderr]     Checking parking_lot v0.11.1
[INFO] [stderr]    Compiling regex v1.5.4
[INFO] [stderr]    Compiling cexpr v0.4.0
[INFO] [stderr]    Compiling grpcio-compiler v0.9.0
[INFO] [stderr]    Compiling protobuf-codegen v2.8.0 (https://github.com/pingcap/rust-protobuf?rev=82b49fea7e696fd647b5aca0a6c6ec944eab3189#82b49fea)
[INFO] [stderr]    Compiling futures-macro v0.3.15
[INFO] [stderr]    Compiling protobuf-build v0.12.3
[INFO] [stderr]    Compiling raft-proto v0.6.0
[INFO] [stderr]    Compiling kvproto v0.0.2 (https://github.com/pingcap/kvproto.git?rev=dda0a102bc6ac7371e1f99cd2797825aa210b4a0#dda0a102)
[INFO] [stderr]     Checking futures-executor v0.3.15
[INFO] [stderr]     Checking futures v0.3.15
[INFO] [stderr]    Compiling grpcio-sys v0.9.0+1.38.0
[INFO] [stderr] error: failed to run custom build command for `grpcio-sys v0.9.0+1.38.0`
[INFO] [stderr] 
[INFO] [stderr] Caused by:
[INFO] [stderr]   process didn't exit successfully: `/opt/rustwide/target/debug/build/grpcio-sys-7d1d852009bd25f3/build-script-build` (exit status: 101)
[INFO] [stderr]   --- stdout
[INFO] [stderr]   cargo:rerun-if-changed=grpc_wrap.cc
[INFO] [stderr]   cargo:rerun-if-changed=grpc
[INFO] [stderr]   cargo:rerun-if-env-changed=UPDATE_BIND
[INFO] [stderr]   cargo:rerun-if-env-changed=CARGO_CFG_TARGET_OS
[INFO] [stderr]   cargo:rerun-if-env-changed=GRPCIO_SYS_USE_PKG_CONFIG
[INFO] [stderr]   cargo:rerun-if-env-changed=CARGO_CFG_TARGET_OS
[INFO] [stderr]   cargo:rerun-if-env-changed=CARGO_CFG_TARGET_OS
[INFO] [stderr]   cargo:rerun-if-env-changed=CARGO_CFG_TARGET_OS
[INFO] [stderr]   cargo:rerun-if-env-changed=CXX
[INFO] [stderr]   OPT_LEVEL = Some("0")
[INFO] [stderr]   TARGET = Some("x86_64-unknown-linux-gnu")
[INFO] [stderr]   HOST = Some("x86_64-unknown-linux-gnu")
[INFO] [stderr]   CC_x86_64-unknown-linux-gnu = None
[INFO] [stderr]   CC_x86_64_unknown_linux_gnu = None
[INFO] [stderr]   HOST_CC = None
[INFO] [stderr]   CC = None
[INFO] [stderr]   CFLAGS_x86_64-unknown-linux-gnu = None
[INFO] [stderr]   CFLAGS_x86_64_unknown_linux_gnu = None
[INFO] [stderr]   HOST_CFLAGS = None
[INFO] [stderr]   CFLAGS = None
[INFO] [stderr]   CRATE_CC_NO_DEFAULTS = None
[INFO] [stderr]   DEBUG = Some("true")
[INFO] [stderr]   CARGO_CFG_TARGET_FEATURE = Some("fxsr,sse,sse2")
[INFO] [stderr]   running: "cmake" "/opt/rustwide/cargo-home/registry/src/github.com-1ecc6299db9ec823/boringssl-src-0.3.0+688fc5c/boringssl" "-DCMAKE_INSTALL_PREFIX=/opt/rustwide/target/debug/build/grpcio-sys-866e8f83646ef343/out/boringssl-build" "-DCMAKE_C_FLAGS= -ffunction-sections -fdata-sections -fPIC -m64" "-DCMAKE_C_COMPILER=/usr/bin/cc" "-DCMAKE_CXX_FLAGS= -ffunction-sections -fdata-sections -fPIC -m64" "-DCMAKE_CXX_COMPILER=/usr/bin/c++" "-DCMAKE_ASM_FLAGS= -ffunction-sections -fdata-sections -fPIC -m64" "-DCMAKE_ASM_COMPILER=/usr/bin/cc" "-DCMAKE_BUILD_TYPE=Debug"
[INFO] [stderr]   -- The C compiler identification is GNU 9.3.0
[INFO] [stderr]   -- The CXX compiler identification is GNU 9.3.0
[INFO] [stderr]   -- Check for working C compiler: /usr/bin/cc
[INFO] [stderr]   -- Check for working C compiler: /usr/bin/cc -- works
[INFO] [stderr]   -- Detecting C compiler ABI info
[INFO] [stderr]   -- Detecting C compiler ABI info - done
[INFO] [stderr]   -- Detecting C compile features
[INFO] [stderr]   -- Detecting C compile features - done
[INFO] [stderr]   -- Check for working CXX compiler: /usr/bin/c++
[INFO] [stderr]   -- Check for working CXX compiler: /usr/bin/c++ -- works
[INFO] [stderr]   -- Detecting CXX compiler ABI info
[INFO] [stderr]   -- Detecting CXX compiler ABI info - done
[INFO] [stderr]   -- Detecting CXX compile features
[INFO] [stderr]   -- Detecting CXX compile features - done
[INFO] [stderr]   -- The ASM compiler identification is GNU
[INFO] [stderr]   -- Found assembler: /usr/bin/cc
[INFO] [stderr]   -- Configuring done
[INFO] [stderr]   -- Generating done
[INFO] [stderr]   -- Build files have been written to: /opt/rustwide/target/debug/build/grpcio-sys-866e8f83646ef343/out/boringssl-build/build
[INFO] [stderr]   running: "cmake" "--build" "." "--target" "ssl" "--config" "Debug" "--"
[INFO] [stderr]   Scanning dependencies of target ssl
[INFO] [stderr]   [  0%] Building CXX object CMakeFiles/ssl.dir/src/ssl/bio_ssl.cc.o
[INFO] [stderr]   [  7%] Building CXX object CMakeFiles/ssl.dir/src/ssl/d1_both.cc.o
[INFO] [stderr]   [  7%] Building CXX object CMakeFiles/ssl.dir/src/ssl/d1_pkt.cc.o
[INFO] [stderr]   [  7%] Building CXX object CMakeFiles/ssl.dir/src/ssl/d1_lib.cc.o
[INFO] [stderr]   [ 15%] Building CXX object CMakeFiles/ssl.dir/src/ssl/d1_srtp.cc.o
[INFO] [stderr]   [ 23%] Building CXX object CMakeFiles/ssl.dir/src/ssl/dtls_method.cc.o
[INFO] [stderr]   [ 23%] Building CXX object CMakeFiles/ssl.dir/src/ssl/encrypted_client_hello.cc.o
[INFO] [stderr]   [ 23%] Building CXX object CMakeFiles/ssl.dir/src/ssl/dtls_record.cc.o
[INFO] [stderr]   [ 23%] Building CXX object CMakeFiles/ssl.dir/src/ssl/handshake.cc.o
[INFO] [stderr]   [ 30%] Building CXX object CMakeFiles/ssl.dir/src/ssl/handshake_server.cc.o
[INFO] [stderr]   [ 30%] Building CXX object CMakeFiles/ssl.dir/src/ssl/handoff.cc.o
[INFO] [stderr]   [ 30%] Building CXX object CMakeFiles/ssl.dir/src/ssl/handshake_client.cc.o
[INFO] [stderr]   [ 46%] Building CXX object CMakeFiles/ssl.dir/src/ssl/ssl_file.cc.o
[INFO] [stderr]   [ 46%] Building CXX object CMakeFiles/ssl.dir/src/ssl/s3_both.cc.o
[INFO] [stderr]   [ 46%] Building CXX object CMakeFiles/ssl.dir/src/ssl/s3_lib.cc.o
[INFO] [stderr]   [ 46%] Building CXX object CMakeFiles/ssl.dir/src/ssl/ssl_asn1.cc.o
[INFO] [stderr]   [ 46%] Building CXX object CMakeFiles/ssl.dir/src/ssl/ssl_aead_ctx.cc.o
[INFO] [stderr]   [ 46%] Building CXX object CMakeFiles/ssl.dir/src/ssl/ssl_buffer.cc.o
[INFO] [stderr]   [ 46%] Building CXX object CMakeFiles/ssl.dir/src/ssl/s3_pkt.cc.o
[INFO] [stderr]   [ 46%] Building CXX object CMakeFiles/ssl.dir/src/ssl/ssl_cert.cc.o
[INFO] [stderr]   [ 61%] Building CXX object CMakeFiles/ssl.dir/src/ssl/ssl_key_share.cc.o
[INFO] [stderr]   [ 61%] Building CXX object CMakeFiles/ssl.dir/src/ssl/ssl_lib.cc.o
[INFO] [stderr]   [ 61%] Building CXX object CMakeFiles/ssl.dir/src/ssl/ssl_cipher.cc.o
[INFO] [stderr]   [ 61%] Building CXX object CMakeFiles/ssl.dir/src/ssl/ssl_session.cc.o
[INFO] [stderr]   [ 61%] Building CXX object CMakeFiles/ssl.dir/src/ssl/ssl_privkey.cc.o
[INFO] [stderr]   [ 69%] Building CXX object CMakeFiles/ssl.dir/src/ssl/ssl_stat.cc.o
[INFO] [stderr]   [ 69%] Building CXX object CMakeFiles/ssl.dir/src/ssl/ssl_versions.cc.o
[INFO] [stderr]   [ 69%] Building CXX object CMakeFiles/ssl.dir/src/ssl/ssl_transcript.cc.o
[INFO] [stderr]   [ 76%] Building CXX object CMakeFiles/ssl.dir/src/ssl/t1_enc.cc.o
[INFO] [stderr]   [ 76%] Building CXX object CMakeFiles/ssl.dir/src/ssl/ssl_x509.cc.o
[INFO] [stderr]   [ 84%] Building CXX object CMakeFiles/ssl.dir/src/ssl/tls13_both.cc.o
[INFO] [stderr]   [ 84%] Building CXX object CMakeFiles/ssl.dir/src/ssl/t1_lib.cc.o
[INFO] [stderr]   [ 84%] Building CXX object CMakeFiles/ssl.dir/src/ssl/tls13_client.cc.o
[INFO] [stderr]   [ 84%] Building CXX object CMakeFiles/ssl.dir/src/ssl/tls13_enc.cc.o
[INFO] [stderr]   [ 92%] Building CXX object CMakeFiles/ssl.dir/src/ssl/tls13_server.cc.o
[INFO] [stderr]   [ 92%] Building CXX object CMakeFiles/ssl.dir/src/ssl/tls_record.cc.o
[INFO] [stderr]   [ 92%] Building CXX object CMakeFiles/ssl.dir/src/ssl/tls_method.cc.o
[INFO] [stderr] 
[INFO] [stderr]   --- stderr
[INFO] [stderr]   c++: fatal error: Killed signal terminated program cc1plus
[INFO] [stderr]   compilation terminated.
[INFO] [stderr]   make[3]: *** [CMakeFiles/ssl.dir/build.make:141: CMakeFiles/ssl.dir/src/ssl/dtls_record.cc.o] Error 1
[INFO] [stderr]   make[3]: *** Waiting for unfinished jobs....
[INFO] [stderr]   c++: fatal error: Killed signal terminated program cc1plus
[INFO] [stderr]   compilation terminated.
[INFO] [stderr]   make[3]: *** [CMakeFiles/ssl.dir/build.make:219: CMakeFiles/ssl.dir/src/ssl/s3_both.cc.o] Error 1
[INFO] [stderr]   c++: fatal error: Killed signal terminated program cc1plus
[INFO] [stderr]   compilation terminated.
[INFO] [stderr]   make[3]: *** [CMakeFiles/ssl.dir/build.make:180: CMakeFiles/ssl.dir/src/ssl/handshake.cc.o] Error 1
[INFO] [stderr]   c++: fatal error: Killed signal terminated program cc1plus
[INFO] [stderr]   compilation terminated.
[INFO] [stderr]   make[3]: *** [CMakeFiles/ssl.dir/build.make:271: CMakeFiles/ssl.dir/src/ssl/ssl_asn1.cc.o] Error 1
[INFO] [stderr]   c++: fatal error: Killed signal terminated program cc1plus
[INFO] [stderr]   compilation terminated.
[INFO] [stderr]   make[3]: *** [CMakeFiles/ssl.dir/build.make:232: CMakeFiles/ssl.dir/src/ssl/s3_lib.cc.o] Error 1
[INFO] [stderr]   c++: fatal error: Killed signal terminated program cc1plus
[INFO] [stderr]   compilation terminated.
[INFO] [stderr]   make[3]: *** [CMakeFiles/ssl.dir/build.make:154: CMakeFiles/ssl.dir/src/ssl/encrypted_client_hello.cc.o] Error 1
[INFO] [stderr]   c++: fatal error: Killed signal terminated program cc1plus
[INFO] [stderr]   compilation terminated.
[INFO] [stderr]   make[3]: *** [CMakeFiles/ssl.dir/build.make:323: CMakeFiles/ssl.dir/src/ssl/ssl_file.cc.o] Error 1
[INFO] [stderr]   c++: fatal error: Killed signal terminated program cc1plus
[INFO] [stderr]   compilation terminated.
[INFO] [stderr]   make[3]: *** [CMakeFiles/ssl.dir/build.make:245: CMakeFiles/ssl.dir/src/ssl/s3_pkt.cc.o] Error 1
[INFO] [stderr]   c++: fatal error: Killed signal terminated program cc1plus
[INFO] [stderr]   compilation terminated.
[INFO] [stderr]   make[3]: *** [CMakeFiles/ssl.dir/build.make:531: CMakeFiles/ssl.dir/src/ssl/tls_record.cc.o] Error 1
[INFO] [stderr]   c++: fatal error: Killed signal terminated program cc1plus
[INFO] [stderr]   compilation terminated.
[INFO] [stderr]   make[3]: *** [CMakeFiles/ssl.dir/build.make:505: CMakeFiles/ssl.dir/src/ssl/tls13_server.cc.o] Error 1
[INFO] [stderr]   c++: fatal error: Killed signal terminated program cc1plus
[INFO] [stderr]   compilation terminated.
[INFO] [stderr]   make[3]: *** [CMakeFiles/ssl.dir/build.make:102: CMakeFiles/ssl.dir/src/ssl/d1_pkt.cc.o] Error 1
[INFO] [stderr]   c++: fatal error: Killed signal terminated program cc1plus
[INFO] [stderr]   compilation terminated.
[INFO] [stderr]   make[3]: *** [CMakeFiles/ssl.dir/build.make:284: CMakeFiles/ssl.dir/src/ssl/ssl_buffer.cc.o] Error 1
[INFO] [stderr]   c++: fatal error: Killed signal terminated program cc1plus
[INFO] [stderr]   compilation terminated.
[INFO] [stderr]   make[3]: *** [CMakeFiles/ssl.dir/build.make:492: CMakeFiles/ssl.dir/src/ssl/tls13_enc.cc.o] Error 1
[INFO] [stderr]   c++: fatal error: Killed signal terminated program cc1plus
[INFO] [stderr]   compilation terminated.
[INFO] [stderr]   make[3]: *** [CMakeFiles/ssl.dir/build.make:518: CMakeFiles/ssl.dir/src/ssl/tls_method.cc.o] Error 1
[INFO] [stderr]   c++: fatal error: Killed signal terminated program cc1plus
[INFO] [stderr]   compilation terminated.
[INFO] [stderr]   make[3]: *** [CMakeFiles/ssl.dir/build.make:375: CMakeFiles/ssl.dir/src/ssl/ssl_session.cc.o] Error 1
[INFO] [stderr]   c++: fatal error: Killed signal terminated program cc1plus
[INFO] [stderr]   compilation terminated.
[INFO] [stderr]   make[3]: *** [CMakeFiles/ssl.dir/build.make:128: CMakeFiles/ssl.dir/src/ssl/dtls_method.cc.o] Error 1
[INFO] [stderr]   c++: fatal error: Killed signal terminated program cc1plus
[INFO] [stderr]   compilation terminated.
[INFO] [stderr]   make[3]: *** [CMakeFiles/ssl.dir/build.make:115: CMakeFiles/ssl.dir/src/ssl/d1_srtp.cc.o] Error 1
[INFO] [stderr]   c++: fatal error: Killed signal terminated program cc1plus
[INFO] [stderr]   compilation terminated.
[INFO] [stderr]   make[3]: *** [CMakeFiles/ssl.dir/build.make:440: CMakeFiles/ssl.dir/src/ssl/t1_enc.cc.o] Error 1
[INFO] [stderr]   c++: fatal error: Killed signal terminated program cc1plus
[INFO] [stderr]   compilation terminated.
[INFO] [stderr]   make[3]: *** [CMakeFiles/ssl.dir/build.make:76: CMakeFiles/ssl.dir/src/ssl/d1_both.cc.o] Error 1
[INFO] [stderr]   c++: fatal error: Killed signal terminated program cc1plus
[INFO] [stderr]   compilation terminated.
[INFO] [stderr]   make[3]: *** [CMakeFiles/ssl.dir/build.make:349: CMakeFiles/ssl.dir/src/ssl/ssl_lib.cc.o] Error 1
[INFO] [stderr]   c++: fatal error: Killed signal terminated program cc1plus
[INFO] [stderr]   compilation terminated.
[INFO] [stderr]   make[3]: *** [CMakeFiles/ssl.dir/build.make:414: CMakeFiles/ssl.dir/src/ssl/ssl_versions.cc.o] Error 1
[INFO] [stderr]   c++: fatal error: Killed signal terminated program cc1plus
[INFO] [stderr]   compilation terminated.
[INFO] [stderr]   c++: fatal error: Killed signal terminated program cc1plus
[INFO] [stderr]   compilation terminated.
[INFO] [stderr]   make[3]: *** [CMakeFiles/ssl.dir/build.make:297: CMakeFiles/ssl.dir/src/ssl/ssl_cert.cc.o] Error 1
[INFO] [stderr]   make[3]: *** [CMakeFiles/ssl.dir/build.make:193: CMakeFiles/ssl.dir/src/ssl/handshake_client.cc.o] Error 1
[INFO] [stderr]   c++: fatal error: Killed signal terminated program cc1plus
[INFO] [stderr]   compilation terminated.
[INFO] [stderr]   make[3]: *** [CMakeFiles/ssl.dir/build.make:479: CMakeFiles/ssl.dir/src/ssl/tls13_client.cc.o] Error 1
[INFO] [stderr]   make[2]: *** [CMakeFiles/Makefile2:108: CMakeFiles/ssl.dir/all] Error 2
[INFO] [stderr]   make[1]: *** [CMakeFiles/Makefile2:115: CMakeFiles/ssl.dir/rule] Error 2
[INFO] [stderr]   make: *** [Makefile:131: ssl] Error 2
[INFO] [stderr]   thread 'main' panicked at '
[INFO] [stderr]   command did not execute successfully, got: exit status: 2
[INFO] [stderr] 
[INFO] [stderr]   build script failed, must exit now', /opt/rustwide/cargo-home/registry/src/github.com-1ecc6299db9ec823/cmake-0.1.45/src/lib.rs:894:5
[INFO] [stderr]   stack backtrace:
[INFO] [stderr]      0:     0x55aa6ee04940 - std::backtrace_rs::backtrace::libunwind::trace::hff4d1766e93f64f1
[INFO] [stderr]                                  at /rustc/53fd98ca776cb875bc9e5514f56b52eb74f9e7a9/library/std/src/../../backtrace/src/backtrace/libunwind.rs:90:5
[INFO] [stderr]      1:     0x55aa6ee04940 - std::backtrace_rs::backtrace::trace_unsynchronized::h56bbc8eb78770bcb
[INFO] [stderr]                                  at /rustc/53fd98ca776cb875bc9e5514f56b52eb74f9e7a9/library/std/src/../../backtrace/src/backtrace/mod.rs:66:5
[INFO] [stderr]      2:     0x55aa6ee04940 - std::sys_common::backtrace::_print_fmt::h5c8e75464faca780
[INFO] [stderr]                                  at /rustc/53fd98ca776cb875bc9e5514f56b52eb74f9e7a9/library/std/src/sys_common/backtrace.rs:67:5
[INFO] [stderr]      3:     0x55aa6ee04940 - <std::sys_common::backtrace::_print::DisplayBacktrace as core::fmt::Display>::fmt::h48b88277def8b362
[INFO] [stderr]                                  at /rustc/53fd98ca776cb875bc9e5514f56b52eb74f9e7a9/library/std/src/sys_common/backtrace.rs:46:22
[INFO] [stderr]      4:     0x55aa6ee2b3cc - core::fmt::write::h3381b3176fe2b3d3
[INFO] [stderr]                                  at /rustc/53fd98ca776cb875bc9e5514f56b52eb74f9e7a9/library/core/src/fmt/mod.rs:1115:17
[INFO] [stderr]      5:     0x55aa6ee00dc5 - std::io::Write::write_fmt::hd42607e5d8e44db0
[INFO] [stderr]                                  at /rustc/53fd98ca776cb875bc9e5514f56b52eb74f9e7a9/library/std/src/io/mod.rs:1665:15
[INFO] [stderr]      6:     0x55aa6ee072eb - std::sys_common::backtrace::_print::ha537687d6c17dd0d
[INFO] [stderr]                                  at /rustc/53fd98ca776cb875bc9e5514f56b52eb74f9e7a9/library/std/src/sys_common/backtrace.rs:49:5
[INFO] [stderr]      7:     0x55aa6ee072eb - std::sys_common::backtrace::print::h61376ae57d131d72
[INFO] [stderr]                                  at /rustc/53fd98ca776cb875bc9e5514f56b52eb74f9e7a9/library/std/src/sys_common/backtrace.rs:36:9
[INFO] [stderr]      8:     0x55aa6ee072eb - std::panicking::default_hook::{{closure}}::h0f7208c0b9644a54
[INFO] [stderr]                                  at /rustc/53fd98ca776cb875bc9e5514f56b52eb74f9e7a9/library/std/src/panicking.rs:208:50
[INFO] [stderr]      9:     0x55aa6ee06dc1 - std::panicking::default_hook::hdac7fc06578c14ce
[INFO] [stderr]                                  at /rustc/53fd98ca776cb875bc9e5514f56b52eb74f9e7a9/library/std/src/panicking.rs:225:9
[INFO] [stderr]     10:     0x55aa6ee079b4 - std::panicking::rust_panic_with_hook::h72b21c283da3d1ef
[INFO] [stderr]                                  at /rustc/53fd98ca776cb875bc9e5514f56b52eb74f9e7a9/library/std/src/panicking.rs:622:17
[INFO] [stderr]     11:     0x55aa6ee07497 - std::panicking::begin_panic_handler::{{closure}}::he5778f1729cff84a
[INFO] [stderr]                                  at /rustc/53fd98ca776cb875bc9e5514f56b52eb74f9e7a9/library/std/src/panicking.rs:519:13
[INFO] [stderr]     12:     0x55aa6ee04e1c - std::sys_common::backtrace::__rust_end_short_backtrace::h2d11ca8b453b4b1d
[INFO] [stderr]                                  at /rustc/53fd98ca776cb875bc9e5514f56b52eb74f9e7a9/library/std/src/sys_common/backtrace.rs:141:18
[INFO] [stderr]     13:     0x55aa6ee073f9 - rust_begin_unwind
[INFO] [stderr]                                  at /rustc/53fd98ca776cb875bc9e5514f56b52eb74f9e7a9/library/std/src/panicking.rs:515:5
[INFO] [stderr]     14:     0x55aa6e819ceb - std::panicking::begin_panic_fmt::h746518bde832d259
[INFO] [stderr]                                  at /rustc/53fd98ca776cb875bc9e5514f56b52eb74f9e7a9/library/std/src/panicking.rs:457:5
[INFO] [stderr]     15:     0x55aa6ed7ff03 - cmake::fail::h98ab222a01ebce48
[INFO] [stderr]                                  at /opt/rustwide/cargo-home/registry/src/github.com-1ecc6299db9ec823/cmake-0.1.45/src/lib.rs:894:5
[INFO] [stderr]     16:     0x55aa6ed7f911 - cmake::run::h102ad788ccd90bfd
[INFO] [stderr]                                  at /opt/rustwide/cargo-home/registry/src/github.com-1ecc6299db9ec823/cmake-0.1.45/src/lib.rs:872:9
[INFO] [stderr]     17:     0x55aa6ed7d351 - cmake::Config::build::hd1f99cad63bea54d
[INFO] [stderr]                                  at /opt/rustwide/cargo-home/registry/src/github.com-1ecc6299db9ec823/cmake-0.1.45/src/lib.rs:778:9
[INFO] [stderr]     18:     0x55aa6ed31442 - boringssl_src::Build::build::h0bb9fc44de1523bf
[INFO] [stderr]                                  at /opt/rustwide/cargo-home/registry/src/github.com-1ecc6299db9ec823/boringssl-src-0.3.0+688fc5c/src/lib.rs:82:9
[INFO] [stderr]     19:     0x55aa6e81f948 - build_script_build::build_boringssl::h18df593160360ef5
[INFO] [stderr]                                  at /opt/rustwide/cargo-home/registry/src/github.com-1ecc6299db9ec823/grpcio-sys-0.9.0+1.38.0/build.rs:258:30
[INFO] [stderr]     20:     0x55aa6e81ecef - build_script_build::build_grpc::h4f08c288c8dd0e9a
[INFO] [stderr]                                  at /opt/rustwide/cargo-home/registry/src/github.com-1ecc6299db9ec823/grpcio-sys-0.9.0+1.38.0/build.rs:181:13
[INFO] [stderr]     21:     0x55aa6e82238a - build_script_build::main::he50661d4828b19d3
[INFO] [stderr]                                  at /opt/rustwide/cargo-home/registry/src/github.com-1ecc6299db9ec823/grpcio-sys-0.9.0+1.38.0/build.rs:440:9
[INFO] [stderr]     22:     0x55aa6e82552b - core::ops::function::FnOnce::call_once::hb08334de19fceeb6
[INFO] [stderr]                                  at /rustc/53fd98ca776cb875bc9e5514f56b52eb74f9e7a9/library/core/src/ops/function.rs:227:5
[INFO] [stderr]     23:     0x55aa6e82447e - std::sys_common::backtrace::__rust_begin_short_backtrace::hd98aea0bd63f0e1b
[INFO] [stderr]                                  at /rustc/53fd98ca776cb875bc9e5514f56b52eb74f9e7a9/library/std/src/sys_common/backtrace.rs:125:18
[INFO] [stderr]     24:     0x55aa6e823221 - std::rt::lang_start::{{closure}}::h39c6b992d6f7a450
[INFO] [stderr]                                  at /rustc/53fd98ca776cb875bc9e5514f56b52eb74f9e7a9/library/std/src/rt.rs:63:18
[INFO] [stderr]     25:     0x55aa6ee07fba - core::ops::function::impls::<impl core::ops::function::FnOnce<A> for &F>::call_once::ha88a7d1a4d24e549
[INFO] [stderr]                                  at /rustc/53fd98ca776cb875bc9e5514f56b52eb74f9e7a9/library/core/src/ops/function.rs:259:13
[INFO] [stderr]     26:     0x55aa6ee07fba - std::panicking::try::do_call::hd3b1d7740607ccc7
[INFO] [stderr]                                  at /rustc/53fd98ca776cb875bc9e5514f56b52eb74f9e7a9/library/std/src/panicking.rs:401:40
[INFO] [stderr]     27:     0x55aa6ee07fba - std::panicking::try::h0ee8c65ac7461507
[INFO] [stderr]                                  at /rustc/53fd98ca776cb875bc9e5514f56b52eb74f9e7a9/library/std/src/panicking.rs:365:19
[INFO] [stderr]     28:     0x55aa6ee07fba - std::panic::catch_unwind::head47f0de4ccd838
[INFO] [stderr]                                  at /rustc/53fd98ca776cb875bc9e5514f56b52eb74f9e7a9/library/std/src/panic.rs:434:14
[INFO] [stderr]     29:     0x55aa6ee07fba - std::rt::lang_start_internal::{{closure}}::hbc7de8ec820ac085
[INFO] [stderr]                                  at /rustc/53fd98ca776cb875bc9e5514f56b52eb74f9e7a9/library/std/src/rt.rs:45:48
[INFO] [stderr]     30:     0x55aa6ee07fba - std::panicking::try::do_call::h2609e52e8bad4a7b
[INFO] [stderr]                                  at /rustc/53fd98ca776cb875bc9e5514f56b52eb74f9e7a9/library/std/src/panicking.rs:401:40
[INFO] [stderr]     31:     0x55aa6ee07fba - std::panicking::try::hd0929f0b603e0389
[INFO] [stderr]                                  at /rustc/53fd98ca776cb875bc9e5514f56b52eb74f9e7a9/library/std/src/panicking.rs:365:19
[INFO] [stderr]     32:     0x55aa6ee07fba - std::panic::catch_unwind::h27902b81c3e47571
[INFO] [stderr]                                  at /rustc/53fd98ca776cb875bc9e5514f56b52eb74f9e7a9/library/std/src/panic.rs:434:14
[INFO] [stderr]     33:     0x55aa6ee07fba - std::rt::lang_start_internal::h3fb2d794dd391e3e
[INFO] [stderr]                                  at /rustc/53fd98ca776cb875bc9e5514f56b52eb74f9e7a9/library/std/src/rt.rs:45:20
[INFO] [stderr]     34:     0x55aa6e8231f0 - std::rt::lang_start::h381272d40058eda1
[INFO] [stderr]                                  at /rustc/53fd98ca776cb875bc9e5514f56b52eb74f9e7a9/library/std/src/rt.rs:62:5
[INFO] [stderr]     35:     0x55aa6e82290c - main
[INFO] [stderr]     36:     0x7f7f92f4a0b3 - __libc_start_main
[INFO] [stderr]     37:     0x55aa6e81b20e - _start
[INFO] [stderr]     38:                0x0 - <unknown>
[INFO] running `Command { std: "docker" "inspect" "223f0153b16b27cf014f96c8a0848a99e9365468c9975f5c240e7ab72b2dff7d", kill_on_drop: false }`
[INFO] running `Command { std: "docker" "rm" "-f" "223f0153b16b27cf014f96c8a0848a99e9365468c9975f5c240e7ab72b2dff7d", kill_on_drop: false }`
[INFO] [stdout] 223f0153b16b27cf014f96c8a0848a99e9365468c9975f5c240e7ab72b2dff7d
