[INFO] cloning repository https://github.com/hasali19/mona
[INFO] running `Command { std: "git" "-c" "credential.helper=" "-c" "credential.helper=/workspace/cargo-home/bin/git-credential-null" "clone" "--bare" "https://github.com/hasali19/mona" "/workspace/cache/git-repos/https%3A%2F%2Fgithub.com%2Fhasali19%2Fmona", kill_on_drop: false }`
[INFO] [stderr] Cloning into bare repository '/workspace/cache/git-repos/https%3A%2F%2Fgithub.com%2Fhasali19%2Fmona'...
[INFO] running `Command { std: "git" "rev-parse" "HEAD", kill_on_drop: false }`
[INFO] [stdout] c9f9afe3660985582c524c3f0c9659e2237cb280
[INFO] documenting hasali19/mona against 1.54.0 for beta-1.55-rustdoc-1
[INFO] running `Command { std: "git" "clone" "/workspace/cache/git-repos/https%3A%2F%2Fgithub.com%2Fhasali19%2Fmona" "/workspace/builds/worker-53/source", kill_on_drop: false }`
[INFO] [stderr] Cloning into '/workspace/builds/worker-53/source'...
[INFO] [stderr] done.
[INFO] validating manifest of git repo https://github.com/hasali19/mona on toolchain 1.54.0
[INFO] running `Command { std: "/workspace/cargo-home/bin/cargo" "+1.54.0" "metadata" "--manifest-path" "Cargo.toml" "--no-deps", kill_on_drop: false }`
[INFO] removed /workspace/builds/worker-53/source/.cargo/config
[INFO] started tweaking git repo https://github.com/hasali19/mona
[INFO] finished tweaking git repo https://github.com/hasali19/mona
[INFO] tweaked toml for git repo https://github.com/hasali19/mona written to /workspace/builds/worker-53/source/Cargo.toml
[INFO] crate git repo https://github.com/hasali19/mona already has a lockfile, it will not be regenerated
[INFO] running `Command { std: "/workspace/cargo-home/bin/cargo" "+1.54.0" "fetch" "--manifest-path" "Cargo.toml", kill_on_drop: false }`
[INFO] [stderr]     Blocking waiting for file lock on package cache
[INFO] [stderr]     Blocking waiting for file lock on package cache
[INFO] running `Command { std: "docker" "create" "-v" "/var/lib/crater-agent-workspace/builds/worker-53/target:/opt/rustwide/target:rw,Z" "-v" "/var/lib/crater-agent-workspace/builds/worker-53/source:/opt/rustwide/workdir:ro,Z" "-v" "/var/lib/crater-agent-workspace/cargo-home:/opt/rustwide/cargo-home:ro,Z" "-v" "/var/lib/crater-agent-workspace/rustup-home:/opt/rustwide/rustup-home:ro,Z" "-e" "SOURCE_DIR=/opt/rustwide/workdir" "-e" "CARGO_TARGET_DIR=/opt/rustwide/target" "-e" "CARGO_HOME=/opt/rustwide/cargo-home" "-e" "RUSTUP_HOME=/opt/rustwide/rustup-home" "-w" "/opt/rustwide/workdir" "-m" "1610612736" "--user" "0:0" "--network" "none" "ghcr.io/rust-lang/crates-build-env/linux@sha256:34b6a614d2c27851fe6cbf88fbd1137609cefab8b10d0615aaeb6fd47975d74e" "/opt/rustwide/cargo-home/bin/cargo" "+1.54.0" "metadata" "--no-deps" "--format-version=1", kill_on_drop: false }`
[INFO] [stdout] ea15c25668ab7db55f007579cdd64d603b4adf9e93c7778e3e81716e913acc0b
[INFO] running `Command { std: "docker" "start" "-a" "ea15c25668ab7db55f007579cdd64d603b4adf9e93c7778e3e81716e913acc0b", kill_on_drop: false }`
[INFO] running `Command { std: "docker" "inspect" "ea15c25668ab7db55f007579cdd64d603b4adf9e93c7778e3e81716e913acc0b", kill_on_drop: false }`
[INFO] running `Command { std: "docker" "rm" "-f" "ea15c25668ab7db55f007579cdd64d603b4adf9e93c7778e3e81716e913acc0b", kill_on_drop: false }`
[INFO] [stdout] ea15c25668ab7db55f007579cdd64d603b4adf9e93c7778e3e81716e913acc0b
[INFO] running `Command { std: "docker" "create" "-v" "/var/lib/crater-agent-workspace/builds/worker-53/target:/opt/rustwide/target:rw,Z" "-v" "/var/lib/crater-agent-workspace/builds/worker-53/source:/opt/rustwide/workdir:ro,Z" "-v" "/var/lib/crater-agent-workspace/cargo-home:/opt/rustwide/cargo-home:ro,Z" "-v" "/var/lib/crater-agent-workspace/rustup-home:/opt/rustwide/rustup-home:ro,Z" "-e" "SOURCE_DIR=/opt/rustwide/workdir" "-e" "CARGO_TARGET_DIR=/opt/rustwide/target" "-e" "CARGO_INCREMENTAL=0" "-e" "RUST_BACKTRACE=full" "-e" "RUSTDOCFLAGS=--cap-lints=warn" "-e" "CARGO_HOME=/opt/rustwide/cargo-home" "-e" "RUSTUP_HOME=/opt/rustwide/rustup-home" "-w" "/opt/rustwide/workdir" "-m" "1610612736" "--user" "0:0" "--network" "none" "ghcr.io/rust-lang/crates-build-env/linux@sha256:34b6a614d2c27851fe6cbf88fbd1137609cefab8b10d0615aaeb6fd47975d74e" "/opt/rustwide/cargo-home/bin/cargo" "+1.54.0" "doc" "--frozen" "--no-deps" "--document-private-items" "--message-format=json", kill_on_drop: false }`
[INFO] [stdout] 87e1edeb54276aa6f3500ced2f77a82657cb72ab5aca04a868217b14a960cc73
[INFO] running `Command { std: "docker" "start" "-a" "87e1edeb54276aa6f3500ced2f77a82657cb72ab5aca04a868217b14a960cc73", kill_on_drop: false }`
[INFO] [stderr]    Compiling libc v0.2.71
[INFO] [stderr]    Compiling memchr v2.3.3
[INFO] [stderr]     Checking regex-syntax v0.6.18
[INFO] [stderr]    Compiling winapi v0.3.9
[INFO] [stderr]    Compiling anyhow v1.0.32
[INFO] [stderr]     Checking vec_map v0.8.2
[INFO] [stderr]     Checking textwrap v0.11.0
[INFO] [stderr]     Checking aho-corasick v0.7.13
[INFO] [stderr]     Checking atty v0.2.14
[INFO] [stderr]     Checking colored v2.0.0
[INFO] [stderr]     Checking clap v2.33.1
[INFO] [stderr]     Checking regex v1.3.9
[INFO] [stderr]     Checking env_logger v0.7.1
[INFO] [stderr]  Documenting mona v0.1.0 (/opt/rustwide/workdir)
[INFO] [stdout] error[E0433]: failed to resolve: could not find `shared` in `winapi`
[INFO] [stdout]  --> src/monitors.rs:6:5
[INFO] [stdout]   |
[INFO] [stdout] 6 |     shared::{
[INFO] [stdout]   |     ^^^^^^ could not find `shared` in `winapi`
[INFO] [stdout] 
[INFO] [stdout] 
[INFO] [stdout] error[E0433]: failed to resolve: could not find `um` in `winapi`
[INFO] [stdout]   --> src/monitors.rs:10:5
[INFO] [stdout]    |
[INFO] [stdout] 10 |     um::{
[INFO] [stdout]    |     ^^ could not find `um` in `winapi`
[INFO] [stdout] 
[INFO] [stdout] 
[INFO] [stdout] error[E0433]: failed to resolve: could not find `shared` in `winapi`
[INFO] [stdout]  --> src/win/bstr.rs:2:5
[INFO] [stdout]   |
[INFO] [stdout] 2 |     shared::wtypes::BSTR,
[INFO] [stdout]   |     ^^^^^^ could not find `shared` in `winapi`
[INFO] [stdout] 
[INFO] [stdout] 
[INFO] [stdout] error[E0433]: failed to resolve: could not find `um` in `winapi`
[INFO] [stdout]  --> src/win/bstr.rs:3:5
[INFO] [stdout]   |
[INFO] [stdout] 3 |     um::oleauto::{SysAllocStringLen, SysFreeString},
[INFO] [stdout]   |     ^^ could not find `um` in `winapi`
[INFO] [stdout] 
[INFO] [stdout] 
[INFO] [stdout] error[E0433]: failed to resolve: could not find `shared` in `winapi`
[INFO] [stdout]  --> src/win/variant.rs:4:5
[INFO] [stdout]   |
[INFO] [stdout] 4 |     shared::wtypes::{VARENUM, VT_BSTR, VT_NULL},
[INFO] [stdout]   |     ^^^^^^ could not find `shared` in `winapi`
[INFO] [stdout] 
[INFO] [stdout] 
[INFO] [stdout] error[E0433]: failed to resolve: could not find `um` in `winapi`
[INFO] [stdout]  --> src/win/variant.rs:5:5
[INFO] [stdout]   |
[INFO] [stdout] 5 |     um::oaidl::{VARIANT_n3, VARIANT},
[INFO] [stdout]   |     ^^ could not find `um` in `winapi`
[INFO] [stdout] 
[INFO] [stdout] 
[INFO] [stdout] error[E0433]: failed to resolve: could not find `shared` in `winapi`
[INFO] [stdout]  --> src/win/taskschd.rs:6:5
[INFO] [stdout]   |
[INFO] [stdout] 6 |     shared::{
[INFO] [stdout]   |     ^^^^^^ could not find `shared` in `winapi`
[INFO] [stdout] 
[INFO] [stdout] 
[INFO] [stdout] error[E0433]: failed to resolve: could not find `um` in `winapi`
[INFO] [stdout]   --> src/win/taskschd.rs:12:5
[INFO] [stdout]    |
[INFO] [stdout] 12 |     um::{
[INFO] [stdout]    |     ^^ could not find `um` in `winapi`
[INFO] [stdout] 
[INFO] [stdout] 
[INFO] [stdout] error[E0433]: failed to resolve: could not find `shared` in `winapi`
[INFO] [stdout]  --> src/win/mod.rs:6:14
[INFO] [stdout]   |
[INFO] [stdout] 6 | use winapi::{shared::winerror::FAILED, um::winbase::GetUserNameW};
[INFO] [stdout]   |              ^^^^^^ could not find `shared` in `winapi`
[INFO] [stdout] 
[INFO] [stdout] 
[INFO] [stdout] error[E0433]: failed to resolve: could not find `um` in `winapi`
[INFO] [stdout]  --> src/win/mod.rs:6:40
[INFO] [stdout]   |
[INFO] [stdout] 6 | use winapi::{shared::winerror::FAILED, um::winbase::GetUserNameW};
[INFO] [stdout]   |                                        ^^ could not find `um` in `winapi`
[INFO] [stdout] 
[INFO] [stdout] 
[INFO] [stdout] error[E0432]: unresolved imports `winapi::Class`, `winapi::Interface`
[INFO] [stdout]   --> src/win/taskschd.rs:24:5
[INFO] [stdout]    |
[INFO] [stdout] 24 |     Class, Interface,
[INFO] [stdout]    |     ^^^^^  ^^^^^^^^^ no `Interface` in the root
[INFO] [stdout]    |     |
[INFO] [stdout]    |     no `Class` in the root
[INFO] [stdout] 
[INFO] [stdout] 
[INFO] [stdout] error[E0412]: cannot find type `HANDLE` in this scope
[INFO] [stdout]   --> src/monitors.rs:58:13
[INFO] [stdout]    |
[INFO] [stdout] 58 |     handle: HANDLE,
[INFO] [stdout]    |             ^^^^^^ not found in this scope
[INFO] [stdout] 
[INFO] [stdout] 
[INFO] [stdout] error[E0412]: cannot find type `HANDLE` in this scope
[INFO] [stdout]    --> src/monitors.rs:216:13
[INFO] [stdout]     |
[INFO] [stdout] 216 |     handle: HANDLE,
[INFO] [stdout]     |             ^^^^^^ not found in this scope
[INFO] [stdout] 
[INFO] [stdout] 
[INFO] [stdout] error[E0412]: cannot find type `HMONITOR` in this scope
[INFO] [stdout]    --> src/monitors.rs:235:15
[INFO] [stdout]     |
[INFO] [stdout] 235 |     hmonitor: HMONITOR,
[INFO] [stdout]     |               ^^^^^^^^ not found in this scope
[INFO] [stdout] 
[INFO] [stdout] 
[INFO] [stdout] error[E0412]: cannot find type `HDC` in this scope
[INFO] [stdout]    --> src/monitors.rs:236:11
[INFO] [stdout]     |
[INFO] [stdout] 236 |     _hdc: HDC,
[INFO] [stdout]     |           ^^^ not found in this scope
[INFO] [stdout] 
[INFO] [stdout] 
[INFO] [stdout] error[E0412]: cannot find type `RECT` in this scope
[INFO] [stdout]    --> src/monitors.rs:237:17
[INFO] [stdout]     |
[INFO] [stdout] 237 |     _rect: *mut RECT,
[INFO] [stdout]     |                 ^^^^ not found in this scope
[INFO] [stdout] 
[INFO] [stdout] 
[INFO] [stdout] error[E0412]: cannot find type `HMONITOR` in this scope
[INFO] [stdout]    --> src/monitors.rs:268:31
[INFO] [stdout]     |
[INFO] [stdout] 268 | fn get_monitor_info(hmonitor: HMONITOR) -> Option<MONITORINFOEXW> {
[INFO] [stdout]     |                               ^^^^^^^^ not found in this scope
[INFO] [stdout] 
[INFO] [stdout] 
[INFO] [stdout] error[E0412]: cannot find type `MONITORINFOEXW` in this scope
[INFO] [stdout]    --> src/monitors.rs:268:51
[INFO] [stdout]     |
[INFO] [stdout] 268 | fn get_monitor_info(hmonitor: HMONITOR) -> Option<MONITORINFOEXW> {
[INFO] [stdout]     |                    -                              ^^^^^^^^^^^^^^ not found in this scope
[INFO] [stdout]     |                    |
[INFO] [stdout]     |                    help: you might be missing a type parameter: `<MONITORINFOEXW>`
[INFO] [stdout] 
[INFO] [stdout] 
[INFO] [stdout] error[E0412]: cannot find type `HMONITOR` in this scope
[INFO] [stdout]    --> src/monitors.rs:281:36
[INFO] [stdout]     |
[INFO] [stdout] 281 | fn get_physical_monitors(hmonitor: HMONITOR) -> Option<Vec<PHYSICAL_MONITOR>> {
[INFO] [stdout]     |                                    ^^^^^^^^ not found in this scope
[INFO] [stdout] 
[INFO] [stdout] 
[INFO] [stdout] error[E0412]: cannot find type `PHYSICAL_MONITOR` in this scope
[INFO] [stdout]    --> src/monitors.rs:281:60
[INFO] [stdout]     |
[INFO] [stdout] 281 | fn get_physical_monitors(hmonitor: HMONITOR) -> Option<Vec<PHYSICAL_MONITOR>> {
[INFO] [stdout]     |                         -                                  ^^^^^^^^^^^^^^^^ not found in this scope
[INFO] [stdout]     |                         |
[INFO] [stdout]     |                         help: you might be missing a type parameter: `<PHYSICAL_MONITOR>`
[INFO] [stdout] 
[INFO] [stdout] 
[INFO] [stdout] error[E0412]: cannot find type `UINT32` in this scope
[INFO] [stdout]    --> src/monitors.rs:308:16
[INFO] [stdout]     |
[INFO] [stdout] 308 |         flags: UINT32,
[INFO] [stdout]     |                ^^^^^^ not found in this scope
[INFO] [stdout] 
[INFO] [stdout] 
[INFO] [stdout] error[E0412]: cannot find type `UINT32` in this scope
[INFO] [stdout]    --> src/monitors.rs:309:36
[INFO] [stdout]     |
[INFO] [stdout] 309 |         numPathArrayElements: *mut UINT32,
[INFO] [stdout]     |                                    ^^^^^^ not found in this scope
[INFO] [stdout] 
[INFO] [stdout] 
[INFO] [stdout] error[E0412]: cannot find type `UINT32` in this scope
[INFO] [stdout]    --> src/monitors.rs:310:40
[INFO] [stdout]     |
[INFO] [stdout] 310 |         numModeInfoArrayElements: *mut UINT32,
[INFO] [stdout]     |                                        ^^^^^^ not found in this scope
[INFO] [stdout] 
[INFO] [stdout] 
[INFO] [stdout] error[E0412]: cannot find type `LONG` in this scope
[INFO] [stdout]    --> src/monitors.rs:311:10
[INFO] [stdout]     |
[INFO] [stdout] 311 |     ) -> LONG;
[INFO] [stdout]     |          ^^^^ not found in this scope
[INFO] [stdout] 
[INFO] [stdout] 
[INFO] [stdout] error[E0412]: cannot find type `UINT32` in this scope
[INFO] [stdout]    --> src/monitors.rs:314:16
[INFO] [stdout]     |
[INFO] [stdout] 314 |         flags: UINT32,
[INFO] [stdout]     |                ^^^^^^ not found in this scope
[INFO] [stdout] 
[INFO] [stdout] 
[INFO] [stdout] error[E0412]: cannot find type `UINT32` in this scope
[INFO] [stdout]    --> src/monitors.rs:315:36
[INFO] [stdout]     |
[INFO] [stdout] 315 |         numPathArrayElements: *mut UINT32,
[INFO] [stdout]     |                                    ^^^^^^ not found in this scope
[INFO] [stdout] 
[INFO] [stdout] 
[INFO] [stdout] error[E0412]: cannot find type `DISPLAYCONFIG_PATH_INFO` in this scope
[INFO] [stdout]    --> src/monitors.rs:316:25
[INFO] [stdout]     |
[INFO] [stdout] 316 |         pathArray: *mut DISPLAYCONFIG_PATH_INFO,
[INFO] [stdout]     |                         ^^^^^^^^^^^^^^^^^^^^^^^ not found in this scope
[INFO] [stdout] 
[INFO] [stdout] 
[INFO] [stdout] error[E0412]: cannot find type `UINT32` in this scope
[INFO] [stdout]    --> src/monitors.rs:317:40
[INFO] [stdout]     |
[INFO] [stdout] 317 |         numModeInfoArrayElements: *mut UINT32,
[INFO] [stdout]     |                                        ^^^^^^ not found in this scope
[INFO] [stdout] 
[INFO] [stdout] 
[INFO] [stdout] error[E0412]: cannot find type `DISPLAYCONFIG_MODE_INFO` in this scope
[INFO] [stdout]    --> src/monitors.rs:318:29
[INFO] [stdout]     |
[INFO] [stdout] 318 |         modeInfoArray: *mut DISPLAYCONFIG_MODE_INFO,
[INFO] [stdout]     |                             ^^^^^^^^^^^^^^^^^^^^^^^ not found in this scope
[INFO] [stdout] 
[INFO] [stdout] 
[INFO] [stdout] error[E0412]: cannot find type `DISPLAYCONFIG_TOPOLOGY_ID` in this scope
[INFO] [stdout]    --> src/monitors.rs:319:33
[INFO] [stdout]     |
[INFO] [stdout] 319 |         currentTopologyId: *mut DISPLAYCONFIG_TOPOLOGY_ID,
[INFO] [stdout]     |                                 ^^^^^^^^^^^^^^^^^^^^^^^^^ not found in this scope
[INFO] [stdout] 
[INFO] [stdout] 
[INFO] [stdout] error[E0412]: cannot find type `LONG` in this scope
[INFO] [stdout]    --> src/monitors.rs:320:10
[INFO] [stdout]     |
[INFO] [stdout] 320 |     ) -> LONG;
[INFO] [stdout]     |          ^^^^ not found in this scope
[INFO] [stdout] 
[INFO] [stdout] 
[INFO] [stdout] error[E0412]: cannot find type `DISPLAYCONFIG_DEVICE_INFO_HEADER` in this scope
[INFO] [stdout]    --> src/monitors.rs:322:59
[INFO] [stdout]     |
[INFO] [stdout] 322 |     pub fn DisplayConfigGetDeviceInfo(requestPacket: *mut DISPLAYCONFIG_DEVICE_INFO_HEADER)
[INFO] [stdout]     |                                                           ^^^^^^^^^^^^^^^^^^^^^^^^^^^^^^^^ not found in this scope
[INFO] [stdout] 
[INFO] [stdout] 
[INFO] [stdout] error[E0412]: cannot find type `LONG` in this scope
[INFO] [stdout]    --> src/monitors.rs:323:12
[INFO] [stdout]     |
[INFO] [stdout] 323 |         -> LONG;
[INFO] [stdout]     |            ^^^^ not found in this scope
[INFO] [stdout] 
[INFO] [stdout] 
[INFO] [stdout] error[E0412]: cannot find type `BSTR` in this scope
[INFO] [stdout]  --> src/win/bstr.rs:8:17
[INFO] [stdout]   |
[INFO] [stdout] 8 | pub struct BStr(BSTR);
[INFO] [stdout]   |                 ^^^^ not found in this scope
[INFO] [stdout] 
[INFO] [stdout] 
[INFO] [stdout] error[E0412]: cannot find type `BSTR` in this scope
[INFO] [stdout]   --> src/win/bstr.rs:17:28
[INFO] [stdout]    |
[INFO] [stdout] 17 |     pub fn inner(&self) -> BSTR {
[INFO] [stdout]    |                            ^^^^ not found in this scope
[INFO] [stdout] 
[INFO] [stdout] 
[INFO] [stdout] error[E0412]: cannot find type `BSTR` in this scope
[INFO] [stdout]   --> src/win/bstr.rs:26:21
[INFO] [stdout]    |
[INFO] [stdout] 26 | impl From<BStr> for BSTR {
[INFO] [stdout]    |                     ^^^^ not found in this scope
[INFO] [stdout] 
[INFO] [stdout] 
[INFO] [stdout] error[E0412]: cannot find type `VARIANT` in this scope
[INFO] [stdout]   --> src/win/variant.rs:10:31
[INFO] [stdout]    |
[INFO] [stdout] 10 | pub struct Variant<'a, T: 'a>(VARIANT, PhantomData<&'a T>);
[INFO] [stdout]    |                               ^^^^^^^ not found in this scope
[INFO] [stdout] 
[INFO] [stdout] 
[INFO] [stdout] error[E0412]: cannot find type `VARIANT` in this scope
[INFO] [stdout]   --> src/win/variant.rs:17:35
[INFO] [stdout]    |
[INFO] [stdout] 17 |     pub unsafe fn inner(&self) -> VARIANT {
[INFO] [stdout]    |                                   ^^^^^^^ not found in this scope
[INFO] [stdout] 
[INFO] [stdout] 
[INFO] [stdout] error[E0412]: cannot find type `VARENUM` in this scope
[INFO] [stdout]   --> src/win/variant.rs:21:38
[INFO] [stdout]    |
[INFO] [stdout] 21 |     unsafe fn with_type(mut self, t: VARENUM) -> Self {
[INFO] [stdout]    |                                      ^^^^^^^ not found in this scope
[INFO] [stdout] 
[INFO] [stdout] 
[INFO] [stdout] error[E0412]: cannot find type `VARIANT_n3` in this scope
[INFO] [stdout]   --> src/win/variant.rs:26:55
[INFO] [stdout]    |
[INFO] [stdout] 26 |     unsafe fn with_value<U>(mut self, f: impl Fn(&mut VARIANT_n3) -> &mut U, v: U) -> Self {
[INFO] [stdout]    |                                                       ^^^^^^^^^^ not found in this scope
[INFO] [stdout] 
[INFO] [stdout] 
[INFO] [stdout] error[E0412]: cannot find type `ITaskService` in this scope
[INFO] [stdout]   --> src/win/taskschd.rs:29:31
[INFO] [stdout]    |
[INFO] [stdout] 29 | pub struct TaskService(*const ITaskService);
[INFO] [stdout]    |                               ^^^^^^^^^^^^ not found in this scope
[INFO] [stdout] 
[INFO] [stdout] 
[INFO] [stdout] error[E0412]: cannot find type `ITaskFolder` in this scope
[INFO] [stdout]    --> src/win/taskschd.rs:122:30
[INFO] [stdout]     |
[INFO] [stdout] 122 | pub struct TaskFolder(*const ITaskFolder);
[INFO] [stdout]     |                              ^^^^^^^^^^^ not found in this scope
[INFO] [stdout] 
[INFO] [stdout] 
[INFO] [stdout] error[E0412]: cannot find type `ITaskDefinition` in this scope
[INFO] [stdout]    --> src/win/taskschd.rs:169:34
[INFO] [stdout]     |
[INFO] [stdout] 169 | pub struct TaskDefinition(*const ITaskDefinition);
[INFO] [stdout]     |                                  ^^^^^^^^^^^^^^^ not found in this scope
[INFO] [stdout] 
[INFO] [stdout] 
[INFO] [stdout] error[E0412]: cannot find type `IRegistrationInfo` in this scope
[INFO] [stdout]    --> src/win/taskschd.rs:217:36
[INFO] [stdout]     |
[INFO] [stdout] 217 | pub struct RegistrationInfo(*const IRegistrationInfo);
[INFO] [stdout]     |                                    ^^^^^^^^^^^^^^^^^ not found in this scope
[INFO] [stdout] 
[INFO] [stdout] 
[INFO] [stdout] error[E0412]: cannot find type `ITaskSettings` in this scope
[INFO] [stdout]    --> src/win/taskschd.rs:231:32
[INFO] [stdout]     |
[INFO] [stdout] 231 | pub struct TaskSettings(*const ITaskSettings);
[INFO] [stdout]     |                                ^^^^^^^^^^^^^ not found in this scope
[INFO] [stdout] 
[INFO] [stdout] 
[INFO] [stdout] error[E0412]: cannot find type `ITriggerCollection` in this scope
[INFO] [stdout]    --> src/win/taskschd.rs:247:37
[INFO] [stdout]     |
[INFO] [stdout] 247 | pub struct TriggerCollection(*const ITriggerCollection);
[INFO] [stdout]     |                                     ^^^^^^^^^^^^^^^^^^ not found in this scope
[INFO] [stdout] 
[INFO] [stdout] 
[INFO] [stdout] error[E0405]: cannot find trait `Interface` in crate `winapi`
[INFO] [stdout]    --> src/win/taskschd.rs:274:29
[INFO] [stdout]     |
[INFO] [stdout] 274 |     type Interface: winapi::Interface;
[INFO] [stdout]     |                             ^^^^^^^^^ not found in `winapi`
[INFO] [stdout] 
[INFO] [stdout] 
[INFO] [stdout] error[E0412]: cannot find type `TASK_TRIGGER_TYPE2` in this scope
[INFO] [stdout]    --> src/win/taskschd.rs:276:26
[INFO] [stdout]     |
[INFO] [stdout] 276 |     fn trigger_type() -> TASK_TRIGGER_TYPE2;
[INFO] [stdout]     |                          ^^^^^^^^^^^^^^^^^^ not found in this scope
[INFO] [stdout] 
[INFO] [stdout] 
[INFO] [stdout] error[E0412]: cannot find type `ITrigger` in this scope
[INFO] [stdout]    --> src/win/taskschd.rs:279:33
[INFO] [stdout]     |
[INFO] [stdout] 279 |     fn get_ptr(&self) -> *const ITrigger;
[INFO] [stdout]     |                                 ^^^^^^^^ not found in this scope
[INFO] [stdout] 
[INFO] [stdout] 
[INFO] [stdout] error[E0412]: cannot find type `ILogonTrigger` in this scope
[INFO] [stdout]    --> src/win/taskschd.rs:292:32
[INFO] [stdout]     |
[INFO] [stdout] 292 | pub struct LogonTrigger(*const ILogonTrigger);
[INFO] [stdout]     |                                ^^^^^^^^^^^^^ not found in this scope
[INFO] [stdout] 
[INFO] [stdout] 
[INFO] [stdout] error[E0412]: cannot find type `ILogonTrigger` in this scope
[INFO] [stdout]    --> src/win/taskschd.rs:307:22
[INFO] [stdout]     |
[INFO] [stdout] 292 | pub struct LogonTrigger(*const ILogonTrigger);
[INFO] [stdout]     | ---------------------------------------------- similarly named struct `LogonTrigger` defined here
[INFO] [stdout] ...
[INFO] [stdout] 307 |     type Interface = ILogonTrigger;
[INFO] [stdout]     |                      ^^^^^^^^^^^^^ help: a struct with a similar name exists: `LogonTrigger`
[INFO] [stdout] 
[INFO] [stdout] 
[INFO] [stdout] error[E0412]: cannot find type `ITrigger` in this scope
[INFO] [stdout]    --> src/win/taskschd.rs:313:33
[INFO] [stdout]     |
[INFO] [stdout] 273 | pub trait Trigger {
[INFO] [stdout]     | ----------------- similarly named trait `Trigger` defined here
[INFO] [stdout] ...
[INFO] [stdout] 313 |     fn get_ptr(&self) -> *const ITrigger {
[INFO] [stdout]     |                                 ^^^^^^^^ help: a trait with a similar name exists: `Trigger`
[INFO] [stdout] 
[INFO] [stdout] 
[INFO] [stdout] error[E0412]: cannot find type `TASK_TRIGGER_TYPE2` in this scope
[INFO] [stdout]    --> src/win/taskschd.rs:317:26
[INFO] [stdout]     |
[INFO] [stdout] 317 |     fn trigger_type() -> TASK_TRIGGER_TYPE2 {
[INFO] [stdout]     |                          ^^^^^^^^^^^^^^^^^^ not found in this scope
[INFO] [stdout] 
[INFO] [stdout] 
[INFO] [stdout] error[E0412]: cannot find type `IRegistrationTrigger` in this scope
[INFO] [stdout]    --> src/win/taskschd.rs:322:39
[INFO] [stdout]     |
[INFO] [stdout] 322 | pub struct RegistrationTrigger(*const IRegistrationTrigger);
[INFO] [stdout]     |                                       ^^^^^^^^^^^^^^^^^^^^ not found in this scope
[INFO] [stdout] 
[INFO] [stdout] 
[INFO] [stdout] error[E0412]: cannot find type `IRegistrationTrigger` in this scope
[INFO] [stdout]    --> src/win/taskschd.rs:325:22
[INFO] [stdout]     |
[INFO] [stdout] 322 | pub struct RegistrationTrigger(*const IRegistrationTrigger);
[INFO] [stdout]     | ------------------------------------------------------------ similarly named struct `RegistrationTrigger` defined here
[INFO] [stdout] ...
[INFO] [stdout] 325 |     type Interface = IRegistrationTrigger;
[INFO] [stdout]     |                      ^^^^^^^^^^^^^^^^^^^^ help: a struct with a similar name exists: `RegistrationTrigger`
[INFO] [stdout] 
[INFO] [stdout] 
[INFO] [stdout] error[E0412]: cannot find type `ITrigger` in this scope
[INFO] [stdout]    --> src/win/taskschd.rs:331:33
[INFO] [stdout]     |
[INFO] [stdout] 273 | pub trait Trigger {
[INFO] [stdout]     | ----------------- similarly named trait `Trigger` defined here
[INFO] [stdout] ...
[INFO] [stdout] 331 |     fn get_ptr(&self) -> *const ITrigger {
[INFO] [stdout]     |                                 ^^^^^^^^ help: a trait with a similar name exists: `Trigger`
[INFO] [stdout] 
[INFO] [stdout] 
[INFO] [stdout] error[E0412]: cannot find type `TASK_TRIGGER_TYPE2` in this scope
[INFO] [stdout]    --> src/win/taskschd.rs:335:26
[INFO] [stdout]     |
[INFO] [stdout] 335 |     fn trigger_type() -> TASK_TRIGGER_TYPE2 {
[INFO] [stdout]     |                          ^^^^^^^^^^^^^^^^^^ not found in this scope
[INFO] [stdout] 
[INFO] [stdout] 
[INFO] [stdout] error[E0412]: cannot find type `IActionCollection` in this scope
[INFO] [stdout]    --> src/win/taskschd.rs:340:36
[INFO] [stdout]     |
[INFO] [stdout] 340 | pub struct ActionCollection(*const IActionCollection);
[INFO] [stdout]     |                                    ^^^^^^^^^^^^^^^^^ not found in this scope
[INFO] [stdout] 
[INFO] [stdout] 
[INFO] [stdout] error[E0405]: cannot find trait `Interface` in crate `winapi`
[INFO] [stdout]    --> src/win/taskschd.rs:365:29
[INFO] [stdout]     |
[INFO] [stdout] 365 |     type Interface: winapi::Interface;
[INFO] [stdout]     |                             ^^^^^^^^^ not found in `winapi`
[INFO] [stdout] 
[INFO] [stdout] 
[INFO] [stdout] error[E0412]: cannot find type `TASK_ACTION_TYPE` in this scope
[INFO] [stdout]    --> src/win/taskschd.rs:367:25
[INFO] [stdout]     |
[INFO] [stdout] 367 |     fn action_type() -> TASK_ACTION_TYPE;
[INFO] [stdout]     |                         ^^^^^^^^^^^^^^^^ not found in this scope
[INFO] [stdout] 
[INFO] [stdout] 
[INFO] [stdout] error[E0412]: cannot find type `ITrigger` in this scope
[INFO] [stdout]    --> src/win/taskschd.rs:370:33
[INFO] [stdout]     |
[INFO] [stdout] 273 | pub trait Trigger {
[INFO] [stdout]     | ----------------- similarly named trait `Trigger` defined here
[INFO] [stdout] ...
[INFO] [stdout] 370 |     fn get_ptr(&self) -> *const ITrigger;
[INFO] [stdout]     |                                 ^^^^^^^^ help: a trait with a similar name exists: `Trigger`
[INFO] [stdout] 
[INFO] [stdout] 
[INFO] [stdout] error[E0412]: cannot find type `IExecAction` in this scope
[INFO] [stdout]    --> src/win/taskschd.rs:373:30
[INFO] [stdout]     |
[INFO] [stdout] 373 | pub struct ExecAction(*const IExecAction);
[INFO] [stdout]     |                              ^^^^^^^^^^^ not found in this scope
[INFO] [stdout] 
[INFO] [stdout] 
[INFO] [stdout] error[E0412]: cannot find type `IExecAction` in this scope
[INFO] [stdout]    --> src/win/taskschd.rs:398:22
[INFO] [stdout]     |
[INFO] [stdout] 373 | pub struct ExecAction(*const IExecAction);
[INFO] [stdout]     | ------------------------------------------ similarly named struct `ExecAction` defined here
[INFO] [stdout] ...
[INFO] [stdout] 398 |     type Interface = IExecAction;
[INFO] [stdout]     |                      ^^^^^^^^^^^ help: a struct with a similar name exists: `ExecAction`
[INFO] [stdout] 
[INFO] [stdout] 
[INFO] [stdout] error[E0412]: cannot find type `TASK_ACTION_TYPE` in this scope
[INFO] [stdout]    --> src/win/taskschd.rs:400:25
[INFO] [stdout]     |
[INFO] [stdout] 400 |     fn action_type() -> TASK_ACTION_TYPE {
[INFO] [stdout]     |                         ^^^^^^^^^^^^^^^^ not found in this scope
[INFO] [stdout] 
[INFO] [stdout] 
[INFO] [stdout] error[E0412]: cannot find type `ITrigger` in this scope
[INFO] [stdout]    --> src/win/taskschd.rs:408:33
[INFO] [stdout]     |
[INFO] [stdout] 273 | pub trait Trigger {
[INFO] [stdout]     | ----------------- similarly named trait `Trigger` defined here
[INFO] [stdout] ...
[INFO] [stdout] 408 |     fn get_ptr(&self) -> *const ITrigger {
[INFO] [stdout]     |                                 ^^^^^^^^ help: a trait with a similar name exists: `Trigger`
[INFO] [stdout] 
[INFO] [stdout] 
[INFO] [stdout] error[E0412]: cannot find type `HRESULT` in this scope
[INFO] [stdout]    --> src/win/taskschd.rs:413:28
[INFO] [stdout]     |
[INFO] [stdout] 413 | fn win_error_result<T>(hr: HRESULT) -> anyhow::Result<T> {
[INFO] [stdout]     |                            ^^^^^^^ not found in this scope
[INFO] [stdout] 
[INFO] [stdout] 
[INFO] [stdout] error: Compilation failed, aborting rustdoc
[INFO] [stdout] 
[INFO] [stdout] 
[INFO] [stdout] error: aborting due to 67 previous errors
[INFO] [stdout] 
[INFO] [stdout] 
[INFO] [stdout] Some errors have detailed explanations: E0405, E0412, E0432, E0433.
[INFO] [stdout] 
[INFO] [stdout] For more information about an error, try `rustc --explain E0405`.
[INFO] [stdout] 
[INFO] [stderr] error: could not document `mona`
[INFO] [stderr] 
[INFO] [stderr] Caused by:
[INFO] [stderr]   process didn't exit successfully: `rustdoc --edition=2018 --crate-type bin --crate-name mona src/main.rs -o /opt/rustwide/target/doc --error-format=json --json=diagnostic-rendered-ansi --document-private-items -L dependency=/opt/rustwide/target/debug/deps --extern anyhow=/opt/rustwide/target/debug/deps/libanyhow-1ddb0cb3ede81055.rmeta --extern clap=/opt/rustwide/target/debug/deps/libclap-df5e1d82365c2a73.rmeta --extern colored=/opt/rustwide/target/debug/deps/libcolored-1e4f8d5a799a33a6.rmeta --extern env_logger=/opt/rustwide/target/debug/deps/libenv_logger-44d0c69a1f97e92e.rmeta --extern log=/opt/rustwide/target/debug/deps/liblog-3350f96749421cbd.rmeta --extern winapi=/opt/rustwide/target/debug/deps/libwinapi-095b0fbed9814ae9.rmeta --cap-lints=warn --crate-version 0.1.0` (exit status: 1)
[INFO] running `Command { std: "docker" "inspect" "87e1edeb54276aa6f3500ced2f77a82657cb72ab5aca04a868217b14a960cc73", kill_on_drop: false }`
[INFO] running `Command { std: "docker" "rm" "-f" "87e1edeb54276aa6f3500ced2f77a82657cb72ab5aca04a868217b14a960cc73", kill_on_drop: false }`
[INFO] [stdout] 87e1edeb54276aa6f3500ced2f77a82657cb72ab5aca04a868217b14a960cc73
