[INFO] cloning repository https://github.com/harrisonthorne/blockery-rs
[INFO] running `Command { std: "git" "-c" "credential.helper=" "-c" "credential.helper=/workspace/cargo-home/bin/git-credential-null" "clone" "--bare" "https://github.com/harrisonthorne/blockery-rs" "/workspace/cache/git-repos/https%3A%2F%2Fgithub.com%2Fharrisonthorne%2Fblockery-rs", kill_on_drop: false }`
[INFO] [stderr] Cloning into bare repository '/workspace/cache/git-repos/https%3A%2F%2Fgithub.com%2Fharrisonthorne%2Fblockery-rs'...
[INFO] running `Command { std: "git" "rev-parse" "HEAD", kill_on_drop: false }`
[INFO] [stdout] 014b8b378d971aee23b1889861c7667c2efd0b76
[INFO] documenting harrisonthorne/blockery-rs against 1.54.0 for beta-1.55-rustdoc-1
[INFO] running `Command { std: "git" "clone" "/workspace/cache/git-repos/https%3A%2F%2Fgithub.com%2Fharrisonthorne%2Fblockery-rs" "/workspace/builds/worker-94/source", kill_on_drop: false }`
[INFO] [stderr] Cloning into '/workspace/builds/worker-94/source'...
[INFO] [stderr] done.
[INFO] validating manifest of git repo https://github.com/harrisonthorne/blockery-rs on toolchain 1.54.0
[INFO] running `Command { std: "/workspace/cargo-home/bin/cargo" "+1.54.0" "metadata" "--manifest-path" "Cargo.toml" "--no-deps", kill_on_drop: false }`
[INFO] started tweaking git repo https://github.com/harrisonthorne/blockery-rs
[INFO] finished tweaking git repo https://github.com/harrisonthorne/blockery-rs
[INFO] tweaked toml for git repo https://github.com/harrisonthorne/blockery-rs written to /workspace/builds/worker-94/source/Cargo.toml
[INFO] crate git repo https://github.com/harrisonthorne/blockery-rs already has a lockfile, it will not be regenerated
[INFO] running `Command { std: "/workspace/cargo-home/bin/cargo" "+1.54.0" "fetch" "--manifest-path" "Cargo.toml", kill_on_drop: false }`
[INFO] [stderr]     Blocking waiting for file lock on package cache
[INFO] [stderr]  Downloading crates ...
[INFO] [stderr]   Downloaded kqueue-sys v1.0.2
[INFO] [stderr]   Downloaded kqueue v1.0.3
[INFO] [stderr]   Downloaded notify v5.0.0-pre.11
[INFO] running `Command { std: "docker" "create" "-v" "/var/lib/crater-agent-workspace/builds/worker-94/target:/opt/rustwide/target:rw,Z" "-v" "/var/lib/crater-agent-workspace/builds/worker-94/source:/opt/rustwide/workdir:ro,Z" "-v" "/var/lib/crater-agent-workspace/cargo-home:/opt/rustwide/cargo-home:ro,Z" "-v" "/var/lib/crater-agent-workspace/rustup-home:/opt/rustwide/rustup-home:ro,Z" "-e" "SOURCE_DIR=/opt/rustwide/workdir" "-e" "CARGO_TARGET_DIR=/opt/rustwide/target" "-e" "CARGO_HOME=/opt/rustwide/cargo-home" "-e" "RUSTUP_HOME=/opt/rustwide/rustup-home" "-w" "/opt/rustwide/workdir" "-m" "1610612736" "--user" "0:0" "--network" "none" "ghcr.io/rust-lang/crates-build-env/linux@sha256:34b6a614d2c27851fe6cbf88fbd1137609cefab8b10d0615aaeb6fd47975d74e" "/opt/rustwide/cargo-home/bin/cargo" "+1.54.0" "metadata" "--no-deps" "--format-version=1", kill_on_drop: false }`
[INFO] [stdout] b0c75eff34a3b16f1a01ab1fee670b36f135481345ad5e49fa342b5c10cac579
[INFO] running `Command { std: "docker" "start" "-a" "b0c75eff34a3b16f1a01ab1fee670b36f135481345ad5e49fa342b5c10cac579", kill_on_drop: false }`
[INFO] running `Command { std: "docker" "inspect" "b0c75eff34a3b16f1a01ab1fee670b36f135481345ad5e49fa342b5c10cac579", kill_on_drop: false }`
[INFO] running `Command { std: "docker" "rm" "-f" "b0c75eff34a3b16f1a01ab1fee670b36f135481345ad5e49fa342b5c10cac579", kill_on_drop: false }`
[INFO] [stdout] b0c75eff34a3b16f1a01ab1fee670b36f135481345ad5e49fa342b5c10cac579
[INFO] running `Command { std: "docker" "create" "-v" "/var/lib/crater-agent-workspace/builds/worker-94/target:/opt/rustwide/target:rw,Z" "-v" "/var/lib/crater-agent-workspace/builds/worker-94/source:/opt/rustwide/workdir:ro,Z" "-v" "/var/lib/crater-agent-workspace/cargo-home:/opt/rustwide/cargo-home:ro,Z" "-v" "/var/lib/crater-agent-workspace/rustup-home:/opt/rustwide/rustup-home:ro,Z" "-e" "SOURCE_DIR=/opt/rustwide/workdir" "-e" "CARGO_TARGET_DIR=/opt/rustwide/target" "-e" "CARGO_INCREMENTAL=0" "-e" "RUST_BACKTRACE=full" "-e" "RUSTDOCFLAGS=--cap-lints=warn" "-e" "CARGO_HOME=/opt/rustwide/cargo-home" "-e" "RUSTUP_HOME=/opt/rustwide/rustup-home" "-w" "/opt/rustwide/workdir" "-m" "1610612736" "--user" "0:0" "--network" "none" "ghcr.io/rust-lang/crates-build-env/linux@sha256:34b6a614d2c27851fe6cbf88fbd1137609cefab8b10d0615aaeb6fd47975d74e" "/opt/rustwide/cargo-home/bin/cargo" "+1.54.0" "doc" "--frozen" "--no-deps" "--document-private-items" "--message-format=json", kill_on_drop: false }`
[INFO] [stdout] d25127b2d58775ff51018c5444423221e8702d6411d57a0566ea31dcc3b2e087
[INFO] running `Command { std: "docker" "start" "-a" "d25127b2d58775ff51018c5444423221e8702d6411d57a0566ea31dcc3b2e087", kill_on_drop: false }`
[INFO] [stderr]    Compiling syn v1.0.65
[INFO] [stderr]    Compiling libc v0.2.98
[INFO] [stderr]    Compiling serde_derive v1.0.117
[INFO] [stderr]    Compiling serde v1.0.117
[INFO] [stderr]     Checking cfg-if v1.0.0
[INFO] [stderr]    Compiling hashbrown v0.9.1
[INFO] [stderr]     Checking pin-project-lite v0.2.7
[INFO] [stderr]     Checking once_cell v1.5.2
[INFO] [stderr]    Compiling memchr v2.4.0
[INFO] [stderr]     Checking ppv-lite86 v0.2.10
[INFO] [stderr]    Compiling Inflector v0.11.4
[INFO] [stderr]    Compiling erased-serde v0.3.16
[INFO] [stderr]     Checking futures-core v0.3.8
[INFO] [stderr]     Checking bytemuck v1.7.2
[INFO] [stderr]     Checking waker-fn v1.1.0
[INFO] [stderr]     Checking fastrand v1.5.0
[INFO] [stderr]     Checking futures-io v0.3.8
[INFO] [stderr]     Checking parking v2.0.0
[INFO] [stderr]     Checking event-listener v2.5.1
[INFO] [stderr]     Checking async-task v4.0.3
[INFO] [stderr]     Checking downcast-rs v1.2.0
[INFO] [stderr]     Checking fixedbitset v0.4.0
[INFO] [stderr]     Checking regex-syntax v0.6.25
[INFO] [stderr]    Compiling serde_json v1.0.59
[INFO] [stderr]     Checking itoa v0.4.6
[INFO] [stderr]    Compiling crossbeam-utils v0.8.5
[INFO] [stderr]     Checking ansi_term v0.12.1
[INFO] [stderr]     Checking same-file v1.0.6
[INFO] [stderr]    Compiling wasm-bindgen-shared v0.2.69
[INFO] [stderr]    Compiling anyhow v1.0.26
[INFO] [stderr]    Compiling bumpalo v3.2.0
[INFO] [stderr]     Checking base64 v0.13.0
[INFO] [stderr]    Compiling wasm-bindgen v0.2.69
[INFO] [stderr]    Compiling cgmath v0.17.0
[INFO] [stderr]    Compiling proc-macro2 v1.0.24
[INFO] [stderr]    Compiling indexmap v1.6.0
[INFO] [stderr]     Checking tracing-core v0.1.18
[INFO] [stderr]    Compiling ahash v0.7.4
[INFO] [stderr]     Checking lock_api v0.4.4
[INFO] [stderr]     Checking concurrent-queue v1.2.2
[INFO] [stderr]    Compiling byteorder v1.3.4
[INFO] [stderr]    Compiling num-traits v0.2.14
[INFO] [stderr]     Checking sharded-slab v0.1.3
[INFO] [stderr]    Compiling log v0.4.8
[INFO] [stderr]     Checking instant v0.1.10
[INFO] [stderr]     Checking walkdir v2.3.2
[INFO] [stderr]    Compiling quote v1.0.9
[INFO] [stderr]     Checking thread_local v1.1.3
[INFO] [stderr]     Checking c2-chacha v0.2.3
[INFO] [stderr]     Checking async-channel v1.6.1
[INFO] [stderr]     Checking fxhash v0.2.1
[INFO] [stderr]     Checking crossbeam-channel v0.5.1
[INFO] [stderr]    Compiling getrandom v0.2.3
[INFO] [stderr]     Checking tracing-log v0.1.2
[INFO] [stderr]     Checking futures-lite v1.12.0
[INFO] [stderr]     Checking aho-corasick v0.7.18
[INFO] [stderr]     Checking regex-automata v0.1.10
[INFO] [stderr]     Checking num_cpus v1.13.0
[INFO] [stderr]     Checking inotify-sys v0.1.5
[INFO] [stderr]     Checking mio v0.7.13
[INFO] [stderr]     Checking filetime v0.2.14
[INFO] [stderr]     Checking getrandom v0.1.14
[INFO] [stderr]     Checking rand_os v0.1.3
[INFO] [stderr]     Checking rand_core v0.6.3
[INFO] [stderr]     Checking rand_core v0.5.1
[INFO] [stderr]     Checking inotify v0.9.3
[INFO] [stderr]     Checking rand v0.6.5
[INFO] [stderr]     Checking regex v1.5.4
[INFO] [stderr]     Checking rand_chacha v0.3.1
[INFO] [stderr]     Checking rand_chacha v0.2.1
[INFO] [stderr]     Checking num-integer v0.1.44
[INFO] [stderr]     Checking approx v0.3.2
[INFO] [stderr]     Checking notify v5.0.0-pre.11
[INFO] [stderr]     Checking rand v0.8.4
[INFO] [stderr]     Checking rand v0.7.3
[INFO] [stderr]     Checking chrono v0.4.19
[INFO] [stderr]     Checking async-executor v1.4.1
[INFO] [stderr]     Checking bevy_tasks v0.5.0 (https://github.com/bevyengine/bevy?rev=90586a4c461cde86b8a0e08f0770894e7cf30862#90586a4c)
[INFO] [stderr]     Checking matchers v0.0.1
[INFO] [stderr]    Compiling wasm-bindgen-backend v0.2.69
[INFO] [stderr]    Compiling wasm-bindgen-macro-support v0.2.69
[INFO] [stderr]    Compiling tracing-attributes v0.1.15
[INFO] [stderr]    Compiling thiserror-impl v1.0.26
[INFO] [stderr]    Compiling wasm-bindgen-macro v0.2.69
[INFO] [stderr]     Checking thiserror v1.0.26
[INFO] [stderr]     Checking tracing v0.1.26
[INFO] [stderr]    Compiling toml v0.5.7
[INFO] [stderr]    Compiling uuid v0.8.2
[INFO] [stderr]    Compiling cargo-manifest v0.2.4
[INFO] [stderr]    Compiling bevy_macro_utils v0.5.0 (https://github.com/bevyengine/bevy?rev=90586a4c461cde86b8a0e08f0770894e7cf30862#90586a4c)
[INFO] [stderr]    Compiling bevy_derive v0.5.0 (https://github.com/bevyengine/bevy?rev=90586a4c461cde86b8a0e08f0770894e7cf30862#90586a4c)
[INFO] [stderr]    Compiling bevy_reflect_derive v0.5.0 (https://github.com/bevyengine/bevy?rev=90586a4c461cde86b8a0e08f0770894e7cf30862#90586a4c)
[INFO] [stderr]    Compiling bevy_ecs_macros v0.5.0 (https://github.com/bevyengine/bevy?rev=90586a4c461cde86b8a0e08f0770894e7cf30862#90586a4c)
[INFO] [stderr]     Checking smallvec v1.6.1
[INFO] [stderr]     Checking glam v0.15.2
[INFO] [stderr]     Checking tracing-serde v0.1.2
[INFO] [stderr]     Checking ron v0.6.4
[INFO] [stderr]     Checking parking_lot_core v0.8.3
[INFO] [stderr]     Checking parking_lot v0.11.1
[INFO] [stderr]     Checking bevy_utils v0.5.0 (https://github.com/bevyengine/bevy?rev=90586a4c461cde86b8a0e08f0770894e7cf30862#90586a4c)
[INFO] [stderr]     Checking tracing-subscriber v0.2.19
[INFO] [stderr]     Checking bevy_reflect v0.5.0 (https://github.com/bevyengine/bevy?rev=90586a4c461cde86b8a0e08f0770894e7cf30862#90586a4c)
[INFO] [stderr]     Checking bevy_ecs v0.5.0 (https://github.com/bevyengine/bevy?rev=90586a4c461cde86b8a0e08f0770894e7cf30862#90586a4c)
[INFO] [stderr]     Checking bevy_math v0.5.0 (https://github.com/bevyengine/bevy?rev=90586a4c461cde86b8a0e08f0770894e7cf30862#90586a4c)
[INFO] [stderr]     Checking bevy_app v0.5.0 (https://github.com/bevyengine/bevy?rev=90586a4c461cde86b8a0e08f0770894e7cf30862#90586a4c)
[INFO] [stderr]     Checking bevy_core v0.5.0 (https://github.com/bevyengine/bevy?rev=90586a4c461cde86b8a0e08f0770894e7cf30862#90586a4c)
[INFO] [stderr]     Checking bevy_log v0.5.0 (https://github.com/bevyengine/bevy?rev=90586a4c461cde86b8a0e08f0770894e7cf30862#90586a4c)
[INFO] [stderr]     Checking bevy_transform v0.5.0 (https://github.com/bevyengine/bevy?rev=90586a4c461cde86b8a0e08f0770894e7cf30862#90586a4c)
[INFO] [stderr]     Checking bevy_window v0.5.0 (https://github.com/bevyengine/bevy?rev=90586a4c461cde86b8a0e08f0770894e7cf30862#90586a4c)
[INFO] [stderr]     Checking bevy_input v0.5.0 (https://github.com/bevyengine/bevy?rev=90586a4c461cde86b8a0e08f0770894e7cf30862#90586a4c)
[INFO] [stderr]     Checking bevy_diagnostic v0.5.0 (https://github.com/bevyengine/bevy?rev=90586a4c461cde86b8a0e08f0770894e7cf30862#90586a4c)
[INFO] [stderr]     Checking bevy_asset v0.5.0 (https://github.com/bevyengine/bevy?rev=90586a4c461cde86b8a0e08f0770894e7cf30862#90586a4c)
[INFO] [stderr]     Checking bevy_scene v0.5.0 (https://github.com/bevyengine/bevy?rev=90586a4c461cde86b8a0e08f0770894e7cf30862#90586a4c)
[INFO] [stderr]     Checking bevy_internal v0.5.0 (https://github.com/bevyengine/bevy?rev=90586a4c461cde86b8a0e08f0770894e7cf30862#90586a4c)
[INFO] [stderr]     Checking bevy v0.5.0 (https://github.com/bevyengine/bevy?rev=90586a4c461cde86b8a0e08f0770894e7cf30862#90586a4c)
[INFO] [stderr]  Documenting blockery-rs v0.1.0 (/opt/rustwide/workdir)
[INFO] [stdout] error[E0432]: unresolved import `web_sys`
[INFO] [stdout]  --> src/block.rs:8:5
[INFO] [stdout]   |
[INFO] [stdout] 8 | use web_sys::WebGlRenderingContext;
[INFO] [stdout]   |     ^^^^^^^ use of undeclared crate or module `web_sys`
[INFO] [stdout] 
[INFO] [stdout] 
[INFO] [stdout] error[E0432]: unresolved import `web_sys`
[INFO] [stdout]  --> src/button.rs:8:5
[INFO] [stdout]   |
[INFO] [stdout] 8 | use web_sys::CanvasRenderingContext2d;
[INFO] [stdout]   |     ^^^^^^^ use of undeclared crate or module `web_sys`
[INFO] [stdout] 
[INFO] [stdout] 
[INFO] [stdout] error[E0432]: unresolved import `web_sys`
[INFO] [stdout]  --> src/button.rs:9:5
[INFO] [stdout]   |
[INFO] [stdout] 9 | use web_sys::ImageBitmap;
[INFO] [stdout]   |     ^^^^^^^ use of undeclared crate or module `web_sys`
[INFO] [stdout] 
[INFO] [stdout] 
[INFO] [stdout] error[E0432]: unresolved import `web_sys`
[INFO] [stdout]   --> src/button.rs:10:5
[INFO] [stdout]    |
[INFO] [stdout] 10 | use web_sys::WebGlRenderingContext;
[INFO] [stdout]    |     ^^^^^^^ use of undeclared crate or module `web_sys`
[INFO] [stdout] 
[INFO] [stdout] 
[INFO] [stdout] error[E0432]: unresolved import `web_sys`
[INFO] [stdout]  --> src/data.rs:1:5
[INFO] [stdout]   |
[INFO] [stdout] 1 | use web_sys::WebGlRenderingContext;
[INFO] [stdout]   |     ^^^^^^^ use of undeclared crate or module `web_sys`
[INFO] [stdout] 
[INFO] [stdout] 
[INFO] [stdout] error[E0432]: unresolved import `web_sys`
[INFO] [stdout]  --> src/dialogs.rs:5:5
[INFO] [stdout]   |
[INFO] [stdout] 5 | use web_sys::{CanvasRenderingContext2d, WebGlRenderingContext};
[INFO] [stdout]   |     ^^^^^^^ use of undeclared crate or module `web_sys`
[INFO] [stdout] 
[INFO] [stdout] 
[INFO] [stdout] error[E0432]: unresolved import `web_sys`
[INFO] [stdout]  --> src/ui.rs:1:5
[INFO] [stdout]   |
[INFO] [stdout] 1 | use web_sys::CanvasRenderingContext2d;
[INFO] [stdout]   |     ^^^^^^^ use of undeclared crate or module `web_sys`
[INFO] [stdout] 
[INFO] [stdout] 
[INFO] [stdout] error[E0432]: unresolved import `web_sys`
[INFO] [stdout]  --> src/utils.rs:1:5
[INFO] [stdout]   |
[INFO] [stdout] 1 | use web_sys::CanvasRenderingContext2d;
[INFO] [stdout]   |     ^^^^^^^ use of undeclared crate or module `web_sys`
[INFO] [stdout] 
[INFO] [stdout] 
[INFO] [stdout] error[E0432]: unresolved import `web_sys`
[INFO] [stdout]  --> src/board.rs:7:5
[INFO] [stdout]   |
[INFO] [stdout] 7 | use web_sys::WebGlRenderingContext;
[INFO] [stdout]   |     ^^^^^^^ use of undeclared crate or module `web_sys`
[INFO] [stdout] 
[INFO] [stdout] 
[INFO] [stdout] error[E0432]: unresolved import `web_sys`
[INFO] [stdout]  --> src/cube.rs:1:5
[INFO] [stdout]   |
[INFO] [stdout] 1 | use web_sys::WebGlRenderingContext;
[INFO] [stdout]   |     ^^^^^^^ use of undeclared crate or module `web_sys`
[INFO] [stdout] 
[INFO] [stdout] 
[INFO] [stdout] error[E0433]: failed to resolve: use of undeclared crate or module `web_sys`
[INFO] [stdout]   --> src/block.rs:61:73
[INFO] [stdout]    |
[INFO] [stdout] 61 |     fn block_logic(&self, delta: f32, row: i32, col: i32, performance: &web_sys::Performance) {
[INFO] [stdout]    |                                                                         ^^^^^^^ use of undeclared crate or module `web_sys`
[INFO] [stdout] 
[INFO] [stdout] 
[INFO] [stdout] error[E0433]: failed to resolve: use of undeclared crate or module `web_sys`
[INFO] [stdout]    --> src/block.rs:112:32
[INFO] [stdout]     |
[INFO] [stdout] 112 |     fn is_gone(&self, window: &web_sys::Window, global_y_offset: f32) {
[INFO] [stdout]     |                                ^^^^^^^ use of undeclared crate or module `web_sys`
[INFO] [stdout] 
[INFO] [stdout] 
[INFO] [stdout] error[E0412]: cannot find type `ProgramInfo` in this scope
[INFO] [stdout]    --> src/dialogs.rs:145:68
[INFO] [stdout]     |
[INFO] [stdout] 145 |     fn render(delta: f32, gl: WebGlRenderingContext, program_info: ProgramInfo) {
[INFO] [stdout]     |                                                                    ^^^^^^^^^^^ not found in this scope
[INFO] [stdout]     |
[INFO] [stdout] help: consider importing this struct
[INFO] [stdout]     |
[INFO] [stdout] 1   | use crate::ProgramInfo;
[INFO] [stdout]     |
[INFO] [stdout] 
[INFO] [stdout] 
[INFO] [stdout] error[E0412]: cannot find type `F` in this scope
[INFO] [stdout]    --> src/dialogs.rs:263:77
[INFO] [stdout]     |
[INFO] [stdout] 263 |       pub fn new(dialog: &Dialog, ty: DialogButtonType, text: String, action: F) -> Self {
[INFO] [stdout]     |                                                                               ^
[INFO] [stdout]     |
[INFO] [stdout] help: there is an enum variant `bevy::input::keyboard::KeyCode::F`; try using the variant's enum
[INFO] [stdout]     |
[INFO] [stdout] 263 |     pub fn new(dialog: &Dialog, ty: DialogButtonType, text: String, action: bevy::input::keyboard::KeyCode) -> Self {
[INFO] [stdout]     |                                                                             ^^^^^^^^^^^^^^^^^^^^^^^^^^^^^^
[INFO] [stdout] help: a trait with a similar name exists
[INFO] [stdout]     |
[INFO] [stdout] 263 |     pub fn new(dialog: &Dialog, ty: DialogButtonType, text: String, action: Fn) -> Self {
[INFO] [stdout]     |                                                                             ^^
[INFO] [stdout] 
[INFO] [stdout] 
[INFO] [stdout] error[E0412]: cannot find type `ProgramInfo` in this scope
[INFO] [stdout]    --> src/dialogs.rs:355:23
[INFO] [stdout]     |
[INFO] [stdout] 355 |         program_info: ProgramInfo,
[INFO] [stdout]     |                       ^^^^^^^^^^^ not found in this scope
[INFO] [stdout]     |
[INFO] [stdout] help: consider importing this struct
[INFO] [stdout]     |
[INFO] [stdout] 1   | use crate::ProgramInfo;
[INFO] [stdout]     |
[INFO] [stdout] 
[INFO] [stdout] 
[INFO] [stdout] error[E0412]: cannot find type `Data` in this scope
[INFO] [stdout]    --> src/factories.rs:129:48
[INFO] [stdout]     |
[INFO] [stdout] 129 |     fn empty_immediately(&mut self, data: &mut Data) {
[INFO] [stdout]     |                                                ^^^^ not found in this scope
[INFO] [stdout]     |
[INFO] [stdout] help: consider importing this struct
[INFO] [stdout]     |
[INFO] [stdout] 1   | use crate::data::Data;
[INFO] [stdout]     |
[INFO] [stdout] 
[INFO] [stdout] 
[INFO] [stdout] error[E0412]: cannot find type `Data` in this scope
[INFO] [stdout]    --> src/factories.rs:136:57
[INFO] [stdout]     |
[INFO] [stdout] 136 |     fn produce_blocks(&mut self, delta: f32, data: &mut Data) {
[INFO] [stdout]     |                                                         ^^^^ not found in this scope
[INFO] [stdout]     |
[INFO] [stdout] help: consider importing this struct
[INFO] [stdout]     |
[INFO] [stdout] 1   | use crate::data::Data;
[INFO] [stdout]     |
[INFO] [stdout] 
[INFO] [stdout] 
[INFO] [stdout] error[E0412]: cannot find type `Data` in this scope
[INFO] [stdout]    --> src/factories.rs:182:60
[INFO] [stdout]     |
[INFO] [stdout] 182 |     fn buy(&mut self, block_balance: &mut u128, data: &mut Data) {
[INFO] [stdout]     |                                                            ^^^^ not found in this scope
[INFO] [stdout]     |
[INFO] [stdout] help: consider importing this struct
[INFO] [stdout]     |
[INFO] [stdout] 1   | use crate::data::Data;
[INFO] [stdout]     |
[INFO] [stdout] 
[INFO] [stdout] 
[INFO] [stdout] error[E0412]: cannot find type `WebGlRenderingContext` in this scope
[INFO] [stdout]    --> src/factories.rs:242:13
[INFO] [stdout]     |
[INFO] [stdout] 242 |         gl: WebGlRenderingContext,
[INFO] [stdout]     |             ^^^^^^^^^^^^^^^^^^^^^ not found in this scope
[INFO] [stdout] 
[INFO] [stdout] 
[INFO] [stdout] error[E0412]: cannot find type `ProgramInfo` in this scope
[INFO] [stdout]    --> src/factories.rs:243:23
[INFO] [stdout]     |
[INFO] [stdout] 243 |         program_info: ProgramInfo,
[INFO] [stdout]     |                       ^^^^^^^^^^^ not found in this scope
[INFO] [stdout]     |
[INFO] [stdout] help: consider importing this struct
[INFO] [stdout]     |
[INFO] [stdout] 1   | use crate::ProgramInfo;
[INFO] [stdout]     |
[INFO] [stdout] 
[INFO] [stdout] 
[INFO] [stdout] error[E0412]: cannot find type `WebGlRenderingContext` in this scope
[INFO] [stdout]    --> src/factories.rs:244:17
[INFO] [stdout]     |
[INFO] [stdout] 244 |         ctx_2d: WebGlRenderingContext,
[INFO] [stdout]     |                 ^^^^^^^^^^^^^^^^^^^^^ not found in this scope
[INFO] [stdout] 
[INFO] [stdout] 
[INFO] [stdout] error[E0412]: cannot find type `WebGlRenderingContext` in this scope
[INFO] [stdout]    --> src/factories.rs:425:9
[INFO] [stdout]     |
[INFO] [stdout] 425 |     gl: WebGlRenderingContext,
[INFO] [stdout]     |         ^^^^^^^^^^^^^^^^^^^^^ not found in this scope
[INFO] [stdout] 
[INFO] [stdout] 
[INFO] [stdout] error[E0412]: cannot find type `ProgramInfo` in this scope
[INFO] [stdout]    --> src/factories.rs:426:19
[INFO] [stdout]     |
[INFO] [stdout] 426 |     program_info: ProgramInfo,
[INFO] [stdout]     |                   ^^^^^^^^^^^ not found in this scope
[INFO] [stdout]     |
[INFO] [stdout] help: consider importing this struct
[INFO] [stdout]     |
[INFO] [stdout] 1   | use crate::ProgramInfo;
[INFO] [stdout]     |
[INFO] [stdout] 
[INFO] [stdout] 
[INFO] [stdout] error[E0412]: cannot find type `CanvasRenderingContext2d` in this scope
[INFO] [stdout]    --> src/factories.rs:427:13
[INFO] [stdout]     |
[INFO] [stdout] 427 |     ctx_2d: CanvasRenderingContext2d,
[INFO] [stdout]     |             ^^^^^^^^^^^^^^^^^^^^^^^^ not found in this scope
[INFO] [stdout] 
[INFO] [stdout] 
[INFO] [stdout] error[E0412]: cannot find type `WebGlRenderingContext` in this scope
[INFO] [stdout]    --> src/factories.rs:455:9
[INFO] [stdout]     |
[INFO] [stdout] 455 |     gl: WebGlRenderingContext,
[INFO] [stdout]     |         ^^^^^^^^^^^^^^^^^^^^^ not found in this scope
[INFO] [stdout] 
[INFO] [stdout] 
[INFO] [stdout] error[E0412]: cannot find type `ProgramInfo` in this scope
[INFO] [stdout]    --> src/factories.rs:456:19
[INFO] [stdout]     |
[INFO] [stdout] 456 |     program_info: ProgramInfo,
[INFO] [stdout]     |                   ^^^^^^^^^^^ not found in this scope
[INFO] [stdout]     |
[INFO] [stdout] help: consider importing this struct
[INFO] [stdout]     |
[INFO] [stdout] 1   | use crate::ProgramInfo;
[INFO] [stdout]     |
[INFO] [stdout] 
[INFO] [stdout] 
[INFO] [stdout] error[E0412]: cannot find type `CanvasRenderingContext2d` in this scope
[INFO] [stdout]    --> src/factories.rs:457:13
[INFO] [stdout]     |
[INFO] [stdout] 457 |     ctx_2d: CanvasRenderingContext2d,
[INFO] [stdout]     |             ^^^^^^^^^^^^^^^^^^^^^^^^ not found in this scope
[INFO] [stdout] 
[INFO] [stdout] 
[INFO] [stdout] error[E0412]: cannot find type `CanvasRenderingContext2d` in this scope
[INFO] [stdout]   --> src/fx.rs:37:42
[INFO] [stdout]    |
[INFO] [stdout] 37 |     fn render(&self, delta: f32, ctx_2d: CanvasRenderingContext2d) {
[INFO] [stdout]    |                                          ^^^^^^^^^^^^^^^^^^^^^^^^ not found in this scope
[INFO] [stdout] 
[INFO] [stdout] 
[INFO] [stdout] error[E0412]: cannot find type `CanvasRenderingContext2d` in this scope
[INFO] [stdout]   --> src/fx.rs:69:47
[INFO] [stdout]    |
[INFO] [stdout] 69 | fn render_special_effects(delta: f32, ctx_2d: CanvasRenderingContext2d) {
[INFO] [stdout]    |                                               ^^^^^^^^^^^^^^^^^^^^^^^^ not found in this scope
[INFO] [stdout] 
[INFO] [stdout] 
[INFO] [stdout] error[E0412]: cannot find type `WebGlRenderingContext` in this scope
[INFO] [stdout]   --> src/game.rs:15:13
[INFO] [stdout]    |
[INFO] [stdout] 15 |         gl: WebGlRenderingContext,
[INFO] [stdout]    |             ^^^^^^^^^^^^^^^^^^^^^ not found in this scope
[INFO] [stdout] 
[INFO] [stdout] 
[INFO] [stdout] error[E0412]: cannot find type `ProgramInfo` in this scope
[INFO] [stdout]   --> src/game.rs:16:23
[INFO] [stdout]    |
[INFO] [stdout] 16 |         program_info: ProgramInfo,
[INFO] [stdout]    |                       ^^^^^^^^^^^ not found in this scope
[INFO] [stdout]    |
[INFO] [stdout] help: consider importing this struct
[INFO] [stdout]    |
[INFO] [stdout] 1  | use crate::ProgramInfo;
[INFO] [stdout]    |
[INFO] [stdout] 
[INFO] [stdout] 
[INFO] [stdout] error[E0412]: cannot find type `Matrices` in this scope
[INFO] [stdout]   --> src/game.rs:17:19
[INFO] [stdout]    |
[INFO] [stdout] 17 |         matrices: Matrices,
[INFO] [stdout]    |                   ^^^^^^^^ not found in this scope
[INFO] [stdout]    |
[INFO] [stdout] help: consider importing this struct
[INFO] [stdout]    |
[INFO] [stdout] 1  | use crate::Matrices;
[INFO] [stdout]    |
[INFO] [stdout] 
[INFO] [stdout] 
[INFO] [stdout] error[E0412]: cannot find type `CanvasRenderingContext2d` in this scope
[INFO] [stdout]   --> src/game.rs:18:17
[INFO] [stdout]    |
[INFO] [stdout] 18 |         ctx_2d: CanvasRenderingContext2d,
[INFO] [stdout]    |                 ^^^^^^^^^^^^^^^^^^^^^^^^ not found in this scope
[INFO] [stdout] 
[INFO] [stdout] 
[INFO] [stdout] error[E0412]: cannot find type `WebGlRenderingContext` in this scope
[INFO] [stdout]   --> src/game.rs:59:13
[INFO] [stdout]    |
[INFO] [stdout] 59 |         gl: WebGlRenderingContext,
[INFO] [stdout]    |             ^^^^^^^^^^^^^^^^^^^^^ not found in this scope
[INFO] [stdout] 
[INFO] [stdout] 
[INFO] [stdout] error[E0412]: cannot find type `ProgramInfo` in this scope
[INFO] [stdout]   --> src/game.rs:60:23
[INFO] [stdout]    |
[INFO] [stdout] 60 |         program_info: ProgramInfo,
[INFO] [stdout]    |                       ^^^^^^^^^^^ not found in this scope
[INFO] [stdout]    |
[INFO] [stdout] help: consider importing this struct
[INFO] [stdout]    |
[INFO] [stdout] 1  | use crate::ProgramInfo;
[INFO] [stdout]    |
[INFO] [stdout] 
[INFO] [stdout] 
[INFO] [stdout] error[E0412]: cannot find type `CanvasRenderingContext2d` in this scope
[INFO] [stdout]   --> src/game.rs:61:17
[INFO] [stdout]    |
[INFO] [stdout] 61 |         ctx_2d: CanvasRenderingContext2d,
[INFO] [stdout]    |                 ^^^^^^^^^^^^^^^^^^^^^^^^ not found in this scope
[INFO] [stdout] 
[INFO] [stdout] 
[INFO] [stdout] error[E0412]: cannot find type `WebGlRenderingContext` in this scope
[INFO] [stdout]   --> src/game.rs:72:13
[INFO] [stdout]    |
[INFO] [stdout] 72 |         gl: WebGlRenderingContext,
[INFO] [stdout]    |             ^^^^^^^^^^^^^^^^^^^^^ not found in this scope
[INFO] [stdout] 
[INFO] [stdout] 
[INFO] [stdout] error[E0412]: cannot find type `ProgramInfo` in this scope
[INFO] [stdout]   --> src/game.rs:73:23
[INFO] [stdout]    |
[INFO] [stdout] 73 |         program_info: ProgramInfo,
[INFO] [stdout]    |                       ^^^^^^^^^^^ not found in this scope
[INFO] [stdout]    |
[INFO] [stdout] help: consider importing this struct
[INFO] [stdout]    |
[INFO] [stdout] 1  | use crate::ProgramInfo;
[INFO] [stdout]    |
[INFO] [stdout] 
[INFO] [stdout] 
[INFO] [stdout] error[E0412]: cannot find type `CanvasRenderingContext2d` in this scope
[INFO] [stdout]   --> src/game.rs:74:17
[INFO] [stdout]    |
[INFO] [stdout] 74 |         ctx_2d: CanvasRenderingContext2d,
[INFO] [stdout]    |                 ^^^^^^^^^^^^^^^^^^^^^^^^ not found in this scope
[INFO] [stdout] 
[INFO] [stdout] 
[INFO] [stdout] error[E0412]: cannot find type `WebGlRenderingContext` in this scope
[INFO] [stdout]   --> src/game.rs:98:13
[INFO] [stdout]    |
[INFO] [stdout] 98 |         gl: WebGlRenderingContext,
[INFO] [stdout]    |             ^^^^^^^^^^^^^^^^^^^^^ not found in this scope
[INFO] [stdout] 
[INFO] [stdout] 
[INFO] [stdout] error[E0412]: cannot find type `ProgramInfo` in this scope
[INFO] [stdout]   --> src/game.rs:99:23
[INFO] [stdout]    |
[INFO] [stdout] 99 |         program_info: ProgramInfo,
[INFO] [stdout]    |                       ^^^^^^^^^^^ not found in this scope
[INFO] [stdout]    |
[INFO] [stdout] help: consider importing this struct
[INFO] [stdout]    |
[INFO] [stdout] 1  | use crate::ProgramInfo;
[INFO] [stdout]    |
[INFO] [stdout] 
[INFO] [stdout] 
[INFO] [stdout] error[E0412]: cannot find type `CanvasRenderingContext2d` in this scope
[INFO] [stdout]    --> src/game.rs:100:17
[INFO] [stdout]     |
[INFO] [stdout] 100 |         ctx_2d: CanvasRenderingContext2d,
[INFO] [stdout]     |                 ^^^^^^^^^^^^^^^^^^^^^^^^ not found in this scope
[INFO] [stdout] 
[INFO] [stdout] 
[INFO] [stdout] error[E0412]: cannot find type `WebGlRenderingContext` in this scope
[INFO] [stdout]    --> src/game.rs:116:13
[INFO] [stdout]     |
[INFO] [stdout] 116 |         gl: WebGlRenderingContext,
[INFO] [stdout]     |             ^^^^^^^^^^^^^^^^^^^^^ not found in this scope
[INFO] [stdout] 
[INFO] [stdout] 
[INFO] [stdout] error[E0412]: cannot find type `ProgramInfo` in this scope
[INFO] [stdout]    --> src/game.rs:117:23
[INFO] [stdout]     |
[INFO] [stdout] 117 |         program_info: ProgramInfo,
[INFO] [stdout]     |                       ^^^^^^^^^^^ not found in this scope
[INFO] [stdout]     |
[INFO] [stdout] help: consider importing this struct
[INFO] [stdout]     |
[INFO] [stdout] 1   | use crate::ProgramInfo;
[INFO] [stdout]     |
[INFO] [stdout] 
[INFO] [stdout] 
[INFO] [stdout] error[E0412]: cannot find type `CanvasRenderingContext2d` in this scope
[INFO] [stdout]    --> src/game.rs:118:17
[INFO] [stdout]     |
[INFO] [stdout] 118 |         ctx_2d: CanvasRenderingContext2d,
[INFO] [stdout]     |                 ^^^^^^^^^^^^^^^^^^^^^^^^ not found in this scope
[INFO] [stdout] 
[INFO] [stdout] 
[INFO] [stdout] error[E0412]: cannot find type `WebGlRenderingContext` in this scope
[INFO] [stdout]    --> src/game.rs:272:13
[INFO] [stdout]     |
[INFO] [stdout] 272 |         gl: WebGlRenderingContext,
[INFO] [stdout]     |             ^^^^^^^^^^^^^^^^^^^^^ not found in this scope
[INFO] [stdout] 
[INFO] [stdout] 
[INFO] [stdout] error[E0412]: cannot find type `ProgramInfo` in this scope
[INFO] [stdout]    --> src/game.rs:273:23
[INFO] [stdout]     |
[INFO] [stdout] 273 |         program_info: ProgramInfo,
[INFO] [stdout]     |                       ^^^^^^^^^^^ not found in this scope
[INFO] [stdout]     |
[INFO] [stdout] help: consider importing this struct
[INFO] [stdout]     |
[INFO] [stdout] 1   | use crate::ProgramInfo;
[INFO] [stdout]     |
[INFO] [stdout] 
[INFO] [stdout] 
[INFO] [stdout] error[E0412]: cannot find type `CanvasRenderingContext2d` in this scope
[INFO] [stdout]    --> src/game.rs:274:17
[INFO] [stdout]     |
[INFO] [stdout] 274 |         ctx_2d: CanvasRenderingContext2d,
[INFO] [stdout]     |                 ^^^^^^^^^^^^^^^^^^^^^^^^ not found in this scope
[INFO] [stdout] 
[INFO] [stdout] 
[INFO] [stdout] error[E0412]: cannot find type `WebGlRenderingContext` in this scope
[INFO] [stdout]   --> src/init.rs:77:20
[INFO] [stdout]    |
[INFO] [stdout] 77 | fn get_buffers(gl: WebGlRenderingContext) {
[INFO] [stdout]    |                    ^^^^^^^^^^^^^^^^^^^^^ not found in this scope
[INFO] [stdout] 
[INFO] [stdout] 
[INFO] [stdout] error[E0412]: cannot find type `WebGlRenderingContext` in this scope
[INFO] [stdout]    --> src/init.rs:106:32
[INFO] [stdout]     |
[INFO] [stdout] 106 | fn get_shader_program_info(gl: WebGlRenderingContext, shaders: Shaders) -> ProgramInfo {
[INFO] [stdout]     |                                ^^^^^^^^^^^^^^^^^^^^^ not found in this scope
[INFO] [stdout] 
[INFO] [stdout] 
[INFO] [stdout] error[E0412]: cannot find type `Shaders` in this scope
[INFO] [stdout]    --> src/init.rs:106:64
[INFO] [stdout]     |
[INFO] [stdout] 106 | fn get_shader_program_info(gl: WebGlRenderingContext, shaders: Shaders) -> ProgramInfo {
[INFO] [stdout]     |                                                                ^^^^^^^ not found in this scope
[INFO] [stdout] 
[INFO] [stdout] 
[INFO] [stdout] error[E0412]: cannot find type `ProgramInfo` in this scope
[INFO] [stdout]    --> src/init.rs:106:76
[INFO] [stdout]     |
[INFO] [stdout] 106 | fn get_shader_program_info(gl: WebGlRenderingContext, shaders: Shaders) -> ProgramInfo {
[INFO] [stdout]     |                                                                            ^^^^^^^^^^^ not found in this scope
[INFO] [stdout]     |
[INFO] [stdout] help: consider importing this struct
[INFO] [stdout]     |
[INFO] [stdout] 1   | use crate::ProgramInfo;
[INFO] [stdout]     |
[INFO] [stdout] 
[INFO] [stdout] 
[INFO] [stdout] error[E0412]: cannot find type `WebGlRenderingContext` in this scope
[INFO] [stdout]    --> src/init.rs:153:32
[INFO] [stdout]     |
[INFO] [stdout] 153 | fn compile_shader_or_error(gl: WebGlRenderingContext, shader: &str) {
[INFO] [stdout]     |                                ^^^^^^^^^^^^^^^^^^^^^ not found in this scope
[INFO] [stdout] 
[INFO] [stdout] 
[INFO] [stdout] error[E0412]: cannot find type `WebGlRenderingContext` in this scope
[INFO] [stdout]    --> src/init.rs:160:21
[INFO] [stdout]     |
[INFO] [stdout] 160 | fn init_culling(gl: WebGlRenderingContext) {
[INFO] [stdout]     |                     ^^^^^^^^^^^^^^^^^^^^^ not found in this scope
[INFO] [stdout] 
[INFO] [stdout] 
[INFO] [stdout] error[E0412]: cannot find type `Matrix` in this scope
[INFO] [stdout]    --> src/init.rs:167:53
[INFO] [stdout]     |
[INFO] [stdout] 167 | fn set_camera_offset(x: f32, y: f32, camera_matrix: Matrix, matrix_uniform_location: i32) {
[INFO] [stdout]     |                                                     ^^^^^^ not found in this scope
[INFO] [stdout]     |
[INFO] [stdout] help: consider importing this trait
[INFO] [stdout]     |
[INFO] [stdout] 1   | use cgmath::Matrix;
[INFO] [stdout]     |
[INFO] [stdout] 
[INFO] [stdout] 
[INFO] [stdout] error[E0412]: cannot find type `WebGlRenderingContext` in this scope
[INFO] [stdout]    --> src/init.rs:177:21
[INFO] [stdout]     |
[INFO] [stdout] 177 | fn get_matrices(gl: WebGlRenderingContext, program_info: ProgramInfo) -> Matrices {
[INFO] [stdout]     |                     ^^^^^^^^^^^^^^^^^^^^^ not found in this scope
[INFO] [stdout] 
[INFO] [stdout] 
[INFO] [stdout] error[E0412]: cannot find type `ProgramInfo` in this scope
[INFO] [stdout]    --> src/init.rs:177:58
[INFO] [stdout]     |
[INFO] [stdout] 177 | fn get_matrices(gl: WebGlRenderingContext, program_info: ProgramInfo) -> Matrices {
[INFO] [stdout]     |                                                          ^^^^^^^^^^^ not found in this scope
[INFO] [stdout]     |
[INFO] [stdout] help: consider importing this struct
[INFO] [stdout]     |
[INFO] [stdout] 1   | use crate::ProgramInfo;
[INFO] [stdout]     |
[INFO] [stdout] 
[INFO] [stdout] 
[INFO] [stdout] error[E0412]: cannot find type `Matrices` in this scope
[INFO] [stdout]    --> src/init.rs:177:74
[INFO] [stdout]     |
[INFO] [stdout] 177 | fn get_matrices(gl: WebGlRenderingContext, program_info: ProgramInfo) -> Matrices {
[INFO] [stdout]     |                                                                          ^^^^^^^^ not found in this scope
[INFO] [stdout]     |
[INFO] [stdout] help: consider importing this struct
[INFO] [stdout]     |
[INFO] [stdout] 1   | use crate::Matrices;
[INFO] [stdout]     |
[INFO] [stdout] 
[INFO] [stdout] 
[INFO] [stdout] error[E0412]: cannot find type `Matrix` in this scope
[INFO] [stdout]    --> src/init.rs:205:35
[INFO] [stdout]     |
[INFO] [stdout] 205 | fn get_perspective_matrix(output: Matrix) {
[INFO] [stdout]     |                                   ^^^^^^ not found in this scope
[INFO] [stdout]     |
[INFO] [stdout] help: consider importing this trait
[INFO] [stdout]     |
[INFO] [stdout] 1   | use cgmath::Matrix;
[INFO] [stdout]     |
[INFO] [stdout] 
[INFO] [stdout] 
[INFO] [stdout] error[E0412]: cannot find type `WebGlRenderingContext` in this scope
[INFO] [stdout]    --> src/init.rs:215:22
[INFO] [stdout]     |
[INFO] [stdout] 215 | fn init_lighting(gl: WebGlRenderingContext, program_info: ProgramInfo) {
[INFO] [stdout]     |                      ^^^^^^^^^^^^^^^^^^^^^ not found in this scope
[INFO] [stdout] 
[INFO] [stdout] 
[INFO] [stdout] error[E0412]: cannot find type `ProgramInfo` in this scope
[INFO] [stdout]    --> src/init.rs:215:59
[INFO] [stdout]     |
[INFO] [stdout] 215 | fn init_lighting(gl: WebGlRenderingContext, program_info: ProgramInfo) {
[INFO] [stdout]     |                                                           ^^^^^^^^^^^ not found in this scope
[INFO] [stdout]     |
[INFO] [stdout] help: consider importing this struct
[INFO] [stdout]     |
[INFO] [stdout] 1   | use crate::ProgramInfo;
[INFO] [stdout]     |
[INFO] [stdout] 
[INFO] [stdout] 
[INFO] [stdout] error[E0412]: cannot find type `FactoryType` in this scope
[INFO] [stdout]  --> src/listeners.rs:3:51
[INFO] [stdout]   |
[INFO] [stdout] 3 |     factory_purchase_listeners: Vec<Box<dyn FnMut(FactoryType, i32)>>,
[INFO] [stdout]   |                                                   ^^^^^^^^^^^ not found in this scope
[INFO] [stdout]   |
[INFO] [stdout] help: consider importing this enum
[INFO] [stdout]   |
[INFO] [stdout] 1 | use crate::factories::FactoryType;
[INFO] [stdout]   |
[INFO] [stdout] 
[INFO] [stdout] 
[INFO] [stdout] error[E0412]: cannot find type `FactoryType` in this scope
[INFO] [stdout]   --> src/listeners.rs:13:56
[INFO] [stdout]    |
[INFO] [stdout] 13 |     fn invoke_factory_purchase_listeners(factory_code: FactoryType, count: i32) {
[INFO] [stdout]    |                                                        ^^^^^^^^^^^ not found in this scope
[INFO] [stdout]    |
[INFO] [stdout] help: consider importing this enum
[INFO] [stdout]    |
[INFO] [stdout] 1  | use crate::factories::FactoryType;
[INFO] [stdout]    |
[INFO] [stdout] 
[INFO] [stdout] 
[INFO] [stdout] error[E0425]: cannot find function `get_status_bar_height` in this scope
[INFO] [stdout]  --> src/noti.rs:5:34
[INFO] [stdout]   |
[INFO] [stdout] 5 | const NOTIFICATION_HEIGHT: f32 = get_status_bar_height() * 3 / 4;
[INFO] [stdout]   |                                  ^^^^^^^^^^^^^^^^^^^^^ not found in this scope
[INFO] [stdout] 
[INFO] [stdout] 
[INFO] [stdout] error[E0412]: cannot find type `CanvasRenderingContext2d` in this scope
[INFO] [stdout]  --> src/noti.rs:7:45
[INFO] [stdout]   |
[INFO] [stdout] 7 | fn render_notifications(delta: f32, ctx_2d: CanvasRenderingContext2d) {
[INFO] [stdout]   |                                             ^^^^^^^^^^^^^^^^^^^^^^^^ not found in this scope
[INFO] [stdout] 
[INFO] [stdout] 
[INFO] [stdout] error[E0412]: cannot find type `WebGlRenderingContext` in this scope
[INFO] [stdout]   --> src/settings.rs:24:9
[INFO] [stdout]    |
[INFO] [stdout] 24 |     gl: WebGlRenderingContext,
[INFO] [stdout]    |         ^^^^^^^^^^^^^^^^^^^^^ not found in this scope
[INFO] [stdout] 
[INFO] [stdout] 
[INFO] [stdout] error[E0412]: cannot find type `ProgramInfo` in this scope
[INFO] [stdout]   --> src/settings.rs:25:19
[INFO] [stdout]    |
[INFO] [stdout] 25 |     program_info: ProgramInfo,
[INFO] [stdout]    |                   ^^^^^^^^^^^ not found in this scope
[INFO] [stdout]    |
[INFO] [stdout] help: consider importing this struct
[INFO] [stdout]    |
[INFO] [stdout] 1  | use crate::ProgramInfo;
[INFO] [stdout]    |
[INFO] [stdout] 
[INFO] [stdout] 
[INFO] [stdout] error[E0412]: cannot find type `CanvasRenderingContext2d` in this scope
[INFO] [stdout]   --> src/settings.rs:26:13
[INFO] [stdout]    |
[INFO] [stdout] 26 |     ctx_2d: CanvasRenderingContext2d,
[INFO] [stdout]    |             ^^^^^^^^^^^^^^^^^^^^^^^^ not found in this scope
[INFO] [stdout] 
[INFO] [stdout] 
[INFO] [stdout] error[E0412]: cannot find type `Data` in this scope
[INFO] [stdout]  --> src/stats.rs:7:48
[INFO] [stdout]   |
[INFO] [stdout] 7 |     fn lifetime_blocks_collected(&self, data: &Data) -> u64 {
[INFO] [stdout]   |                                                ^^^^ not found in this scope
[INFO] [stdout]   |
[INFO] [stdout] help: consider importing this struct
[INFO] [stdout]   |
[INFO] [stdout] 1 | use crate::data::Data;
[INFO] [stdout]   |
[INFO] [stdout] 
[INFO] [stdout] 
[INFO] [stdout] error[E0412]: cannot find type `Data` in this scope
[INFO] [stdout]   --> src/stats.rs:23:30
[INFO] [stdout]    |
[INFO] [stdout] 23 |     fn favorite_color(data: &Data) {
[INFO] [stdout]    |                              ^^^^ not found in this scope
[INFO] [stdout]    |
[INFO] [stdout] help: consider importing this struct
[INFO] [stdout]    |
[INFO] [stdout] 1  | use crate::data::Data;
[INFO] [stdout]    |
[INFO] [stdout] 
[INFO] [stdout] 
[INFO] [stdout] error[E0412]: cannot find type `CanvasRenderingContext2d` in this scope
[INFO] [stdout]   --> src/stats.rs:52:13
[INFO] [stdout]    |
[INFO] [stdout] 52 |     ctx_2d: CanvasRenderingContext2d,
[INFO] [stdout]    |             ^^^^^^^^^^^^^^^^^^^^^^^^ not found in this scope
[INFO] [stdout] 
[INFO] [stdout] 
[INFO] [stdout] error[E0412]: cannot find type `Any` in this scope
[INFO] [stdout]   --> src/stats.rs:84:17
[INFO] [stdout]    |
[INFO] [stdout] 84 |     stat_value: Any,
[INFO] [stdout]    |                 ^^^ not found in this scope
[INFO] [stdout]    |
[INFO] [stdout] help: consider importing one of these items
[INFO] [stdout]    |
[INFO] [stdout] 1  | use core::any::Any;
[INFO] [stdout]    |
[INFO] [stdout] 1  | use std::any::Any;
[INFO] [stdout]    |
[INFO] [stdout] 
[INFO] [stdout] 
[INFO] [stdout] error[E0412]: cannot find type `CanvasRenderingContext2d` in this scope
[INFO] [stdout]   --> src/stats.rs:85:13
[INFO] [stdout]    |
[INFO] [stdout] 85 |     ctx_2d: CanvasRenderingContext2d,
[INFO] [stdout]    |             ^^^^^^^^^^^^^^^^^^^^^^^^ not found in this scope
[INFO] [stdout] 
[INFO] [stdout] 
[INFO] [stdout] error[E0412]: cannot find type `CanvasRenderingContext2d` in this scope
[INFO] [stdout]    --> src/stats.rs:115:25
[INFO] [stdout]     |
[INFO] [stdout] 115 | fn render_stats(ctx_2d: CanvasRenderingContext2d, y_offset: f32) {
[INFO] [stdout]     |                         ^^^^^^^^^^^^^^^^^^^^^^^^ not found in this scope
[INFO] [stdout] 
[INFO] [stdout] 
[INFO] [stdout] error[E0412]: cannot find type `Matrix` in this scope
[INFO] [stdout]  --> src/utils.rs:3:24
[INFO] [stdout]   |
[INFO] [stdout] 3 | fn bind_matrix(matrix: Matrix, uniform_location: i32) {
[INFO] [stdout]   |                        ^^^^^^ not found in this scope
[INFO] [stdout]   |
[INFO] [stdout] help: consider importing this trait
[INFO] [stdout]   |
[INFO] [stdout] 1 | use cgmath::Matrix;
[INFO] [stdout]   |
[INFO] [stdout] 
[INFO] [stdout] 
[INFO] [stdout] error[E0425]: cannot find value `VISIBLE_HEIGHT` in this scope
[INFO] [stdout]   --> src/lib.rs:22:23
[INFO] [stdout]    |
[INFO] [stdout] 22 | const CAMERA_Z: f32 = VISIBLE_HEIGHT / 2 / Math.tan(field_of_view * Math.PI / 180 / 2);
[INFO] [stdout]    |                       ^^^^^^^^^^^^^^ not found in this scope
[INFO] [stdout]    |
[INFO] [stdout] help: consider importing this constant
[INFO] [stdout]    |
[INFO] [stdout] 1  | use crate::init::VISIBLE_HEIGHT;
[INFO] [stdout]    |
[INFO] [stdout] 
[INFO] [stdout] 
[INFO] [stdout] error[E0425]: cannot find value `Math` in this scope
[INFO] [stdout]   --> src/lib.rs:22:44
[INFO] [stdout]    |
[INFO] [stdout] 22 | const CAMERA_Z: f32 = VISIBLE_HEIGHT / 2 / Math.tan(field_of_view * Math.PI / 180 / 2);
[INFO] [stdout]    |                                            ^^^^ not found in this scope
[INFO] [stdout] 
[INFO] [stdout] 
[INFO] [stdout] error[E0425]: cannot find value `field_of_view` in this scope
[INFO] [stdout]   --> src/lib.rs:22:53
[INFO] [stdout]    |
[INFO] [stdout] 22 | const CAMERA_Z: f32 = VISIBLE_HEIGHT / 2 / Math.tan(field_of_view * Math.PI / 180 / 2);
[INFO] [stdout]    |                                                     ^^^^^^^^^^^^^ not found in this scope
[INFO] [stdout] 
[INFO] [stdout] 
[INFO] [stdout] error[E0425]: cannot find value `Math` in this scope
[INFO] [stdout]   --> src/lib.rs:22:69
[INFO] [stdout]    |
[INFO] [stdout] 22 | const CAMERA_Z: f32 = VISIBLE_HEIGHT / 2 / Math.tan(field_of_view * Math.PI / 180 / 2);
[INFO] [stdout]    |                                                                     ^^^^ not found in this scope
[INFO] [stdout] 
[INFO] [stdout] 
[INFO] [stdout] error[E0412]: cannot find type `prog` in this scope
[INFO] [stdout]   --> src/lib.rs:38:14
[INFO] [stdout]    |
[INFO] [stdout] 38 |     program: prog,
[INFO] [stdout]    |              ^^^^ not found in this scope
[INFO] [stdout] 
[INFO] [stdout] 
[INFO] [stdout] error[E0603]: function `bind_matrix` is private
[INFO] [stdout]  --> src/cube.rs:6:32
[INFO] [stdout]   |
[INFO] [stdout] 6 | use crate::utils::{int_to_rgb, bind_matrix};
[INFO] [stdout]   |                                ^^^^^^^^^^^ private function
[INFO] [stdout]   |
[INFO] [stdout] note: the function `bind_matrix` is defined here
[INFO] [stdout]  --> src/utils.rs:3:1
[INFO] [stdout]   |
[INFO] [stdout] 3 | fn bind_matrix(matrix: Matrix, uniform_location: i32) {
[INFO] [stdout]   | ^^^^^^^^^^^^^^^^^^^^^^^^^^^^^^^^^^^^^^^^^^^^^^^^^^^^^
[INFO] [stdout] 
[INFO] [stdout] 
[INFO] [stdout] error[E0603]: function `bind_matrix` is private
[INFO] [stdout]   --> src/init.rs:39:16
[INFO] [stdout]    |
[INFO] [stdout] 39 |         utils::bind_matrix(matrices.proj, program_info.uniform_locations.proj_matrix);
[INFO] [stdout]    |                ^^^^^^^^^^^ private function
[INFO] [stdout]    |
[INFO] [stdout] note: the function `bind_matrix` is defined here
[INFO] [stdout]   --> src/utils.rs:3:1
[INFO] [stdout]    |
[INFO] [stdout] 3  | fn bind_matrix(matrix: Matrix, uniform_location: i32) {
[INFO] [stdout]    | ^^^^^^^^^^^^^^^^^^^^^^^^^^^^^^^^^^^^^^^^^^^^^^^^^^^^^
[INFO] [stdout] 
[INFO] [stdout] 
[INFO] [stdout] error[E0603]: function `bind_matrix` is private
[INFO] [stdout]    --> src/init.rs:174:12
[INFO] [stdout]     |
[INFO] [stdout] 174 |     utils::bind_matrix(camera_matrix, matrix_uniform_location);
[INFO] [stdout]     |            ^^^^^^^^^^^ private function
[INFO] [stdout]     |
[INFO] [stdout] note: the function `bind_matrix` is defined here
[INFO] [stdout]    --> src/utils.rs:3:1
[INFO] [stdout]     |
[INFO] [stdout] 3   | fn bind_matrix(matrix: Matrix, uniform_location: i32) {
[INFO] [stdout]     | ^^^^^^^^^^^^^^^^^^^^^^^^^^^^^^^^^^^^^^^^^^^^^^^^^^^^^
[INFO] [stdout] 
[INFO] [stdout] 
[INFO] [stdout] error[E0603]: function `bind_matrix` is private
[INFO] [stdout]    --> src/init.rs:193:12
[INFO] [stdout]     |
[INFO] [stdout] 193 |     utils::bind_matrix(w, program_info.uniform_locations.world_matrix);
[INFO] [stdout]     |            ^^^^^^^^^^^ private function
[INFO] [stdout]     |
[INFO] [stdout] note: the function `bind_matrix` is defined here
[INFO] [stdout]    --> src/utils.rs:3:1
[INFO] [stdout]     |
[INFO] [stdout] 3   | fn bind_matrix(matrix: Matrix, uniform_location: i32) {
[INFO] [stdout]     | ^^^^^^^^^^^^^^^^^^^^^^^^^^^^^^^^^^^^^^^^^^^^^^^^^^^^^
[INFO] [stdout] 
[INFO] [stdout] 
[INFO] [stdout] error[E0603]: function `bind_matrix` is private
[INFO] [stdout]    --> src/init.rs:194:12
[INFO] [stdout]     |
[INFO] [stdout] 194 |     utils::bind_matrix(v, program_info.uniform_locations.view_matrix);
[INFO] [stdout]     |            ^^^^^^^^^^^ private function
[INFO] [stdout]     |
[INFO] [stdout] note: the function `bind_matrix` is defined here
[INFO] [stdout]    --> src/utils.rs:3:1
[INFO] [stdout]     |
[INFO] [stdout] 3   | fn bind_matrix(matrix: Matrix, uniform_location: i32) {
[INFO] [stdout]     | ^^^^^^^^^^^^^^^^^^^^^^^^^^^^^^^^^^^^^^^^^^^^^^^^^^^^^
[INFO] [stdout] 
[INFO] [stdout] 
[INFO] [stdout] error[E0603]: function `bind_matrix` is private
[INFO] [stdout]    --> src/init.rs:195:12
[INFO] [stdout]     |
[INFO] [stdout] 195 |     utils::bind_matrix(p, program_info.uniform_locations.proj_matrix);
[INFO] [stdout]     |            ^^^^^^^^^^^ private function
[INFO] [stdout]     |
[INFO] [stdout] note: the function `bind_matrix` is defined here
[INFO] [stdout]    --> src/utils.rs:3:1
[INFO] [stdout]     |
[INFO] [stdout] 3   | fn bind_matrix(matrix: Matrix, uniform_location: i32) {
[INFO] [stdout]     | ^^^^^^^^^^^^^^^^^^^^^^^^^^^^^^^^^^^^^^^^^^^^^^^^^^^^^
[INFO] [stdout] 
[INFO] [stdout] 
[INFO] [stdout] error: Compilation failed, aborting rustdoc
[INFO] [stdout] 
[INFO] [stdout] 
[INFO] [stdout] error: aborting due to 87 previous errors
[INFO] [stdout] 
[INFO] [stdout] 
[INFO] [stdout] Some errors have detailed explanations: E0412, E0425, E0432, E0433, E0603.
[INFO] [stdout] 
[INFO] [stdout] For more information about an error, try `rustc --explain E0412`.
[INFO] [stdout] 
[INFO] [stderr] error: could not document `blockery-rs`
[INFO] [stderr] 
[INFO] [stderr] Caused by:
[INFO] [stderr]   process didn't exit successfully: `rustdoc --edition=2018 --crate-type lib --crate-name blockery_rs src/lib.rs -o /opt/rustwide/target/doc --error-format=json --json=diagnostic-rendered-ansi --document-private-items -L dependency=/opt/rustwide/target/debug/deps --extern bevy=/opt/rustwide/target/debug/deps/libbevy-f9091221fd31a6cf.rmeta --extern cgmath=/opt/rustwide/target/debug/deps/libcgmath-0a99d95f20e511d4.rmeta --extern rand=/opt/rustwide/target/debug/deps/librand-82e74ebbbb1f6f9e.rmeta --extern serde=/opt/rustwide/target/debug/deps/libserde-ca7e26c2ec4848e0.rmeta --extern wasm_bindgen=/opt/rustwide/target/debug/deps/libwasm_bindgen-67de04d102bda044.rmeta --cap-lints=warn --crate-version 0.1.0` (exit status: 1)
[INFO] running `Command { std: "docker" "inspect" "d25127b2d58775ff51018c5444423221e8702d6411d57a0566ea31dcc3b2e087", kill_on_drop: false }`
[INFO] running `Command { std: "docker" "rm" "-f" "d25127b2d58775ff51018c5444423221e8702d6411d57a0566ea31dcc3b2e087", kill_on_drop: false }`
[INFO] [stdout] d25127b2d58775ff51018c5444423221e8702d6411d57a0566ea31dcc3b2e087
