[INFO] cloning repository https://github.com/h49k/iced-sandbox-template
[INFO] running `Command { std: "git" "-c" "credential.helper=" "-c" "credential.helper=/workspace/cargo-home/bin/git-credential-null" "clone" "--bare" "https://github.com/h49k/iced-sandbox-template" "/workspace/cache/git-repos/https%3A%2F%2Fgithub.com%2Fh49k%2Ficed-sandbox-template", kill_on_drop: false }`
[INFO] [stderr] Cloning into bare repository '/workspace/cache/git-repos/https%3A%2F%2Fgithub.com%2Fh49k%2Ficed-sandbox-template'...
[INFO] running `Command { std: "git" "rev-parse" "HEAD", kill_on_drop: false }`
[INFO] [stdout] 36b4353012eeb4746563b86a3ea6337d03fc422e
[INFO] documenting h49k/iced-sandbox-template against beta-2021-08-01 for beta-1.55-rustdoc-1
[INFO] running `Command { std: "git" "clone" "/workspace/cache/git-repos/https%3A%2F%2Fgithub.com%2Fh49k%2Ficed-sandbox-template" "/workspace/builds/worker-94/source", kill_on_drop: false }`
[INFO] [stderr] Cloning into '/workspace/builds/worker-94/source'...
[INFO] [stderr] done.
[INFO] validating manifest of git repo https://github.com/h49k/iced-sandbox-template on toolchain beta-2021-08-01
[INFO] running `Command { std: "/workspace/cargo-home/bin/cargo" "+beta-2021-08-01" "metadata" "--manifest-path" "Cargo.toml" "--no-deps", kill_on_drop: false }`
[INFO] started tweaking git repo https://github.com/h49k/iced-sandbox-template
[INFO] finished tweaking git repo https://github.com/h49k/iced-sandbox-template
[INFO] tweaked toml for git repo https://github.com/h49k/iced-sandbox-template written to /workspace/builds/worker-94/source/Cargo.toml
[INFO] crate git repo https://github.com/h49k/iced-sandbox-template already has a lockfile, it will not be regenerated
[INFO] running `Command { std: "/workspace/cargo-home/bin/cargo" "+beta-2021-08-01" "fetch" "--manifest-path" "Cargo.toml", kill_on_drop: false }`
[INFO] [stderr]     Blocking waiting for file lock on package cache
[INFO] [stderr]     Blocking waiting for file lock on package cache
[INFO] running `Command { std: "docker" "create" "-v" "/var/lib/crater-agent-workspace/builds/worker-94/target:/opt/rustwide/target:rw,Z" "-v" "/var/lib/crater-agent-workspace/builds/worker-94/source:/opt/rustwide/workdir:ro,Z" "-v" "/var/lib/crater-agent-workspace/cargo-home:/opt/rustwide/cargo-home:ro,Z" "-v" "/var/lib/crater-agent-workspace/rustup-home:/opt/rustwide/rustup-home:ro,Z" "-e" "SOURCE_DIR=/opt/rustwide/workdir" "-e" "CARGO_TARGET_DIR=/opt/rustwide/target" "-e" "CARGO_HOME=/opt/rustwide/cargo-home" "-e" "RUSTUP_HOME=/opt/rustwide/rustup-home" "-w" "/opt/rustwide/workdir" "-m" "1610612736" "--user" "0:0" "--network" "none" "ghcr.io/rust-lang/crates-build-env/linux@sha256:34b6a614d2c27851fe6cbf88fbd1137609cefab8b10d0615aaeb6fd47975d74e" "/opt/rustwide/cargo-home/bin/cargo" "+beta-2021-08-01" "metadata" "--no-deps" "--format-version=1", kill_on_drop: false }`
[INFO] [stdout] 26945a577f117b4753f21c7e8f4cd21cc78f7ef501237c7ec54a7070e247ac78
[INFO] running `Command { std: "docker" "start" "-a" "26945a577f117b4753f21c7e8f4cd21cc78f7ef501237c7ec54a7070e247ac78", kill_on_drop: false }`
[INFO] running `Command { std: "docker" "inspect" "26945a577f117b4753f21c7e8f4cd21cc78f7ef501237c7ec54a7070e247ac78", kill_on_drop: false }`
[INFO] running `Command { std: "docker" "rm" "-f" "26945a577f117b4753f21c7e8f4cd21cc78f7ef501237c7ec54a7070e247ac78", kill_on_drop: false }`
[INFO] [stdout] 26945a577f117b4753f21c7e8f4cd21cc78f7ef501237c7ec54a7070e247ac78
[INFO] running `Command { std: "docker" "create" "-v" "/var/lib/crater-agent-workspace/builds/worker-94/target:/opt/rustwide/target:rw,Z" "-v" "/var/lib/crater-agent-workspace/builds/worker-94/source:/opt/rustwide/workdir:ro,Z" "-v" "/var/lib/crater-agent-workspace/cargo-home:/opt/rustwide/cargo-home:ro,Z" "-v" "/var/lib/crater-agent-workspace/rustup-home:/opt/rustwide/rustup-home:ro,Z" "-e" "SOURCE_DIR=/opt/rustwide/workdir" "-e" "CARGO_TARGET_DIR=/opt/rustwide/target" "-e" "CARGO_INCREMENTAL=0" "-e" "RUST_BACKTRACE=full" "-e" "RUSTDOCFLAGS=--cap-lints=warn" "-e" "CARGO_HOME=/opt/rustwide/cargo-home" "-e" "RUSTUP_HOME=/opt/rustwide/rustup-home" "-w" "/opt/rustwide/workdir" "-m" "1610612736" "--user" "0:0" "--network" "none" "ghcr.io/rust-lang/crates-build-env/linux@sha256:34b6a614d2c27851fe6cbf88fbd1137609cefab8b10d0615aaeb6fd47975d74e" "/opt/rustwide/cargo-home/bin/cargo" "+beta-2021-08-01" "doc" "--frozen" "--no-deps" "--document-private-items" "--message-format=json", kill_on_drop: false }`
[INFO] [stdout] 4a9656dcef97ce2513d66edf2f4fdc3093ef12badf97796832633d25b3158666
[INFO] running `Command { std: "docker" "start" "-a" "4a9656dcef97ce2513d66edf2f4fdc3093ef12badf97796832633d25b3158666", kill_on_drop: false }`
[INFO] [stderr]     Blocking waiting for file lock on package cache
[INFO] [stderr]    Compiling libc v0.2.93
[INFO] [stderr]    Compiling proc-macro2 v1.0.26
[INFO] [stderr]    Compiling pkg-config v0.3.19
[INFO] [stderr]    Compiling syn v1.0.65
[INFO] [stderr]    Compiling xml-rs v0.8.3
[INFO] [stderr]     Checking ab_glyph_rasterizer v0.1.4
[INFO] [stderr]     Checking ahash v0.4.7
[INFO] [stderr]     Checking bit-vec v0.6.3
[INFO] [stderr]     Checking same-file v1.0.6
[INFO] [stderr]     Checking fixedbitset v0.2.0
[INFO] [stderr]     Checking once_cell v1.7.2
[INFO] [stderr]     Checking downcast-rs v1.2.0
[INFO] [stderr]    Compiling nix v0.18.0
[INFO] [stderr]     Checking ttf-parser v0.6.2
[INFO] [stderr]     Checking futures-sink v0.3.13
[INFO] [stderr]     Checking futures-core v0.3.13
[INFO] [stderr]    Compiling rayon-core v1.9.0
[INFO] [stderr]     Checking ttf-parser v0.12.0
[INFO] [stderr]    Compiling khronos-egl v3.0.2
[INFO] [stderr]     Checking xdg v2.2.0
[INFO] [stderr]     Checking arrayvec v0.5.2
[INFO] [stderr]    Compiling cfg_aliases v0.1.1
[INFO] [stderr]    Compiling maybe-uninit v2.0.0
[INFO] [stderr]     Checking glow v0.7.2
[INFO] [stderr]     Checking either v1.6.1
[INFO] [stderr]     Checking iced_core v0.4.0
[INFO] [stderr]     Checking inplace_it v0.3.3
[INFO] [stderr]     Checking copyless v0.1.5
[INFO] [stderr]     Checking rustc-hash v1.1.0
[INFO] [stderr]     Checking xi-unicode v0.3.0
[INFO] [stderr]     Checking float-ord v0.2.0
[INFO] [stderr]     Checking unicode-segmentation v1.7.1
[INFO] [stderr]     Checking lazycell v1.3.0
[INFO] [stderr]     Checking svg_fmt v0.4.1
[INFO] [stderr]    Compiling num-traits v0.2.14
[INFO] [stderr]     Checking libloading v0.6.7
[INFO] [stderr]    Compiling indexmap v1.6.2
[INFO] [stderr]     Checking libloading v0.7.0
[INFO] [stderr]    Compiling crossbeam-utils v0.8.3
[INFO] [stderr]     Checking fxhash v0.2.1
[INFO] [stderr]    Compiling memoffset v0.6.3
[INFO] [stderr]    Compiling nom v6.1.2
[INFO] [stderr]     Checking lock_api v0.4.3
[INFO] [stderr]    Compiling rayon v1.5.0
[INFO] [stderr]    Compiling glam v0.10.2
[INFO] [stderr]    Compiling pathfinder_simd v0.5.0
[INFO] [stderr]     Checking gpu-descriptor-types v0.1.1
[INFO] [stderr]     Checking gpu-alloc-types v0.2.0
[INFO] [stderr]     Checking wgpu-types v0.7.0
[INFO] [stderr]     Checking hashbrown v0.9.1
[INFO] [stderr]    Compiling wayland-sys v0.28.5
[INFO] [stderr]    Compiling servo-fontconfig-sys v5.1.0
[INFO] [stderr]    Compiling x11-dl v2.18.5
[INFO] [stderr]     Checking walkdir v2.3.2
[INFO] [stderr]     Checking bit-set v0.5.2
[INFO] [stderr]    Compiling wgpu-core v0.7.1
[INFO] [stderr]     Checking dlib v0.4.2
[INFO] [stderr]     Checking ash v0.31.0
[INFO] [stderr]     Checking futures-channel v0.3.13
[INFO] [stderr]     Checking iced_style v0.3.0
[INFO] [stderr]     Checking dlib v0.5.0
[INFO] [stderr]     Checking owned_ttf_parser v0.12.0
[INFO] [stderr]     Checking owned_ttf_parser v0.6.0
[INFO] [stderr]     Checking rusttype v0.9.2
[INFO] [stderr]     Checking ab_glyph v0.2.10
[INFO] [stderr]     Checking andrew v0.3.1
[INFO] [stderr]    Compiling quote v1.0.9
[INFO] [stderr]    Compiling jobserver v0.1.21
[INFO] [stderr]     Checking raw-window-handle v0.3.3
[INFO] [stderr]     Checking nix v0.20.0
[INFO] [stderr]     Checking num_cpus v1.13.0
[INFO] [stderr]     Checking getrandom v0.1.16
[INFO] [stderr]     Checking parking_lot_core v0.8.3
[INFO] [stderr]     Checking memmap2 v0.1.0
[INFO] [stderr]     Checking dirs-sys v0.3.5
[INFO] [stderr]     Checking gethostname v0.2.1
[INFO] [stderr]     Checking iovec v0.1.4
[INFO] [stderr]     Checking net2 v0.2.37
[INFO] [stderr]    Compiling wayland-scanner v0.28.5
[INFO] [stderr]    Compiling cc v1.0.67
[INFO] [stderr]     Checking parking_lot v0.11.1
[INFO] [stderr]     Checking pathfinder_geometry v0.5.1
[INFO] [stderr]     Checking dirs v2.0.2
[INFO] [stderr]     Checking mio v0.6.23
[INFO] [stderr]     Checking rand_core v0.5.1
[INFO] [stderr]     Checking petgraph v0.5.1
[INFO] [stderr]    Compiling wayland-client v0.28.5
[INFO] [stderr]    Compiling wayland-protocols v0.28.5
[INFO] [stderr]    Compiling cmake v0.1.45
[INFO] [stderr]     Checking rand_chacha v0.2.2
[INFO] [stderr]     Checking wayland-commons v0.28.5
[INFO] [stderr]     Checking x11rb v0.8.1
[INFO] [stderr]     Checking crossbeam-epoch v0.9.3
[INFO] [stderr]     Checking crossbeam-channel v0.5.0
[INFO] [stderr]     Checking rand v0.7.3
[INFO] [stderr]     Checking spirv_headers v1.5.0
[INFO] [stderr]     Checking approx v0.4.0
[INFO] [stderr]     Checking ordered-float v2.1.1
[INFO] [stderr]     Checking euclid v0.22.2
[INFO] [stderr]     Checking mio-extras v2.0.6
[INFO] [stderr]     Checking crossbeam-deque v0.8.0
[INFO] [stderr]     Checking glyph_brush_layout v0.2.1
[INFO] [stderr]    Compiling freetype-sys v0.13.1
[INFO] [stderr]    Compiling expat-sys v2.1.6
[INFO] [stderr]    Compiling spirv_cross v0.23.1
[INFO] [stderr]     Checking xcursor v0.3.3
[INFO] [stderr]     Checking guillotiere v0.6.0
[INFO] [stderr]     Checking twox-hash v1.6.0
[INFO] [stderr]     Checking freetype v0.7.0
[INFO] [stderr]     Checking servo-fontconfig v0.5.1
[INFO] [stderr]     Checking font-kit v0.10.0
[INFO] [stderr] error: could not compile `syn`
[INFO] [stderr] 
[INFO] [stderr] Caused by:
[INFO] [stderr]   process didn't exit successfully: `rustc --crate-name syn --edition=2018 /opt/rustwide/cargo-home/registry/src/github.com-1ecc6299db9ec823/syn-1.0.65/src/lib.rs --error-format=json --json=diagnostic-rendered-ansi --crate-type lib --emit=dep-info,metadata,link -C embed-bitcode=no -C debuginfo=2 --cfg 'feature="clone-impls"' --cfg 'feature="default"' --cfg 'feature="derive"' --cfg 'feature="extra-traits"' --cfg 'feature="full"' --cfg 'feature="parsing"' --cfg 'feature="printing"' --cfg 'feature="proc-macro"' --cfg 'feature="quote"' --cfg 'feature="visit"' --cfg 'feature="visit-mut"' -C metadata=33cb828b082c879b -C extra-filename=-33cb828b082c879b --out-dir /opt/rustwide/target/debug/deps -L dependency=/opt/rustwide/target/debug/deps --extern proc_macro2=/opt/rustwide/target/debug/deps/libproc_macro2-14cd586ab686c21a.rmeta --extern quote=/opt/rustwide/target/debug/deps/libquote-87ff32172245591e.rmeta --extern unicode_xid=/opt/rustwide/target/debug/deps/libunicode_xid-62645fc4c65f65ba.rmeta --cap-lints allow --cfg syn_disable_nightly_tests` (signal: 9, SIGKILL: kill)
[INFO] [stderr] warning: build failed, waiting for other jobs to finish...
[INFO] [stderr] The following warnings were emitted during compilation:
[INFO] [stderr] 
[INFO] [stderr] warning: src/wrapper.cpp:2: warning: ignoring #pragma warning  [-Wunknown-pragmas]
[INFO] [stderr] warning:     2 | #pragma warning(disable : 4996 4101)
[INFO] [stderr] warning:       | 
[INFO] [stderr] warning: c++: fatal error: Killed signal terminated program cc1plus
[INFO] [stderr] warning: compilation terminated.
[INFO] [stderr] warning: c++: fatal error: Killed signal terminated program cc1plus
[INFO] [stderr] warning: compilation terminated.
[INFO] [stderr] warning: c++: fatal error: Killed signal terminated program cc1plus
[INFO] [stderr] warning: compilation terminated.
[INFO] [stderr] warning: c++: fatal error: Killed signal terminated program cc1plus
[INFO] [stderr] warning: compilation terminated.
[INFO] [stderr] 
[INFO] [stderr] error: build failed
[INFO] running `Command { std: "docker" "inspect" "4a9656dcef97ce2513d66edf2f4fdc3093ef12badf97796832633d25b3158666", kill_on_drop: false }`
[INFO] running `Command { std: "docker" "rm" "-f" "4a9656dcef97ce2513d66edf2f4fdc3093ef12badf97796832633d25b3158666", kill_on_drop: false }`
[INFO] [stdout] 4a9656dcef97ce2513d66edf2f4fdc3093ef12badf97796832633d25b3158666
