[INFO] cloning repository https://github.com/h3r2tic/h3keys3
[INFO] running `Command { std: "git" "-c" "credential.helper=" "-c" "credential.helper=/workspace/cargo-home/bin/git-credential-null" "clone" "--bare" "https://github.com/h3r2tic/h3keys3" "/workspace/cache/git-repos/https%3A%2F%2Fgithub.com%2Fh3r2tic%2Fh3keys3", kill_on_drop: false }`
[INFO] [stderr] Cloning into bare repository '/workspace/cache/git-repos/https%3A%2F%2Fgithub.com%2Fh3r2tic%2Fh3keys3'...
[INFO] running `Command { std: "git" "rev-parse" "HEAD", kill_on_drop: false }`
[INFO] [stdout] ae3caae89cedd451ad4880f5e179f09aa8888f4d
[INFO] documenting h3r2tic/h3keys3 against 1.54.0 for beta-1.55-rustdoc-1
[INFO] running `Command { std: "git" "clone" "/workspace/cache/git-repos/https%3A%2F%2Fgithub.com%2Fh3r2tic%2Fh3keys3" "/workspace/builds/worker-34/source", kill_on_drop: false }`
[INFO] [stderr] Cloning into '/workspace/builds/worker-34/source'...
[INFO] [stderr] done.
[INFO] validating manifest of git repo https://github.com/h3r2tic/h3keys3 on toolchain 1.54.0
[INFO] running `Command { std: "/workspace/cargo-home/bin/cargo" "+1.54.0" "metadata" "--manifest-path" "Cargo.toml" "--no-deps", kill_on_drop: false }`
[INFO] started tweaking git repo https://github.com/h3r2tic/h3keys3
[INFO] finished tweaking git repo https://github.com/h3r2tic/h3keys3
[INFO] tweaked toml for git repo https://github.com/h3r2tic/h3keys3 written to /workspace/builds/worker-34/source/Cargo.toml
[INFO] crate git repo https://github.com/h3r2tic/h3keys3 already has a lockfile, it will not be regenerated
[INFO] running `Command { std: "/workspace/cargo-home/bin/cargo" "+1.54.0" "fetch" "--manifest-path" "Cargo.toml", kill_on_drop: false }`
[INFO] [stderr]     Blocking waiting for file lock on package cache
[INFO] [stderr]     Blocking waiting for file lock on package cache
[INFO] running `Command { std: "docker" "create" "-v" "/var/lib/crater-agent-workspace/builds/worker-34/target:/opt/rustwide/target:rw,Z" "-v" "/var/lib/crater-agent-workspace/builds/worker-34/source:/opt/rustwide/workdir:ro,Z" "-v" "/var/lib/crater-agent-workspace/cargo-home:/opt/rustwide/cargo-home:ro,Z" "-v" "/var/lib/crater-agent-workspace/rustup-home:/opt/rustwide/rustup-home:ro,Z" "-e" "SOURCE_DIR=/opt/rustwide/workdir" "-e" "CARGO_TARGET_DIR=/opt/rustwide/target" "-e" "CARGO_HOME=/opt/rustwide/cargo-home" "-e" "RUSTUP_HOME=/opt/rustwide/rustup-home" "-w" "/opt/rustwide/workdir" "-m" "1610612736" "--user" "0:0" "--network" "none" "ghcr.io/rust-lang/crates-build-env/linux@sha256:34b6a614d2c27851fe6cbf88fbd1137609cefab8b10d0615aaeb6fd47975d74e" "/opt/rustwide/cargo-home/bin/cargo" "+1.54.0" "metadata" "--no-deps" "--format-version=1", kill_on_drop: false }`
[INFO] [stdout] c206cfb0c3a4b1319ad53cbbd51f1626fc34139cadecc3c4a3260853e9125e7a
[INFO] running `Command { std: "docker" "start" "-a" "c206cfb0c3a4b1319ad53cbbd51f1626fc34139cadecc3c4a3260853e9125e7a", kill_on_drop: false }`
[INFO] running `Command { std: "docker" "inspect" "c206cfb0c3a4b1319ad53cbbd51f1626fc34139cadecc3c4a3260853e9125e7a", kill_on_drop: false }`
[INFO] running `Command { std: "docker" "rm" "-f" "c206cfb0c3a4b1319ad53cbbd51f1626fc34139cadecc3c4a3260853e9125e7a", kill_on_drop: false }`
[INFO] [stdout] c206cfb0c3a4b1319ad53cbbd51f1626fc34139cadecc3c4a3260853e9125e7a
[INFO] running `Command { std: "docker" "create" "-v" "/var/lib/crater-agent-workspace/builds/worker-34/target:/opt/rustwide/target:rw,Z" "-v" "/var/lib/crater-agent-workspace/builds/worker-34/source:/opt/rustwide/workdir:ro,Z" "-v" "/var/lib/crater-agent-workspace/cargo-home:/opt/rustwide/cargo-home:ro,Z" "-v" "/var/lib/crater-agent-workspace/rustup-home:/opt/rustwide/rustup-home:ro,Z" "-e" "SOURCE_DIR=/opt/rustwide/workdir" "-e" "CARGO_TARGET_DIR=/opt/rustwide/target" "-e" "CARGO_INCREMENTAL=0" "-e" "RUST_BACKTRACE=full" "-e" "RUSTDOCFLAGS=--cap-lints=warn" "-e" "CARGO_HOME=/opt/rustwide/cargo-home" "-e" "RUSTUP_HOME=/opt/rustwide/rustup-home" "-w" "/opt/rustwide/workdir" "-m" "1610612736" "--user" "0:0" "--network" "none" "ghcr.io/rust-lang/crates-build-env/linux@sha256:34b6a614d2c27851fe6cbf88fbd1137609cefab8b10d0615aaeb6fd47975d74e" "/opt/rustwide/cargo-home/bin/cargo" "+1.54.0" "doc" "--frozen" "--no-deps" "--document-private-items" "--message-format=json", kill_on_drop: false }`
[INFO] [stdout] 577195c00fdba673be22ffb4e95f9a14c488b4f64cb9f9055f8295062e531e06
[INFO] running `Command { std: "docker" "start" "-a" "577195c00fdba673be22ffb4e95f9a14c488b4f64cb9f9055f8295062e531e06", kill_on_drop: false }`
[INFO] [stderr]     Blocking waiting for file lock on package cache
[INFO] [stderr]    Compiling winapi-build v0.1.1
[INFO] [stderr]    Compiling winapi v0.3.3
[INFO] [stderr]     Checking winapi v0.2.8
[INFO] [stderr]    Compiling kernel32-sys v0.2.2
[INFO] [stderr]    Compiling user32-sys v0.1.3
[INFO] [stderr]     Checking winrt v0.4.0
[INFO] [stderr]  Documenting h3keys3 v1.0.0 (/opt/rustwide/workdir)
[INFO] [stdout] error[E0433]: failed to resolve: could not find `shared` in `winapi`
[INFO] [stdout]  --> src/main.rs:7:13
[INFO] [stdout]   |
[INFO] [stdout] 7 | use winapi::shared::minwindef::*;
[INFO] [stdout]   |             ^^^^^^ could not find `shared` in `winapi`
[INFO] [stdout] 
[INFO] [stdout] 
[INFO] [stdout] error[E0433]: failed to resolve: could not find `shared` in `winapi`
[INFO] [stdout]  --> src/main.rs:8:13
[INFO] [stdout]   |
[INFO] [stdout] 8 | use winapi::shared::ntdef::LPCSTR;
[INFO] [stdout]   |             ^^^^^^ could not find `shared` in `winapi`
[INFO] [stdout] 
[INFO] [stdout] 
[INFO] [stdout] error[E0433]: failed to resolve: could not find `shared` in `winapi`
[INFO] [stdout]  --> src/main.rs:9:13
[INFO] [stdout]   |
[INFO] [stdout] 9 | use winapi::shared::windef::{HBRUSH, HCURSOR, HICON, HMENU, HWND, POINT, RECT};
[INFO] [stdout]   |             ^^^^^^ could not find `shared` in `winapi`
[INFO] [stdout] 
[INFO] [stdout] 
[INFO] [stdout] error[E0432]: unresolved import `kernel32::GetModuleHandleA`
[INFO] [stdout]  --> src/main.rs:6:5
[INFO] [stdout]   |
[INFO] [stdout] 6 | use kernel32::GetModuleHandleA;
[INFO] [stdout]   |     ^^^^^^^^^^^^^^^^^^^^^^^^^^ no `GetModuleHandleA` in the root
[INFO] [stdout] 
[INFO] [stdout] 
[INFO] [stdout] error[E0433]: failed to resolve: could not find `windows` in `winrt`
[INFO] [stdout]   --> src/main.rs:12:12
[INFO] [stdout]    |
[INFO] [stdout] 12 | use winrt::windows::data::xml::dom::*;
[INFO] [stdout]    |            ^^^^^^^ could not find `windows` in `winrt`
[INFO] [stdout] 
[INFO] [stdout] 
[INFO] [stdout] error[E0433]: failed to resolve: could not find `windows` in `winrt`
[INFO] [stdout]   --> src/main.rs:13:12
[INFO] [stdout]    |
[INFO] [stdout] 13 | use winrt::windows::ui::notifications::*;
[INFO] [stdout]    |            ^^^^^^^ could not find `windows` in `winrt`
[INFO] [stdout] 
[INFO] [stdout] 
[INFO] [stdout] error[E0432]: unresolved import `winapi::um`
[INFO] [stdout]   --> src/main.rs:10:13
[INFO] [stdout]    |
[INFO] [stdout] 10 | use winapi::um::winuser;
[INFO] [stdout]    |             ^^ could not find `um` in `winapi`
[INFO] [stdout] 
[INFO] [stdout] 
[INFO] [stdout] error[E0412]: cannot find type `HWND` in this scope
[INFO] [stdout]    --> src/main.rs:136:55
[INFO] [stdout]     |
[INFO] [stdout] 136 | fn get_window_under_cursor(cursor_pos: (i32, i32)) -> HWND {
[INFO] [stdout]     |                                                       ^^^^ not found in this scope
[INFO] [stdout] 
[INFO] [stdout] 
[INFO] [stdout] error[E0412]: cannot find type `HWND` in this scope
[INFO] [stdout]    --> src/main.rs:166:26
[INFO] [stdout]     |
[INFO] [stdout] 166 | fn get_window_rect(hwnd: HWND) -> RECT {
[INFO] [stdout]     |                          ^^^^ not found in this scope
[INFO] [stdout] 
[INFO] [stdout] 
[INFO] [stdout] error[E0412]: cannot find type `RECT` in this scope
[INFO] [stdout]    --> src/main.rs:166:35
[INFO] [stdout]     |
[INFO] [stdout] 166 | fn get_window_rect(hwnd: HWND) -> RECT {
[INFO] [stdout]     |                                   ^^^^ not found in this scope
[INFO] [stdout] 
[INFO] [stdout] 
[INFO] [stdout] error[E0412]: cannot find type `HWND` in this scope
[INFO] [stdout]    --> src/main.rs:197:23
[INFO] [stdout]     |
[INFO] [stdout] 197 |     window_move_hwnd: HWND,
[INFO] [stdout]     |                       ^^^^ not found in this scope
[INFO] [stdout] 
[INFO] [stdout] 
[INFO] [stdout] error[E0412]: cannot find type `HWND` in this scope
[INFO] [stdout]    --> src/main.rs:201:25
[INFO] [stdout]     |
[INFO] [stdout] 201 |     window_resize_hwnd: HWND,
[INFO] [stdout]     |                         ^^^^ not found in this scope
[INFO] [stdout] 
[INFO] [stdout] 
[INFO] [stdout] error[E0412]: cannot find type `DWORD` in this scope
[INFO] [stdout]    --> src/main.rs:238:39
[INFO] [stdout]     |
[INFO] [stdout] 238 |     fn extended_key_flag(key: i32) -> DWORD {
[INFO] [stdout]     |                                       ^^^^^ not found in this scope
[INFO] [stdout] 
[INFO] [stdout] 
[INFO] [stdout] error[E0412]: cannot find type `WPARAM` in this scope
[INFO] [stdout]    --> src/main.rs:271:47
[INFO] [stdout]     |
[INFO] [stdout] 271 |     fn key_hook(&mut self, code: i32, wparam: WPARAM, lparam: LPARAM) -> LRESULT {
[INFO] [stdout]     |                                               ^^^^^^ not found in this scope
[INFO] [stdout] 
[INFO] [stdout] 
[INFO] [stdout] error[E0412]: cannot find type `LPARAM` in this scope
[INFO] [stdout]    --> src/main.rs:271:63
[INFO] [stdout]     |
[INFO] [stdout] 271 |     fn key_hook(&mut self, code: i32, wparam: WPARAM, lparam: LPARAM) -> LRESULT {
[INFO] [stdout]     |                                                               ^^^^^^ not found in this scope
[INFO] [stdout] 
[INFO] [stdout] 
[INFO] [stdout] error[E0412]: cannot find type `LRESULT` in this scope
[INFO] [stdout]    --> src/main.rs:271:74
[INFO] [stdout]     |
[INFO] [stdout] 271 |     fn key_hook(&mut self, code: i32, wparam: WPARAM, lparam: LPARAM) -> LRESULT {
[INFO] [stdout]     |                                                                          ^^^^^^^ not found in this scope
[INFO] [stdout] 
[INFO] [stdout] 
[INFO] [stdout] error[E0412]: cannot find type `WPARAM` in this scope
[INFO] [stdout]    --> src/main.rs:568:49
[INFO] [stdout]     |
[INFO] [stdout] 568 |     fn mouse_hook(&mut self, code: i32, wparam: WPARAM, lparam: LPARAM) -> LRESULT {
[INFO] [stdout]     |                                                 ^^^^^^ not found in this scope
[INFO] [stdout] 
[INFO] [stdout] 
[INFO] [stdout] error[E0412]: cannot find type `LPARAM` in this scope
[INFO] [stdout]    --> src/main.rs:568:65
[INFO] [stdout]     |
[INFO] [stdout] 568 |     fn mouse_hook(&mut self, code: i32, wparam: WPARAM, lparam: LPARAM) -> LRESULT {
[INFO] [stdout]     |                                                                 ^^^^^^ not found in this scope
[INFO] [stdout] 
[INFO] [stdout] 
[INFO] [stdout] error[E0412]: cannot find type `LRESULT` in this scope
[INFO] [stdout]    --> src/main.rs:568:76
[INFO] [stdout]     |
[INFO] [stdout] 568 |     fn mouse_hook(&mut self, code: i32, wparam: WPARAM, lparam: LPARAM) -> LRESULT {
[INFO] [stdout]     |                                                                            ^^^^^^^ not found in this scope
[INFO] [stdout] 
[INFO] [stdout] 
[INFO] [stdout] error[E0412]: cannot find type `WPARAM` in this scope
[INFO] [stdout]    --> src/main.rs:671:38
[INFO] [stdout]     |
[INFO] [stdout] 671 |     fn mouse_hook(&mut self, wparam: WPARAM, mouse_data: winuser::MSLLHOOKSTRUCT) -> LRESULT {
[INFO] [stdout]     |                                      ^^^^^^ not found in this scope
[INFO] [stdout] 
[INFO] [stdout] 
[INFO] [stdout] error[E0412]: cannot find type `LRESULT` in this scope
[INFO] [stdout]    --> src/main.rs:671:86
[INFO] [stdout]     |
[INFO] [stdout] 671 |     fn mouse_hook(&mut self, wparam: WPARAM, mouse_data: winuser::MSLLHOOKSTRUCT) -> LRESULT {
[INFO] [stdout]     |                                                                                      ^^^^^^^ not found in this scope
[INFO] [stdout] 
[INFO] [stdout] 
[INFO] [stdout] error[E0412]: cannot find type `WPARAM` in this scope
[INFO] [stdout]    --> src/main.rs:751:62
[INFO] [stdout]     |
[INFO] [stdout] 751 | unsafe extern "system" fn global_key_hook(code: i32, wparam: WPARAM, lparam: LPARAM) -> LRESULT {
[INFO] [stdout]     |                                                              ^^^^^^ not found in this scope
[INFO] [stdout] 
[INFO] [stdout] 
[INFO] [stdout] error[E0412]: cannot find type `LPARAM` in this scope
[INFO] [stdout]    --> src/main.rs:751:78
[INFO] [stdout]     |
[INFO] [stdout] 751 | unsafe extern "system" fn global_key_hook(code: i32, wparam: WPARAM, lparam: LPARAM) -> LRESULT {
[INFO] [stdout]     |                                                                              ^^^^^^ not found in this scope
[INFO] [stdout] 
[INFO] [stdout] 
[INFO] [stdout] error[E0412]: cannot find type `LRESULT` in this scope
[INFO] [stdout]    --> src/main.rs:751:89
[INFO] [stdout]     |
[INFO] [stdout] 751 | unsafe extern "system" fn global_key_hook(code: i32, wparam: WPARAM, lparam: LPARAM) -> LRESULT {
[INFO] [stdout]     |                                                                                         ^^^^^^^ not found in this scope
[INFO] [stdout] 
[INFO] [stdout] 
[INFO] [stderr] error: could not document `h3keys3`
[INFO] [stdout] error[E0412]: cannot find type `WPARAM` in this scope
[INFO] [stdout]    --> src/main.rs:759:64
[INFO] [stdout]     |
[INFO] [stdout] 759 | unsafe extern "system" fn global_mouse_hook(code: i32, wparam: WPARAM, lparam: LPARAM) -> LRESULT {
[INFO] [stdout]     |                                                                ^^^^^^ not found in this scope
[INFO] [stdout] 
[INFO] [stdout] 
[INFO] [stderr] 
[INFO] [stdout] error[E0412]: cannot find type `LPARAM` in this scope
[INFO] [stdout]    --> src/main.rs:759:80
[INFO] [stdout]     |
[INFO] [stdout] 759 | unsafe extern "system" fn global_mouse_hook(code: i32, wparam: WPARAM, lparam: LPARAM) -> LRESULT {
[INFO] [stdout]     |                                                                                ^^^^^^ not found in this scope
[INFO] [stdout] 
[INFO] [stdout] 
[INFO] [stderr] Caused by:
[INFO] [stdout] error[E0412]: cannot find type `LRESULT` in this scope
[INFO] [stdout]    --> src/main.rs:759:91
[INFO] [stdout]     |
[INFO] [stdout] 759 | unsafe extern "system" fn global_mouse_hook(code: i32, wparam: WPARAM, lparam: LPARAM) -> LRESULT {
[INFO] [stdout]     |                                                                                           ^^^^^^^ not found in this scope
[INFO] [stdout] 
[INFO] [stdout] 
[INFO] [stderr]   process didn't exit successfully: `rustdoc --crate-type bin --crate-name h3keys3 src/main.rs -o /opt/rustwide/target/doc --error-format=json --json=diagnostic-rendered-ansi --document-private-items -L dependency=/opt/rustwide/target/debug/deps --extern kernel32=/opt/rustwide/target/debug/deps/libkernel32-7ba4361c2b0a7c74.rmeta --extern user32=/opt/rustwide/target/debug/deps/libuser32-c8450677dee8a964.rmeta --extern winapi=/opt/rustwide/target/debug/deps/libwinapi-f02f5498dcc3c774.rmeta --extern winrt=/opt/rustwide/target/debug/deps/libwinrt-0d8f638aeda15ac3.rmeta --cap-lints=warn --crate-version 1.0.0` (exit status: 1)
[INFO] [stdout] error[E0412]: cannot find type `HWND` in this scope
[INFO] [stdout]    --> src/main.rs:768:12
[INFO] [stdout]     |
[INFO] [stdout] 768 |     h_wnd: HWND,
[INFO] [stdout]     |            ^^^^ not found in this scope
[INFO] [stdout] 
[INFO] [stdout] 
[INFO] [stdout] error[E0412]: cannot find type `UINT` in this scope
[INFO] [stdout]    --> src/main.rs:769:10
[INFO] [stdout]     |
[INFO] [stdout] 769 |     msg: UINT,
[INFO] [stdout]     |          ^^^^ not found in this scope
[INFO] [stdout] 
[INFO] [stdout] 
[INFO] [stdout] error[E0412]: cannot find type `WPARAM` in this scope
[INFO] [stdout]    --> src/main.rs:770:14
[INFO] [stdout]     |
[INFO] [stdout] 770 |     w_param: WPARAM,
[INFO] [stdout]     |              ^^^^^^ not found in this scope
[INFO] [stdout] 
[INFO] [stdout] 
[INFO] [stdout] error[E0412]: cannot find type `LPARAM` in this scope
[INFO] [stdout]    --> src/main.rs:771:14
[INFO] [stdout]     |
[INFO] [stdout] 771 |     l_param: LPARAM,
[INFO] [stdout]     |              ^^^^^^ not found in this scope
[INFO] [stdout] 
[INFO] [stdout] 
[INFO] [stdout] error[E0412]: cannot find type `LRESULT` in this scope
[INFO] [stdout]    --> src/main.rs:772:6
[INFO] [stdout]     |
[INFO] [stdout] 772 | ) -> LRESULT {
[INFO] [stdout]     |      ^^^^^^^ not found in this scope
[INFO] [stdout] 
[INFO] [stdout] 
[INFO] [stdout] error[E0412]: cannot find type `ComPtr` in crate `winrt`
[INFO] [stdout]    --> src/main.rs:786:44
[INFO] [stdout]     |
[INFO] [stdout] 786 |     static TOAST_NOTIFIER : RefCell<winrt::ComPtr<ToastNotifier>> =
[INFO] [stdout]     |                                            ^^^^^^ not found in `winrt`
[INFO] [stdout] 
[INFO] [stdout] 
[INFO] [stdout] error[E0412]: cannot find type `ToastNotifier` in this scope
[INFO] [stdout]    --> src/main.rs:786:51
[INFO] [stdout]     |
[INFO] [stdout] 786 |     static TOAST_NOTIFIER : RefCell<winrt::ComPtr<ToastNotifier>> =
[INFO] [stdout]     |                                                   ^^^^^^^^^^^^^ not found in this scope
[INFO] [stdout] 
[INFO] [stdout] 
[INFO] [stdout] error[E0412]: cannot find type `ComPtr` in this scope
[INFO] [stdout]    --> src/main.rs:792:43
[INFO] [stdout]     |
[INFO] [stdout] 792 |     static PREVIOUS_TOAST: RefCell<Option<ComPtr<ToastNotification>>> = RefCell::new(None);
[INFO] [stdout]     |                                           ^^^^^^ not found in this scope
[INFO] [stdout] 
[INFO] [stdout] 
[INFO] [stdout] error[E0412]: cannot find type `ToastNotification` in this scope
[INFO] [stdout]    --> src/main.rs:792:50
[INFO] [stdout]     |
[INFO] [stdout] 792 |     static PREVIOUS_TOAST: RefCell<Option<ComPtr<ToastNotification>>> = RefCell::new(None);
[INFO] [stdout]     |                                                  ^^^^^^^^^^^^^^^^^ not found in this scope
[INFO] [stdout] 
[INFO] [stdout] 
[INFO] [stdout] error: Compilation failed, aborting rustdoc
[INFO] [stdout] 
[INFO] [stdout] 
[INFO] [stdout] error: aborting due to 37 previous errors
[INFO] [stdout] 
[INFO] [stdout] 
[INFO] [stdout] Some errors have detailed explanations: E0412, E0432, E0433.
[INFO] [stdout] 
[INFO] [stdout] For more information about an error, try `rustc --explain E0412`.
[INFO] [stdout] 
[INFO] running `Command { std: "docker" "inspect" "577195c00fdba673be22ffb4e95f9a14c488b4f64cb9f9055f8295062e531e06", kill_on_drop: false }`
[INFO] running `Command { std: "docker" "rm" "-f" "577195c00fdba673be22ffb4e95f9a14c488b4f64cb9f9055f8295062e531e06", kill_on_drop: false }`
[INFO] [stdout] 577195c00fdba673be22ffb4e95f9a14c488b4f64cb9f9055f8295062e531e06
