[INFO] cloning repository https://github.com/gurimusan/rust-cqrses-bankaccount
[INFO] running `Command { std: "git" "-c" "credential.helper=" "-c" "credential.helper=/workspace/cargo-home/bin/git-credential-null" "clone" "--bare" "https://github.com/gurimusan/rust-cqrses-bankaccount" "/workspace/cache/git-repos/https%3A%2F%2Fgithub.com%2Fgurimusan%2Frust-cqrses-bankaccount", kill_on_drop: false }`
[INFO] [stderr] Cloning into bare repository '/workspace/cache/git-repos/https%3A%2F%2Fgithub.com%2Fgurimusan%2Frust-cqrses-bankaccount'...
[INFO] running `Command { std: "git" "rev-parse" "HEAD", kill_on_drop: false }`
[INFO] [stdout] 4f4c1798378170eb17f6bbee82bdd83bd516e457
[INFO] documenting gurimusan/rust-cqrses-bankaccount against 1.54.0 for beta-1.55-rustdoc-1
[INFO] running `Command { std: "git" "clone" "/workspace/cache/git-repos/https%3A%2F%2Fgithub.com%2Fgurimusan%2Frust-cqrses-bankaccount" "/workspace/builds/worker-43/source", kill_on_drop: false }`
[INFO] [stderr] Cloning into '/workspace/builds/worker-43/source'...
[INFO] [stderr] done.
[INFO] validating manifest of git repo https://github.com/gurimusan/rust-cqrses-bankaccount on toolchain 1.54.0
[INFO] running `Command { std: "/workspace/cargo-home/bin/cargo" "+1.54.0" "metadata" "--manifest-path" "Cargo.toml" "--no-deps", kill_on_drop: false }`
[INFO] started tweaking git repo https://github.com/gurimusan/rust-cqrses-bankaccount
[INFO] finished tweaking git repo https://github.com/gurimusan/rust-cqrses-bankaccount
[INFO] tweaked toml for git repo https://github.com/gurimusan/rust-cqrses-bankaccount written to /workspace/builds/worker-43/source/Cargo.toml
[INFO] crate git repo https://github.com/gurimusan/rust-cqrses-bankaccount already has a lockfile, it will not be regenerated
[INFO] running `Command { std: "/workspace/cargo-home/bin/cargo" "+1.54.0" "fetch" "--manifest-path" "Cargo.toml", kill_on_drop: false }`
[INFO] [stderr]     Blocking waiting for file lock on package cache
[INFO] [stderr]     Blocking waiting for file lock on package cache
[INFO] running `Command { std: "docker" "create" "-v" "/var/lib/crater-agent-workspace/builds/worker-43/target:/opt/rustwide/target:rw,Z" "-v" "/var/lib/crater-agent-workspace/builds/worker-43/source:/opt/rustwide/workdir:ro,Z" "-v" "/var/lib/crater-agent-workspace/cargo-home:/opt/rustwide/cargo-home:ro,Z" "-v" "/var/lib/crater-agent-workspace/rustup-home:/opt/rustwide/rustup-home:ro,Z" "-e" "SOURCE_DIR=/opt/rustwide/workdir" "-e" "CARGO_TARGET_DIR=/opt/rustwide/target" "-e" "CARGO_HOME=/opt/rustwide/cargo-home" "-e" "RUSTUP_HOME=/opt/rustwide/rustup-home" "-w" "/opt/rustwide/workdir" "-m" "1610612736" "--user" "0:0" "--network" "none" "ghcr.io/rust-lang/crates-build-env/linux@sha256:34b6a614d2c27851fe6cbf88fbd1137609cefab8b10d0615aaeb6fd47975d74e" "/opt/rustwide/cargo-home/bin/cargo" "+1.54.0" "metadata" "--no-deps" "--format-version=1", kill_on_drop: false }`
[INFO] [stdout] de4eff68c84861de86e9e0da651a68e3baf7a8731a543b364ceb9bab7f818d17
[INFO] running `Command { std: "docker" "start" "-a" "de4eff68c84861de86e9e0da651a68e3baf7a8731a543b364ceb9bab7f818d17", kill_on_drop: false }`
[INFO] running `Command { std: "docker" "inspect" "de4eff68c84861de86e9e0da651a68e3baf7a8731a543b364ceb9bab7f818d17", kill_on_drop: false }`
[INFO] running `Command { std: "docker" "rm" "-f" "de4eff68c84861de86e9e0da651a68e3baf7a8731a543b364ceb9bab7f818d17", kill_on_drop: false }`
[INFO] [stdout] de4eff68c84861de86e9e0da651a68e3baf7a8731a543b364ceb9bab7f818d17
[INFO] running `Command { std: "docker" "create" "-v" "/var/lib/crater-agent-workspace/builds/worker-43/target:/opt/rustwide/target:rw,Z" "-v" "/var/lib/crater-agent-workspace/builds/worker-43/source:/opt/rustwide/workdir:ro,Z" "-v" "/var/lib/crater-agent-workspace/cargo-home:/opt/rustwide/cargo-home:ro,Z" "-v" "/var/lib/crater-agent-workspace/rustup-home:/opt/rustwide/rustup-home:ro,Z" "-e" "SOURCE_DIR=/opt/rustwide/workdir" "-e" "CARGO_TARGET_DIR=/opt/rustwide/target" "-e" "CARGO_INCREMENTAL=0" "-e" "RUST_BACKTRACE=full" "-e" "RUSTDOCFLAGS=--cap-lints=warn" "-e" "CARGO_HOME=/opt/rustwide/cargo-home" "-e" "RUSTUP_HOME=/opt/rustwide/rustup-home" "-w" "/opt/rustwide/workdir" "-m" "1610612736" "--user" "0:0" "--network" "none" "ghcr.io/rust-lang/crates-build-env/linux@sha256:34b6a614d2c27851fe6cbf88fbd1137609cefab8b10d0615aaeb6fd47975d74e" "/opt/rustwide/cargo-home/bin/cargo" "+1.54.0" "doc" "--frozen" "--no-deps" "--document-private-items" "--message-format=json", kill_on_drop: false }`
[INFO] [stdout] 920762248d41cacd7bd56df6f04655485aa8b290c1f265d2fb93c4d9edb0ed5b
[INFO] running `Command { std: "docker" "start" "-a" "920762248d41cacd7bd56df6f04655485aa8b290c1f265d2fb93c4d9edb0ed5b", kill_on_drop: false }`
[INFO] [stderr]    Compiling libc v0.2.62
[INFO] [stderr]    Compiling autocfg v0.1.6
[INFO] [stderr]    Compiling proc-macro2 v1.0.5
[INFO] [stderr]    Compiling cc v1.0.45
[INFO] [stderr]    Compiling syn v1.0.5
[INFO] [stderr]    Compiling log v0.4.8
[INFO] [stderr]     Checking smallvec v0.6.10
[INFO] [stderr]    Compiling byteorder v1.3.2
[INFO] [stderr]     Checking futures v0.1.29
[INFO] [stderr]    Compiling serde v1.0.101
[INFO] [stderr]    Compiling getrandom v0.1.12
[INFO] [stderr]    Compiling failure_derive v0.1.6
[INFO] [stderr]    Compiling version_check v0.1.5
[INFO] [stderr]    Compiling pkg-config v0.3.16
[INFO] [stderr]    Compiling ryu v1.0.1
[INFO] [stderr]     Checking itoa v0.4.4
[INFO] [stderr]    Compiling memchr v2.2.1
[INFO] [stderr]    Compiling arrayvec v0.4.12
[INFO] [stderr]    Compiling protobuf v2.8.1
[INFO] [stderr]    Compiling ppv-lite86 v0.2.5
[INFO] [stderr]     Checking regex-syntax v0.6.12
[INFO] [stderr]     Checking percent-encoding v1.0.1
[INFO] [stderr]    Compiling rustc-demangle v0.1.16
[INFO] [stderr]    Compiling unicode-xid v0.0.4
[INFO] [stderr]     Checking pdqselect v0.1.0
[INFO] [stderr]    Compiling crc32fast v1.2.0
[INFO] [stderr]    Compiling remove_dir_all v0.5.2
[INFO] [stderr]    Compiling encoding_rs v0.8.20
[INFO] [stderr]    Compiling quote v0.3.15
[INFO] [stderr]     Checking unicode-width v0.1.6
[INFO] [stderr]     Checking try-lock v0.2.2
[INFO] [stderr]     Checking indexmap v1.2.0
[INFO] [stderr]     Checking dtoa v0.4.4
[INFO] [stderr]     Checking mime v0.3.14
[INFO] [stderr]     Checking quick-error v1.2.2
[INFO] [stderr]    Compiling openssl v0.10.25
[INFO] [stderr]    Compiling unicode-segmentation v1.3.0
[INFO] [stderr]     Checking bit-vec v0.4.4
[INFO] [stderr]    Compiling nom v2.2.1
[INFO] [stderr]     Checking vec_map v0.8.1
[INFO] [stderr]     Checking byteorder v0.5.3
[INFO] [stderr]     Checking termcolor v1.0.5
[INFO] [stderr]     Checking ref_slice v1.2.0
[INFO] [stderr]     Checking fluent_builder v0.6.0
[INFO] [stderr]     Checking crossbeam-utils v0.6.6
[INFO] [stderr]     Checking lock_api v0.3.1
[INFO] [stderr]     Checking thread_local v0.3.6
[INFO] [stderr]     Checking lock_api v0.2.0
[INFO] [stderr]     Checking try_from v0.3.2
[INFO] [stderr]    Compiling crc v1.8.1
[INFO] [stderr]     Checking miniz_oxide v0.3.3
[INFO] [stderr]    Compiling memoffset v0.5.1
[INFO] [stderr]    Compiling parking_lot_core v0.5.0
[INFO] [stderr]    Compiling hyper v0.12.35
[INFO] [stderr]    Compiling parking_lot v0.8.0
[INFO] [stderr]    Compiling parking_lot_core v0.6.2
[INFO] [stderr]    Compiling parking_lot v0.9.0
[INFO] [stderr]     Checking unicode-normalization v0.1.8
[INFO] [stderr]    Compiling synom v0.11.3
[INFO] [stderr]    Compiling cmake v0.1.42
[INFO] [stderr]     Checking textwrap v0.11.0
[INFO] [stderr]     Checking getopts v0.2.21
[INFO] [stderr]    Compiling num-traits v0.2.8
[INFO] [stderr]    Compiling rand_pcg v0.1.2
[INFO] [stderr]    Compiling rand_chacha v0.1.1
[INFO] [stderr]    Compiling rand v0.6.5
[INFO] [stderr]    Compiling num-integer v0.1.41
[INFO] [stderr]    Compiling unicase v2.5.1
[INFO] [stderr]    Compiling error-chain v0.12.1
[INFO] [stderr]     Checking humantime v1.3.0
[INFO] [stderr]     Checking c2-chacha v0.2.2
[INFO] [stderr]     Checking crossbeam-queue v0.1.2
[INFO] [stderr]     Checking crossbeam-channel v0.3.9
[INFO] [stderr]     Checking bit-set v0.4.0
[INFO] [stderr]    Compiling heck v0.3.1
[INFO] [stderr]    Compiling syn v0.11.11
[INFO] [stderr]    Compiling protoc v2.8.1
[INFO] [stderr]    Compiling time v0.1.42
[INFO] [stderr]    Compiling backtrace-sys v0.1.31
[INFO] [stderr]    Compiling miniz-sys v0.1.12
[INFO] [stderr]    Compiling openssl-sys v0.9.51
[INFO] [stderr]    Compiling mysqlclient-sys v0.2.4
[INFO] [stderr]    Compiling grpcio-sys v0.4.5
[INFO] [stderr]     Checking log v0.3.9
[INFO] [stderr]     Checking idna v0.1.5
[INFO] [stderr]     Checking idna v0.2.0
[INFO] [stderr]     Checking base64 v0.10.1
[INFO] [stderr]     Checking snap v0.2.5
[INFO] [stderr]    Compiling quote v1.0.2
[INFO] [stderr]    Compiling rand_core v0.5.1
[INFO] [stderr]     Checking aho-corasick v0.7.6
[INFO] [stderr]     Checking crossbeam-epoch v0.7.2
[INFO] [stderr]    Compiling mime_guess v2.0.1
[INFO] [stderr]    Compiling rand_chacha v0.2.1
[INFO] [stderr]     Checking tokio-executor v0.1.8
[INFO] [stderr]     Checking tokio-sync v0.1.7
[INFO] [stderr]     Checking want v0.2.0
[INFO] [stderr]     Checking iovec v0.1.4
[INFO] [stderr]     Checking num_cpus v1.10.1
[INFO] [stderr]     Checking rand_os v0.1.3
[INFO] [stderr]     Checking net2 v0.2.33
[INFO] [stderr]     Checking rand v0.4.6
[INFO] [stderr]     Checking atty v0.2.13
[INFO] [stderr]     Checking flate2 v1.0.12
[INFO] [stderr]    Compiling rand v0.7.2
[INFO] [stderr]     Checking url v2.1.0
[INFO] [stderr]     Checking url v1.7.2
[INFO] [stderr]     Checking crossbeam-deque v0.7.1
[INFO] [stderr]     Checking tokio-current-thread v0.1.6
[INFO] [stderr]     Checking tokio-timer v0.2.11
[INFO] [stderr]     Checking bytes v0.4.12
[INFO] [stderr]     Checking threadpool v1.7.1
[INFO] [stderr]     Checking futures-cpupool v0.1.8
[INFO] [stderr]     Checking clap v2.33.0
[INFO] [stderr]     Checking mio v0.6.19
[INFO] [stderr]     Checking tokio-threadpool v0.1.16
[INFO] [stderr]     Checking regex v1.3.1
[INFO] [stderr]     Checking flate2 v0.2.20
[INFO] [stderr]     Checking scheduled-thread-pool v0.2.2
[INFO] [stderr]     Checking tokio-io v0.1.12
[INFO] [stderr]     Checking http v0.1.18
[INFO] [stderr]     Checking string v0.2.1
[INFO] [stderr]     Checking tokio-buf v0.1.1
[INFO] [stderr]     Checking rand v0.3.23
[INFO] [stderr]     Checking uuid v0.6.5
[INFO] [stderr]     Checking cookie v0.12.0
[INFO] [stderr]     Checking rstar v0.2.0
[INFO] [stderr]     Checking chan v0.1.23
[INFO] [stderr]    Compiling backtrace v0.3.38
[INFO] [stderr]     Checking mio-uds v0.6.7
[INFO] [stderr]     Checking tokio-reactor v0.1.10
[INFO] [stderr]     Checking tokio-codec v0.1.1
[INFO] [stderr]     Checking tokio-fs v0.1.6
[INFO] [stderr]     Checking chan-signal v0.3.3
[INFO] [stderr]    Compiling tempfile v3.1.0
[INFO] [stderr]     Checking error-chain v0.11.0
[INFO] [stderr]     Checking error-chain v0.10.0
[INFO] [stderr]     Checking geo-types v0.4.3
[INFO] [stderr]     Checking twox-hash v1.5.0
[INFO] [stderr]     Checking tokio-uds v0.2.5
[INFO] [stderr]     Checking tokio-tcp v0.1.3
[INFO] [stderr]     Checking tokio-udp v0.1.5
[INFO] [stderr]     Checking r2d2 v0.8.5
[INFO] [stderr]     Checking publicsuffix v1.5.3
[INFO] [stderr]     Checking env_logger v0.7.0
[INFO] [stderr]    Compiling serde_derive_internals v0.15.1
[INFO] [stderr]    Compiling protobuf-codegen v2.8.1
[INFO] [stderr]     Checking tokio v0.1.22
[INFO] [stderr]     Checking kafka v0.8.0
[INFO] [stderr]     Checking h2 v0.1.26
[INFO] [stderr]     Checking http-body v0.1.0
[INFO] [stderr]    Compiling synstructure v0.12.1
[INFO] [stderr]    Compiling proc-macro-error v0.2.6
[INFO] [stderr]    Compiling serde_derive v1.0.101
[INFO] [stderr]    Compiling derive-new v0.5.8
[INFO] [stderr]    Compiling diesel_derives v1.4.1
[INFO] [stderr]    Compiling structopt-derive v0.3.3
[INFO] [stderr]     Checking failure v0.1.6
[INFO] [stderr]     Checking geohash v0.9.0
[INFO] [stderr]     Checking geo v0.12.2
[INFO] [stderr]     Checking dotenv v0.14.1
[INFO] [stderr]    Compiling grpcio-compiler v0.5.0-alpha.2
[INFO] [stderr]    Compiling protoc-grpcio v1.1.0
[INFO] [stderr]    Compiling rust_cqrses_bankaccount_mysql_example v0.1.0 (/opt/rustwide/workdir/examples/mysql)
[INFO] [stderr]     Checking structopt v0.3.3
[INFO] [stderr] error: failed to run custom build command for `rust_cqrses_bankaccount_mysql_example v0.1.0 (/opt/rustwide/workdir/examples/mysql)`
[INFO] [stderr] 
[INFO] [stderr] Caused by:
[INFO] [stderr]   process didn't exit successfully: `/opt/rustwide/target/debug/build/rust_cqrses_bankaccount_mysql_example-64425da894b86728/build-script-build` (exit status: 101)
[INFO] [stderr]   --- stdout
[INFO] [stderr]   cargo:rerun-if-changed=cmd/grpc/protos
[INFO] [stderr] 
[INFO] [stderr]   --- stderr
[INFO] [stderr]   thread 'main' panicked at 'Failed to compile gRPC definitions!: Os { code: 30, kind: Other, message: "Read-only file system" }
[INFO] [stderr] 
[INFO] [stderr]   stack backtrace:
[INFO] [stderr]      0: failure::backtrace::internal::InternalBacktrace::new
[INFO] [stderr]                at /opt/rustwide/cargo-home/registry/src/github.com-1ecc6299db9ec823/failure-0.1.6/src/backtrace/internal.rs:46
[INFO] [stderr]      1: failure::backtrace::Backtrace::new
[INFO] [stderr]                at /opt/rustwide/cargo-home/registry/src/github.com-1ecc6299db9ec823/failure-0.1.6/src/backtrace/mod.rs:121
[INFO] [stderr]      2: <failure::error::error_impl::ErrorImpl as core::convert::From<F>>::from
[INFO] [stderr]                at /opt/rustwide/cargo-home/registry/src/github.com-1ecc6299db9ec823/failure-0.1.6/src/error/error_impl.rs:19
[INFO] [stderr]      3: <failure::error::Error as core::convert::From<F>>::from
[INFO] [stderr]                at /opt/rustwide/cargo-home/registry/src/github.com-1ecc6299db9ec823/failure-0.1.6/src/error/mod.rs:36
[INFO] [stderr]      4: <T as core::convert::Into<U>>::into
[INFO] [stderr]                at /rustc/a178d0322ce20e33eac124758e837cbd80a6f633/library/core/src/convert/mod.rs:538
[INFO] [stderr]      5: failure::context::Context<D>::with_err
[INFO] [stderr]                at /opt/rustwide/cargo-home/registry/src/github.com-1ecc6299db9ec823/failure-0.1.6/src/context.rs:105
[INFO] [stderr]      6: failure::Fail::context
[INFO] [stderr]                at /opt/rustwide/cargo-home/registry/src/github.com-1ecc6299db9ec823/failure-0.1.6/src/lib.rs:160
[INFO] [stderr]      7: <core::result::Result<T,E> as failure::result_ext::ResultExt<T,E>>::context::{{closure}}
[INFO] [stderr]                at /opt/rustwide/cargo-home/registry/src/github.com-1ecc6299db9ec823/failure-0.1.6/src/result_ext.rs:164
[INFO] [stderr]      8: core::result::Result<T,E>::map_err
[INFO] [stderr]                at /rustc/a178d0322ce20e33eac124758e837cbd80a6f633/library/core/src/result.rs:591
[INFO] [stderr]      9: <core::result::Result<T,E> as failure::result_ext::ResultExt<T,E>>::context
[INFO] [stderr]                at /opt/rustwide/cargo-home/registry/src/github.com-1ecc6299db9ec823/failure-0.1.6/src/result_ext.rs:164
[INFO] [stderr]     10: protoc_grpcio::write_out_generated_files
[INFO] [stderr]                at /opt/rustwide/cargo-home/registry/src/github.com-1ecc6299db9ec823/protoc-grpcio-1.1.0/src/lib.rs:91
[INFO] [stderr]     11: protoc_grpcio::compile_grpc_protos
[INFO] [stderr]                at /opt/rustwide/cargo-home/registry/src/github.com-1ecc6299db9ec823/protoc-grpcio-1.1.0/src/lib.rs:260
[INFO] [stderr]     12: build_script_build::main
[INFO] [stderr]                at examples/mysql/build.rs:6
[INFO] [stderr]     13: core::ops::function::FnOnce::call_once
[INFO] [stderr]                at /rustc/a178d0322ce20e33eac124758e837cbd80a6f633/library/core/src/ops/function.rs:227
[INFO] [stderr]     14: std::sys_common::backtrace::__rust_begin_short_backtrace
[INFO] [stderr]                at /rustc/a178d0322ce20e33eac124758e837cbd80a6f633/library/std/src/sys_common/backtrace.rs:125
[INFO] [stderr]     15: std::rt::lang_start::{{closure}}
[INFO] [stderr]                at /rustc/a178d0322ce20e33eac124758e837cbd80a6f633/library/std/src/rt.rs:49
[INFO] [stderr]     16: core::ops::function::impls::<impl core::ops::function::FnOnce<A> for &F>::call_once
[INFO] [stderr]                at /rustc/a178d0322ce20e33eac124758e837cbd80a6f633/library/core/src/ops/function.rs:259
[INFO] [stderr]         std::panicking::try::do_call
[INFO] [stderr]                at library/std/src/panicking.rs:401
[INFO] [stderr]         std::panicking::try
[INFO] [stderr]                at library/std/src/panicking.rs:365
[INFO] [stderr]         std::panic::catch_unwind
[INFO] [stderr]                at library/std/src/panic.rs:434
[INFO] [stderr]         std::rt::lang_start_internal
[INFO] [stderr]                at library/std/src/rt.rs:34
[INFO] [stderr]     17: std::rt::lang_start
[INFO] [stderr]                at /rustc/a178d0322ce20e33eac124758e837cbd80a6f633/library/std/src/rt.rs:48
[INFO] [stderr]     18: main
[INFO] [stderr]     19: __libc_start_main
[INFO] [stderr]     20: _start
[INFO] [stderr] 
[INFO] [stderr] 
[INFO] [stderr]   failed to create "cmd/grpc/protos/bank_account_grpc.rs"
[INFO] [stderr] 
[INFO] [stderr]   failed to write generated grpc definitions', examples/mysql/build.rs:11:7
[INFO] [stderr]   stack backtrace:
[INFO] [stderr]      0:     0x558d478e6140 - std::backtrace_rs::backtrace::libunwind::trace::h34055254b57d8e79
[INFO] [stderr]                                  at /rustc/a178d0322ce20e33eac124758e837cbd80a6f633/library/std/src/../../backtrace/src/backtrace/libunwind.rs:90:5
[INFO] [stderr]      1:     0x558d478e6140 - std::backtrace_rs::backtrace::trace_unsynchronized::h8f1e3fbd9afff6ec
[INFO] [stderr]                                  at /rustc/a178d0322ce20e33eac124758e837cbd80a6f633/library/std/src/../../backtrace/src/backtrace/mod.rs:66:5
[INFO] [stderr]      2:     0x558d478e6140 - std::sys_common::backtrace::_print_fmt::h3a99a796b770c360
[INFO] [stderr]                                  at /rustc/a178d0322ce20e33eac124758e837cbd80a6f633/library/std/src/sys_common/backtrace.rs:67:5
[INFO] [stderr]      3:     0x558d478e6140 - <std::sys_common::backtrace::_print::DisplayBacktrace as core::fmt::Display>::fmt::h32d1f94a80615d18
[INFO] [stderr]                                  at /rustc/a178d0322ce20e33eac124758e837cbd80a6f633/library/std/src/sys_common/backtrace.rs:46:22
[INFO] [stderr]      4:     0x558d4790a74c - core::fmt::write::h306731c068f7162c
[INFO] [stderr]                                  at /rustc/a178d0322ce20e33eac124758e837cbd80a6f633/library/core/src/fmt/mod.rs:1110:17
[INFO] [stderr]      5:     0x558d478e3d85 - std::io::Write::write_fmt::hd2fa90334eee2a21
[INFO] [stderr]                                  at /rustc/a178d0322ce20e33eac124758e837cbd80a6f633/library/std/src/io/mod.rs:1588:15
[INFO] [stderr]      6:     0x558d478e809b - std::sys_common::backtrace::_print::h5abaa2601a852287
[INFO] [stderr]                                  at /rustc/a178d0322ce20e33eac124758e837cbd80a6f633/library/std/src/sys_common/backtrace.rs:49:5
[INFO] [stderr]      7:     0x558d478e809b - std::sys_common::backtrace::print::h8d81445442bb638f
[INFO] [stderr]                                  at /rustc/a178d0322ce20e33eac124758e837cbd80a6f633/library/std/src/sys_common/backtrace.rs:36:9
[INFO] [stderr]      8:     0x558d478e809b - std::panicking::default_hook::{{closure}}::hcfe804496a9fa747
[INFO] [stderr]                                  at /rustc/a178d0322ce20e33eac124758e837cbd80a6f633/library/std/src/panicking.rs:208:50
[INFO] [stderr]      9:     0x558d478e7b71 - std::panicking::default_hook::hbea8e3ccf2ba8901
[INFO] [stderr]                                  at /rustc/a178d0322ce20e33eac124758e837cbd80a6f633/library/std/src/panicking.rs:225:9
[INFO] [stderr]     10:     0x558d478e8764 - std::panicking::rust_panic_with_hook::h7ee9e1a2d0f8975a
[INFO] [stderr]                                  at /rustc/a178d0322ce20e33eac124758e837cbd80a6f633/library/std/src/panicking.rs:622:17
[INFO] [stderr]     11:     0x558d478e8247 - std::panicking::begin_panic_handler::{{closure}}::h8ab3b4491718b2c7
[INFO] [stderr]                                  at /rustc/a178d0322ce20e33eac124758e837cbd80a6f633/library/std/src/panicking.rs:519:13
[INFO] [stderr]     12:     0x558d478e663c - std::sys_common::backtrace::__rust_end_short_backtrace::hd489062ffa586a9f
[INFO] [stderr]                                  at /rustc/a178d0322ce20e33eac124758e837cbd80a6f633/library/std/src/sys_common/backtrace.rs:141:18
[INFO] [stderr]     13:     0x558d478e81a9 - rust_begin_unwind
[INFO] [stderr]                                  at /rustc/a178d0322ce20e33eac124758e837cbd80a6f633/library/std/src/panicking.rs:515:5
[INFO] [stderr]     14:     0x558d476157d1 - core::panicking::panic_fmt::hca6330e3e14086b4
[INFO] [stderr]                                  at /rustc/a178d0322ce20e33eac124758e837cbd80a6f633/library/core/src/panicking.rs:92:14
[INFO] [stderr]     15:     0x558d476158c3 - core::result::unwrap_failed::h6160d2b4bfbb0e87
[INFO] [stderr]                                  at /rustc/a178d0322ce20e33eac124758e837cbd80a6f633/library/core/src/result.rs:1355:5
[INFO] [stderr]     16:     0x558d4761970b - core::result::Result<T,E>::expect::ha9716421e7ee9ad9
[INFO] [stderr]                                  at /rustc/a178d0322ce20e33eac124758e837cbd80a6f633/library/core/src/result.rs:997:23
[INFO] [stderr]     17:     0x558d4762c579 - build_script_build::main::h74c2db350e5ba1db
[INFO] [stderr]                                  at /opt/rustwide/workdir/examples/mysql/build.rs:6:5
[INFO] [stderr]     18:     0x558d4762b29b - core::ops::function::FnOnce::call_once::h660998ccfa8fa7fe
[INFO] [stderr]                                  at /rustc/a178d0322ce20e33eac124758e837cbd80a6f633/library/core/src/ops/function.rs:227:5
[INFO] [stderr]     19:     0x558d4761ef9e - std::sys_common::backtrace::__rust_begin_short_backtrace::h8f52943dec84d85a
[INFO] [stderr]                                  at /rustc/a178d0322ce20e33eac124758e837cbd80a6f633/library/std/src/sys_common/backtrace.rs:125:18
[INFO] [stderr]     20:     0x558d4762af31 - std::rt::lang_start::{{closure}}::h74f7b37184836f86
[INFO] [stderr]                                  at /rustc/a178d0322ce20e33eac124758e837cbd80a6f633/library/std/src/rt.rs:49:18
[INFO] [stderr]     21:     0x558d478e8c69 - core::ops::function::impls::<impl core::ops::function::FnOnce<A> for &F>::call_once::h2aabc384aab89b7b
[INFO] [stderr]                                  at /rustc/a178d0322ce20e33eac124758e837cbd80a6f633/library/core/src/ops/function.rs:259:13
[INFO] [stderr]     22:     0x558d478e8c69 - std::panicking::try::do_call::hc5fcacb7a85fc7b1
[INFO] [stderr]                                  at /rustc/a178d0322ce20e33eac124758e837cbd80a6f633/library/std/src/panicking.rs:401:40
[INFO] [stderr]     23:     0x558d478e8c69 - std::panicking::try::hb5d9603af3abbe3a
[INFO] [stderr]                                  at /rustc/a178d0322ce20e33eac124758e837cbd80a6f633/library/std/src/panicking.rs:365:19
[INFO] [stderr]     24:     0x558d478e8c69 - std::panic::catch_unwind::h98fe6ac3925e64b4
[INFO] [stderr]                                  at /rustc/a178d0322ce20e33eac124758e837cbd80a6f633/library/std/src/panic.rs:434:14
[INFO] [stderr]     25:     0x558d478e8c69 - std::rt::lang_start_internal::h22ac7383c516f93e
[INFO] [stderr]                                  at /rustc/a178d0322ce20e33eac124758e837cbd80a6f633/library/std/src/rt.rs:34:21
[INFO] [stderr]     26:     0x558d4762af10 - std::rt::lang_start::hb937ef2bfd487c1f
[INFO] [stderr]                                  at /rustc/a178d0322ce20e33eac124758e837cbd80a6f633/library/std/src/rt.rs:48:5
[INFO] [stderr]     27:     0x558d4762c5ac - main
[INFO] [stderr]     28:     0x7fa274dcb0b3 - __libc_start_main
[INFO] [stderr]     29:     0x558d47615f8e - _start
[INFO] [stderr]     30:                0x0 - <unknown>
[INFO] [stderr] warning: build failed, waiting for other jobs to finish...
[INFO] [stderr] error: build failed
[INFO] running `Command { std: "docker" "inspect" "920762248d41cacd7bd56df6f04655485aa8b290c1f265d2fb93c4d9edb0ed5b", kill_on_drop: false }`
[INFO] running `Command { std: "docker" "rm" "-f" "920762248d41cacd7bd56df6f04655485aa8b290c1f265d2fb93c4d9edb0ed5b", kill_on_drop: false }`
[INFO] [stdout] 920762248d41cacd7bd56df6f04655485aa8b290c1f265d2fb93c4d9edb0ed5b
