[INFO] cloning repository https://github.com/goddessfreya/gentzcc
[INFO] running `Command { std: "git" "-c" "credential.helper=" "-c" "credential.helper=/workspace/cargo-home/bin/git-credential-null" "clone" "--bare" "https://github.com/goddessfreya/gentzcc" "/workspace/cache/git-repos/https%3A%2F%2Fgithub.com%2Fgoddessfreya%2Fgentzcc", kill_on_drop: false }`
[INFO] [stderr] Cloning into bare repository '/workspace/cache/git-repos/https%3A%2F%2Fgithub.com%2Fgoddessfreya%2Fgentzcc'...
[INFO] running `Command { std: "git" "rev-parse" "HEAD", kill_on_drop: false }`
[INFO] [stdout] 652b6328b28695948f4db10347bc8962003c8ae7
[INFO] documenting goddessfreya/gentzcc against 1.54.0 for beta-1.55-rustdoc-1
[INFO] running `Command { std: "git" "clone" "/workspace/cache/git-repos/https%3A%2F%2Fgithub.com%2Fgoddessfreya%2Fgentzcc" "/workspace/builds/worker-1/source", kill_on_drop: false }`
[INFO] [stderr] Cloning into '/workspace/builds/worker-1/source'...
[INFO] [stderr] done.
[INFO] validating manifest of git repo https://github.com/goddessfreya/gentzcc on toolchain 1.54.0
[INFO] running `Command { std: "/workspace/cargo-home/bin/cargo" "+1.54.0" "metadata" "--manifest-path" "Cargo.toml" "--no-deps", kill_on_drop: false }`
[INFO] started tweaking git repo https://github.com/goddessfreya/gentzcc
[INFO] finished tweaking git repo https://github.com/goddessfreya/gentzcc
[INFO] tweaked toml for git repo https://github.com/goddessfreya/gentzcc written to /workspace/builds/worker-1/source/Cargo.toml
[INFO] crate git repo https://github.com/goddessfreya/gentzcc already has a lockfile, it will not be regenerated
[INFO] running `Command { std: "/workspace/cargo-home/bin/cargo" "+1.54.0" "fetch" "--manifest-path" "Cargo.toml", kill_on_drop: false }`
[INFO] running `Command { std: "docker" "create" "-v" "/var/lib/crater-agent-workspace/builds/worker-1/target:/opt/rustwide/target:rw,Z" "-v" "/var/lib/crater-agent-workspace/builds/worker-1/source:/opt/rustwide/workdir:ro,Z" "-v" "/var/lib/crater-agent-workspace/cargo-home:/opt/rustwide/cargo-home:ro,Z" "-v" "/var/lib/crater-agent-workspace/rustup-home:/opt/rustwide/rustup-home:ro,Z" "-e" "SOURCE_DIR=/opt/rustwide/workdir" "-e" "CARGO_TARGET_DIR=/opt/rustwide/target" "-e" "CARGO_HOME=/opt/rustwide/cargo-home" "-e" "RUSTUP_HOME=/opt/rustwide/rustup-home" "-w" "/opt/rustwide/workdir" "-m" "1610612736" "--user" "0:0" "--network" "none" "ghcr.io/rust-lang/crates-build-env/linux@sha256:34b6a614d2c27851fe6cbf88fbd1137609cefab8b10d0615aaeb6fd47975d74e" "/opt/rustwide/cargo-home/bin/cargo" "+1.54.0" "metadata" "--no-deps" "--format-version=1", kill_on_drop: false }`
[INFO] [stderr] WARNING: Your kernel does not support swap limit capabilities or the cgroup is not mounted. Memory limited without swap.
[INFO] [stdout] 12e684f0fd8be7b22a52cb86df8c42fab1d8fa6d13d3157d787fe91327248e6a
[INFO] running `Command { std: "docker" "start" "-a" "12e684f0fd8be7b22a52cb86df8c42fab1d8fa6d13d3157d787fe91327248e6a", kill_on_drop: false }`
[INFO] running `Command { std: "docker" "inspect" "12e684f0fd8be7b22a52cb86df8c42fab1d8fa6d13d3157d787fe91327248e6a", kill_on_drop: false }`
[INFO] running `Command { std: "docker" "rm" "-f" "12e684f0fd8be7b22a52cb86df8c42fab1d8fa6d13d3157d787fe91327248e6a", kill_on_drop: false }`
[INFO] [stdout] 12e684f0fd8be7b22a52cb86df8c42fab1d8fa6d13d3157d787fe91327248e6a
[INFO] running `Command { std: "docker" "create" "-v" "/var/lib/crater-agent-workspace/builds/worker-1/target:/opt/rustwide/target:rw,Z" "-v" "/var/lib/crater-agent-workspace/builds/worker-1/source:/opt/rustwide/workdir:ro,Z" "-v" "/var/lib/crater-agent-workspace/cargo-home:/opt/rustwide/cargo-home:ro,Z" "-v" "/var/lib/crater-agent-workspace/rustup-home:/opt/rustwide/rustup-home:ro,Z" "-e" "SOURCE_DIR=/opt/rustwide/workdir" "-e" "CARGO_TARGET_DIR=/opt/rustwide/target" "-e" "CARGO_INCREMENTAL=0" "-e" "RUST_BACKTRACE=full" "-e" "RUSTDOCFLAGS=--cap-lints=warn" "-e" "CARGO_HOME=/opt/rustwide/cargo-home" "-e" "RUSTUP_HOME=/opt/rustwide/rustup-home" "-w" "/opt/rustwide/workdir" "-m" "1610612736" "--user" "0:0" "--network" "none" "ghcr.io/rust-lang/crates-build-env/linux@sha256:34b6a614d2c27851fe6cbf88fbd1137609cefab8b10d0615aaeb6fd47975d74e" "/opt/rustwide/cargo-home/bin/cargo" "+1.54.0" "doc" "--frozen" "--no-deps" "--document-private-items" "--message-format=json", kill_on_drop: false }`
[INFO] [stderr] WARNING: Your kernel does not support swap limit capabilities or the cgroup is not mounted. Memory limited without swap.
[INFO] [stdout] 7751ae04f895185152f555733c482e4823e8f8a26c92d34870755aa0eb49e90f
[INFO] running `Command { std: "docker" "start" "-a" "7751ae04f895185152f555733c482e4823e8f8a26c92d34870755aa0eb49e90f", kill_on_drop: false }`
[INFO] [stderr]    Compiling regex-syntax v0.6.12
[INFO] [stderr]    Compiling new_debug_unreachable v1.0.3
[INFO] [stderr]    Compiling bit-vec v0.5.1
[INFO] [stderr]    Compiling strsim v0.9.2
[INFO] [stderr]    Compiling block-padding v0.1.4
[INFO] [stderr]    Compiling itertools v0.8.0
[INFO] [stderr]    Compiling libc v0.2.64
[INFO] [stderr]     Checking atty v0.2.13
[INFO] [stderr]    Compiling syn v1.0.5
[INFO] [stderr]     Checking regex v1.3.1
[INFO] [stderr]    Compiling block-buffer v0.7.3
[INFO] [stderr]    Compiling bit-set v0.5.1
[INFO] [stderr]    Compiling rand_os v0.1.3
[INFO] [stderr]    Compiling dirs v1.0.5
[INFO] [stderr]    Compiling sha2 v0.8.0
[INFO] [stderr]    Compiling term v0.5.2
[INFO] [stderr]    Compiling rand v0.6.5
[INFO] [stderr]     Checking env_logger v0.7.1
[INFO] [stderr]    Compiling ascii-canvas v2.0.0
[INFO] [stderr]    Compiling phf_generator v0.7.24
[INFO] [stderr]    Compiling string_cache_codegen v0.4.4
[INFO] [stderr]    Compiling string_cache v0.7.4
[INFO] [stderr]    Compiling logos-derive v0.10.0-rc2
[INFO] [stdout] error[E0061]: this function takes 1 argument but 2 arguments were supplied
[INFO] [stdout]    --> /opt/rustwide/cargo-home/registry/src/github.com-1ecc6299db9ec823/logos-derive-0.10.0-rc2/src/lib.rs:63:20
[INFO] [stdout]     |
[INFO] [stdout] 63  |             extras.insert(ext, |_| panic!("Only one #[extras] attribute can be declared."));
[INFO] [stdout]     |                    ^^^^^^ ---  ----------------------------------------------------------- supplied 2 arguments
[INFO] [stdout]     |                    |
[INFO] [stdout]     |                    expected 1 argument
[INFO] [stdout]     |
[INFO] [stdout] note: associated function defined here
[INFO] [stdout] 
[INFO] [stdout] 
[INFO] [stdout] error[E0061]: this function takes 1 argument but 2 arguments were supplied
[INFO] [stdout]    --> /opt/rustwide/cargo-home/registry/src/github.com-1ecc6299db9ec823/logos-derive-0.10.0-rc2/src/lib.rs:134:23
[INFO] [stdout]     |
[INFO] [stdout] 134 |                 error.insert(variant, |_| panic!("Only one #[error] variant can be declared."));
[INFO] [stdout]     |                       ^^^^^^ -------  -------------------------------------------------------- supplied 2 arguments
[INFO] [stdout]     |                       |
[INFO] [stdout]     |                       expected 1 argument
[INFO] [stdout]     |
[INFO] [stdout] note: associated function defined here
[INFO] [stdout] 
[INFO] [stdout] 
[INFO] [stdout] error[E0061]: this function takes 1 argument but 2 arguments were supplied
[INFO] [stdout]    --> /opt/rustwide/cargo-home/registry/src/github.com-1ecc6299db9ec823/logos-derive-0.10.0-rc2/src/lib.rs:138:21
[INFO] [stdout]     |
[INFO] [stdout] 138 |                 end.insert(variant, |_| panic!("Only one #[end] variant can be declared."));
[INFO] [stdout]     |                     ^^^^^^ -------  ------------------------------------------------------ supplied 2 arguments
[INFO] [stdout]     |                     |
[INFO] [stdout]     |                     expected 1 argument
[INFO] [stdout]     |
[INFO] [stdout] note: associated function defined here
[INFO] [stdout] 
[INFO] [stdout] 
[INFO] [stdout] error[E0061]: this function takes 1 argument but 2 arguments were supplied
[INFO] [stdout]    --> /opt/rustwide/cargo-home/registry/src/github.com-1ecc6299db9ec823/logos-derive-0.10.0-rc2/src/util.rs:89:31
[INFO] [stdout]     |
[INFO] [stdout] 89  |                 self.callback.insert(callback, |_| panic!("Only one callback can be defined per variant definition!"));
[INFO] [stdout]     |                               ^^^^^^ --------  ---------------------------------------------------------------------- supplied 2 arguments
[INFO] [stdout]     |                               |
[INFO] [stdout]     |                               expected 1 argument
[INFO] [stdout]     |
[INFO] [stdout] note: associated function defined here
[INFO] [stdout] 
[INFO] [stdout] 
[INFO] [stdout] error: aborting due to 4 previous errors
[INFO] [stdout] 
[INFO] [stdout] 
[INFO] [stdout] For more information about this error, try `rustc --explain E0061`.
[INFO] [stdout] 
[INFO] [stderr] error: could not compile `logos-derive`
[INFO] [stderr] 
[INFO] [stderr] To learn more, run the command again with --verbose.
[INFO] [stderr] warning: build failed, waiting for other jobs to finish...
[INFO] [stderr] error: build failed
[INFO] running `Command { std: "docker" "inspect" "7751ae04f895185152f555733c482e4823e8f8a26c92d34870755aa0eb49e90f", kill_on_drop: false }`
[INFO] running `Command { std: "docker" "rm" "-f" "7751ae04f895185152f555733c482e4823e8f8a26c92d34870755aa0eb49e90f", kill_on_drop: false }`
[INFO] [stdout] 7751ae04f895185152f555733c482e4823e8f8a26c92d34870755aa0eb49e90f
