[INFO] cloning repository https://github.com/gmjosack/coreutils.rs
[INFO] running `Command { std: "git" "-c" "credential.helper=" "-c" "credential.helper=/workspace/cargo-home/bin/git-credential-null" "clone" "--bare" "https://github.com/gmjosack/coreutils.rs" "/workspace/cache/git-repos/https%3A%2F%2Fgithub.com%2Fgmjosack%2Fcoreutils.rs", kill_on_drop: false }`
[INFO] [stderr] Cloning into bare repository '/workspace/cache/git-repos/https%3A%2F%2Fgithub.com%2Fgmjosack%2Fcoreutils.rs'...
[INFO] running `Command { std: "git" "rev-parse" "HEAD", kill_on_drop: false }`
[INFO] [stdout] 2b9ff9d971867cf4c1666e337d18946fa85649a6
[INFO] documenting gmjosack/coreutils.rs against 1.54.0 for beta-1.55-rustdoc-1
[INFO] running `Command { std: "git" "clone" "/workspace/cache/git-repos/https%3A%2F%2Fgithub.com%2Fgmjosack%2Fcoreutils.rs" "/workspace/builds/worker-7/source", kill_on_drop: false }`
[INFO] [stderr] Cloning into '/workspace/builds/worker-7/source'...
[INFO] [stderr] done.
[INFO] validating manifest of git repo https://github.com/gmjosack/coreutils.rs on toolchain 1.54.0
[INFO] running `Command { std: "/workspace/cargo-home/bin/cargo" "+1.54.0" "metadata" "--manifest-path" "Cargo.toml" "--no-deps", kill_on_drop: false }`
[INFO] started tweaking git repo https://github.com/gmjosack/coreutils.rs
[INFO] finished tweaking git repo https://github.com/gmjosack/coreutils.rs
[INFO] tweaked toml for git repo https://github.com/gmjosack/coreutils.rs written to /workspace/builds/worker-7/source/Cargo.toml
[INFO] crate git repo https://github.com/gmjosack/coreutils.rs already has a lockfile, it will not be regenerated
[INFO] running `Command { std: "/workspace/cargo-home/bin/cargo" "+1.54.0" "fetch" "--manifest-path" "Cargo.toml", kill_on_drop: false }`
[INFO] running `Command { std: "docker" "create" "-v" "/var/lib/crater-agent-workspace/builds/worker-7/target:/opt/rustwide/target:rw,Z" "-v" "/var/lib/crater-agent-workspace/builds/worker-7/source:/opt/rustwide/workdir:ro,Z" "-v" "/var/lib/crater-agent-workspace/cargo-home:/opt/rustwide/cargo-home:ro,Z" "-v" "/var/lib/crater-agent-workspace/rustup-home:/opt/rustwide/rustup-home:ro,Z" "-e" "SOURCE_DIR=/opt/rustwide/workdir" "-e" "CARGO_TARGET_DIR=/opt/rustwide/target" "-e" "CARGO_HOME=/opt/rustwide/cargo-home" "-e" "RUSTUP_HOME=/opt/rustwide/rustup-home" "-w" "/opt/rustwide/workdir" "-m" "1610612736" "--user" "0:0" "--network" "none" "ghcr.io/rust-lang/crates-build-env/linux@sha256:34b6a614d2c27851fe6cbf88fbd1137609cefab8b10d0615aaeb6fd47975d74e" "/opt/rustwide/cargo-home/bin/cargo" "+1.54.0" "metadata" "--no-deps" "--format-version=1", kill_on_drop: false }`
[INFO] [stderr] WARNING: Your kernel does not support swap limit capabilities or the cgroup is not mounted. Memory limited without swap.
[INFO] [stdout] d0d90d725b72fbf086a6ce36a6ec29fae1ffa547153de1bd7c60053675bf40aa
[INFO] running `Command { std: "docker" "start" "-a" "d0d90d725b72fbf086a6ce36a6ec29fae1ffa547153de1bd7c60053675bf40aa", kill_on_drop: false }`
[INFO] running `Command { std: "docker" "inspect" "d0d90d725b72fbf086a6ce36a6ec29fae1ffa547153de1bd7c60053675bf40aa", kill_on_drop: false }`
[INFO] running `Command { std: "docker" "rm" "-f" "d0d90d725b72fbf086a6ce36a6ec29fae1ffa547153de1bd7c60053675bf40aa", kill_on_drop: false }`
[INFO] [stdout] d0d90d725b72fbf086a6ce36a6ec29fae1ffa547153de1bd7c60053675bf40aa
[INFO] running `Command { std: "docker" "create" "-v" "/var/lib/crater-agent-workspace/builds/worker-7/target:/opt/rustwide/target:rw,Z" "-v" "/var/lib/crater-agent-workspace/builds/worker-7/source:/opt/rustwide/workdir:ro,Z" "-v" "/var/lib/crater-agent-workspace/cargo-home:/opt/rustwide/cargo-home:ro,Z" "-v" "/var/lib/crater-agent-workspace/rustup-home:/opt/rustwide/rustup-home:ro,Z" "-e" "SOURCE_DIR=/opt/rustwide/workdir" "-e" "CARGO_TARGET_DIR=/opt/rustwide/target" "-e" "CARGO_INCREMENTAL=0" "-e" "RUST_BACKTRACE=full" "-e" "RUSTDOCFLAGS=--cap-lints=warn" "-e" "CARGO_HOME=/opt/rustwide/cargo-home" "-e" "RUSTUP_HOME=/opt/rustwide/rustup-home" "-w" "/opt/rustwide/workdir" "-m" "1610612736" "--user" "0:0" "--network" "none" "ghcr.io/rust-lang/crates-build-env/linux@sha256:34b6a614d2c27851fe6cbf88fbd1137609cefab8b10d0615aaeb6fd47975d74e" "/opt/rustwide/cargo-home/bin/cargo" "+1.54.0" "doc" "--frozen" "--no-deps" "--document-private-items" "--message-format=json", kill_on_drop: false }`
[INFO] [stdout] 9b2cf1173346aee32cefdd6e68d928b6f1901b14cf4e8e4ce343352684f4a509
[INFO] [stderr] WARNING: Your kernel does not support swap limit capabilities or the cgroup is not mounted. Memory limited without swap.
[INFO] running `Command { std: "docker" "start" "-a" "9b2cf1173346aee32cefdd6e68d928b6f1901b14cf4e8e4ce343352684f4a509", kill_on_drop: false }`
[INFO] [stderr]     Blocking waiting for file lock on package cache
[INFO] [stderr]     Blocking waiting for file lock on package cache
[INFO] [stderr]     Checking coreutils v0.0.1 (/opt/rustwide/workdir)
[INFO] [stderr]  Documenting coreutils v0.0.1 (/opt/rustwide/workdir)
[INFO] [stdout] error[E0603]: module `stdio` is private
[INFO] [stdout]    --> src/bin/yes.rs:44:31
[INFO] [stdout]     |
[INFO] [stdout] 44  |     let mut stdout = &mut io::stdio::stdout();
[INFO] [stdout]     |                               ^^^^^ private module
[INFO] [stdout]     |
[INFO] [stdout] note: the module `stdio` is defined here
[INFO] [stdout] 
[INFO] [stdout] 
[INFO] [stdout] error: Compilation failed, aborting rustdoc
[INFO] [stdout] 
[INFO] [stdout] 
[INFO] [stdout] error: aborting due to 2 previous errors
[INFO] [stdout] 
[INFO] [stdout] 
[INFO] [stdout] For more information about this error, try `rustc --explain E0603`.
[INFO] [stdout] 
[INFO] [stderr] error: could not document `coreutils`
[INFO] [stderr] 
[INFO] [stderr] Caused by:
[INFO] [stderr]   process didn't exit successfully: `rustdoc --crate-type bin --crate-name yes src/bin/yes.rs -o /opt/rustwide/target/doc --error-format=json --json=diagnostic-rendered-ansi --document-private-items -L dependency=/opt/rustwide/target/debug/deps --extern coreutils=/opt/rustwide/target/debug/deps/libcoreutils-439d3042676959b7.rmeta --cap-lints=warn --crate-version 0.0.1` (exit status: 1)
[INFO] [stderr] warning: build failed, waiting for other jobs to finish...
[INFO] [stdout] error[E0433]: failed to resolve: could not find `funcs` in `libc`
[INFO] [stdout]  --> src/bin/logname.rs:5:11
[INFO] [stdout]   |
[INFO] [stdout] 5 | use libc::funcs::posix88::unistd::getlogin;
[INFO] [stdout]   |           ^^^^^ could not find `funcs` in `libc`
[INFO] [stdout] 
[INFO] [stdout] 
[INFO] [stdout] error[E0432]: unresolved import `std::c_str`
[INFO] [stdout]  --> src/bin/logname.rs:6:10
[INFO] [stdout]   |
[INFO] [stdout] 6 | use std::c_str::CString;
[INFO] [stdout]   |          ^^^^^ could not find `c_str` in `std`
[INFO] [stdout] 
[INFO] [stdout] 
[INFO] [stdout] error: Compilation failed, aborting rustdoc
[INFO] [stdout] 
[INFO] [stdout] 
[INFO] [stdout] error: aborting due to 3 previous errors
[INFO] [stdout] 
[INFO] [stdout] 
[INFO] [stdout] Some errors have detailed explanations: E0432, E0433.
[INFO] [stdout] 
[INFO] [stdout] For more information about an error, try `rustc --explain E0432`.
[INFO] [stdout] 
[INFO] [stderr] error: build failed
[INFO] running `Command { std: "docker" "inspect" "9b2cf1173346aee32cefdd6e68d928b6f1901b14cf4e8e4ce343352684f4a509", kill_on_drop: false }`
[INFO] running `Command { std: "docker" "rm" "-f" "9b2cf1173346aee32cefdd6e68d928b6f1901b14cf4e8e4ce343352684f4a509", kill_on_drop: false }`
[INFO] [stdout] 9b2cf1173346aee32cefdd6e68d928b6f1901b14cf4e8e4ce343352684f4a509
