[INFO] cloning repository https://github.com/ghglavan/chaos-test
[INFO] running `Command { std: "git" "-c" "credential.helper=" "-c" "credential.helper=/workspace/cargo-home/bin/git-credential-null" "clone" "--bare" "https://github.com/ghglavan/chaos-test" "/workspace/cache/git-repos/https%3A%2F%2Fgithub.com%2Fghglavan%2Fchaos-test", kill_on_drop: false }`
[INFO] [stderr] Cloning into bare repository '/workspace/cache/git-repos/https%3A%2F%2Fgithub.com%2Fghglavan%2Fchaos-test'...
[INFO] running `Command { std: "git" "rev-parse" "HEAD", kill_on_drop: false }`
[INFO] [stdout] 22f17c9a010e2bef58530a6c6bfaab7397d6e0f0
[INFO] documenting ghglavan/chaos-test against beta-2021-08-01 for beta-1.55-rustdoc-1
[INFO] running `Command { std: "git" "clone" "/workspace/cache/git-repos/https%3A%2F%2Fgithub.com%2Fghglavan%2Fchaos-test" "/workspace/builds/worker-6/source", kill_on_drop: false }`
[INFO] [stderr] Cloning into '/workspace/builds/worker-6/source'...
[INFO] [stderr] done.
[INFO] validating manifest of git repo https://github.com/ghglavan/chaos-test on toolchain beta-2021-08-01
[INFO] running `Command { std: "/workspace/cargo-home/bin/cargo" "+beta-2021-08-01" "metadata" "--manifest-path" "Cargo.toml" "--no-deps", kill_on_drop: false }`
[INFO] started tweaking git repo https://github.com/ghglavan/chaos-test
[INFO] finished tweaking git repo https://github.com/ghglavan/chaos-test
[INFO] tweaked toml for git repo https://github.com/ghglavan/chaos-test written to /workspace/builds/worker-6/source/Cargo.toml
[INFO] crate git repo https://github.com/ghglavan/chaos-test already has a lockfile, it will not be regenerated
[INFO] running `Command { std: "/workspace/cargo-home/bin/cargo" "+beta-2021-08-01" "fetch" "--manifest-path" "Cargo.toml", kill_on_drop: false }`
[INFO] [stderr]     Blocking waiting for file lock on package cache
[INFO] [stderr]     Updating git repository `https://github.com/ghglavan/ChaOS`
[INFO] [stderr]  Downloading crates ...
[INFO] [stderr]   Downloaded bare-metal v0.2.5
[INFO] [stderr]   Downloaded bitfield v0.13.2
[INFO] [stderr]   Downloaded generic-array v0.13.3
[INFO] [stderr]   Downloaded cast v0.2.6
[INFO] [stderr]   Downloaded nb v1.0.0
[INFO] [stderr]   Downloaded cortex-m-rt-macros v0.1.8
[INFO] [stderr]   Downloaded cortex-m v0.6.7
[INFO] [stderr]   Downloaded generic-array v0.11.2
[INFO] [stderr]   Downloaded lsm303dlhc v0.2.0
[INFO] [stderr]   Downloaded stm32-usbd v0.5.1
[INFO] [stderr]   Downloaded rtcc v0.2.0
[INFO] [stderr]   Downloaded embedded-dma v0.1.2
[INFO] [stderr]   Downloaded switch-hal v0.3.2
[INFO] [stderr]   Downloaded accelerometer v0.12.0
[INFO] [stderr]   Downloaded as-slice v0.1.5
[INFO] [stderr]   Downloaded volatile-register v0.2.0
[INFO] [stderr]   Downloaded embedded-hal v0.2.5
[INFO] [stderr]   Downloaded aligned v0.3.4
[INFO] [stderr]   Downloaded stm32f3-discovery v0.6.0
[INFO] [stderr]   Downloaded cortex-m-rt v0.6.14
[INFO] [stderr]   Downloaded nb v0.1.3
[INFO] [stderr]   Downloaded panic-semihosting v0.5.6
[INFO] [stderr]   Downloaded stm32f3xx-hal v0.6.1
[INFO] [stderr]   Downloaded usb-device v0.2.8
[INFO] [stderr]   Downloaded vcell v0.1.3
[INFO] [stderr]   Downloaded cortex-m-semihosting v0.3.7
[INFO] [stderr]   Downloaded cortex-m v0.7.2
[INFO] [stderr]   Downloaded micromath v1.1.1
[INFO] [stderr]   Downloaded stm32f3 v0.12.1
[INFO] running `Command { std: "docker" "create" "-v" "/var/lib/crater-agent-workspace/builds/worker-6/target:/opt/rustwide/target:rw,Z" "-v" "/var/lib/crater-agent-workspace/builds/worker-6/source:/opt/rustwide/workdir:ro,Z" "-v" "/var/lib/crater-agent-workspace/cargo-home:/opt/rustwide/cargo-home:ro,Z" "-v" "/var/lib/crater-agent-workspace/rustup-home:/opt/rustwide/rustup-home:ro,Z" "-e" "SOURCE_DIR=/opt/rustwide/workdir" "-e" "CARGO_TARGET_DIR=/opt/rustwide/target" "-e" "CARGO_HOME=/opt/rustwide/cargo-home" "-e" "RUSTUP_HOME=/opt/rustwide/rustup-home" "-w" "/opt/rustwide/workdir" "-m" "1610612736" "--user" "0:0" "--network" "none" "ghcr.io/rust-lang/crates-build-env/linux@sha256:34b6a614d2c27851fe6cbf88fbd1137609cefab8b10d0615aaeb6fd47975d74e" "/opt/rustwide/cargo-home/bin/cargo" "+beta-2021-08-01" "metadata" "--no-deps" "--format-version=1", kill_on_drop: false }`
[INFO] [stdout] ab041a4ba3612b6521c683b012931b2edf3db3aa72fb7b853c3c6a01ad46809f
[INFO] running `Command { std: "docker" "start" "-a" "ab041a4ba3612b6521c683b012931b2edf3db3aa72fb7b853c3c6a01ad46809f", kill_on_drop: false }`
[INFO] running `Command { std: "docker" "inspect" "ab041a4ba3612b6521c683b012931b2edf3db3aa72fb7b853c3c6a01ad46809f", kill_on_drop: false }`
[INFO] running `Command { std: "docker" "rm" "-f" "ab041a4ba3612b6521c683b012931b2edf3db3aa72fb7b853c3c6a01ad46809f", kill_on_drop: false }`
[INFO] [stdout] ab041a4ba3612b6521c683b012931b2edf3db3aa72fb7b853c3c6a01ad46809f
[INFO] running `Command { std: "docker" "create" "-v" "/var/lib/crater-agent-workspace/builds/worker-6/target:/opt/rustwide/target:rw,Z" "-v" "/var/lib/crater-agent-workspace/builds/worker-6/source:/opt/rustwide/workdir:ro,Z" "-v" "/var/lib/crater-agent-workspace/cargo-home:/opt/rustwide/cargo-home:ro,Z" "-v" "/var/lib/crater-agent-workspace/rustup-home:/opt/rustwide/rustup-home:ro,Z" "-e" "SOURCE_DIR=/opt/rustwide/workdir" "-e" "CARGO_TARGET_DIR=/opt/rustwide/target" "-e" "CARGO_INCREMENTAL=0" "-e" "RUST_BACKTRACE=full" "-e" "RUSTDOCFLAGS=--cap-lints=warn" "-e" "CARGO_HOME=/opt/rustwide/cargo-home" "-e" "RUSTUP_HOME=/opt/rustwide/rustup-home" "-w" "/opt/rustwide/workdir" "-m" "1610612736" "--user" "0:0" "--network" "none" "ghcr.io/rust-lang/crates-build-env/linux@sha256:34b6a614d2c27851fe6cbf88fbd1137609cefab8b10d0615aaeb6fd47975d74e" "/opt/rustwide/cargo-home/bin/cargo" "+beta-2021-08-01" "doc" "--frozen" "--no-deps" "--document-private-items" "--message-format=json", kill_on_drop: false }`
[INFO] [stdout] f0f8bb5f2342bdf87430271e6d5b7f6f3dd87e6cb3b8008b7118e745397ea989
[INFO] running `Command { std: "docker" "start" "-a" "f0f8bb5f2342bdf87430271e6d5b7f6f3dd87e6cb3b8008b7118e745397ea989", kill_on_drop: false }`
[INFO] [stderr]    Compiling cortex-m v0.7.2
[INFO] [stderr]    Compiling cortex-m-rt v0.6.14
[INFO] [stderr]    Compiling stm32-usbd v0.5.1
[INFO] [stderr]    Compiling stm32f3 v0.12.1
[INFO] [stderr]     Checking usb-device v0.2.8
[INFO] [stderr]    Compiling cortex-m-semihosting v0.3.7
[INFO] [stderr]    Compiling paste v1.0.5
[INFO] [stderr]    Compiling stm32f3-discovery v0.6.0
[INFO] [stderr]     Checking embedded-dma v0.1.2
[INFO] [stderr]     Checking embedded-hal v0.2.5
[INFO] [stderr]     Checking generic-array v0.12.4
[INFO] [stderr]     Checking generic-array v0.13.3
[INFO] [stderr]     Checking generic-array v0.11.2
[INFO] [stderr]     Checking generic-array v0.14.4
[INFO] [stderr]    Compiling cortex-m-rt-macros v0.1.8
[INFO] [stderr]    Compiling cast v0.2.6
[INFO] [stderr]     Checking chrono v0.4.19
[INFO] [stderr]    Compiling chaos-macros v0.1.0 (https://github.com/ghglavan/ChaOS#a5a6c371)
[INFO] [stderr]     Checking switch-hal v0.3.2
[INFO] [stderr]    Compiling cortex-m v0.6.7
[INFO] [stderr]     Checking as-slice v0.1.5
[INFO] [stderr]     Checking micromath v1.1.1
[INFO] [stdout] error[E0425]: cannot find function `__basepri_r` in module `crate::asm::inline`
[INFO] [stdout]  --> /opt/rustwide/cargo-home/registry/src/github.com-1ecc6299db9ec823/cortex-m-0.7.2/src/register/basepri.rs:6:15
[INFO] [stdout]   |
[INFO] [stdout] 6 |     call_asm!(__basepri_r() -> u8)
[INFO] [stdout]   |               ^^^^^^^^^^^ not found in `crate::asm::inline`
[INFO] [stdout] 
[INFO] [stdout] 
[INFO] [stdout] error[E0425]: cannot find function `__basepri_w` in module `crate::asm::inline`
[INFO] [stdout]   --> /opt/rustwide/cargo-home/registry/src/github.com-1ecc6299db9ec823/cortex-m-0.7.2/src/register/basepri.rs:22:19
[INFO] [stdout]    |
[INFO] [stdout] 22 |         call_asm!(__basepri_w(basepri: u8));
[INFO] [stdout]    |                   ^^^^^^^^^^^ not found in `crate::asm::inline`
[INFO] [stdout] 
[INFO] [stdout] 
[INFO] [stdout] error[E0425]: cannot find function `__basepri_max` in module `crate::asm::inline`
[INFO] [stdout]   --> /opt/rustwide/cargo-home/registry/src/github.com-1ecc6299db9ec823/cortex-m-0.7.2/src/register/basepri_max.rs:19:19
[INFO] [stdout]    |
[INFO] [stdout] 19 |         call_asm!(__basepri_max(basepri: u8));
[INFO] [stdout]    |                   ^^^^^^^^^^^^^ not found in `crate::asm::inline`
[INFO] [stdout] 
[INFO] [stdout] 
[INFO] [stdout] error[E0425]: cannot find function `__faultmask_r` in module `crate::asm::inline`
[INFO] [stdout]   --> /opt/rustwide/cargo-home/registry/src/github.com-1ecc6299db9ec823/cortex-m-0.7.2/src/register/faultmask.rs:29:28
[INFO] [stdout]    |
[INFO] [stdout] 29 |     let r: u32 = call_asm!(__faultmask_r() -> u32);
[INFO] [stdout]    |                            ^^^^^^^^^^^^^ not found in `crate::asm::inline`
[INFO] [stdout] 
[INFO] [stdout] 
[INFO] [stdout] error[E0554]: `#![feature]` may not be used on the beta release channel
[INFO] [stdout]   --> /opt/rustwide/cargo-home/registry/src/github.com-1ecc6299db9ec823/cortex-m-0.7.2/src/lib.rs:58:37
[INFO] [stdout]    |
[INFO] [stdout] 58 | #![cfg_attr(feature = "inline-asm", feature(asm))]
[INFO] [stdout]    |                                     ^^^^^^^^^^^^
[INFO] [stdout] 
[INFO] [stdout] 
[INFO] [stdout] error: invalid register `r0`: unknown register
[INFO] [stdout]    --> /opt/rustwide/cargo-home/registry/src/github.com-1ecc6299db9ec823/cortex-m-0.7.2/src/../asm/inline.rs:188:24
[INFO] [stdout]     |
[INFO] [stdout] 188 |     asm!("bkpt #0xab", inout("r0") nr, in("r1") arg);
[INFO] [stdout]     |                        ^^^^^^^^^^^^^^
[INFO] [stdout] 
[INFO] [stdout] 
[INFO] [stdout] error: invalid register `r1`: unknown register
[INFO] [stdout]    --> /opt/rustwide/cargo-home/registry/src/github.com-1ecc6299db9ec823/cortex-m-0.7.2/src/../asm/inline.rs:188:40
[INFO] [stdout]     |
[INFO] [stdout] 188 |     asm!("bkpt #0xab", inout("r0") nr, in("r1") arg);
[INFO] [stdout]     |                                        ^^^^^^^^^^^^
[INFO] [stdout] 
[INFO] [stdout] 
[INFO] [stdout] error: aborting due to 7 previous errors
[INFO] [stdout] 
[INFO] [stdout] 
[INFO] [stdout] Some errors have detailed explanations: E0425, E0554.
[INFO] [stdout] 
[INFO] [stdout] For more information about an error, try `rustc --explain E0425`.
[INFO] [stdout] 
[INFO] [stderr] error: could not compile `cortex-m` due to 8 previous errors
[INFO] [stderr] warning: build failed, waiting for other jobs to finish...
[INFO] [stderr] error: build failed
[INFO] running `Command { std: "docker" "inspect" "f0f8bb5f2342bdf87430271e6d5b7f6f3dd87e6cb3b8008b7118e745397ea989", kill_on_drop: false }`
[INFO] running `Command { std: "docker" "rm" "-f" "f0f8bb5f2342bdf87430271e6d5b7f6f3dd87e6cb3b8008b7118e745397ea989", kill_on_drop: false }`
[INFO] [stdout] f0f8bb5f2342bdf87430271e6d5b7f6f3dd87e6cb3b8008b7118e745397ea989
