[INFO] cloning repository https://github.com/genbyte/winsetsize
[INFO] running `Command { std: "git" "-c" "credential.helper=" "-c" "credential.helper=/workspace/cargo-home/bin/git-credential-null" "clone" "--bare" "https://github.com/genbyte/winsetsize" "/workspace/cache/git-repos/https%3A%2F%2Fgithub.com%2Fgenbyte%2Fwinsetsize", kill_on_drop: false }`
[INFO] [stderr] Cloning into bare repository '/workspace/cache/git-repos/https%3A%2F%2Fgithub.com%2Fgenbyte%2Fwinsetsize'...
[INFO] running `Command { std: "git" "rev-parse" "HEAD", kill_on_drop: false }`
[INFO] [stdout] d5d82b71795fc43cb28b3161934a5135605ee017
[INFO] documenting genbyte/winsetsize against beta-2021-08-01 for beta-1.55-rustdoc-1
[INFO] running `Command { std: "git" "clone" "/workspace/cache/git-repos/https%3A%2F%2Fgithub.com%2Fgenbyte%2Fwinsetsize" "/workspace/builds/worker-9/source", kill_on_drop: false }`
[INFO] [stderr] Cloning into '/workspace/builds/worker-9/source'...
[INFO] [stderr] done.
[INFO] validating manifest of git repo https://github.com/genbyte/winsetsize on toolchain beta-2021-08-01
[INFO] running `Command { std: "/workspace/cargo-home/bin/cargo" "+beta-2021-08-01" "metadata" "--manifest-path" "Cargo.toml" "--no-deps", kill_on_drop: false }`
[INFO] started tweaking git repo https://github.com/genbyte/winsetsize
[INFO] finished tweaking git repo https://github.com/genbyte/winsetsize
[INFO] tweaked toml for git repo https://github.com/genbyte/winsetsize written to /workspace/builds/worker-9/source/Cargo.toml
[INFO] crate git repo https://github.com/genbyte/winsetsize already has a lockfile, it will not be regenerated
[INFO] running `Command { std: "/workspace/cargo-home/bin/cargo" "+beta-2021-08-01" "fetch" "--manifest-path" "Cargo.toml", kill_on_drop: false }`
[INFO] running `Command { std: "docker" "create" "-v" "/var/lib/crater-agent-workspace/builds/worker-9/target:/opt/rustwide/target:rw,Z" "-v" "/var/lib/crater-agent-workspace/builds/worker-9/source:/opt/rustwide/workdir:ro,Z" "-v" "/var/lib/crater-agent-workspace/cargo-home:/opt/rustwide/cargo-home:ro,Z" "-v" "/var/lib/crater-agent-workspace/rustup-home:/opt/rustwide/rustup-home:ro,Z" "-e" "SOURCE_DIR=/opt/rustwide/workdir" "-e" "CARGO_TARGET_DIR=/opt/rustwide/target" "-e" "CARGO_HOME=/opt/rustwide/cargo-home" "-e" "RUSTUP_HOME=/opt/rustwide/rustup-home" "-w" "/opt/rustwide/workdir" "-m" "1610612736" "--user" "0:0" "--network" "none" "ghcr.io/rust-lang/crates-build-env/linux@sha256:34b6a614d2c27851fe6cbf88fbd1137609cefab8b10d0615aaeb6fd47975d74e" "/opt/rustwide/cargo-home/bin/cargo" "+beta-2021-08-01" "metadata" "--no-deps" "--format-version=1", kill_on_drop: false }`
[INFO] [stdout] 114937114a6c37a8eea63bf189bf79cf65483384359dc54193fcea27bf093979
[INFO] running `Command { std: "docker" "start" "-a" "114937114a6c37a8eea63bf189bf79cf65483384359dc54193fcea27bf093979", kill_on_drop: false }`
[INFO] running `Command { std: "docker" "inspect" "114937114a6c37a8eea63bf189bf79cf65483384359dc54193fcea27bf093979", kill_on_drop: false }`
[INFO] running `Command { std: "docker" "rm" "-f" "114937114a6c37a8eea63bf189bf79cf65483384359dc54193fcea27bf093979", kill_on_drop: false }`
[INFO] [stdout] 114937114a6c37a8eea63bf189bf79cf65483384359dc54193fcea27bf093979
[INFO] running `Command { std: "docker" "create" "-v" "/var/lib/crater-agent-workspace/builds/worker-9/target:/opt/rustwide/target:rw,Z" "-v" "/var/lib/crater-agent-workspace/builds/worker-9/source:/opt/rustwide/workdir:ro,Z" "-v" "/var/lib/crater-agent-workspace/cargo-home:/opt/rustwide/cargo-home:ro,Z" "-v" "/var/lib/crater-agent-workspace/rustup-home:/opt/rustwide/rustup-home:ro,Z" "-e" "SOURCE_DIR=/opt/rustwide/workdir" "-e" "CARGO_TARGET_DIR=/opt/rustwide/target" "-e" "CARGO_INCREMENTAL=0" "-e" "RUST_BACKTRACE=full" "-e" "RUSTDOCFLAGS=--cap-lints=warn" "-e" "CARGO_HOME=/opt/rustwide/cargo-home" "-e" "RUSTUP_HOME=/opt/rustwide/rustup-home" "-w" "/opt/rustwide/workdir" "-m" "1610612736" "--user" "0:0" "--network" "none" "ghcr.io/rust-lang/crates-build-env/linux@sha256:34b6a614d2c27851fe6cbf88fbd1137609cefab8b10d0615aaeb6fd47975d74e" "/opt/rustwide/cargo-home/bin/cargo" "+beta-2021-08-01" "doc" "--frozen" "--no-deps" "--document-private-items" "--message-format=json", kill_on_drop: false }`
[INFO] [stdout] d21917ee76d0cf471ff0647ed3a7f078ad977df4f02d7a40d6801c835e37c684
[INFO] running `Command { std: "docker" "start" "-a" "d21917ee76d0cf471ff0647ed3a7f078ad977df4f02d7a40d6801c835e37c684", kill_on_drop: false }`
[INFO] [stderr]    Compiling winapi v0.3.9
[INFO] [stderr]  Documenting winsetsize v0.1.0 (/opt/rustwide/workdir)
[INFO] [stdout] error[E0433]: failed to resolve: could not find `windows` in `os`
[INFO] [stdout]   --> src/main.rs:12:6
[INFO] [stdout]    |
[INFO] [stdout] 12 |     os::windows::ffi::{OsStrExt, OsStringExt},
[INFO] [stdout]    |         ^^^^^^^ could not find `windows` in `os`
[INFO] [stdout] 
[INFO] [stdout] 
[INFO] [stdout] error[E0433]: failed to resolve: could not find `shared` in `winapi`
[INFO] [stdout]   --> src/main.rs:16:2
[INFO] [stdout]    |
[INFO] [stdout] 16 |     shared::{
[INFO] [stdout]    |     ^^^^^^ could not find `shared` in `winapi`
[INFO] [stdout] 
[INFO] [stdout] 
[INFO] [stdout] error[E0433]: failed to resolve: could not find `um` in `winapi`
[INFO] [stdout]   --> src/main.rs:20:2
[INFO] [stdout]    |
[INFO] [stdout] 20 |     um::{
[INFO] [stdout]    |     ^^ could not find `um` in `winapi`
[INFO] [stdout] 
[INFO] [stdout] 
[INFO] [stdout] error[E0433]: failed to resolve: could not find `shared` in `winapi`
[INFO] [stdout]   --> src/main.rs:38:2
[INFO] [stdout]    |
[INFO] [stdout] 38 |     shared::{
[INFO] [stdout]    |     ^^^^^^ could not find `shared` in `winapi`
[INFO] [stdout] 
[INFO] [stdout] 
[INFO] [stdout] error[E0433]: failed to resolve: could not find `um` in `winapi`
[INFO] [stdout]   --> src/main.rs:42:2
[INFO] [stdout]    |
[INFO] [stdout] 42 |     um::winuser::{CreateWindowExW, RegisterClassExW, WNDCLASSEXW},
[INFO] [stdout]    |     ^^ could not find `um` in `winapi`
[INFO] [stdout] 
[INFO] [stdout] 
[INFO] [stdout] error[E0433]: failed to resolve: could not find `um` in `winapi`
[INFO] [stdout]    --> src/main.rs:116:14
[INFO] [stdout]     |
[INFO] [stdout] 116 |     use winapi::um::winuser::{MessageBoxW, MB_OK};
[INFO] [stdout]     |                 ^^ could not find `um` in `winapi`
[INFO] [stdout] 
[INFO] [stdout] 
[INFO] [stdout] error[E0432]: unresolved import `winapi::ctypes`
[INFO] [stdout]   --> src/main.rs:15:2
[INFO] [stdout]    |
[INFO] [stdout] 15 |     ctypes::c_void,
[INFO] [stdout]    |     ^^^^^^ could not find `ctypes` in `winapi`
[INFO] [stdout] 
[INFO] [stdout] 
[INFO] [stdout] error[E0412]: cannot find type `HWND` in this scope
[INFO] [stdout]   --> src/main.rs:49:23
[INFO] [stdout]    |
[INFO] [stdout] 49 | static mut hwnd_main: HWND = 0 as HWND;
[INFO] [stdout]    |                       ^^^^ not found in this scope
[INFO] [stdout] 
[INFO] [stdout] 
[INFO] [stdout] error[E0412]: cannot find type `HWND` in this scope
[INFO] [stdout]   --> src/main.rs:49:35
[INFO] [stdout]    |
[INFO] [stdout] 49 | static mut hwnd_main: HWND = 0 as HWND;
[INFO] [stdout]    |                                   ^^^^ not found in this scope
[INFO] [stdout] 
[INFO] [stdout] 
[INFO] [stdout] error[E0412]: cannot find type `HINSTANCE` in this scope
[INFO] [stdout]   --> src/main.rs:59:13
[INFO] [stdout]    |
[INFO] [stdout] 59 |     hinstance: HINSTANCE,
[INFO] [stdout]    |                ^^^^^^^^^ not found in this scope
[INFO] [stdout] 
[INFO] [stdout] 
[INFO] [stdout] error[E0412]: cannot find type `HHOOK` in this scope
[INFO] [stdout]   --> src/main.rs:60:22
[INFO] [stdout]    |
[INFO] [stdout] 58 | struct WindowData {
[INFO] [stdout]    |                  - help: you might be missing a type parameter: `<HHOOK>`
[INFO] [stdout] 59 |     hinstance: HINSTANCE,
[INFO] [stdout] 60 |     hook_handle: Option<HHOOK>,
[INFO] [stdout]    |                         ^^^^^ not found in this scope
[INFO] [stdout] 
[INFO] [stdout] 
[INFO] [stdout] error[E0412]: cannot find type `HWND` in this scope
[INFO] [stdout]   --> src/main.rs:61:25
[INFO] [stdout]    |
[INFO] [stdout] 58 | struct WindowData {
[INFO] [stdout]    |                  - help: you might be missing a type parameter: `<HWND>`
[INFO] [stdout] ...
[INFO] [stdout] 61 |     message_handle: Option<HWND>,
[INFO] [stdout]    |                            ^^^^ not found in this scope
[INFO] [stdout] 
[INFO] [stdout] 
[INFO] [stdout] error[E0412]: cannot find type `HWND` in this scope
[INFO] [stdout]   --> src/main.rs:62:25
[INFO] [stdout]    |
[INFO] [stdout] 58 | struct WindowData {
[INFO] [stdout]    |                  - help: you might be missing a type parameter: `<HWND>`
[INFO] [stdout] ...
[INFO] [stdout] 62 |     clicked_handle: Option<HWND>,
[INFO] [stdout]    |                            ^^^^ not found in this scope
[INFO] [stdout] 
[INFO] [stdout] 
[INFO] [stdout] error[E0412]: cannot find type `HWND` in this scope
[INFO] [stdout]   --> src/main.rs:66:29
[INFO] [stdout]    |
[INFO] [stdout] 66 |     fn set_window_ptr(handle: &HWND, lparam: &LPARAM) -> *mut WindowData {
[INFO] [stdout]    |                                ^^^^ not found in this scope
[INFO] [stdout] 
[INFO] [stdout] 
[INFO] [stdout] error[E0412]: cannot find type `LPARAM` in this scope
[INFO] [stdout]   --> src/main.rs:66:44
[INFO] [stdout]    |
[INFO] [stdout] 66 |     fn set_window_ptr(handle: &HWND, lparam: &LPARAM) -> *mut WindowData {
[INFO] [stdout]    |                                               ^^^^^^ not found in this scope
[INFO] [stdout] 
[INFO] [stdout] 
[INFO] [stdout] error[E0412]: cannot find type `HWND` in this scope
[INFO] [stdout]   --> src/main.rs:72:29
[INFO] [stdout]    |
[INFO] [stdout] 72 |     fn get_window_ptr(handle: &HWND) -> *mut WindowData {
[INFO] [stdout]    |                                ^^^^ not found in this scope
[INFO] [stdout] 
[INFO] [stdout] 
[INFO] [stdout] error[E0412]: cannot find type `HWND` in this scope
[INFO] [stdout]    --> src/main.rs:196:8
[INFO] [stdout]     |
[INFO] [stdout] 196 |     hwnd: HWND,
[INFO] [stdout]     |           ^^^^ not found in this scope
[INFO] [stdout] 
[INFO] [stdout] 
[INFO] [stdout] error[E0412]: cannot find type `WPARAM` in this scope
[INFO] [stdout]    --> src/main.rs:198:10
[INFO] [stdout]     |
[INFO] [stdout] 198 |     wparam: WPARAM,
[INFO] [stdout]     |             ^^^^^^ not found in this scope
[INFO] [stdout] 
[INFO] [stdout] 
[INFO] [stdout] error[E0412]: cannot find type `LPARAM` in this scope
[INFO] [stdout]    --> src/main.rs:199:10
[INFO] [stdout]     |
[INFO] [stdout] 199 |     lparam: LPARAM,
[INFO] [stdout]     |             ^^^^^^ not found in this scope
[INFO] [stdout] 
[INFO] [stdout] 
[INFO] [stdout] error[E0412]: cannot find type `LRESULT` in this scope
[INFO] [stdout]    --> src/main.rs:200:6
[INFO] [stdout]     |
[INFO] [stdout] 200 | ) -> LRESULT {
[INFO] [stdout]     |      ^^^^^^^ not found in this scope
[INFO] [stdout] 
[INFO] [stdout] 
[INFO] [stdout] error[E0412]: cannot find type `HWND` in this scope
[INFO] [stdout]    --> src/main.rs:319:8
[INFO] [stdout]     |
[INFO] [stdout] 319 |     hwnd: HWND,
[INFO] [stdout]     |           ^^^^ not found in this scope
[INFO] [stdout] 
[INFO] [stdout] 
[INFO] [stdout] error[E0412]: cannot find type `HINSTANCE` in this scope
[INFO] [stdout]    --> src/main.rs:320:13
[INFO] [stdout]     |
[INFO] [stdout] 320 |     hinstance: HINSTANCE,
[INFO] [stdout]     |                ^^^^^^^^^ not found in this scope
[INFO] [stdout] 
[INFO] [stdout] 
[INFO] [stdout] error[E0412]: cannot find type `HMENU` in this scope
[INFO] [stdout]    --> src/main.rs:321:11
[INFO] [stdout]     |
[INFO] [stdout] 321 |     message: HMENU,
[INFO] [stdout]     |              ^^^^^ not found in this scope
[INFO] [stdout] 
[INFO] [stdout] 
[INFO] [stdout] error[E0412]: cannot find type `HWND` in this scope
[INFO] [stdout]    --> src/main.rs:327:6
[INFO] [stdout]     |
[INFO] [stdout] 327 | ) -> HWND {
[INFO] [stdout]     |      ^^^^ not found in this scope
[INFO] [stdout] 
[INFO] [stdout] 
[INFO] [stdout] error[E0412]: cannot find type `HWND` in this scope
[INFO] [stdout]    --> src/main.rs:351:8
[INFO] [stdout]     |
[INFO] [stdout] 351 |     hwnd: HWND,
[INFO] [stdout]     |           ^^^^ not found in this scope
[INFO] [stdout] 
[INFO] [stdout] 
[INFO] [stdout] error[E0412]: cannot find type `HINSTANCE` in this scope
[INFO] [stdout]    --> src/main.rs:352:13
[INFO] [stdout]     |
[INFO] [stdout] 352 |     hinstance: HINSTANCE,
[INFO] [stdout]     |                ^^^^^^^^^ not found in this scope
[INFO] [stdout] 
[INFO] [stdout] 
[INFO] [stdout] error[E0412]: cannot find type `HWND` in this scope
[INFO] [stdout]    --> src/main.rs:358:6
[INFO] [stdout]     |
[INFO] [stdout] 358 | ) -> HWND {
[INFO] [stdout]     |      ^^^^ not found in this scope
[INFO] [stdout] 
[INFO] [stdout] 
[INFO] [stdout] error[E0412]: cannot find type `WPARAM` in this scope
[INFO] [stdout]    --> src/main.rs:378:63
[INFO] [stdout]     |
[INFO] [stdout] 378 | pub unsafe extern "system" fn mouseproc(ncode: c_int, wparam: WPARAM, lparam: LPARAM) -> LRESULT {
[INFO] [stdout]     |                                                               ^^^^^^ not found in this scope
[INFO] [stdout] 
[INFO] [stdout] 
[INFO] [stdout] error[E0412]: cannot find type `LPARAM` in this scope
[INFO] [stdout]    --> src/main.rs:378:79
[INFO] [stdout]     |
[INFO] [stdout] 378 | pub unsafe extern "system" fn mouseproc(ncode: c_int, wparam: WPARAM, lparam: LPARAM) -> LRESULT {
[INFO] [stdout]     |                                                                               ^^^^^^ not found in this scope
[INFO] [stdout] 
[INFO] [stdout] 
[INFO] [stdout] error[E0412]: cannot find type `LRESULT` in this scope
[INFO] [stdout]    --> src/main.rs:378:90
[INFO] [stdout]     |
[INFO] [stdout] 378 | pub unsafe extern "system" fn mouseproc(ncode: c_int, wparam: WPARAM, lparam: LPARAM) -> LRESULT {
[INFO] [stdout]     |                                                                                          ^^^^^^^ not found in this scope
[INFO] [stdout] 
[INFO] [stdout] 
[INFO] [stdout] error: Compilation failed, aborting rustdoc
[INFO] [stdout] 
[INFO] [stdout] 
[INFO] [stdout] error: aborting due to 31 previous errors
[INFO] [stdout] 
[INFO] [stdout] 
[INFO] [stdout] Some errors have detailed explanations: E0412, E0432, E0433.
[INFO] [stdout] 
[INFO] [stdout] For more information about an error, try `rustc --explain E0412`.
[INFO] [stdout] 
[INFO] [stderr] error: could not document `winsetsize`
[INFO] [stderr] 
[INFO] [stderr] Caused by:
[INFO] [stderr]   process didn't exit successfully: `rustdoc --edition=2018 --crate-type bin --crate-name winsetsize src/main.rs -o /opt/rustwide/target/doc --error-format=json --json=diagnostic-rendered-ansi --document-private-items -L dependency=/opt/rustwide/target/debug/deps --extern winapi=/opt/rustwide/target/debug/deps/libwinapi-44465af8e2169b99.rmeta --cap-lints=warn --crate-version 0.1.0` (exit status: 1)
[INFO] running `Command { std: "docker" "inspect" "d21917ee76d0cf471ff0647ed3a7f078ad977df4f02d7a40d6801c835e37c684", kill_on_drop: false }`
[INFO] running `Command { std: "docker" "rm" "-f" "d21917ee76d0cf471ff0647ed3a7f078ad977df4f02d7a40d6801c835e37c684", kill_on_drop: false }`
[INFO] [stdout] d21917ee76d0cf471ff0647ed3a7f078ad977df4f02d7a40d6801c835e37c684
