[INFO] cloning repository https://github.com/galenelias/AdventOfCode_2017
[INFO] running `Command { std: "git" "-c" "credential.helper=" "-c" "credential.helper=/workspace/cargo-home/bin/git-credential-null" "clone" "--bare" "https://github.com/galenelias/AdventOfCode_2017" "/workspace/cache/git-repos/https%3A%2F%2Fgithub.com%2Fgalenelias%2FAdventOfCode_2017", kill_on_drop: false }`
[INFO] [stderr] Cloning into bare repository '/workspace/cache/git-repos/https%3A%2F%2Fgithub.com%2Fgalenelias%2FAdventOfCode_2017'...
[INFO] running `Command { std: "git" "rev-parse" "HEAD", kill_on_drop: false }`
[INFO] [stdout] b03afdbdca7196fbd9f5026ffd272738780032e7
[INFO] documenting galenelias/AdventOfCode_2017 against 1.54.0 for beta-1.55-rustdoc-1
[INFO] running `Command { std: "git" "clone" "/workspace/cache/git-repos/https%3A%2F%2Fgithub.com%2Fgalenelias%2FAdventOfCode_2017" "/workspace/builds/worker-76/source", kill_on_drop: false }`
[INFO] [stderr] Cloning into '/workspace/builds/worker-76/source'...
[INFO] [stderr] done.
[INFO] validating manifest of git repo https://github.com/galenelias/AdventOfCode_2017 on toolchain 1.54.0
[INFO] running `Command { std: "/workspace/cargo-home/bin/cargo" "+1.54.0" "metadata" "--manifest-path" "Cargo.toml" "--no-deps", kill_on_drop: false }`
[INFO] started tweaking git repo https://github.com/galenelias/AdventOfCode_2017
[INFO] finished tweaking git repo https://github.com/galenelias/AdventOfCode_2017
[INFO] tweaked toml for git repo https://github.com/galenelias/AdventOfCode_2017 written to /workspace/builds/worker-76/source/Cargo.toml
[INFO] crate git repo https://github.com/galenelias/AdventOfCode_2017 already has a lockfile, it will not be regenerated
[INFO] running `Command { std: "/workspace/cargo-home/bin/cargo" "+1.54.0" "fetch" "--manifest-path" "Cargo.toml", kill_on_drop: false }`
[INFO] [stderr]     Blocking waiting for file lock on package cache
[INFO] [stderr]     Blocking waiting for file lock on package cache
[INFO] [stderr]  Downloading crates ...
[INFO] [stderr]   Downloaded serde v1.0.24
[INFO] [stderr]   Downloaded serde_derive_internals v0.18.0
[INFO] [stderr]   Downloaded clap v2.28.0
[INFO] [stderr]   Downloaded serde_derive v1.0.24
[INFO] running `Command { std: "docker" "create" "-v" "/var/lib/crater-agent-workspace/builds/worker-76/target:/opt/rustwide/target:rw,Z" "-v" "/var/lib/crater-agent-workspace/builds/worker-76/source:/opt/rustwide/workdir:ro,Z" "-v" "/var/lib/crater-agent-workspace/cargo-home:/opt/rustwide/cargo-home:ro,Z" "-v" "/var/lib/crater-agent-workspace/rustup-home:/opt/rustwide/rustup-home:ro,Z" "-e" "SOURCE_DIR=/opt/rustwide/workdir" "-e" "CARGO_TARGET_DIR=/opt/rustwide/target" "-e" "CARGO_HOME=/opt/rustwide/cargo-home" "-e" "RUSTUP_HOME=/opt/rustwide/rustup-home" "-w" "/opt/rustwide/workdir" "-m" "1610612736" "--user" "0:0" "--network" "none" "ghcr.io/rust-lang/crates-build-env/linux@sha256:34b6a614d2c27851fe6cbf88fbd1137609cefab8b10d0615aaeb6fd47975d74e" "/opt/rustwide/cargo-home/bin/cargo" "+1.54.0" "metadata" "--no-deps" "--format-version=1", kill_on_drop: false }`
[INFO] [stdout] 64e1adca2b8ece6b82b6e0b546261409689a4cd2a5ede22f811239ca567896b3
[INFO] running `Command { std: "docker" "start" "-a" "64e1adca2b8ece6b82b6e0b546261409689a4cd2a5ede22f811239ca567896b3", kill_on_drop: false }`
[INFO] running `Command { std: "docker" "inspect" "64e1adca2b8ece6b82b6e0b546261409689a4cd2a5ede22f811239ca567896b3", kill_on_drop: false }`
[INFO] running `Command { std: "docker" "rm" "-f" "64e1adca2b8ece6b82b6e0b546261409689a4cd2a5ede22f811239ca567896b3", kill_on_drop: false }`
[INFO] [stdout] 64e1adca2b8ece6b82b6e0b546261409689a4cd2a5ede22f811239ca567896b3
[INFO] running `Command { std: "docker" "create" "-v" "/var/lib/crater-agent-workspace/builds/worker-76/target:/opt/rustwide/target:rw,Z" "-v" "/var/lib/crater-agent-workspace/builds/worker-76/source:/opt/rustwide/workdir:ro,Z" "-v" "/var/lib/crater-agent-workspace/cargo-home:/opt/rustwide/cargo-home:ro,Z" "-v" "/var/lib/crater-agent-workspace/rustup-home:/opt/rustwide/rustup-home:ro,Z" "-e" "SOURCE_DIR=/opt/rustwide/workdir" "-e" "CARGO_TARGET_DIR=/opt/rustwide/target" "-e" "CARGO_INCREMENTAL=0" "-e" "RUST_BACKTRACE=full" "-e" "RUSTDOCFLAGS=--cap-lints=warn" "-e" "CARGO_HOME=/opt/rustwide/cargo-home" "-e" "RUSTUP_HOME=/opt/rustwide/rustup-home" "-w" "/opt/rustwide/workdir" "-m" "1610612736" "--user" "0:0" "--network" "none" "ghcr.io/rust-lang/crates-build-env/linux@sha256:34b6a614d2c27851fe6cbf88fbd1137609cefab8b10d0615aaeb6fd47975d74e" "/opt/rustwide/cargo-home/bin/cargo" "+1.54.0" "doc" "--frozen" "--no-deps" "--document-private-items" "--message-format=json", kill_on_drop: false }`
[INFO] [stdout] ced1217d9cbc309fcbf594759e11b8a183080269c3d6492ff6151c3ecce86c6f
[INFO] running `Command { std: "docker" "start" "-a" "ced1217d9cbc309fcbf594759e11b8a183080269c3d6492ff6151c3ecce86c6f", kill_on_drop: false }`
[INFO] [stderr]     Checking libc v0.2.34
[INFO] [stderr]     Checking num-traits v0.1.41
[INFO] [stderr]    Compiling unicode-xid v0.0.4
[INFO] [stderr]     Checking void v1.0.2
[INFO] [stderr]    Compiling quote v0.3.15
[INFO] [stderr]     Checking unicode-width v0.1.4
[INFO] [stderr]     Checking lazy_static v0.2.11
[INFO] [stderr]     Checking utf8-ranges v1.0.0
[INFO] [stderr]     Checking regex-syntax v0.4.1
[INFO] [stderr]     Checking bitflags v1.0.1
[INFO] [stderr]     Checking vec_map v0.8.0
[INFO] [stderr]     Checking serde v1.0.24
[INFO] [stderr]     Checking ansi_term v0.10.2
[INFO] [stderr]     Checking itoa v0.3.4
[INFO] [stderr]     Checking strsim v0.6.0
[INFO] [stderr]     Checking dtoa v0.4.2
[INFO] [stderr]     Checking unreachable v1.0.0
[INFO] [stderr]    Compiling synom v0.11.3
[INFO] [stderr]     Checking textwrap v0.9.0
[INFO] [stderr]     Checking thread_local v0.3.4
[INFO] [stderr]    Compiling syn v0.11.11
[INFO] [stderr]     Checking memchr v2.0.1
[INFO] [stderr]     Checking time v0.1.38
[INFO] [stderr]     Checking atty v0.2.3
[INFO] [stderr]     Checking num-integer v0.1.35
[INFO] [stderr]     Checking aho-corasick v0.6.4
[INFO] [stderr]     Checking clap v2.28.0
[INFO] [stderr]     Checking num-iter v0.1.34
[INFO] [stderr]     Checking regex v0.2.3
[INFO] [stderr]     Checking num v0.1.41
[INFO] [stderr]     Checking chrono v0.4.0
[INFO] [stderr]    Compiling serde_derive_internals v0.18.0
[INFO] [stderr]    Compiling serde_derive v1.0.24
[INFO] [stderr]     Checking serde_json v1.0.8
[INFO] [stderr]  Documenting advent_of_code_2017 v0.1.0 (/opt/rustwide/workdir)
[INFO] [stdout] error[E0583]: file not found for module `stats`
[INFO] [stdout]   --> src/main.rs:12:1
[INFO] [stdout]    |
[INFO] [stdout] 12 | mod stats;
[INFO] [stdout]    | ^^^^^^^^^^
[INFO] [stdout]    |
[INFO] [stdout]    = help: to create the module `stats`, create file "src/stats.rs" or "src/stats/mod.rs"
[INFO] [stdout] 
[INFO] [stdout] 
[INFO] [stdout] error[E0583]: file not found for module `day1`
[INFO] [stdout]   --> src/main.rs:13:1
[INFO] [stdout]    |
[INFO] [stdout] 13 | mod day1;
[INFO] [stdout]    | ^^^^^^^^^
[INFO] [stdout]    |
[INFO] [stdout]    = help: to create the module `day1`, create file "src/day1.rs" or "src/day1/mod.rs"
[INFO] [stdout] 
[INFO] [stdout] 
[INFO] [stdout] error[E0583]: file not found for module `day2`
[INFO] [stdout]   --> src/main.rs:14:1
[INFO] [stdout]    |
[INFO] [stdout] 14 | mod day2;
[INFO] [stdout]    | ^^^^^^^^^
[INFO] [stdout]    |
[INFO] [stdout]    = help: to create the module `day2`, create file "src/day2.rs" or "src/day2/mod.rs"
[INFO] [stdout] 
[INFO] [stdout] 
[INFO] [stdout] error[E0583]: file not found for module `day3`
[INFO] [stdout]   --> src/main.rs:15:1
[INFO] [stdout]    |
[INFO] [stdout] 15 | mod day3;
[INFO] [stdout]    | ^^^^^^^^^
[INFO] [stdout]    |
[INFO] [stdout]    = help: to create the module `day3`, create file "src/day3.rs" or "src/day3/mod.rs"
[INFO] [stdout] 
[INFO] [stdout] 
[INFO] [stdout] error[E0583]: file not found for module `day4`
[INFO] [stdout]   --> src/main.rs:16:1
[INFO] [stdout]    |
[INFO] [stdout] 16 | mod day4;
[INFO] [stdout]    | ^^^^^^^^^
[INFO] [stdout]    |
[INFO] [stdout]    = help: to create the module `day4`, create file "src/day4.rs" or "src/day4/mod.rs"
[INFO] [stdout] 
[INFO] [stdout] 
[INFO] [stdout] error[E0583]: file not found for module `day5`
[INFO] [stdout]   --> src/main.rs:17:1
[INFO] [stdout]    |
[INFO] [stdout] 17 | mod day5;
[INFO] [stdout]    | ^^^^^^^^^
[INFO] [stdout]    |
[INFO] [stdout]    = help: to create the module `day5`, create file "src/day5.rs" or "src/day5/mod.rs"
[INFO] [stdout] 
[INFO] [stdout] 
[INFO] [stdout] error[E0583]: file not found for module `day6`
[INFO] [stdout]   --> src/main.rs:18:1
[INFO] [stdout]    |
[INFO] [stdout] 18 | mod day6;
[INFO] [stdout]    | ^^^^^^^^^
[INFO] [stdout]    |
[INFO] [stdout]    = help: to create the module `day6`, create file "src/day6.rs" or "src/day6/mod.rs"
[INFO] [stdout] 
[INFO] [stdout] 
[INFO] [stdout] error[E0583]: file not found for module `day7`
[INFO] [stdout]   --> src/main.rs:19:1
[INFO] [stdout]    |
[INFO] [stdout] 19 | mod day7;
[INFO] [stdout]    | ^^^^^^^^^
[INFO] [stdout]    |
[INFO] [stdout]    = help: to create the module `day7`, create file "src/day7.rs" or "src/day7/mod.rs"
[INFO] [stdout] 
[INFO] [stdout] 
[INFO] [stdout] error[E0583]: file not found for module `day8`
[INFO] [stdout]   --> src/main.rs:20:1
[INFO] [stdout]    |
[INFO] [stdout] 20 | mod day8;
[INFO] [stdout]    | ^^^^^^^^^
[INFO] [stdout]    |
[INFO] [stdout]    = help: to create the module `day8`, create file "src/day8.rs" or "src/day8/mod.rs"
[INFO] [stdout] 
[INFO] [stdout] 
[INFO] [stdout] error[E0583]: file not found for module `day9`
[INFO] [stdout]   --> src/main.rs:21:1
[INFO] [stdout]    |
[INFO] [stdout] 21 | mod day9;
[INFO] [stdout]    | ^^^^^^^^^
[INFO] [stdout]    |
[INFO] [stdout]    = help: to create the module `day9`, create file "src/day9.rs" or "src/day9/mod.rs"
[INFO] [stdout] 
[INFO] [stdout] 
[INFO] [stdout] error[E0583]: file not found for module `day10`
[INFO] [stdout]   --> src/main.rs:22:1
[INFO] [stdout]    |
[INFO] [stdout] 22 | mod day10;
[INFO] [stdout]    | ^^^^^^^^^^
[INFO] [stdout]    |
[INFO] [stdout]    = help: to create the module `day10`, create file "src/day10.rs" or "src/day10/mod.rs"
[INFO] [stdout] 
[INFO] [stdout] 
[INFO] [stdout] error[E0583]: file not found for module `day11`
[INFO] [stdout]   --> src/main.rs:23:1
[INFO] [stdout]    |
[INFO] [stdout] 23 | mod day11;
[INFO] [stdout]    | ^^^^^^^^^^
[INFO] [stdout]    |
[INFO] [stdout]    = help: to create the module `day11`, create file "src/day11.rs" or "src/day11/mod.rs"
[INFO] [stdout] 
[INFO] [stdout] 
[INFO] [stdout] error[E0583]: file not found for module `day12`
[INFO] [stdout]   --> src/main.rs:24:1
[INFO] [stdout]    |
[INFO] [stdout] 24 | mod day12;
[INFO] [stdout]    | ^^^^^^^^^^
[INFO] [stdout]    |
[INFO] [stdout]    = help: to create the module `day12`, create file "src/day12.rs" or "src/day12/mod.rs"
[INFO] [stdout] 
[INFO] [stdout] 
[INFO] [stdout] error[E0583]: file not found for module `day13`
[INFO] [stdout]   --> src/main.rs:25:1
[INFO] [stdout]    |
[INFO] [stdout] 25 | mod day13;
[INFO] [stdout]    | ^^^^^^^^^^
[INFO] [stdout]    |
[INFO] [stdout]    = help: to create the module `day13`, create file "src/day13.rs" or "src/day13/mod.rs"
[INFO] [stdout] 
[INFO] [stdout] 
[INFO] [stdout] error[E0583]: file not found for module `day14`
[INFO] [stdout]   --> src/main.rs:26:1
[INFO] [stdout]    |
[INFO] [stdout] 26 | mod day14;
[INFO] [stdout]    | ^^^^^^^^^^
[INFO] [stdout]    |
[INFO] [stdout]    = help: to create the module `day14`, create file "src/day14.rs" or "src/day14/mod.rs"
[INFO] [stdout] 
[INFO] [stdout] 
[INFO] [stdout] error[E0583]: file not found for module `day15`
[INFO] [stdout]   --> src/main.rs:27:1
[INFO] [stdout]    |
[INFO] [stdout] 27 | mod day15;
[INFO] [stdout]    | ^^^^^^^^^^
[INFO] [stdout]    |
[INFO] [stdout]    = help: to create the module `day15`, create file "src/day15.rs" or "src/day15/mod.rs"
[INFO] [stdout] 
[INFO] [stdout] 
[INFO] [stdout] error[E0583]: file not found for module `day16`
[INFO] [stdout]   --> src/main.rs:28:1
[INFO] [stdout]    |
[INFO] [stdout] 28 | mod day16;
[INFO] [stdout]    | ^^^^^^^^^^
[INFO] [stdout]    |
[INFO] [stdout]    = help: to create the module `day16`, create file "src/day16.rs" or "src/day16/mod.rs"
[INFO] [stdout] 
[INFO] [stdout] 
[INFO] [stdout] error[E0583]: file not found for module `day17`
[INFO] [stdout]   --> src/main.rs:29:1
[INFO] [stdout]    |
[INFO] [stdout] 29 | mod day17;
[INFO] [stdout]    | ^^^^^^^^^^
[INFO] [stdout]    |
[INFO] [stdout]    = help: to create the module `day17`, create file "src/day17.rs" or "src/day17/mod.rs"
[INFO] [stdout] 
[INFO] [stdout] 
[INFO] [stdout] error[E0583]: file not found for module `day18`
[INFO] [stdout]   --> src/main.rs:30:1
[INFO] [stdout]    |
[INFO] [stdout] 30 | mod day18;
[INFO] [stdout]    | ^^^^^^^^^^
[INFO] [stdout]    |
[INFO] [stdout]    = help: to create the module `day18`, create file "src/day18.rs" or "src/day18/mod.rs"
[INFO] [stdout] 
[INFO] [stdout] 
[INFO] [stdout] error[E0583]: file not found for module `day19`
[INFO] [stdout]   --> src/main.rs:31:1
[INFO] [stdout]    |
[INFO] [stdout] 31 | mod day19;
[INFO] [stdout]    | ^^^^^^^^^^
[INFO] [stdout]    |
[INFO] [stdout]    = help: to create the module `day19`, create file "src/day19.rs" or "src/day19/mod.rs"
[INFO] [stdout] 
[INFO] [stdout] 
[INFO] [stdout] error[E0583]: file not found for module `day20`
[INFO] [stdout]   --> src/main.rs:32:1
[INFO] [stdout]    |
[INFO] [stdout] 32 | mod day20;
[INFO] [stdout]    | ^^^^^^^^^^
[INFO] [stdout]    |
[INFO] [stdout]    = help: to create the module `day20`, create file "src/day20.rs" or "src/day20/mod.rs"
[INFO] [stdout] 
[INFO] [stdout] 
[INFO] [stdout] error[E0583]: file not found for module `day21`
[INFO] [stdout]   --> src/main.rs:33:1
[INFO] [stdout]    |
[INFO] [stdout] 33 | mod day21;
[INFO] [stdout]    | ^^^^^^^^^^
[INFO] [stdout]    |
[INFO] [stdout]    = help: to create the module `day21`, create file "src/day21.rs" or "src/day21/mod.rs"
[INFO] [stdout] 
[INFO] [stdout] 
[INFO] [stdout] error[E0583]: file not found for module `day22`
[INFO] [stdout]   --> src/main.rs:34:1
[INFO] [stdout]    |
[INFO] [stdout] 34 | mod day22;
[INFO] [stdout]    | ^^^^^^^^^^
[INFO] [stdout]    |
[INFO] [stdout]    = help: to create the module `day22`, create file "src/day22.rs" or "src/day22/mod.rs"
[INFO] [stdout] 
[INFO] [stdout] 
[INFO] [stdout] error[E0583]: file not found for module `day23`
[INFO] [stdout]   --> src/main.rs:35:1
[INFO] [stdout]    |
[INFO] [stdout] 35 | mod day23;
[INFO] [stdout]    | ^^^^^^^^^^
[INFO] [stdout]    |
[INFO] [stdout]    = help: to create the module `day23`, create file "src/day23.rs" or "src/day23/mod.rs"
[INFO] [stdout] 
[INFO] [stdout] 
[INFO] [stdout] error[E0583]: file not found for module `day24`
[INFO] [stdout]   --> src/main.rs:36:1
[INFO] [stdout]    |
[INFO] [stdout] 36 | mod day24;
[INFO] [stdout]    | ^^^^^^^^^^
[INFO] [stdout]    |
[INFO] [stdout]    = help: to create the module `day24`, create file "src/day24.rs" or "src/day24/mod.rs"
[INFO] [stdout] 
[INFO] [stdout] 
[INFO] [stdout] error[E0583]: file not found for module `day25`
[INFO] [stdout]   --> src/main.rs:37:1
[INFO] [stdout]    |
[INFO] [stdout] 37 | mod day25;
[INFO] [stdout]    | ^^^^^^^^^^
[INFO] [stdout]    |
[INFO] [stdout]    = help: to create the module `day25`, create file "src/day25.rs" or "src/day25/mod.rs"
[INFO] [stdout] 
[INFO] [stdout] 
[INFO] [stdout] error: Compilation failed, aborting rustdoc
[INFO] [stdout] 
[INFO] [stdout] 
[INFO] [stdout] error: aborting due to 27 previous errors
[INFO] [stdout] 
[INFO] [stdout] 
[INFO] [stdout] For more information about this error, try `rustc --explain E0583`.
[INFO] [stdout] 
[INFO] [stderr] error: could not document `advent_of_code_2017`
[INFO] [stderr] 
[INFO] [stderr] Caused by:
[INFO] [stderr]   process didn't exit successfully: `rustdoc --crate-type bin --crate-name aoc src/main.rs -o /opt/rustwide/target/doc --error-format=json --json=diagnostic-rendered-ansi --document-private-items -L dependency=/opt/rustwide/target/debug/deps --extern chrono=/opt/rustwide/target/debug/deps/libchrono-4c5858bd57e36788.rmeta --extern clap=/opt/rustwide/target/debug/deps/libclap-83516d974d86fe87.rmeta --extern regex=/opt/rustwide/target/debug/deps/libregex-cae9dad8c6e98ffc.rmeta --extern serde=/opt/rustwide/target/debug/deps/libserde-54f62b4a447360a5.rmeta --extern serde_derive=/opt/rustwide/target/debug/deps/libserde_derive-6077eb5bf7499d3e.so --extern serde_json=/opt/rustwide/target/debug/deps/libserde_json-797b4513559d3fed.rmeta --cap-lints=warn --crate-version 0.1.0` (exit status: 1)
[INFO] running `Command { std: "docker" "inspect" "ced1217d9cbc309fcbf594759e11b8a183080269c3d6492ff6151c3ecce86c6f", kill_on_drop: false }`
[INFO] running `Command { std: "docker" "rm" "-f" "ced1217d9cbc309fcbf594759e11b8a183080269c3d6492ff6151c3ecce86c6f", kill_on_drop: false }`
[INFO] [stdout] ced1217d9cbc309fcbf594759e11b8a183080269c3d6492ff6151c3ecce86c6f
