[INFO] cloning repository https://github.com/fudanchii/stm32f401x
[INFO] running `Command { std: "git" "-c" "credential.helper=" "-c" "credential.helper=/workspace/cargo-home/bin/git-credential-null" "clone" "--bare" "https://github.com/fudanchii/stm32f401x" "/workspace/cache/git-repos/https%3A%2F%2Fgithub.com%2Ffudanchii%2Fstm32f401x", kill_on_drop: false }`
[INFO] [stderr] Cloning into bare repository '/workspace/cache/git-repos/https%3A%2F%2Fgithub.com%2Ffudanchii%2Fstm32f401x'...
[INFO] running `Command { std: "git" "rev-parse" "HEAD", kill_on_drop: false }`
[INFO] [stdout] 21f930b393d5c62a80d0e40dd5dac8509bc41db2
[INFO] documenting fudanchii/stm32f401x against beta-2021-08-01 for beta-1.55-rustdoc-1
[INFO] running `Command { std: "git" "clone" "/workspace/cache/git-repos/https%3A%2F%2Fgithub.com%2Ffudanchii%2Fstm32f401x" "/workspace/builds/worker-55/source", kill_on_drop: false }`
[INFO] [stderr] Cloning into '/workspace/builds/worker-55/source'...
[INFO] [stderr] done.
[INFO] validating manifest of git repo https://github.com/fudanchii/stm32f401x on toolchain beta-2021-08-01
[INFO] running `Command { std: "/workspace/cargo-home/bin/cargo" "+beta-2021-08-01" "metadata" "--manifest-path" "Cargo.toml" "--no-deps", kill_on_drop: false }`
[INFO] removed /workspace/builds/worker-55/source/.cargo/config
[INFO] started tweaking git repo https://github.com/fudanchii/stm32f401x
[INFO] finished tweaking git repo https://github.com/fudanchii/stm32f401x
[INFO] tweaked toml for git repo https://github.com/fudanchii/stm32f401x written to /workspace/builds/worker-55/source/Cargo.toml
[INFO] crate git repo https://github.com/fudanchii/stm32f401x already has a lockfile, it will not be regenerated
[INFO] running `Command { std: "/workspace/cargo-home/bin/cargo" "+beta-2021-08-01" "fetch" "--manifest-path" "Cargo.toml", kill_on_drop: false }`
[INFO] [stderr]     Blocking waiting for file lock on package cache
[INFO] [stderr]     Blocking waiting for file lock on package cache
[INFO] [stderr]  Downloading crates ...
[INFO] [stderr]   Downloaded embedded-hal v0.2.1
[INFO] running `Command { std: "docker" "create" "-v" "/var/lib/crater-agent-workspace/builds/worker-55/target:/opt/rustwide/target:rw,Z" "-v" "/var/lib/crater-agent-workspace/builds/worker-55/source:/opt/rustwide/workdir:ro,Z" "-v" "/var/lib/crater-agent-workspace/cargo-home:/opt/rustwide/cargo-home:ro,Z" "-v" "/var/lib/crater-agent-workspace/rustup-home:/opt/rustwide/rustup-home:ro,Z" "-e" "SOURCE_DIR=/opt/rustwide/workdir" "-e" "CARGO_TARGET_DIR=/opt/rustwide/target" "-e" "CARGO_HOME=/opt/rustwide/cargo-home" "-e" "RUSTUP_HOME=/opt/rustwide/rustup-home" "-w" "/opt/rustwide/workdir" "-m" "1610612736" "--user" "0:0" "--network" "none" "ghcr.io/rust-lang/crates-build-env/linux@sha256:34b6a614d2c27851fe6cbf88fbd1137609cefab8b10d0615aaeb6fd47975d74e" "/opt/rustwide/cargo-home/bin/cargo" "+beta-2021-08-01" "metadata" "--no-deps" "--format-version=1", kill_on_drop: false }`
[INFO] [stdout] 74ee9191e76e5c2601da841e279f014549895f5b28823a65efcb677d1c0b64f9
[INFO] running `Command { std: "docker" "start" "-a" "74ee9191e76e5c2601da841e279f014549895f5b28823a65efcb677d1c0b64f9", kill_on_drop: false }`
[INFO] running `Command { std: "docker" "inspect" "74ee9191e76e5c2601da841e279f014549895f5b28823a65efcb677d1c0b64f9", kill_on_drop: false }`
[INFO] running `Command { std: "docker" "rm" "-f" "74ee9191e76e5c2601da841e279f014549895f5b28823a65efcb677d1c0b64f9", kill_on_drop: false }`
[INFO] [stdout] 74ee9191e76e5c2601da841e279f014549895f5b28823a65efcb677d1c0b64f9
[INFO] running `Command { std: "docker" "create" "-v" "/var/lib/crater-agent-workspace/builds/worker-55/target:/opt/rustwide/target:rw,Z" "-v" "/var/lib/crater-agent-workspace/builds/worker-55/source:/opt/rustwide/workdir:ro,Z" "-v" "/var/lib/crater-agent-workspace/cargo-home:/opt/rustwide/cargo-home:ro,Z" "-v" "/var/lib/crater-agent-workspace/rustup-home:/opt/rustwide/rustup-home:ro,Z" "-e" "SOURCE_DIR=/opt/rustwide/workdir" "-e" "CARGO_TARGET_DIR=/opt/rustwide/target" "-e" "CARGO_INCREMENTAL=0" "-e" "RUST_BACKTRACE=full" "-e" "RUSTDOCFLAGS=--cap-lints=warn" "-e" "CARGO_HOME=/opt/rustwide/cargo-home" "-e" "RUSTUP_HOME=/opt/rustwide/rustup-home" "-w" "/opt/rustwide/workdir" "-m" "1610612736" "--user" "0:0" "--network" "none" "ghcr.io/rust-lang/crates-build-env/linux@sha256:34b6a614d2c27851fe6cbf88fbd1137609cefab8b10d0615aaeb6fd47975d74e" "/opt/rustwide/cargo-home/bin/cargo" "+beta-2021-08-01" "doc" "--frozen" "--no-deps" "--document-private-items" "--message-format=json", kill_on_drop: false }`
[INFO] [stdout] bfb4699a0dd6423e7cabef75ae102b9ec8337574bde81cd0f42cf7241e6a8927
[INFO] running `Command { std: "docker" "start" "-a" "bfb4699a0dd6423e7cabef75ae102b9ec8337574bde81cd0f42cf7241e6a8927", kill_on_drop: false }`
[INFO] [stderr]     Blocking waiting for file lock on package cache
[INFO] [stderr]    Compiling stm32f401x v0.1.0 (/opt/rustwide/workdir)
[INFO] [stderr]     Checking nb v0.1.1
[INFO] [stderr]     Checking void v1.0.2
[INFO] [stderr]     Checking embedded-hal v0.2.1
[INFO] [stderr]  Documenting stm32f401x v0.1.0 (/opt/rustwide/workdir)
[INFO] [stdout] error[E0554]: `#![feature]` may not be used on the beta release channel
[INFO] [stdout]  --> src/lib.rs:8:1
[INFO] [stdout]   |
[INFO] [stdout] 8 | #![feature(naked_functions)]
[INFO] [stdout]   | ^^^^^^^^^^^^^^^^^^^^^^^^^^^^
[INFO] [stdout] 
[INFO] [stdout] 
[INFO] [stdout] error[E0554]: `#![feature]` may not be used on the beta release channel
[INFO] [stdout]  --> src/lib.rs:9:1
[INFO] [stdout]   |
[INFO] [stdout] 9 | #![feature(used)]
[INFO] [stdout]   | ^^^^^^^^^^^^^^^^^ help: remove the attribute
[INFO] [stdout]   |
[INFO] [stdout]   = help: the feature `used` has been stable since 1.30.0 and no longer requires an attribute to enable
[INFO] [stdout] 
[INFO] [stdout] 
[INFO] [stdout] error[E0554]: `#![feature]` may not be used on the beta release channel
[INFO] [stdout]   --> src/lib.rs:10:1
[INFO] [stdout]    |
[INFO] [stdout] 10 | #![feature(asm)]
[INFO] [stdout]    | ^^^^^^^^^^^^^^^^
[INFO] [stdout] 
[INFO] [stdout] 
[INFO] [stdout] error: Compilation failed, aborting rustdoc
[INFO] [stdout] 
[INFO] [stdout] 
[INFO] [stdout] error: aborting due to 4 previous errors
[INFO] [stdout] 
[INFO] [stdout] 
[INFO] [stdout] For more information about this error, try `rustc --explain E0554`.
[INFO] [stdout] 
[INFO] [stderr] error: could not document `stm32f401x`
[INFO] [stderr] 
[INFO] [stderr] Caused by:
[INFO] [stderr]   process didn't exit successfully: `rustdoc --crate-type lib --crate-name stm32f401x src/lib.rs -o /opt/rustwide/target/doc --error-format=json --json=diagnostic-rendered-ansi --document-private-items -L dependency=/opt/rustwide/target/debug/deps --extern embedded_hal=/opt/rustwide/target/debug/deps/libembedded_hal-df64bbc30cad81c7.rmeta --cap-lints=warn --crate-version 0.1.0` (exit status: 1)
[INFO] running `Command { std: "docker" "inspect" "bfb4699a0dd6423e7cabef75ae102b9ec8337574bde81cd0f42cf7241e6a8927", kill_on_drop: false }`
[INFO] running `Command { std: "docker" "rm" "-f" "bfb4699a0dd6423e7cabef75ae102b9ec8337574bde81cd0f42cf7241e6a8927", kill_on_drop: false }`
[INFO] [stdout] bfb4699a0dd6423e7cabef75ae102b9ec8337574bde81cd0f42cf7241e6a8927
