[INFO] cloning repository https://github.com/frjonsen/rust_pathfinding
[INFO] running `Command { std: "git" "-c" "credential.helper=" "-c" "credential.helper=/workspace/cargo-home/bin/git-credential-null" "clone" "--bare" "https://github.com/frjonsen/rust_pathfinding" "/workspace/cache/git-repos/https%3A%2F%2Fgithub.com%2Ffrjonsen%2Frust_pathfinding", kill_on_drop: false }`
[INFO] [stderr] Cloning into bare repository '/workspace/cache/git-repos/https%3A%2F%2Fgithub.com%2Ffrjonsen%2Frust_pathfinding'...
[INFO] running `Command { std: "git" "rev-parse" "HEAD", kill_on_drop: false }`
[INFO] [stdout] f39c7c3ebacead37c5c30e59a44fbe64cedf97f1
[INFO] documenting frjonsen/rust_pathfinding against 1.54.0 for beta-1.55-rustdoc-1
[INFO] running `Command { std: "git" "clone" "/workspace/cache/git-repos/https%3A%2F%2Fgithub.com%2Ffrjonsen%2Frust_pathfinding" "/workspace/builds/worker-69/source", kill_on_drop: false }`
[INFO] [stderr] Cloning into '/workspace/builds/worker-69/source'...
[INFO] [stderr] done.
[INFO] validating manifest of git repo https://github.com/frjonsen/rust_pathfinding on toolchain 1.54.0
[INFO] running `Command { std: "/workspace/cargo-home/bin/cargo" "+1.54.0" "metadata" "--manifest-path" "Cargo.toml" "--no-deps", kill_on_drop: false }`
[INFO] started tweaking git repo https://github.com/frjonsen/rust_pathfinding
[INFO] finished tweaking git repo https://github.com/frjonsen/rust_pathfinding
[INFO] tweaked toml for git repo https://github.com/frjonsen/rust_pathfinding written to /workspace/builds/worker-69/source/Cargo.toml
[INFO] crate git repo https://github.com/frjonsen/rust_pathfinding already has a lockfile, it will not be regenerated
[INFO] running `Command { std: "/workspace/cargo-home/bin/cargo" "+1.54.0" "fetch" "--manifest-path" "Cargo.toml", kill_on_drop: false }`
[INFO] [stderr]     Blocking waiting for file lock on package cache
[INFO] [stderr]     Blocking waiting for file lock on package cache
[INFO] running `Command { std: "docker" "create" "-v" "/var/lib/crater-agent-workspace/builds/worker-69/target:/opt/rustwide/target:rw,Z" "-v" "/var/lib/crater-agent-workspace/builds/worker-69/source:/opt/rustwide/workdir:ro,Z" "-v" "/var/lib/crater-agent-workspace/cargo-home:/opt/rustwide/cargo-home:ro,Z" "-v" "/var/lib/crater-agent-workspace/rustup-home:/opt/rustwide/rustup-home:ro,Z" "-e" "SOURCE_DIR=/opt/rustwide/workdir" "-e" "CARGO_TARGET_DIR=/opt/rustwide/target" "-e" "CARGO_HOME=/opt/rustwide/cargo-home" "-e" "RUSTUP_HOME=/opt/rustwide/rustup-home" "-w" "/opt/rustwide/workdir" "-m" "1610612736" "--user" "0:0" "--network" "none" "ghcr.io/rust-lang/crates-build-env/linux@sha256:34b6a614d2c27851fe6cbf88fbd1137609cefab8b10d0615aaeb6fd47975d74e" "/opt/rustwide/cargo-home/bin/cargo" "+1.54.0" "metadata" "--no-deps" "--format-version=1", kill_on_drop: false }`
[INFO] [stdout] 25ef8d0e3c4b60f15535ad38c308a968d81667bef66eb9583a14fcbbcd5b78ff
[INFO] running `Command { std: "docker" "start" "-a" "25ef8d0e3c4b60f15535ad38c308a968d81667bef66eb9583a14fcbbcd5b78ff", kill_on_drop: false }`
[INFO] running `Command { std: "docker" "inspect" "25ef8d0e3c4b60f15535ad38c308a968d81667bef66eb9583a14fcbbcd5b78ff", kill_on_drop: false }`
[INFO] running `Command { std: "docker" "rm" "-f" "25ef8d0e3c4b60f15535ad38c308a968d81667bef66eb9583a14fcbbcd5b78ff", kill_on_drop: false }`
[INFO] [stdout] 25ef8d0e3c4b60f15535ad38c308a968d81667bef66eb9583a14fcbbcd5b78ff
[INFO] running `Command { std: "docker" "create" "-v" "/var/lib/crater-agent-workspace/builds/worker-69/target:/opt/rustwide/target:rw,Z" "-v" "/var/lib/crater-agent-workspace/builds/worker-69/source:/opt/rustwide/workdir:ro,Z" "-v" "/var/lib/crater-agent-workspace/cargo-home:/opt/rustwide/cargo-home:ro,Z" "-v" "/var/lib/crater-agent-workspace/rustup-home:/opt/rustwide/rustup-home:ro,Z" "-e" "SOURCE_DIR=/opt/rustwide/workdir" "-e" "CARGO_TARGET_DIR=/opt/rustwide/target" "-e" "CARGO_INCREMENTAL=0" "-e" "RUST_BACKTRACE=full" "-e" "RUSTDOCFLAGS=--cap-lints=warn" "-e" "CARGO_HOME=/opt/rustwide/cargo-home" "-e" "RUSTUP_HOME=/opt/rustwide/rustup-home" "-w" "/opt/rustwide/workdir" "-m" "1610612736" "--user" "0:0" "--network" "none" "ghcr.io/rust-lang/crates-build-env/linux@sha256:34b6a614d2c27851fe6cbf88fbd1137609cefab8b10d0615aaeb6fd47975d74e" "/opt/rustwide/cargo-home/bin/cargo" "+1.54.0" "doc" "--frozen" "--no-deps" "--document-private-items" "--message-format=json", kill_on_drop: false }`
[INFO] [stdout] ad0edae0c9eb6f73064f3eefa33e95f0aab0b9b3cb1c55bedc80c8fb0befd4e5
[INFO] running `Command { std: "docker" "start" "-a" "ad0edae0c9eb6f73064f3eefa33e95f0aab0b9b3cb1c55bedc80c8fb0befd4e5", kill_on_drop: false }`
[INFO] [stderr]     Blocking waiting for file lock on package cache
[INFO] [stderr]    Compiling winapi-build v0.1.1
[INFO] [stderr]    Compiling bitflags v0.7.0
[INFO] [stderr]     Checking winapi v0.2.7
[INFO] [stderr]     Checking rustc-serialize v0.3.19
[INFO] [stderr]    Compiling libloading v0.2.2
[INFO] [stderr]     Checking piston-float v0.2.0
[INFO] [stderr]     Checking lazy_static v0.2.1
[INFO] [stderr]    Compiling log v0.3.6
[INFO] [stderr]    Compiling khronos_api v1.0.0
[INFO] [stderr]    Compiling pkg-config v0.3.8
[INFO] [stderr]     Checking bitflags v0.6.0
[INFO] [stderr]    Compiling semver v0.1.20
[INFO] [stderr]     Checking crossbeam v0.2.9
[INFO] [stderr]     Checking shader_version v0.2.1
[INFO] [stderr]    Compiling x11-dl v2.6.0
[INFO] [stderr]     Checking read_color v0.1.0
[INFO] [stderr]     Checking interpolation v0.1.0
[INFO] [stderr]     Checking piston-texture v0.4.0
[INFO] [stderr]     Checking piston-shaders_graphics2d v0.1.0
[INFO] [stderr]     Checking fnv v1.0.2
[INFO] [stderr]    Compiling miniz-sys v0.1.7
[INFO] [stderr]     Checking deque v0.3.1
[INFO] [stderr]     Checking shared_library v0.1.4
[INFO] [stderr]     Checking num-iter v0.1.32
[INFO] [stderr]     Checking osmesa-sys v0.1.0
[INFO] [stdout] error[E0642]: patterns aren't allowed in functions without bodies
[INFO] [stdout]    --> /opt/rustwide/cargo-home/registry/src/github.com-1ecc6299db9ec823/rustc-serialize-0.3.19/src/serialize.rs:147:45
[INFO] [stdout]     |
[INFO] [stdout] 147 | ...                   &f_name: &str,
[INFO] [stdout]     |                       ^^^^^^^ pattern not allowed in function without body
[INFO] [stdout] 
[INFO] [stdout] 
[INFO] [stderr]    Compiling xml-rs v0.3.4
[INFO] [stderr]     Checking num v0.1.32
[INFO] [stderr]     Checking piston-viewport v0.2.0
[INFO] [stderr]     Checking vecmath v0.2.0
[INFO] [stderr]     Checking rayon v0.3.1
[INFO] [stdout] error: aborting due to previous error
[INFO] [stdout] 
[INFO] [stdout] 
[INFO] [stdout] For more information about this error, try `rustc --explain E0642`.
[INFO] [stdout] 
[INFO] [stderr] error: could not compile `rustc-serialize`
[INFO] [stderr] 
[INFO] [stderr] To learn more, run the command again with --verbose.
[INFO] [stderr] warning: build failed, waiting for other jobs to finish...
[INFO] [stdout] error[E0277]: the size for values of type `Self` cannot be known at compilation time
[INFO] [stdout]   --> /opt/rustwide/cargo-home/registry/src/github.com-1ecc6299db9ec823/rayon-0.3.1/src/par_iter/internal.rs:25:40
[INFO] [stdout]    |
[INFO] [stdout] 25 |     fn split_at(self, index: usize) -> (Self, Self);
[INFO] [stdout]    |                                        ^^^^^^^^^^^^ doesn't have a size known at compile-time
[INFO] [stdout]    |
[INFO] [stdout]    = note: only the last element of a tuple may have a dynamically sized type
[INFO] [stdout] help: consider further restricting `Self`
[INFO] [stdout]    |
[INFO] [stdout] 25 |     fn split_at(self, index: usize) -> (Self, Self) where Self: Sized;
[INFO] [stdout]    |                                                     ^^^^^^^^^^^^^^^^^
[INFO] [stdout] 
[INFO] [stdout] 
[INFO] [stdout] error[E0277]: the size for values of type `Self` cannot be known at compilation time
[INFO] [stdout]   --> /opt/rustwide/cargo-home/registry/src/github.com-1ecc6299db9ec823/rayon-0.3.1/src/par_iter/internal.rs:42:40
[INFO] [stdout]    |
[INFO] [stdout] 42 |     fn split_at(self, index: usize) -> (Self, Self, Self::Reducer);
[INFO] [stdout]    |                                        ^^^^^^^^^^^^^^^^^^^^^^^^^^^ doesn't have a size known at compile-time
[INFO] [stdout]    |
[INFO] [stdout]    = note: only the last element of a tuple may have a dynamically sized type
[INFO] [stdout] help: consider further restricting `Self`
[INFO] [stdout]    |
[INFO] [stdout] 42 |     fn split_at(self, index: usize) -> (Self, Self, Self::Reducer) where Self: Sized;
[INFO] [stdout]    |                                                                    ^^^^^^^^^^^^^^^^^
[INFO] [stdout] 
[INFO] [stdout] 
[INFO] [stdout] error: aborting due to 2 previous errors
[INFO] [stdout] 
[INFO] [stdout] 
[INFO] [stdout] For more information about this error, try `rustc --explain E0277`.
[INFO] [stdout] 
[INFO] [stderr] error: build failed
[INFO] running `Command { std: "docker" "inspect" "ad0edae0c9eb6f73064f3eefa33e95f0aab0b9b3cb1c55bedc80c8fb0befd4e5", kill_on_drop: false }`
[INFO] running `Command { std: "docker" "rm" "-f" "ad0edae0c9eb6f73064f3eefa33e95f0aab0b9b3cb1c55bedc80c8fb0befd4e5", kill_on_drop: false }`
[INFO] [stdout] ad0edae0c9eb6f73064f3eefa33e95f0aab0b9b3cb1c55bedc80c8fb0befd4e5
