[INFO] cloning repository https://github.com/franleplant/http_framework.rs
[INFO] running `Command { std: "git" "-c" "credential.helper=" "-c" "credential.helper=/workspace/cargo-home/bin/git-credential-null" "clone" "--bare" "https://github.com/franleplant/http_framework.rs" "/workspace/cache/git-repos/https%3A%2F%2Fgithub.com%2Ffranleplant%2Fhttp_framework.rs", kill_on_drop: false }`
[INFO] [stderr] Cloning into bare repository '/workspace/cache/git-repos/https%3A%2F%2Fgithub.com%2Ffranleplant%2Fhttp_framework.rs'...
[INFO] running `Command { std: "git" "rev-parse" "HEAD", kill_on_drop: false }`
[INFO] [stdout] 401ba0c5d298c3c28bc66544f09b02c56f27fd8b
[INFO] documenting franleplant/http_framework.rs against 1.54.0 for beta-1.55-rustdoc-1
[INFO] running `Command { std: "git" "clone" "/workspace/cache/git-repos/https%3A%2F%2Fgithub.com%2Ffranleplant%2Fhttp_framework.rs" "/workspace/builds/worker-104/source", kill_on_drop: false }`
[INFO] [stderr] Cloning into '/workspace/builds/worker-104/source'...
[INFO] [stderr] done.
[INFO] validating manifest of git repo https://github.com/franleplant/http_framework.rs on toolchain 1.54.0
[INFO] running `Command { std: "/workspace/cargo-home/bin/cargo" "+1.54.0" "metadata" "--manifest-path" "Cargo.toml" "--no-deps", kill_on_drop: false }`
[INFO] started tweaking git repo https://github.com/franleplant/http_framework.rs
[INFO] finished tweaking git repo https://github.com/franleplant/http_framework.rs
[INFO] tweaked toml for git repo https://github.com/franleplant/http_framework.rs written to /workspace/builds/worker-104/source/Cargo.toml
[INFO] crate git repo https://github.com/franleplant/http_framework.rs already has a lockfile, it will not be regenerated
[INFO] running `Command { std: "/workspace/cargo-home/bin/cargo" "+1.54.0" "fetch" "--manifest-path" "Cargo.toml", kill_on_drop: false }`
[INFO] [stderr]     Blocking waiting for file lock on package cache
[INFO] [stderr]     Blocking waiting for file lock on package cache
[INFO] running `Command { std: "docker" "create" "-v" "/var/lib/crater-agent-workspace/builds/worker-104/target:/opt/rustwide/target:rw,Z" "-v" "/var/lib/crater-agent-workspace/builds/worker-104/source:/opt/rustwide/workdir:ro,Z" "-v" "/var/lib/crater-agent-workspace/cargo-home:/opt/rustwide/cargo-home:ro,Z" "-v" "/var/lib/crater-agent-workspace/rustup-home:/opt/rustwide/rustup-home:ro,Z" "-e" "SOURCE_DIR=/opt/rustwide/workdir" "-e" "CARGO_TARGET_DIR=/opt/rustwide/target" "-e" "CARGO_HOME=/opt/rustwide/cargo-home" "-e" "RUSTUP_HOME=/opt/rustwide/rustup-home" "-w" "/opt/rustwide/workdir" "-m" "1610612736" "--user" "0:0" "--network" "none" "ghcr.io/rust-lang/crates-build-env/linux@sha256:34b6a614d2c27851fe6cbf88fbd1137609cefab8b10d0615aaeb6fd47975d74e" "/opt/rustwide/cargo-home/bin/cargo" "+1.54.0" "metadata" "--no-deps" "--format-version=1", kill_on_drop: false }`
[INFO] [stdout] aac38306d9d3e81ff937394b5bc2b0c53b1e74ded2087de7b73acdd909fc25d1
[INFO] running `Command { std: "docker" "start" "-a" "aac38306d9d3e81ff937394b5bc2b0c53b1e74ded2087de7b73acdd909fc25d1", kill_on_drop: false }`
[INFO] running `Command { std: "docker" "inspect" "aac38306d9d3e81ff937394b5bc2b0c53b1e74ded2087de7b73acdd909fc25d1", kill_on_drop: false }`
[INFO] running `Command { std: "docker" "rm" "-f" "aac38306d9d3e81ff937394b5bc2b0c53b1e74ded2087de7b73acdd909fc25d1", kill_on_drop: false }`
[INFO] [stdout] aac38306d9d3e81ff937394b5bc2b0c53b1e74ded2087de7b73acdd909fc25d1
[INFO] running `Command { std: "docker" "create" "-v" "/var/lib/crater-agent-workspace/builds/worker-104/target:/opt/rustwide/target:rw,Z" "-v" "/var/lib/crater-agent-workspace/builds/worker-104/source:/opt/rustwide/workdir:ro,Z" "-v" "/var/lib/crater-agent-workspace/cargo-home:/opt/rustwide/cargo-home:ro,Z" "-v" "/var/lib/crater-agent-workspace/rustup-home:/opt/rustwide/rustup-home:ro,Z" "-e" "SOURCE_DIR=/opt/rustwide/workdir" "-e" "CARGO_TARGET_DIR=/opt/rustwide/target" "-e" "CARGO_INCREMENTAL=0" "-e" "RUST_BACKTRACE=full" "-e" "RUSTDOCFLAGS=--cap-lints=warn" "-e" "CARGO_HOME=/opt/rustwide/cargo-home" "-e" "RUSTUP_HOME=/opt/rustwide/rustup-home" "-w" "/opt/rustwide/workdir" "-m" "1610612736" "--user" "0:0" "--network" "none" "ghcr.io/rust-lang/crates-build-env/linux@sha256:34b6a614d2c27851fe6cbf88fbd1137609cefab8b10d0615aaeb6fd47975d74e" "/opt/rustwide/cargo-home/bin/cargo" "+1.54.0" "doc" "--frozen" "--no-deps" "--document-private-items" "--message-format=json", kill_on_drop: false }`
[INFO] [stdout] 06eb8eed7b3059d18b440bb88f559c1a604b8e2f970e06a5e9586eee1fabde69
[INFO] running `Command { std: "docker" "start" "-a" "06eb8eed7b3059d18b440bb88f559c1a604b8e2f970e06a5e9586eee1fabde69", kill_on_drop: false }`
[INFO] [stderr]     Blocking waiting for file lock on package cache
[INFO] [stderr]    Compiling pkg-config v0.3.8
[INFO] [stderr]    Compiling gcc v0.3.39
[INFO] [stderr]     Checking libc v0.2.18
[INFO] [stderr]     Checking matches v0.1.4
[INFO] [stderr]     Checking unicode-normalization v0.1.2
[INFO] [stderr]    Compiling winapi-build v0.1.1
[INFO] [stderr]    Compiling semver v0.1.20
[INFO] [stderr]     Checking log v0.3.6
[INFO] [stderr]     Checking bitflags v0.7.0
[INFO] [stderr]     Checking lazy_static v0.2.2
[INFO] [stderr]     Checking winapi v0.2.8
[INFO] [stderr]     Checking rustc-serialize v0.3.22
[INFO] [stderr]     Checking httparse v1.2.1
[INFO] [stderr]     Checking traitobject v0.0.1
[INFO] [stderr]     Checking typeable v0.1.2
[INFO] [stderr]     Checking language-tags v0.2.2
[INFO] [stderr]     Checking unicode-bidi v0.2.3
[INFO] [stderr]    Compiling kernel32-sys v0.2.2
[INFO] [stderr]     Checking hpack v0.2.0
[INFO] [stderr]     Checking mime v0.2.2
[INFO] [stderr]    Compiling rustc_version v0.1.7
[INFO] [stderr]     Checking num_cpus v1.2.0
[INFO] [stderr]    Compiling openssl-sys-extras v0.7.14
[INFO] [stderr]    Compiling openssl v0.7.14
[INFO] [stderr]    Compiling openssl-sys v0.7.17
[INFO] [stderr]     Checking idna v0.1.0
[INFO] [stderr]     Checking idna v0.1.0 (https://github.com/servo/rust-url#8e237622)
[INFO] [stderr] The following warnings were emitted during compilation:
[INFO] [stderr] 
[INFO] [stderr] warning: src/openssl_shim.c: In function 'DH_new_from_params':
[INFO] [stderr] warning: src/openssl_shim.c:132:7: error: dereferencing pointer to incomplete type 'DH' {aka 'struct dh_st'}
[INFO] [stderr] warning:   132 |     dh->p = p;
[INFO] [stderr] warning:       |       ^~
[INFO] [stderr] warning: src/openssl_shim.c: In function 'X509_get_extensions_shim':
[INFO] [stderr] warning: src/openssl_shim.c:143:13: error: dereferencing pointer to incomplete type 'X509' {aka 'struct x509_st'}
[INFO] [stderr] warning:   143 |     return x->cert_info ? x->cert_info->extensions : NULL;
[INFO] [stderr] warning:       |             ^~
[INFO] [stderr] 
[INFO] [stderr] error: failed to run custom build command for `openssl-sys-extras v0.7.14`
[INFO] [stderr] 
[INFO] [stderr] Caused by:
[INFO] [stderr]   process didn't exit successfully: `/opt/rustwide/target/debug/build/openssl-sys-extras-5f6e03aa71aec476/build-script-build` (exit status: 101)
[INFO] [stderr]   --- stdout
[INFO] [stderr]   TARGET = Some("x86_64-unknown-linux-gnu")
[INFO] [stderr]   OPT_LEVEL = Some("0")
[INFO] [stderr]   PROFILE = Some("debug")
[INFO] [stderr]   TARGET = Some("x86_64-unknown-linux-gnu")
[INFO] [stderr]   debug=true opt-level=0
[INFO] [stderr]   HOST = Some("x86_64-unknown-linux-gnu")
[INFO] [stderr]   TARGET = Some("x86_64-unknown-linux-gnu")
[INFO] [stderr]   TARGET = Some("x86_64-unknown-linux-gnu")
[INFO] [stderr]   HOST = Some("x86_64-unknown-linux-gnu")
[INFO] [stderr]   CC_x86_64-unknown-linux-gnu = None
[INFO] [stderr]   CC_x86_64_unknown_linux_gnu = None
[INFO] [stderr]   HOST_CC = None
[INFO] [stderr]   CC = None
[INFO] [stderr]   HOST = Some("x86_64-unknown-linux-gnu")
[INFO] [stderr]   TARGET = Some("x86_64-unknown-linux-gnu")
[INFO] [stderr]   HOST = Some("x86_64-unknown-linux-gnu")
[INFO] [stderr]   CFLAGS_x86_64-unknown-linux-gnu = None
[INFO] [stderr]   CFLAGS_x86_64_unknown_linux_gnu = None
[INFO] [stderr]   HOST_CFLAGS = None
[INFO] [stderr]   CFLAGS = None
[INFO] [stderr]   running: "cc" "-O0" "-ffunction-sections" "-fdata-sections" "-g" "-m64" "-fPIC" "-o" "/opt/rustwide/target/debug/build/openssl-sys-extras-1cc890458bc64d5e/out/src/openssl_shim.o" "-c" "src/openssl_shim.c"
[INFO] [stderr]   cargo:warning=src/openssl_shim.c: In function 'DH_new_from_params':
[INFO] [stderr]   cargo:warning=src/openssl_shim.c:132:7: error: dereferencing pointer to incomplete type 'DH' {aka 'struct dh_st'}
[INFO] [stderr]   cargo:warning=  132 |     dh->p = p;
[INFO] [stderr]   cargo:warning=      |       ^~
[INFO] [stderr]   cargo:warning=src/openssl_shim.c: In function 'X509_get_extensions_shim':
[INFO] [stderr]   cargo:warning=src/openssl_shim.c:143:13: error: dereferencing pointer to incomplete type 'X509' {aka 'struct x509_st'}
[INFO] [stderr]   cargo:warning=  143 |     return x->cert_info ? x->cert_info->extensions : NULL;
[INFO] [stderr]   cargo:warning=      |             ^~
[INFO] [stderr]   ExitStatus(ExitStatus(256))
[INFO] [stderr] 
[INFO] [stderr] 
[INFO] [stderr]   command did not execute successfully, got: exit status: 1
[INFO] [stderr] 
[INFO] [stderr] 
[INFO] [stderr] 
[INFO] [stderr]   --- stderr
[INFO] [stderr]   thread 'main' panicked at 'explicit panic', /opt/rustwide/cargo-home/registry/src/github.com-1ecc6299db9ec823/gcc-0.3.39/src/lib.rs:984:5
[INFO] [stderr]   stack backtrace:
[INFO] [stderr]      0:     0x5578f2cbde00 - std::backtrace_rs::backtrace::libunwind::trace::h34055254b57d8e79
[INFO] [stderr]                                  at /rustc/a178d0322ce20e33eac124758e837cbd80a6f633/library/std/src/../../backtrace/src/backtrace/libunwind.rs:90:5
[INFO] [stderr]      1:     0x5578f2cbde00 - std::backtrace_rs::backtrace::trace_unsynchronized::h8f1e3fbd9afff6ec
[INFO] [stderr]                                  at /rustc/a178d0322ce20e33eac124758e837cbd80a6f633/library/std/src/../../backtrace/src/backtrace/mod.rs:66:5
[INFO] [stderr]      2:     0x5578f2cbde00 - std::sys_common::backtrace::_print_fmt::h3a99a796b770c360
[INFO] [stderr]                                  at /rustc/a178d0322ce20e33eac124758e837cbd80a6f633/library/std/src/sys_common/backtrace.rs:67:5
[INFO] [stderr]      3:     0x5578f2cbde00 - <std::sys_common::backtrace::_print::DisplayBacktrace as core::fmt::Display>::fmt::h32d1f94a80615d18
[INFO] [stderr]                                  at /rustc/a178d0322ce20e33eac124758e837cbd80a6f633/library/std/src/sys_common/backtrace.rs:46:22
[INFO] [stderr]      4:     0x5578f2cdca5c - core::fmt::write::h306731c068f7162c
[INFO] [stderr]                                  at /rustc/a178d0322ce20e33eac124758e837cbd80a6f633/library/core/src/fmt/mod.rs:1110:17
[INFO] [stderr]      5:     0x5578f2cbaa25 - std::io::Write::write_fmt::hd2fa90334eee2a21
[INFO] [stderr]                                  at /rustc/a178d0322ce20e33eac124758e837cbd80a6f633/library/std/src/io/mod.rs:1588:15
[INFO] [stderr]      6:     0x5578f2cbfc9b - std::sys_common::backtrace::_print::h5abaa2601a852287
[INFO] [stderr]                                  at /rustc/a178d0322ce20e33eac124758e837cbd80a6f633/library/std/src/sys_common/backtrace.rs:49:5
[INFO] [stderr]      7:     0x5578f2cbfc9b - std::sys_common::backtrace::print::h8d81445442bb638f
[INFO] [stderr]                                  at /rustc/a178d0322ce20e33eac124758e837cbd80a6f633/library/std/src/sys_common/backtrace.rs:36:9
[INFO] [stderr]      8:     0x5578f2cbfc9b - std::panicking::default_hook::{{closure}}::hcfe804496a9fa747
[INFO] [stderr]                                  at /rustc/a178d0322ce20e33eac124758e837cbd80a6f633/library/std/src/panicking.rs:208:50
[INFO] [stderr]      9:     0x5578f2cbf771 - std::panicking::default_hook::hbea8e3ccf2ba8901
[INFO] [stderr]                                  at /rustc/a178d0322ce20e33eac124758e837cbd80a6f633/library/std/src/panicking.rs:225:9
[INFO] [stderr]     10:     0x5578f2cc0364 - std::panicking::rust_panic_with_hook::h7ee9e1a2d0f8975a
[INFO] [stderr]                                  at /rustc/a178d0322ce20e33eac124758e837cbd80a6f633/library/std/src/panicking.rs:622:17
[INFO] [stderr]     11:     0x5578f2c960b3 - std::panicking::begin_panic::{{closure}}::h5a61e18a897bc5ff
[INFO] [stderr]                                  at /rustc/a178d0322ce20e33eac124758e837cbd80a6f633/library/std/src/panicking.rs:542:9
[INFO] [stderr]     12:     0x5578f2c87f89 - std::sys_common::backtrace::__rust_end_short_backtrace::h9911bed0c61858eb
[INFO] [stderr]                                  at /rustc/a178d0322ce20e33eac124758e837cbd80a6f633/library/std/src/sys_common/backtrace.rs:141:18
[INFO] [stderr]     13:     0x5578f2c95fe9 - std::panicking::begin_panic::h728e22ecb24be1dd
[INFO] [stderr]                                  at /rustc/a178d0322ce20e33eac124758e837cbd80a6f633/library/std/src/panicking.rs:541:12
[INFO] [stderr]     14:     0x5578f2c86585 - gcc::fail::h0350451ce316fe9d
[INFO] [stderr]                                  at /opt/rustwide/cargo-home/registry/src/github.com-1ecc6299db9ec823/gcc-0.3.39/src/lib.rs:984:5
[INFO] [stderr]     15:     0x5578f2c86442 - gcc::run::hc0a82291332ddd20
[INFO] [stderr]                                  at /opt/rustwide/cargo-home/registry/src/github.com-1ecc6299db9ec823/gcc-0.3.39/src/lib.rs:978:9
[INFO] [stderr]     16:     0x5578f2c7cfbf - gcc::Config::compile_object::h04b2158fe0a388a5
[INFO] [stderr]                                  at /opt/rustwide/cargo-home/registry/src/github.com-1ecc6299db9ec823/gcc-0.3.39/src/lib.rs:435:9
[INFO] [stderr]     17:     0x5578f2c7c7cc - gcc::Config::compile_objects::h3883090140a4ca4c
[INFO] [stderr]                                  at /opt/rustwide/cargo-home/registry/src/github.com-1ecc6299db9ec823/gcc-0.3.39/src/lib.rs:405:13
[INFO] [stderr]     18:     0x5578f2c7b8d9 - gcc::Config::compile::hd48e20a94252b792
[INFO] [stderr]                                  at /opt/rustwide/cargo-home/registry/src/github.com-1ecc6299db9ec823/gcc-0.3.39/src/lib.rs:353:9
[INFO] [stderr]     19:     0x5578f2c77ef2 - build_script_build::main::he82a83b1def988b5
[INFO] [stderr]                                  at /opt/rustwide/cargo-home/registry/src/github.com-1ecc6299db9ec823/openssl-sys-extras-0.7.14/build.rs:19:5
[INFO] [stderr]     20:     0x5578f2c796cb - core::ops::function::FnOnce::call_once::h96ee4b59b86724f8
[INFO] [stderr]                                  at /rustc/a178d0322ce20e33eac124758e837cbd80a6f633/library/core/src/ops/function.rs:227:5
[INFO] [stderr]     21:     0x5578f2c7a7de - std::sys_common::backtrace::__rust_begin_short_backtrace::h87b3dcfb66208513
[INFO] [stderr]                                  at /rustc/a178d0322ce20e33eac124758e837cbd80a6f633/library/std/src/sys_common/backtrace.rs:125:18
[INFO] [stderr]     22:     0x5578f2c79a11 - std::rt::lang_start::{{closure}}::h15b53720e0007bb5
[INFO] [stderr]                                  at /rustc/a178d0322ce20e33eac124758e837cbd80a6f633/library/std/src/rt.rs:49:18
[INFO] [stderr]     23:     0x5578f2cc0869 - core::ops::function::impls::<impl core::ops::function::FnOnce<A> for &F>::call_once::h2aabc384aab89b7b
[INFO] [stderr]                                  at /rustc/a178d0322ce20e33eac124758e837cbd80a6f633/library/core/src/ops/function.rs:259:13
[INFO] [stderr]     24:     0x5578f2cc0869 - std::panicking::try::do_call::hc5fcacb7a85fc7b1
[INFO] [stderr]                                  at /rustc/a178d0322ce20e33eac124758e837cbd80a6f633/library/std/src/panicking.rs:401:40
[INFO] [stderr]     25:     0x5578f2cc0869 - std::panicking::try::hb5d9603af3abbe3a
[INFO] [stderr]                                  at /rustc/a178d0322ce20e33eac124758e837cbd80a6f633/library/std/src/panicking.rs:365:19
[INFO] [stderr]     26:     0x5578f2cc0869 - std::panic::catch_unwind::h98fe6ac3925e64b4
[INFO] [stderr]                                  at /rustc/a178d0322ce20e33eac124758e837cbd80a6f633/library/std/src/panic.rs:434:14
[INFO] [stderr]     27:     0x5578f2cc0869 - std::rt::lang_start_internal::h22ac7383c516f93e
[INFO] [stderr]                                  at /rustc/a178d0322ce20e33eac124758e837cbd80a6f633/library/std/src/rt.rs:34:21
[INFO] [stderr]     28:     0x5578f2c799f0 - std::rt::lang_start::hf10b9f15c8c4af3d
[INFO] [stderr]                                  at /rustc/a178d0322ce20e33eac124758e837cbd80a6f633/library/std/src/rt.rs:48:5
[INFO] [stderr]     29:     0x5578f2c790bc - main
[INFO] [stderr]     30:     0x7f97db62a0b3 - __libc_start_main
[INFO] [stderr]     31:     0x5578f2c77a6e - _start
[INFO] [stderr]     32:                0x0 - <unknown>
[INFO] [stderr] warning: build failed, waiting for other jobs to finish...
[INFO] [stderr] The following warnings were emitted during compilation:
[INFO] [stderr] 
[INFO] [stderr] warning: src/c_helpers.c: In function 'rust_SSL_clone':
[INFO] [stderr] warning: src/c_helpers.c:4:5: warning: implicit declaration of function 'CRYPTO_add' [-Wimplicit-function-declaration]
[INFO] [stderr] warning:     4 |     CRYPTO_add(&ssl->references, 1, CRYPTO_LOCK_SSL);
[INFO] [stderr] warning:       |     ^~~~~~~~~~
[INFO] [stderr] warning: src/c_helpers.c:4:20: error: dereferencing pointer to incomplete type 'SSL' {aka 'struct ssl_st'}
[INFO] [stderr] warning:     4 |     CRYPTO_add(&ssl->references, 1, CRYPTO_LOCK_SSL);
[INFO] [stderr] warning:       |                    ^~
[INFO] [stderr] warning: src/c_helpers.c:4:37: error: 'CRYPTO_LOCK_SSL' undeclared (first use in this function); did you mean 'CRYPTO_LOCK'?
[INFO] [stderr] warning:     4 |     CRYPTO_add(&ssl->references, 1, CRYPTO_LOCK_SSL);
[INFO] [stderr] warning:       |                                     ^~~~~~~~~~~~~~~
[INFO] [stderr] warning:       |                                     CRYPTO_LOCK
[INFO] [stderr] warning: src/c_helpers.c:4:37: note: each undeclared identifier is reported only once for each function it appears in
[INFO] [stderr] warning: src/c_helpers.c: In function 'rust_SSL_CTX_clone':
[INFO] [stderr] warning: src/c_helpers.c:8:20: error: dereferencing pointer to incomplete type 'SSL_CTX' {aka 'struct ssl_ctx_st'}
[INFO] [stderr] warning:     8 |     CRYPTO_add(&ctx->references,1,CRYPTO_LOCK_SSL_CTX);
[INFO] [stderr] warning:       |                    ^~
[INFO] [stderr] warning: src/c_helpers.c:8:35: error: 'CRYPTO_LOCK_SSL_CTX' undeclared (first use in this function); did you mean 'CRYPTO_EX_INDEX_SSL_CTX'?
[INFO] [stderr] warning:     8 |     CRYPTO_add(&ctx->references,1,CRYPTO_LOCK_SSL_CTX);
[INFO] [stderr] warning:       |                                   ^~~~~~~~~~~~~~~~~~~
[INFO] [stderr] warning:       |                                   CRYPTO_EX_INDEX_SSL_CTX
[INFO] [stderr] warning: src/c_helpers.c: In function 'rust_X509_clone':
[INFO] [stderr] warning: src/c_helpers.c:12:21: error: dereferencing pointer to incomplete type 'X509' {aka 'struct x509_st'}
[INFO] [stderr] warning:    12 |     CRYPTO_add(&x509->references,1,CRYPTO_LOCK_X509);
[INFO] [stderr] warning:       |                     ^~
[INFO] [stderr] warning: src/c_helpers.c:12:36: error: 'CRYPTO_LOCK_X509' undeclared (first use in this function); did you mean 'CRYPTO_LOCK'?
[INFO] [stderr] warning:    12 |     CRYPTO_add(&x509->references,1,CRYPTO_LOCK_X509);
[INFO] [stderr] warning:       |                                    ^~~~~~~~~~~~~~~~
[INFO] [stderr] warning:       |                                    CRYPTO_LOCK
[INFO] [stderr] 
[INFO] [stderr] error: build failed
[INFO] running `Command { std: "docker" "inspect" "06eb8eed7b3059d18b440bb88f559c1a604b8e2f970e06a5e9586eee1fabde69", kill_on_drop: false }`
[INFO] running `Command { std: "docker" "rm" "-f" "06eb8eed7b3059d18b440bb88f559c1a604b8e2f970e06a5e9586eee1fabde69", kill_on_drop: false }`
[INFO] [stdout] 06eb8eed7b3059d18b440bb88f559c1a604b8e2f970e06a5e9586eee1fabde69
