[INFO] cloning repository https://github.com/francesco-cattoglio/compute_atan2_testing
[INFO] running `Command { std: "git" "-c" "credential.helper=" "-c" "credential.helper=/workspace/cargo-home/bin/git-credential-null" "clone" "--bare" "https://github.com/francesco-cattoglio/compute_atan2_testing" "/workspace/cache/git-repos/https%3A%2F%2Fgithub.com%2Ffrancesco-cattoglio%2Fcompute_atan2_testing", kill_on_drop: false }`
[INFO] [stderr] Cloning into bare repository '/workspace/cache/git-repos/https%3A%2F%2Fgithub.com%2Ffrancesco-cattoglio%2Fcompute_atan2_testing'...
[INFO] running `Command { std: "git" "rev-parse" "HEAD", kill_on_drop: false }`
[INFO] [stdout] 5891f9c9de2700b7c9c7598a5127c820122cfc63
[INFO] documenting francesco-cattoglio/compute_atan2_testing against 1.54.0 for beta-1.55-rustdoc-1
[INFO] running `Command { std: "git" "clone" "/workspace/cache/git-repos/https%3A%2F%2Fgithub.com%2Ffrancesco-cattoglio%2Fcompute_atan2_testing" "/workspace/builds/worker-108/source", kill_on_drop: false }`
[INFO] [stderr] Cloning into '/workspace/builds/worker-108/source'...
[INFO] [stderr] done.
[INFO] validating manifest of git repo https://github.com/francesco-cattoglio/compute_atan2_testing on toolchain 1.54.0
[INFO] running `Command { std: "/workspace/cargo-home/bin/cargo" "+1.54.0" "metadata" "--manifest-path" "Cargo.toml" "--no-deps", kill_on_drop: false }`
[INFO] started tweaking git repo https://github.com/francesco-cattoglio/compute_atan2_testing
[INFO] finished tweaking git repo https://github.com/francesco-cattoglio/compute_atan2_testing
[INFO] tweaked toml for git repo https://github.com/francesco-cattoglio/compute_atan2_testing written to /workspace/builds/worker-108/source/Cargo.toml
[INFO] crate git repo https://github.com/francesco-cattoglio/compute_atan2_testing already has a lockfile, it will not be regenerated
[INFO] running `Command { std: "/workspace/cargo-home/bin/cargo" "+1.54.0" "fetch" "--manifest-path" "Cargo.toml", kill_on_drop: false }`
[INFO] [stderr]     Blocking waiting for file lock on package cache
[INFO] [stderr]     Blocking waiting for file lock on package cache
[INFO] running `Command { std: "docker" "create" "-v" "/var/lib/crater-agent-workspace/builds/worker-108/target:/opt/rustwide/target:rw,Z" "-v" "/var/lib/crater-agent-workspace/builds/worker-108/source:/opt/rustwide/workdir:ro,Z" "-v" "/var/lib/crater-agent-workspace/cargo-home:/opt/rustwide/cargo-home:ro,Z" "-v" "/var/lib/crater-agent-workspace/rustup-home:/opt/rustwide/rustup-home:ro,Z" "-e" "SOURCE_DIR=/opt/rustwide/workdir" "-e" "CARGO_TARGET_DIR=/opt/rustwide/target" "-e" "CARGO_HOME=/opt/rustwide/cargo-home" "-e" "RUSTUP_HOME=/opt/rustwide/rustup-home" "-w" "/opt/rustwide/workdir" "-m" "1610612736" "--user" "0:0" "--network" "none" "ghcr.io/rust-lang/crates-build-env/linux@sha256:34b6a614d2c27851fe6cbf88fbd1137609cefab8b10d0615aaeb6fd47975d74e" "/opt/rustwide/cargo-home/bin/cargo" "+1.54.0" "metadata" "--no-deps" "--format-version=1", kill_on_drop: false }`
[INFO] [stdout] 264fb20f55de218afeb67a95073a65aae8c180236e38da05cf9fa5ea04039958
[INFO] running `Command { std: "docker" "start" "-a" "264fb20f55de218afeb67a95073a65aae8c180236e38da05cf9fa5ea04039958", kill_on_drop: false }`
[INFO] running `Command { std: "docker" "inspect" "264fb20f55de218afeb67a95073a65aae8c180236e38da05cf9fa5ea04039958", kill_on_drop: false }`
[INFO] running `Command { std: "docker" "rm" "-f" "264fb20f55de218afeb67a95073a65aae8c180236e38da05cf9fa5ea04039958", kill_on_drop: false }`
[INFO] [stdout] 264fb20f55de218afeb67a95073a65aae8c180236e38da05cf9fa5ea04039958
[INFO] running `Command { std: "docker" "create" "-v" "/var/lib/crater-agent-workspace/builds/worker-108/target:/opt/rustwide/target:rw,Z" "-v" "/var/lib/crater-agent-workspace/builds/worker-108/source:/opt/rustwide/workdir:ro,Z" "-v" "/var/lib/crater-agent-workspace/cargo-home:/opt/rustwide/cargo-home:ro,Z" "-v" "/var/lib/crater-agent-workspace/rustup-home:/opt/rustwide/rustup-home:ro,Z" "-e" "SOURCE_DIR=/opt/rustwide/workdir" "-e" "CARGO_TARGET_DIR=/opt/rustwide/target" "-e" "CARGO_INCREMENTAL=0" "-e" "RUST_BACKTRACE=full" "-e" "RUSTDOCFLAGS=--cap-lints=warn" "-e" "CARGO_HOME=/opt/rustwide/cargo-home" "-e" "RUSTUP_HOME=/opt/rustwide/rustup-home" "-w" "/opt/rustwide/workdir" "-m" "1610612736" "--user" "0:0" "--network" "none" "ghcr.io/rust-lang/crates-build-env/linux@sha256:34b6a614d2c27851fe6cbf88fbd1137609cefab8b10d0615aaeb6fd47975d74e" "/opt/rustwide/cargo-home/bin/cargo" "+1.54.0" "doc" "--frozen" "--no-deps" "--document-private-items" "--message-format=json", kill_on_drop: false }`
[INFO] [stdout] 1f8cbaf2d3302d6ce8ffc2bf239d8c4a16ec2ca745ccf524725f8d4a8b619f39
[INFO] running `Command { std: "docker" "start" "-a" "1f8cbaf2d3302d6ce8ffc2bf239d8c4a16ec2ca745ccf524725f8d4a8b619f39", kill_on_drop: false }`
[INFO] [stderr]    Compiling libc v0.2.90
[INFO] [stderr]    Compiling syn v1.0.64
[INFO] [stderr]     Checking fixedbitset v0.2.0
[INFO] [stderr]     Checking bit-vec v0.6.3
[INFO] [stderr]    Compiling serde v1.0.124
[INFO] [stderr]    Compiling khronos-egl v3.0.2
[INFO] [stderr]     Checking arrayvec v0.5.2
[INFO] [stderr]    Compiling cfg_aliases v0.1.1
[INFO] [stderr]    Compiling serde_json v1.0.64
[INFO] [stderr]     Checking once_cell v1.7.2
[INFO] [stderr]     Checking itoa v0.4.7
[INFO] [stderr]     Checking glow v0.7.2
[INFO] [stderr]     Checking inplace_it v0.3.3
[INFO] [stderr]     Checking ansi_term v0.12.1
[INFO] [stderr]     Checking copyless v0.1.5
[INFO] [stderr]     Checking pollster v0.2.2
[INFO] [stderr]     Checking bytemuck v1.5.1
[INFO] [stderr]    Compiling num-traits v0.2.14
[INFO] [stderr]    Compiling indexmap v1.6.2
[INFO] [stderr]     Checking hashbrown v0.9.1
[INFO] [stderr]     Checking tracing-core v0.1.17
[INFO] [stderr]     Checking fxhash v0.2.1
[INFO] [stderr]     Checking instant v0.1.9
[INFO] [stderr]     Checking libloading v0.6.7
[INFO] [stderr]     Checking lock_api v0.4.2
[INFO] [stderr]    Compiling num-integer v0.1.44
[INFO] [stderr]     Checking regex-automata v0.1.9
[INFO] [stderr]     Checking sharded-slab v0.1.1
[INFO] [stderr]     Checking regex v1.4.5
[INFO] [stderr]     Checking gpu-descriptor-types v0.1.1
[INFO] [stderr]     Checking gpu-alloc-types v0.2.0
[INFO] [stderr]     Checking wgpu-types v0.6.0 (https://github.com/gfx-rs/wgpu?rev=ac81f3e7562eff96ca854b462b0893c38ea98de2#ac81f3e7)
[INFO] [stderr]    Compiling wgpu-core v0.6.0 (https://github.com/gfx-rs/wgpu?rev=ac81f3e7562eff96ca854b462b0893c38ea98de2#ac81f3e7)
[INFO] [stderr]     Checking thread_local v1.1.3
[INFO] [stderr]     Checking ash v0.31.0
[INFO] [stderr]     Checking tracing-log v0.1.2
[INFO] [stderr]     Checking bit-set v0.5.2
[INFO] [stderr]     Checking matchers v0.0.1
[INFO] [stderr]    Compiling jobserver v0.1.21
[INFO] [stderr]     Checking raw-window-handle v0.3.3
[INFO] [stderr]     Checking parking_lot_core v0.8.3
[INFO] [stderr]     Checking thread-id v3.3.0
[INFO] [stderr]    Compiling cc v1.0.67
[INFO] [stderr]     Checking parking_lot v0.11.1
[INFO] [stderr]     Checking petgraph v0.5.1
[INFO] [stderr]     Checking spirv_headers v1.5.0
[INFO] [stderr]    Compiling cmake v0.1.45
[INFO] [stderr]     Checking chrono v0.4.19
[INFO] [stderr]    Compiling spirv_cross v0.23.1
[INFO] [stderr]    Compiling shaderc-sys v0.6.3
[INFO] [stderr]     Checking tracing-serde v0.1.2
[INFO] [stderr] error: could not compile `ash`
[INFO] [stderr] 
[INFO] [stderr] Caused by:
[INFO] [stderr]   process didn't exit successfully: `rustc --crate-name ash --edition=2018 /opt/rustwide/cargo-home/registry/src/github.com-1ecc6299db9ec823/ash-0.31.0/src/lib.rs --error-format=json --json=diagnostic-rendered-ansi --crate-type lib --emit=dep-info,metadata -C embed-bitcode=no -C debuginfo=2 --cfg 'feature="default"' --cfg 'feature="libloading"' -C metadata=780d707f8e79f145 -C extra-filename=-780d707f8e79f145 --out-dir /opt/rustwide/target/debug/deps -L dependency=/opt/rustwide/target/debug/deps --extern libloading=/opt/rustwide/target/debug/deps/liblibloading-436bb1e630c71493.rmeta --cap-lints allow` (signal: 9, SIGKILL: kill)
[INFO] [stderr] warning: build failed, waiting for other jobs to finish...
[INFO] [stderr] The following warnings were emitted during compilation:
[INFO] [stderr] 
[INFO] [stderr] warning: src/wrapper.cpp:2: warning: ignoring #pragma warning  [-Wunknown-pragmas]
[INFO] [stderr] warning:     2 | #pragma warning(disable : 4996 4101)
[INFO] [stderr] warning:       | 
[INFO] [stderr] warning: c++: fatal error: Killed signal terminated program cc1plus
[INFO] [stderr] warning: compilation terminated.
[INFO] [stderr] warning: c++: fatal error: Killed signal terminated program cc1plus
[INFO] [stderr] warning: compilation terminated.
[INFO] [stderr] warning: c++: fatal error: Killed signal terminated program cc1plus
[INFO] [stderr] warning: compilation terminated.
[INFO] [stderr] warning: c++: fatal error: Killed signal terminated program cc1plus
[INFO] [stderr] warning: compilation terminated.
[INFO] [stderr] warning: c++: fatal error: Killed signal terminated program cc1plus
[INFO] [stderr] warning: compilation terminated.
[INFO] [stderr] warning: c++: fatal error: Killed signal terminated program cc1plus
[INFO] [stderr] warning: compilation terminated.
[INFO] [stderr] warning: c++: fatal error: Killed signal terminated program cc1plus
[INFO] [stderr] warning: compilation terminated.
[INFO] [stderr] 
[INFO] [stderr] The following warnings were emitted during compilation:
[INFO] [stderr] 
[INFO] [stderr] warning: Checking for system installed libraries.  Use --features = build-from-source to disable this behavior
[INFO] [stderr] warning: System installed library not found.  Falling back to build from source
[INFO] [stderr] 
[INFO] [stderr] error: build failed
[INFO] running `Command { std: "docker" "inspect" "1f8cbaf2d3302d6ce8ffc2bf239d8c4a16ec2ca745ccf524725f8d4a8b619f39", kill_on_drop: false }`
[INFO] running `Command { std: "docker" "rm" "-f" "1f8cbaf2d3302d6ce8ffc2bf239d8c4a16ec2ca745ccf524725f8d4a8b619f39", kill_on_drop: false }`
[INFO] [stdout] 1f8cbaf2d3302d6ce8ffc2bf239d8c4a16ec2ca745ccf524725f8d4a8b619f39
