[INFO] cloning repository https://github.com/fracture91/pong-rust
[INFO] running `Command { std: "git" "-c" "credential.helper=" "-c" "credential.helper=/workspace/cargo-home/bin/git-credential-null" "clone" "--bare" "https://github.com/fracture91/pong-rust" "/workspace/cache/git-repos/https%3A%2F%2Fgithub.com%2Ffracture91%2Fpong-rust", kill_on_drop: false }`
[INFO] [stderr] Cloning into bare repository '/workspace/cache/git-repos/https%3A%2F%2Fgithub.com%2Ffracture91%2Fpong-rust'...
[INFO] running `Command { std: "git" "rev-parse" "HEAD", kill_on_drop: false }`
[INFO] [stdout] 2ba36af7aa7f6528add353fa162f9484f21e6c4a
[INFO] documenting fracture91/pong-rust against 1.54.0 for beta-1.55-rustdoc-1
[INFO] running `Command { std: "git" "clone" "/workspace/cache/git-repos/https%3A%2F%2Fgithub.com%2Ffracture91%2Fpong-rust" "/workspace/builds/worker-5/source", kill_on_drop: false }`
[INFO] [stderr] Cloning into '/workspace/builds/worker-5/source'...
[INFO] [stderr] done.
[INFO] validating manifest of git repo https://github.com/fracture91/pong-rust on toolchain 1.54.0
[INFO] running `Command { std: "/workspace/cargo-home/bin/cargo" "+1.54.0" "metadata" "--manifest-path" "Cargo.toml" "--no-deps", kill_on_drop: false }`
[INFO] started tweaking git repo https://github.com/fracture91/pong-rust
[INFO] finished tweaking git repo https://github.com/fracture91/pong-rust
[INFO] tweaked toml for git repo https://github.com/fracture91/pong-rust written to /workspace/builds/worker-5/source/Cargo.toml
[INFO] crate git repo https://github.com/fracture91/pong-rust already has a lockfile, it will not be regenerated
[INFO] running `Command { std: "/workspace/cargo-home/bin/cargo" "+1.54.0" "fetch" "--manifest-path" "Cargo.toml", kill_on_drop: false }`
[INFO] [stderr]     Blocking waiting for file lock on package cache
[INFO] [stderr]     Blocking waiting for file lock on package cache
[INFO] [stderr]  Downloading crates ...
[INFO] [stderr]   Downloaded lazy_static v0.2.10
[INFO] [stderr]   Downloaded winit v0.8.3
[INFO] [stderr]   Downloaded gfx_gl v0.3.1
[INFO] [stderr]   Downloaded gfx_device_gl v0.14.4
[INFO] [stderr]   Downloaded arrayvec v0.4.6
[INFO] [stderr]   Downloaded byteorder v0.4.2
[INFO] [stderr]   Downloaded gl_generator v0.5.5
[INFO] [stderr]   Downloaded matrixmultiply v0.1.14
[INFO] [stderr]   Downloaded generic-array v0.8.3
[INFO] [stderr]   Downloaded typenum v1.9.0
[INFO] [stderr]   Downloaded serde_json v0.9.10
[INFO] [stderr]   Downloaded khronos_api v1.0.1
[INFO] [stderr]   Downloaded fs2 v0.2.5
[INFO] [stderr]   Downloaded core-foundation-sys v0.3.1
[INFO] [stderr]   Downloaded block v0.1.6
[INFO] [stderr]   Downloaded android_glue v0.2.3
[INFO] [stderr]   Downloaded cocoa v0.9.2
[INFO] [stderr]   Downloaded xml-rs v0.7.0
[INFO] [stderr]   Downloaded cgl v0.2.1
[INFO] [stderr]   Downloaded interpolation v0.1.0
[INFO] [stderr]   Downloaded vecmath v0.3.1
[INFO] [stderr]   Downloaded piston2d-graphics v0.23.0
[INFO] [stderr]   Downloaded nalgebra v0.13.1
[INFO] [stderr]   Downloaded piston-gfx_texture v0.29.0
[INFO] [stderr]   Downloaded alga v0.5.2
[INFO] [stderr]   Downloaded approx v0.1.1
[INFO] [stderr]   Downloaded quote v0.3.15
[INFO] [stderr]   Downloaded fuchsia-zircon-sys v0.2.0
[INFO] [stderr]   Downloaded derivative v1.0.0
[INFO] [stderr]   Downloaded itertools v0.5.10
[INFO] [stderr]   Downloaded piston2d-opengl_graphics v0.49.0
[INFO] [stderr]   Downloaded num-rational v0.1.40
[INFO] [stderr]   Downloaded khronos_api v0.0.8
[INFO] [stderr]   Downloaded num_cpus v1.7.0
[INFO] [stderr]   Downloaded gif v0.9.2
[INFO] [stderr]   Downloaded rayon v0.8.2
[INFO] [stderr]   Downloaded deflate v0.7.17
[INFO] [stderr]   Downloaded coco v0.1.1
[INFO] [stderr]   Downloaded rayon-core v1.3.0
[INFO] [stderr]   Downloaded bitflags v0.7.0
[INFO] [stderr]   Downloaded fnv v1.0.6
[INFO] [stderr]   Downloaded log v0.3.8
[INFO] [stderr]   Downloaded shell32-sys v0.1.1
[INFO] [stderr]   Downloaded dwmapi-sys v0.1.0
[INFO] [stderr]   Downloaded enum_primitive v0.1.1
[INFO] [stderr]   Downloaded bitflags v0.9.1
[INFO] [stderr]   Downloaded malloc_buf v0.0.6
[INFO] [stderr]   Downloaded piston v0.35.0
[INFO] [stderr]   Downloaded piston_window v0.73.0
[INFO] [stderr]   Downloaded gfx v0.16.1
[INFO] [stderr]   Downloaded piston2d-gfx_graphics v0.46.0
[INFO] [stderr]   Downloaded phf v0.7.21
[INFO] [stderr]   Downloaded draw_state v0.7.1
[INFO] [stderr]   Downloaded bitflags v0.8.2
[INFO] [stderr]   Downloaded khronos_api v2.0.0
[INFO] [stderr]   Downloaded gfx_core v0.7.2
[INFO] [stderr]   Downloaded color_quant v1.0.0
[INFO] [stderr]   Downloaded shared_library v0.1.7
[INFO] [stderr]   Downloaded objc v0.2.2
[INFO] [stderr]   Downloaded serde v0.9.15
[INFO] [stderr]   Downloaded wayland-protocols v0.9.10
[INFO] [stderr]   Downloaded siphasher v0.2.2
[INFO] [stderr]   Downloaded phf_shared v0.7.21
[INFO] [stderr]   Downloaded dtoa v0.4.2
[INFO] [stderr]   Downloaded itoa v0.3.4
[INFO] [stderr]   Downloaded pkg-config v0.3.9
[INFO] [stderr]   Downloaded bitflags v1.0.1
[INFO] [stderr]   Downloaded serde v1.0.21
[INFO] [stderr]   Downloaded jpeg-decoder v0.1.13
[INFO] [stderr]   Downloaded serde_derive_internals v0.17.0
[INFO] [stderr]   Downloaded either v1.4.0
[INFO] [stderr]   Downloaded scoped_threadpool v0.1.8
[INFO] [stderr]   Downloaded rand v0.3.18
[INFO] [stderr]   Downloaded xml-rs v0.6.1
[INFO] [stderr]   Downloaded byteorder v1.1.0
[INFO] [stderr]   Downloaded num-iter v0.1.34
[INFO] [stderr]   Downloaded adler32 v1.0.2
[INFO] [stderr]   Downloaded num-integer v0.1.35
[INFO] [stderr]   Downloaded redox_syscall v0.1.31
[INFO] [stderr]   Downloaded syn v0.11.11
[INFO] [stderr]   Downloaded pistoncore-glutin_window v0.42.0
[INFO] [stderr]   Downloaded fuchsia-zircon v0.2.1
[INFO] [stderr]   Downloaded num-traits v0.1.40
[INFO] [stderr]   Downloaded synom v0.11.3
[INFO] [stderr]   Downloaded unicode-xid v0.0.4
[INFO] [stderr]   Downloaded pistoncore-input v0.20.0
[INFO] [stderr]   Downloaded pistoncore-window v0.30.0
[INFO] [stderr]   Downloaded shader_version v0.3.0
[INFO] [stderr]   Downloaded rustc-serialize v0.3.24
[INFO] [stderr]   Downloaded inflate v0.3.3
[INFO] [stderr]   Downloaded image v0.17.0
[INFO] [stderr]   Downloaded syn v0.10.8
[INFO] [stderr]   Downloaded png v0.11.0
[INFO] [stderr]   Downloaded gl v0.6.5
[INFO] [stderr]   Downloaded piston-shaders_graphics2d v0.3.1
[INFO] [stderr]   Downloaded gleam v0.4.14
[INFO] [stderr]   Downloaded gdi32-sys v0.1.1
[INFO] [stderr]   Downloaded gl_generator v0.6.1
[INFO] [stderr]   Downloaded osmesa-sys v0.1.2
[INFO] [stderr]   Downloaded core-foundation-sys v0.4.4
[INFO] [stderr]   Downloaded user32-sys v0.1.2
[INFO] [stderr]   Downloaded core-foundation v0.4.4
[INFO] [stderr]   Downloaded core-foundation v0.3.0
[INFO] [stderr]   Downloaded core-graphics v0.8.2
[INFO] [stderr]   Downloaded wayland-kbd v0.9.1
[INFO] [stderr]   Downloaded memmap v0.4.0
[INFO] [stderr]   Downloaded tempfile v2.2.0
[INFO] [stderr]   Downloaded wayland-client v0.9.10
[INFO] [stderr]   Downloaded wayland-scanner v0.9.10
[INFO] [stderr]   Downloaded phf_codegen v0.7.21
[INFO] [stderr]   Downloaded phf_generator v0.7.21
[INFO] [stderr]   Downloaded wayland-window v0.8.0
[INFO] [stderr]   Downloaded libloading v0.3.4
[INFO] [stderr]   Downloaded target_build_utils v0.3.1
[INFO] [stderr]   Downloaded dlib v0.3.1
[INFO] [stderr]   Downloaded wayland-sys v0.9.10
[INFO] [stderr]   Downloaded piston-float v0.3.0
[INFO] [stderr]   Downloaded piston-viewport v0.3.0
[INFO] [stderr]   Downloaded num-complex v0.1.40
[INFO] [stderr]   Downloaded linked-hash-map v0.5.0
[INFO] [stderr]   Downloaded stb_truetype v0.2.1
[INFO] [stderr]   Downloaded libc v0.2.33
[INFO] [stderr]   Downloaded rusttype v0.2.3
[INFO] [stderr]   Downloaded pistoncore-event_loop v0.35.0
[INFO] [stderr]   Downloaded piston-texture v0.6.0
[INFO] [stderr]   Downloaded read_color v0.1.0
[INFO] [stderr]   Downloaded nodrop v0.1.12
[INFO] [stderr]   Downloaded serde_derive v1.0.21
[INFO] [stderr]   Downloaded x11-dl v2.16.0
[INFO] [stderr]   Downloaded glutin v0.10.1
[INFO] running `Command { std: "docker" "create" "-v" "/var/lib/crater-agent-workspace/builds/worker-5/target:/opt/rustwide/target:rw,Z" "-v" "/var/lib/crater-agent-workspace/builds/worker-5/source:/opt/rustwide/workdir:ro,Z" "-v" "/var/lib/crater-agent-workspace/cargo-home:/opt/rustwide/cargo-home:ro,Z" "-v" "/var/lib/crater-agent-workspace/rustup-home:/opt/rustwide/rustup-home:ro,Z" "-e" "SOURCE_DIR=/opt/rustwide/workdir" "-e" "CARGO_TARGET_DIR=/opt/rustwide/target" "-e" "CARGO_HOME=/opt/rustwide/cargo-home" "-e" "RUSTUP_HOME=/opt/rustwide/rustup-home" "-w" "/opt/rustwide/workdir" "-m" "1610612736" "--user" "0:0" "--network" "none" "ghcr.io/rust-lang/crates-build-env/linux@sha256:34b6a614d2c27851fe6cbf88fbd1137609cefab8b10d0615aaeb6fd47975d74e" "/opt/rustwide/cargo-home/bin/cargo" "+1.54.0" "metadata" "--no-deps" "--format-version=1", kill_on_drop: false }`
[INFO] [stderr] WARNING: Your kernel does not support swap limit capabilities or the cgroup is not mounted. Memory limited without swap.
[INFO] [stdout] 3dd02132d53bc31b11c06814b8b5d5e6a58c83e997c9d8918dd023a86c94d72f
[INFO] running `Command { std: "docker" "start" "-a" "3dd02132d53bc31b11c06814b8b5d5e6a58c83e997c9d8918dd023a86c94d72f", kill_on_drop: false }`
[INFO] running `Command { std: "docker" "inspect" "3dd02132d53bc31b11c06814b8b5d5e6a58c83e997c9d8918dd023a86c94d72f", kill_on_drop: false }`
[INFO] running `Command { std: "docker" "rm" "-f" "3dd02132d53bc31b11c06814b8b5d5e6a58c83e997c9d8918dd023a86c94d72f", kill_on_drop: false }`
[INFO] [stdout] 3dd02132d53bc31b11c06814b8b5d5e6a58c83e997c9d8918dd023a86c94d72f
[INFO] running `Command { std: "docker" "create" "-v" "/var/lib/crater-agent-workspace/builds/worker-5/target:/opt/rustwide/target:rw,Z" "-v" "/var/lib/crater-agent-workspace/builds/worker-5/source:/opt/rustwide/workdir:ro,Z" "-v" "/var/lib/crater-agent-workspace/cargo-home:/opt/rustwide/cargo-home:ro,Z" "-v" "/var/lib/crater-agent-workspace/rustup-home:/opt/rustwide/rustup-home:ro,Z" "-e" "SOURCE_DIR=/opt/rustwide/workdir" "-e" "CARGO_TARGET_DIR=/opt/rustwide/target" "-e" "CARGO_INCREMENTAL=0" "-e" "RUST_BACKTRACE=full" "-e" "RUSTDOCFLAGS=--cap-lints=warn" "-e" "CARGO_HOME=/opt/rustwide/cargo-home" "-e" "RUSTUP_HOME=/opt/rustwide/rustup-home" "-w" "/opt/rustwide/workdir" "-m" "1610612736" "--user" "0:0" "--network" "none" "ghcr.io/rust-lang/crates-build-env/linux@sha256:34b6a614d2c27851fe6cbf88fbd1137609cefab8b10d0615aaeb6fd47975d74e" "/opt/rustwide/cargo-home/bin/cargo" "+1.54.0" "doc" "--frozen" "--no-deps" "--document-private-items" "--message-format=json", kill_on_drop: false }`
[INFO] [stdout] 4abca30c46dc0da93f05a3b0e6c84e251c121c83df118cf59d62d9e920724b14
[INFO] [stderr] WARNING: Your kernel does not support swap limit capabilities or the cgroup is not mounted. Memory limited without swap.
[INFO] running `Command { std: "docker" "start" "-a" "4abca30c46dc0da93f05a3b0e6c84e251c121c83df118cf59d62d9e920724b14", kill_on_drop: false }`
[INFO] [stderr]     Checking lazy_static v0.2.10
[INFO] [stderr]    Compiling libc v0.2.33
[INFO] [stderr]    Compiling num-traits v0.1.40
[INFO] [stderr]     Checking serde v1.0.21
[INFO] [stderr]     Checking num_cpus v1.7.0
[INFO] [stderr]     Checking enum_primitive v0.1.1
[INFO] [stderr]     Checking deflate v0.7.17
[INFO] [stderr]    Compiling x11-dl v2.16.0
[INFO] [stderr]     Checking arrayvec v0.4.6
[INFO] [stderr]    Compiling wayland-scanner v0.9.10
[INFO] [stderr]    Compiling gl_generator v0.6.1
[INFO] [stderr]    Compiling gl_generator v0.5.5
[INFO] [stderr]     Checking tempfile v2.2.0
[INFO] [stderr]    Compiling derivative v1.0.0
[INFO] [stderr]     Checking num-rational v0.1.40
[INFO] [stderr]    Compiling serde_derive_internals v0.17.0
[INFO] [stderr]     Checking generic-array v0.8.3
[INFO] [stderr]     Checking fs2 v0.2.5
[INFO] [stderr]     Checking shared_library v0.1.7
[INFO] [stderr]     Checking rayon-core v1.3.0
[INFO] [stderr]     Checking nalgebra v0.13.1
[INFO] [stderr]     Checking rusttype v0.2.3
[INFO] [stderr]     Checking memmap v0.4.0
[INFO] [stderr]     Checking osmesa-sys v0.1.2
[INFO] [stderr]     Checking png v0.11.0
[INFO] [stderr]    Compiling rand v0.3.18
[INFO] [stderr]     Checking rayon v0.8.2
[INFO] [stderr]    Compiling serde_json v0.9.10
[INFO] [stderr]    Compiling wayland-client v0.9.10
[INFO] [stderr]    Compiling wayland-protocols v0.9.10
[INFO] [stdout] error[E0311]: the parameter type `K` may not live long enough
[INFO] [stdout]   --> /opt/rustwide/cargo-home/registry/src/github.com-1ecc6299db9ec823/rusttype-0.2.3/src/support/bst/map.rs:81:19
[INFO] [stdout]    |
[INFO] [stdout] 81 |             match node.force() {
[INFO] [stdout]    |                   ^^^^
[INFO] [stdout]    |
[INFO] [stdout] note: the parameter type `K` must be valid for the anonymous lifetime defined on the function body at 78:37...
[INFO] [stdout]   --> /opt/rustwide/cargo-home/registry/src/github.com-1ecc6299db9ec823/rusttype-0.2.3/src/support/bst/map.rs:78:37
[INFO] [stdout]    |
[INFO] [stdout] 78 |                 node: node::NodeRef<marker::Immut, K, V, marker::LeafOrInternal>)
[INFO] [stdout]    |                                     ^^^^^^^^^^^^^
[INFO] [stdout] 
[INFO] [stdout] 
[INFO] [stdout] error[E0311]: the parameter type `V` may not live long enough
[INFO] [stdout]   --> /opt/rustwide/cargo-home/registry/src/github.com-1ecc6299db9ec823/rusttype-0.2.3/src/support/bst/map.rs:81:19
[INFO] [stdout]    |
[INFO] [stdout] 81 |             match node.force() {
[INFO] [stdout]    |                   ^^^^
[INFO] [stdout]    |
[INFO] [stdout] note: the parameter type `V` must be valid for the anonymous lifetime defined on the function body at 78:37...
[INFO] [stdout]   --> /opt/rustwide/cargo-home/registry/src/github.com-1ecc6299db9ec823/rusttype-0.2.3/src/support/bst/map.rs:78:37
[INFO] [stdout]    |
[INFO] [stdout] 78 |                 node: node::NodeRef<marker::Immut, K, V, marker::LeafOrInternal>)
[INFO] [stdout]    |                                     ^^^^^^^^^^^^^
[INFO] [stdout] 
[INFO] [stdout] 
[INFO] [stderr]    Compiling gl v0.6.5
[INFO] [stdout] error: aborting due to 2 previous errors
[INFO] [stdout] 
[INFO] [stdout] 
[INFO] [stderr] error: could not compile `rusttype`
[INFO] [stderr] 
[INFO] [stderr] To learn more, run the command again with --verbose.
[INFO] [stderr] warning: build failed, waiting for other jobs to finish...
[INFO] [stdout] error[E0119]: conflicting implementations of trait `std::ops::Mul<&_>` for type `geometry::translation::Translation<_, _>`
[INFO] [stdout]    --> /opt/rustwide/cargo-home/registry/src/github.com-1ecc6299db9ec823/nalgebra-0.13.1/src/geometry/isometry_ops.rs:67:9
[INFO] [stdout]     |
[INFO] [stdout] 67  | /         impl<$($lives ,)* N: Real, D: DimName, R> $Op<$Rhs> for $Lhs
[INFO] [stdout] 68  | |             where R: AlgaRotation<Point<N, D>>,
[INFO] [stdout] 69  | |                   DefaultAllocator: Allocator<N, D> {
[INFO] [stdout] 70  | |             type Output = $Output;
[INFO] [stdout] ...   |
[INFO] [stdout] 75  | |             }
[INFO] [stdout] 76  | |         }
[INFO] [stdout]     | |         ^
[INFO] [stdout]     | |         |
[INFO] [stdout]     | |_________first implementation here
[INFO] [stdout]     |           conflicting implementation for `geometry::translation::Translation<_, _>`
[INFO] [stdout] ...
[INFO] [stdout] 281 | / isometry_binop_impl_all!(
[INFO] [stdout] 282 | |     Mul, mul;
[INFO] [stdout] 283 | |     self: Translation<N, D>, right: R, Output = Isometry<N, D, R>;
[INFO] [stdout] 284 | |     [val val] => Isometry::from_parts(self, right);
[INFO] [stdout] ...   |
[INFO] [stdout] 287 | |     [ref ref] => Isometry::from_parts(self.clone(), right.clone());
[INFO] [stdout] 288 | | );
[INFO] [stdout]     | |__- in this macro invocation
[INFO] [stdout]     |
[INFO] [stdout]     = note: downstream crates may implement trait `alga::linear::Rotation<geometry::point::Point<_, _>>` for type `&_`
[INFO] [stdout]     = note: this error originates in the macro `isometry_binop_impl` (in Nightly builds, run with -Z macro-backtrace for more info)
[INFO] [stdout] 
[INFO] [stdout] 
[INFO] [stdout] error[E0119]: conflicting implementations of trait `std::ops::Mul<&_>` for type `&geometry::translation::Translation<_, _>`
[INFO] [stdout]    --> /opt/rustwide/cargo-home/registry/src/github.com-1ecc6299db9ec823/nalgebra-0.13.1/src/geometry/isometry_ops.rs:67:9
[INFO] [stdout]     |
[INFO] [stdout] 67  | /         impl<$($lives ,)* N: Real, D: DimName, R> $Op<$Rhs> for $Lhs
[INFO] [stdout] 68  | |             where R: AlgaRotation<Point<N, D>>,
[INFO] [stdout] 69  | |                   DefaultAllocator: Allocator<N, D> {
[INFO] [stdout] 70  | |             type Output = $Output;
[INFO] [stdout] ...   |
[INFO] [stdout] 75  | |             }
[INFO] [stdout] 76  | |         }
[INFO] [stdout]     | |         ^
[INFO] [stdout]     | |         |
[INFO] [stdout]     | |_________first implementation here
[INFO] [stdout]     |           conflicting implementation for `&geometry::translation::Translation<_, _>`
[INFO] [stdout] ...
[INFO] [stdout] 281 | / isometry_binop_impl_all!(
[INFO] [stdout] 282 | |     Mul, mul;
[INFO] [stdout] 283 | |     self: Translation<N, D>, right: R, Output = Isometry<N, D, R>;
[INFO] [stdout] 284 | |     [val val] => Isometry::from_parts(self, right);
[INFO] [stdout] ...   |
[INFO] [stdout] 287 | |     [ref ref] => Isometry::from_parts(self.clone(), right.clone());
[INFO] [stdout] 288 | | );
[INFO] [stdout]     | |__- in this macro invocation
[INFO] [stdout]     |
[INFO] [stdout]     = note: downstream crates may implement trait `alga::linear::Rotation<geometry::point::Point<_, _>>` for type `&_`
[INFO] [stdout]     = note: this error originates in the macro `isometry_binop_impl` (in Nightly builds, run with -Z macro-backtrace for more info)
[INFO] [stdout] 
[INFO] [stdout] 
[INFO] [stdout] error: aborting due to 2 previous errors
[INFO] [stdout] 
[INFO] [stdout] 
[INFO] [stdout] For more information about this error, try `rustc --explain E0119`.
[INFO] [stdout] 
[INFO] [stderr] error: build failed
[INFO] running `Command { std: "docker" "inspect" "4abca30c46dc0da93f05a3b0e6c84e251c121c83df118cf59d62d9e920724b14", kill_on_drop: false }`
[INFO] running `Command { std: "docker" "rm" "-f" "4abca30c46dc0da93f05a3b0e6c84e251c121c83df118cf59d62d9e920724b14", kill_on_drop: false }`
[INFO] [stdout] 4abca30c46dc0da93f05a3b0e6c84e251c121c83df118cf59d62d9e920724b14
