[INFO] cloning repository https://github.com/folsen/ethcc-demo
[INFO] running `Command { std: "git" "-c" "credential.helper=" "-c" "credential.helper=/workspace/cargo-home/bin/git-credential-null" "clone" "--bare" "https://github.com/folsen/ethcc-demo" "/workspace/cache/git-repos/https%3A%2F%2Fgithub.com%2Ffolsen%2Fethcc-demo", kill_on_drop: false }`
[INFO] [stderr] Cloning into bare repository '/workspace/cache/git-repos/https%3A%2F%2Fgithub.com%2Ffolsen%2Fethcc-demo'...
[INFO] running `Command { std: "git" "rev-parse" "HEAD", kill_on_drop: false }`
[INFO] [stdout] c10d8abef0d3df18884bcec787e83aead5adae26
[INFO] documenting folsen/ethcc-demo against 1.54.0 for beta-1.55-rustdoc-1
[INFO] running `Command { std: "git" "clone" "/workspace/cache/git-repos/https%3A%2F%2Fgithub.com%2Ffolsen%2Fethcc-demo" "/workspace/builds/worker-2/source", kill_on_drop: false }`
[INFO] [stderr] Cloning into '/workspace/builds/worker-2/source'...
[INFO] [stderr] done.
[INFO] validating manifest of git repo https://github.com/folsen/ethcc-demo on toolchain 1.54.0
[INFO] running `Command { std: "/workspace/cargo-home/bin/cargo" "+1.54.0" "metadata" "--manifest-path" "Cargo.toml" "--no-deps", kill_on_drop: false }`
[INFO] removed /workspace/builds/worker-2/source/rust-toolchain
[INFO] started tweaking git repo https://github.com/folsen/ethcc-demo
[INFO] finished tweaking git repo https://github.com/folsen/ethcc-demo
[INFO] tweaked toml for git repo https://github.com/folsen/ethcc-demo written to /workspace/builds/worker-2/source/Cargo.toml
[INFO] crate git repo https://github.com/folsen/ethcc-demo already has a lockfile, it will not be regenerated
[INFO] running `Command { std: "/workspace/cargo-home/bin/cargo" "+1.54.0" "fetch" "--manifest-path" "Cargo.toml", kill_on_drop: false }`
[INFO] [stderr]     Updating git repository `https://github.com/paritytech/pwasm-test`
[INFO] [stderr]     Blocking waiting for file lock on package cache
[INFO] [stderr]  Downloading crates ...
[INFO] [stderr]   Downloaded rustc_version v0.2.2
[INFO] [stderr]   Downloaded syn v0.12.14
[INFO] [stderr]   Downloaded serde_derive_internals v0.20.1
[INFO] [stderr]   Downloaded serde_derive v1.0.32
[INFO] [stderr]   Downloaded serde_json v1.0.11
[INFO] [stderr]   Downloaded serde v1.0.32
[INFO] [stderr]   Downloaded parity-hash v1.1.0
[INFO] [stderr]   Downloaded rustc-hex v1.0.0
[INFO] [stderr]   Downloaded errno v0.2.3
[INFO] [stderr]   Downloaded num-traits v0.2.1
[INFO] [stderr]   Downloaded pwasm-libc v0.2.0
[INFO] [stderr]   Downloaded pwasm-abi v0.1.0
[INFO] [stderr]   Downloaded pwasm-abi-derive v0.1.0
[INFO] [stderr]   Downloaded tiny-keccak v1.4.1
[INFO] [stderr]   Downloaded mmap-alloc v0.2.0
[INFO] [stderr]   Downloaded pwasm-ethereum v0.3.0
[INFO] [stderr]   Downloaded pwasm-std v0.6.0
[INFO] [stderr]   Downloaded object-alloc v0.1.0
[INFO] [stderr]   Downloaded sysconf v0.3.1
[INFO] [stderr]   Downloaded wee_alloc v0.2.0
[INFO] [stderr]   Downloaded bigint v4.2.0
[INFO] [stderr]   Downloaded pwasm-alloc v0.3.0
[INFO] running `Command { std: "docker" "create" "-v" "/var/lib/crater-agent-workspace/builds/worker-2/target:/opt/rustwide/target:rw,Z" "-v" "/var/lib/crater-agent-workspace/builds/worker-2/source:/opt/rustwide/workdir:ro,Z" "-v" "/var/lib/crater-agent-workspace/cargo-home:/opt/rustwide/cargo-home:ro,Z" "-v" "/var/lib/crater-agent-workspace/rustup-home:/opt/rustwide/rustup-home:ro,Z" "-e" "SOURCE_DIR=/opt/rustwide/workdir" "-e" "CARGO_TARGET_DIR=/opt/rustwide/target" "-e" "CARGO_HOME=/opt/rustwide/cargo-home" "-e" "RUSTUP_HOME=/opt/rustwide/rustup-home" "-w" "/opt/rustwide/workdir" "-m" "1610612736" "--user" "0:0" "--network" "none" "ghcr.io/rust-lang/crates-build-env/linux@sha256:34b6a614d2c27851fe6cbf88fbd1137609cefab8b10d0615aaeb6fd47975d74e" "/opt/rustwide/cargo-home/bin/cargo" "+1.54.0" "metadata" "--no-deps" "--format-version=1", kill_on_drop: false }`
[INFO] [stdout] 4be7eb63be5e1bf7a29ade5237c7d3900692f6f06b60d4c018feaaf3df93e95f
[INFO] [stderr] WARNING: Your kernel does not support swap limit capabilities or the cgroup is not mounted. Memory limited without swap.
[INFO] running `Command { std: "docker" "start" "-a" "4be7eb63be5e1bf7a29ade5237c7d3900692f6f06b60d4c018feaaf3df93e95f", kill_on_drop: false }`
[INFO] running `Command { std: "docker" "inspect" "4be7eb63be5e1bf7a29ade5237c7d3900692f6f06b60d4c018feaaf3df93e95f", kill_on_drop: false }`
[INFO] running `Command { std: "docker" "rm" "-f" "4be7eb63be5e1bf7a29ade5237c7d3900692f6f06b60d4c018feaaf3df93e95f", kill_on_drop: false }`
[INFO] [stdout] 4be7eb63be5e1bf7a29ade5237c7d3900692f6f06b60d4c018feaaf3df93e95f
[INFO] running `Command { std: "docker" "create" "-v" "/var/lib/crater-agent-workspace/builds/worker-2/target:/opt/rustwide/target:rw,Z" "-v" "/var/lib/crater-agent-workspace/builds/worker-2/source:/opt/rustwide/workdir:ro,Z" "-v" "/var/lib/crater-agent-workspace/cargo-home:/opt/rustwide/cargo-home:ro,Z" "-v" "/var/lib/crater-agent-workspace/rustup-home:/opt/rustwide/rustup-home:ro,Z" "-e" "SOURCE_DIR=/opt/rustwide/workdir" "-e" "CARGO_TARGET_DIR=/opt/rustwide/target" "-e" "CARGO_INCREMENTAL=0" "-e" "RUST_BACKTRACE=full" "-e" "RUSTDOCFLAGS=--cap-lints=warn" "-e" "CARGO_HOME=/opt/rustwide/cargo-home" "-e" "RUSTUP_HOME=/opt/rustwide/rustup-home" "-w" "/opt/rustwide/workdir" "-m" "1610612736" "--user" "0:0" "--network" "none" "ghcr.io/rust-lang/crates-build-env/linux@sha256:34b6a614d2c27851fe6cbf88fbd1137609cefab8b10d0615aaeb6fd47975d74e" "/opt/rustwide/cargo-home/bin/cargo" "+1.54.0" "doc" "--frozen" "--no-deps" "--document-private-items" "--message-format=json", kill_on_drop: false }`
[INFO] [stdout] 53bb27b8f5ae05f1cd7a8ef712813d0a1e919480c31db2098886c4f2c274e953
[INFO] [stderr] WARNING: Your kernel does not support swap limit capabilities or the cgroup is not mounted. Memory limited without swap.
[INFO] running `Command { std: "docker" "start" "-a" "53bb27b8f5ae05f1cd7a8ef712813d0a1e919480c31db2098886c4f2c274e953", kill_on_drop: false }`
[INFO] [stderr]     Blocking waiting for file lock on package cache
[INFO] [stderr]    Compiling crunchy v0.1.6
[INFO] [stderr]    Compiling winapi-build v0.1.1
[INFO] [stderr]     Checking winapi v0.2.8
[INFO] [stderr]     Checking libc v0.2.39
[INFO] [stderr]     Checking object-alloc v0.1.0
[INFO] [stderr]     Checking byteorder v1.2.1
[INFO] [stderr]     Checking memory_units v0.4.0
[INFO] [stderr]     Checking rustc-hex v1.0.0
[INFO] [stderr]    Compiling unicode-xid v0.0.4
[INFO] [stderr]     Checking rlibc v1.0.0
[INFO] [stderr]     Checking cfg-if v0.1.2
[INFO] [stderr]    Compiling num-traits v0.2.1
[INFO] [stderr]    Compiling quote v0.3.15
[INFO] [stderr]    Compiling serde v1.0.32
[INFO] [stdout] error[E0432]: unresolved import `alloc::allocator`
[INFO] [stdout]   --> /opt/rustwide/cargo-home/registry/src/github.com-1ecc6299db9ec823/object-alloc-0.1.0/src/lib.rs:12:12
[INFO] [stdout]    |
[INFO] [stdout] 12 | use alloc::allocator::Layout;
[INFO] [stdout]    |            ^^^^^^^^^ could not find `allocator` in `alloc`
[INFO] [stdout] 
[INFO] [stdout] 
[INFO] [stdout] error[E0554]: `#![feature]` may not be used on the stable release channel
[INFO] [stdout]  --> /opt/rustwide/cargo-home/registry/src/github.com-1ecc6299db9ec823/object-alloc-0.1.0/src/lib.rs:8:1
[INFO] [stdout]   |
[INFO] [stdout] 8 | #![feature(alloc, allocator_api)]
[INFO] [stdout]   | ^^^^^^^^^^^^^^^^^^^^^^^^^^^^^^^^^
[INFO] [stdout] 
[INFO] [stdout] 
[INFO] [stdout] error[E0554]: `#![feature]` may not be used on the stable release channel
[INFO] [stdout]  --> /opt/rustwide/cargo-home/registry/src/github.com-1ecc6299db9ec823/object-alloc-0.1.0/src/lib.rs:9:1
[INFO] [stdout]   |
[INFO] [stdout] 9 | #![feature(core_intrinsics)]
[INFO] [stdout]   | ^^^^^^^^^^^^^^^^^^^^^^^^^^^^
[INFO] [stdout] 
[INFO] [stdout] 
[INFO] [stdout] error: aborting due to 3 previous errors
[INFO] [stdout] 
[INFO] [stdout] 
[INFO] [stdout] Some errors have detailed explanations: E0432, E0554.
[INFO] [stdout] 
[INFO] [stdout] For more information about an error, try `rustc --explain E0432`.
[INFO] [stdout] 
[INFO] [stderr] error: could not compile `object-alloc`
[INFO] [stderr] 
[INFO] [stderr] To learn more, run the command again with --verbose.
[INFO] [stderr] warning: build failed, waiting for other jobs to finish...
[INFO] [stderr] error: build failed
[INFO] running `Command { std: "docker" "inspect" "53bb27b8f5ae05f1cd7a8ef712813d0a1e919480c31db2098886c4f2c274e953", kill_on_drop: false }`
[INFO] running `Command { std: "docker" "rm" "-f" "53bb27b8f5ae05f1cd7a8ef712813d0a1e919480c31db2098886c4f2c274e953", kill_on_drop: false }`
[INFO] [stdout] 53bb27b8f5ae05f1cd7a8ef712813d0a1e919480c31db2098886c4f2c274e953
