[INFO] cloning repository https://github.com/foldu/statusbar
[INFO] running `Command { std: "git" "-c" "credential.helper=" "-c" "credential.helper=/workspace/cargo-home/bin/git-credential-null" "clone" "--bare" "https://github.com/foldu/statusbar" "/workspace/cache/git-repos/https%3A%2F%2Fgithub.com%2Ffoldu%2Fstatusbar", kill_on_drop: false }`
[INFO] [stderr] Cloning into bare repository '/workspace/cache/git-repos/https%3A%2F%2Fgithub.com%2Ffoldu%2Fstatusbar'...
[INFO] running `Command { std: "git" "rev-parse" "HEAD", kill_on_drop: false }`
[INFO] [stdout] ee8b010045659e24b55582581ffbb1f954a0a06b
[INFO] documenting foldu/statusbar against beta-2021-08-01 for beta-1.55-rustdoc-1
[INFO] running `Command { std: "git" "clone" "/workspace/cache/git-repos/https%3A%2F%2Fgithub.com%2Ffoldu%2Fstatusbar" "/workspace/builds/worker-6/source", kill_on_drop: false }`
[INFO] [stderr] Cloning into '/workspace/builds/worker-6/source'...
[INFO] [stderr] done.
[INFO] validating manifest of git repo https://github.com/foldu/statusbar on toolchain beta-2021-08-01
[INFO] running `Command { std: "/workspace/cargo-home/bin/cargo" "+beta-2021-08-01" "metadata" "--manifest-path" "Cargo.toml" "--no-deps", kill_on_drop: false }`
[INFO] started tweaking git repo https://github.com/foldu/statusbar
[INFO] finished tweaking git repo https://github.com/foldu/statusbar
[INFO] tweaked toml for git repo https://github.com/foldu/statusbar written to /workspace/builds/worker-6/source/Cargo.toml
[INFO] crate git repo https://github.com/foldu/statusbar already has a lockfile, it will not be regenerated
[INFO] running `Command { std: "/workspace/cargo-home/bin/cargo" "+beta-2021-08-01" "fetch" "--manifest-path" "Cargo.toml", kill_on_drop: false }`
[INFO] [stderr]  Downloading crates ...
[INFO] [stderr]   Downloaded objc_id v0.1.1
[INFO] [stderr]   Downloaded objc v0.2.5
[INFO] [stderr]   Downloaded fuchsia-cprng v0.1.0
[INFO] [stderr]   Downloaded sha-1 v0.7.0
[INFO] [stderr]   Downloaded nix v0.13.0
[INFO] [stderr]   Downloaded const-cstr v0.3.0
[INFO] [stderr]   Downloaded clicolors-control v1.0.0
[INFO] [stderr]   Downloaded pest v2.1.0
[INFO] [stderr]   Downloaded tokio-fs v0.1.5
[INFO] [stderr]   Downloaded signal-hook v0.1.7
[INFO] [stderr]   Downloaded linked-hash-map v0.4.2
[INFO] [stderr]   Downloaded arc-swap v0.3.7
[INFO] [stderr]   Downloaded tokio-timer v0.2.9
[INFO] [stderr]   Downloaded termios v0.3.1
[INFO] [stderr]   Downloaded tokio-sync v0.1.1
[INFO] [stderr]   Downloaded objc-foundation v0.1.1
[INFO] [stderr]   Downloaded nix v0.9.0
[INFO] [stderr]   Downloaded uuid v0.7.2
[INFO] [stderr]   Downloaded structopt v0.2.14
[INFO] [stderr]   Downloaded serde v1.0.86
[INFO] [stderr]   Downloaded delegate v0.2.0
[INFO] [stderr]   Downloaded bindgen v0.47.1
[INFO] [stderr]   Downloaded noisy_float v0.1.9
[INFO] [stderr]   Downloaded dbus v0.6.4
[INFO] [stderr]   Downloaded mac-notification-sys v0.1.3
[INFO] [stderr]   Downloaded console v0.7.5
[INFO] [stderr]   Downloaded inotify v0.6.1
[INFO] [stderr]   Downloaded tokio-threadpool v0.1.11
[INFO] [stderr]   Downloaded alsa v0.2.1
[INFO] [stderr]   Downloaded lru-cache v0.1.1
[INFO] [stderr]   Downloaded crossbeam v0.6.0
[INFO] [stderr]   Downloaded tokio v0.1.15
[INFO] [stderr]   Downloaded rand_jitter v0.1.2
[INFO] [stderr]   Downloaded pest_meta v2.1.0
[INFO] [stderr]   Downloaded nom v4.2.0
[INFO] [stderr]   Downloaded serde_derive v1.0.86
[INFO] [stderr]   Downloaded libdbus-sys v0.1.5
[INFO] [stderr]   Downloaded notify-rust v3.5.0
[INFO] [stderr]   Downloaded structopt-derive v0.2.14
[INFO] running `Command { std: "docker" "create" "-v" "/var/lib/crater-agent-workspace/builds/worker-6/target:/opt/rustwide/target:rw,Z" "-v" "/var/lib/crater-agent-workspace/builds/worker-6/source:/opt/rustwide/workdir:ro,Z" "-v" "/var/lib/crater-agent-workspace/cargo-home:/opt/rustwide/cargo-home:ro,Z" "-v" "/var/lib/crater-agent-workspace/rustup-home:/opt/rustwide/rustup-home:ro,Z" "-e" "SOURCE_DIR=/opt/rustwide/workdir" "-e" "CARGO_TARGET_DIR=/opt/rustwide/target" "-e" "CARGO_HOME=/opt/rustwide/cargo-home" "-e" "RUSTUP_HOME=/opt/rustwide/rustup-home" "-w" "/opt/rustwide/workdir" "-m" "1610612736" "--user" "0:0" "--network" "none" "ghcr.io/rust-lang/crates-build-env/linux@sha256:34b6a614d2c27851fe6cbf88fbd1137609cefab8b10d0615aaeb6fd47975d74e" "/opt/rustwide/cargo-home/bin/cargo" "+beta-2021-08-01" "metadata" "--no-deps" "--format-version=1", kill_on_drop: false }`
[INFO] [stderr] WARNING: Your kernel does not support swap limit capabilities or the cgroup is not mounted. Memory limited without swap.
[INFO] [stdout] d48a24bde7c3975dc4560d1096402b9db4ad33e7d8888ba37fc0d66ab1033a16
[INFO] running `Command { std: "docker" "start" "-a" "d48a24bde7c3975dc4560d1096402b9db4ad33e7d8888ba37fc0d66ab1033a16", kill_on_drop: false }`
[INFO] running `Command { std: "docker" "inspect" "d48a24bde7c3975dc4560d1096402b9db4ad33e7d8888ba37fc0d66ab1033a16", kill_on_drop: false }`
[INFO] running `Command { std: "docker" "rm" "-f" "d48a24bde7c3975dc4560d1096402b9db4ad33e7d8888ba37fc0d66ab1033a16", kill_on_drop: false }`
[INFO] [stdout] d48a24bde7c3975dc4560d1096402b9db4ad33e7d8888ba37fc0d66ab1033a16
[INFO] running `Command { std: "docker" "create" "-v" "/var/lib/crater-agent-workspace/builds/worker-6/target:/opt/rustwide/target:rw,Z" "-v" "/var/lib/crater-agent-workspace/builds/worker-6/source:/opt/rustwide/workdir:ro,Z" "-v" "/var/lib/crater-agent-workspace/cargo-home:/opt/rustwide/cargo-home:ro,Z" "-v" "/var/lib/crater-agent-workspace/rustup-home:/opt/rustwide/rustup-home:ro,Z" "-e" "SOURCE_DIR=/opt/rustwide/workdir" "-e" "CARGO_TARGET_DIR=/opt/rustwide/target" "-e" "CARGO_INCREMENTAL=0" "-e" "RUST_BACKTRACE=full" "-e" "RUSTDOCFLAGS=--cap-lints=warn" "-e" "CARGO_HOME=/opt/rustwide/cargo-home" "-e" "RUSTUP_HOME=/opt/rustwide/rustup-home" "-w" "/opt/rustwide/workdir" "-m" "1610612736" "--user" "0:0" "--network" "none" "ghcr.io/rust-lang/crates-build-env/linux@sha256:34b6a614d2c27851fe6cbf88fbd1137609cefab8b10d0615aaeb6fd47975d74e" "/opt/rustwide/cargo-home/bin/cargo" "+beta-2021-08-01" "doc" "--frozen" "--no-deps" "--document-private-items" "--message-format=json", kill_on_drop: false }`
[INFO] [stdout] 7610c047e6622ddf2c12ed141c0780703c9f371ce7de005c749c54a28404abdc
[INFO] [stderr] WARNING: Your kernel does not support swap limit capabilities or the cgroup is not mounted. Memory limited without swap.
[INFO] running `Command { std: "docker" "start" "-a" "7610c047e6622ddf2c12ed141c0780703c9f371ce7de005c749c54a28404abdc", kill_on_drop: false }`
[INFO] [stderr]    Compiling libc v0.2.48
[INFO] [stderr]     Checking cfg-if v0.1.6
[INFO] [stderr]    Compiling autocfg v0.1.2
[INFO] [stderr]     Checking lazy_static v1.2.0
[INFO] [stderr]     Checking rand_core v0.4.0
[INFO] [stderr]    Compiling proc-macro2 v0.4.27
[INFO] [stderr]     Checking void v1.0.2
[INFO] [stderr]    Compiling unicode-xid v0.1.0
[INFO] [stderr]    Compiling cc v1.0.28
[INFO] [stderr]    Compiling byteorder v1.3.1
[INFO] [stderr]    Compiling semver-parser v0.7.0
[INFO] [stderr]     Checking scopeguard v0.3.3
[INFO] [stderr]    Compiling memchr v2.1.3
[INFO] [stderr]     Checking futures v0.1.25
[INFO] [stderr]     Checking stable_deref_trait v1.1.1
[INFO] [stderr]    Compiling failure_derive v0.1.5
[INFO] [stderr]     Checking slab v0.4.2
[INFO] [stderr]    Compiling arrayvec v0.4.10
[INFO] [stderr]     Checking lazycell v1.2.1
[INFO] [stderr]     Checking nodrop v0.1.13
[INFO] [stderr]    Compiling regex v1.1.0
[INFO] [stderr]     Checking memoffset v0.2.1
[INFO] [stderr]    Compiling glob v0.2.11
[INFO] [stderr]    Compiling rustc-demangle v0.1.13
[INFO] [stderr]    Compiling ucd-util v0.1.3
[INFO] [stderr]    Compiling utf8-ranges v1.0.2
[INFO] [stderr]    Compiling quick-error v1.2.2
[INFO] [stderr]    Compiling pkg-config v0.3.14
[INFO] [stderr]    Compiling unicode-width v0.1.5
[INFO] [stderr]    Compiling bitflags v1.0.4
[INFO] [stderr]    Compiling strsim v0.7.0
[INFO] [stderr]    Compiling vec_map v0.8.1
[INFO] [stderr]    Compiling ansi_term v0.11.0
[INFO] [stderr]    Compiling termcolor v1.0.4
[INFO] [stderr]    Compiling bindgen v0.47.1
[INFO] [stderr]     Checking matches v0.1.8
[INFO] [stderr]    Compiling peeking_take_while v0.1.2
[INFO] [stderr]    Compiling num-traits v0.2.6
[INFO] [stderr]     Checking percent-encoding v1.0.1
[INFO] [stderr]    Compiling ucd-trie v0.1.1
[INFO] [stderr]    Compiling serde v1.0.86
[INFO] [stderr]    Compiling maplit v1.0.1
[INFO] [stderr]    Compiling rayon-core v1.4.1
[INFO] [stderr]    Compiling num-integer v0.1.39
[INFO] [stderr]     Checking linked-hash-map v0.4.2
[INFO] [stderr]     Checking arc-swap v0.3.7
[INFO] [stderr]    Compiling unicode-segmentation v1.2.1
[INFO] [stderr]    Compiling ryu v0.2.7
[INFO] [stderr]     Checking bitflags v0.9.1
[INFO] [stderr]    Compiling rayon v1.0.3
[INFO] [stderr]    Compiling nix v0.13.0
[INFO] [stderr]     Checking either v1.5.0
[INFO] [stderr]     Checking fnv v1.0.6
[INFO] [stderr]     Checking delegate v0.2.0
[INFO] [stderr]     Checking const-cstr v0.3.0
[INFO] [stderr]     Checking owning_ref v0.4.0
[INFO] [stderr]     Checking thread_local v0.3.6
[INFO] [stderr]    Compiling log v0.4.6
[INFO] [stderr]     Checking crossbeam-utils v0.6.5
[INFO] [stderr]     Checking crossbeam-utils v0.2.2
[INFO] [stderr]     Checking rand_core v0.3.1
[INFO] [stderr]     Checking rand_jitter v0.1.2
[INFO] [stderr]     Checking unreachable v1.0.0
[INFO] [stderr]    Compiling semver v0.9.0
[INFO] [stderr]    Compiling regex-syntax v0.6.5
[INFO] [stderr]    Compiling humantime v1.2.0
[INFO] [stderr]    Compiling rand_chacha v0.1.1
[INFO] [stderr]    Compiling rand v0.6.5
[INFO] [stderr]    Compiling backtrace v0.3.13
[INFO] [stderr]    Compiling textwrap v0.10.0
[INFO] [stderr]     Checking unicode-bidi v0.3.4
[INFO] [stderr]    Compiling pest v2.1.0
[INFO] [stderr]    Compiling clang-sys v0.26.4
[INFO] [stderr]     Checking lru-cache v0.1.1
[INFO] [stderr]    Compiling heck v0.3.1
[INFO] [stderr]     Checking tokio-sync v0.1.1
[INFO] [stderr]    Compiling libdbus-sys v0.1.5
[INFO] [stderr]    Compiling alsa-sys v0.1.2
[INFO] [stderr]     Checking lock_api v0.1.5
[INFO] [stderr]     Checking rand_hc v0.1.0
[INFO] [stderr]     Checking rand_isaac v0.1.1
[INFO] [stderr]     Checking rand_xorshift v0.1.1
[INFO] [stderr]     Checking smallvec v0.6.8
[INFO] [stderr]     Checking tokio-executor v0.1.6
[INFO] [stderr]    Compiling rustc_version v0.2.3
[INFO] [stderr]    Compiling backtrace-sys v0.1.28
[INFO] [stderr]    Compiling libloading v0.5.0
[INFO] [stderr]     Checking unicode-normalization v0.1.8
[INFO] [stderr]     Checking crossbeam-channel v0.3.8
[INFO] [stderr]     Checking tokio-timer v0.2.9
[INFO] [stderr]     Checking tokio-current-thread v0.1.4
[INFO] [stderr]    Compiling hashbrown v0.1.8
[INFO] [stderr]     Checking rand_os v0.1.2
[INFO] [stderr]     Checking iovec v0.1.2
[INFO] [stderr]     Checking num_cpus v1.9.0
[INFO] [stderr]     Checking net2 v0.2.33
[INFO] [stderr]     Checking atty v0.2.11
[INFO] [stderr]     Checking rand v0.5.6
[INFO] [stderr]     Checking socket2 v0.3.8
[INFO] [stderr]     Checking hostname v0.1.5
[INFO] [stderr]     Checking signal-hook v0.1.7
[INFO] [stderr]     Checking time v0.1.42
[INFO] [stderr]     Checking termios v0.3.1
[INFO] [stderr]     Checking nix v0.9.0
[INFO] [stderr]     Checking clicolors-control v1.0.0
[INFO] [stderr]     Checking inotify-sys v0.1.3
[INFO] [stderr]     Checking directories v1.0.2
[INFO] [stderr]    Compiling rand_pcg v0.1.1
[INFO] [stderr]    Compiling parking_lot_core v0.4.0
[INFO] [stderr]     Checking crossbeam-epoch v0.7.1
[INFO] [stderr]     Checking crossbeam-epoch v0.3.1
[INFO] [stderr]    Compiling quote v0.6.11
[INFO] [stderr]     Checking dbus v0.6.4
[INFO] [stderr]    Compiling pest_meta v2.1.0
[INFO] [stderr]     Checking bytes v0.4.12
[INFO] [stderr]     Checking clap v2.32.0
[INFO] [stderr]     Checking resolv-conf v0.6.2
[INFO] [stderr]     Checking mio v0.6.16
[INFO] [stderr]     Checking aho-corasick v0.6.9
[INFO] [stderr]     Checking nom v4.2.0
[INFO] [stderr]     Checking noisy_float v0.1.9
[INFO] [stderr]    Compiling syn v0.15.26
[INFO] [stderr]     Checking idna v0.1.5
[INFO] [stderr]     Checking crossbeam-deque v0.6.3
[INFO] [stderr]     Checking crossbeam-deque v0.2.0
[INFO] [stderr]     Checking tokio-io v0.1.11
[INFO] [stderr]     Checking mio-uds v0.6.7
[INFO] [stderr]     Checking url v1.7.2
[INFO] [stderr]     Checking tokio-codec v0.1.1
[INFO] [stderr]    Compiling cexpr v0.3.4
[INFO] [stderr]     Checking error-chain v0.12.0
[INFO] [stderr]     Checking alsa v0.2.1
[INFO] [stderr]     Checking env_logger v0.6.0
[INFO] [stderr]     Checking notify-rust v3.5.0
[INFO] [stderr]     Checking chrono v0.4.6
[INFO] [stderr]     Checking toml v0.4.10
[INFO] [stderr]     Checking uuid v0.7.2
[INFO] [stderr]     Checking parking_lot v0.7.1
[INFO] [stderr]     Checking tokio-reactor v0.1.8
[INFO] [stderr]     Checking crossbeam v0.6.0
[INFO] [stderr]     Checking console v0.7.5
[INFO] [stderr]     Checking tokio-threadpool v0.1.11
[INFO] [stderr]     Checking tokio-udp v0.1.3
[INFO] [stderr]     Checking tokio-tcp v0.1.3
[INFO] [stderr]     Checking tokio-uds v0.2.5
[INFO] [stderr]     Checking tokio-signal v0.2.7
[INFO] [stderr]     Checking inotify v0.6.1
[INFO] [stderr]     Checking tokio-fs v0.1.5
[INFO] [stderr]     Checking tokio v0.1.15
[INFO] [stderr]    Compiling synstructure v0.10.1
[INFO] [stderr]    Compiling pest_generator v2.1.0
[INFO] [stderr]    Compiling structopt-derive v0.2.14
[INFO] [stderr]    Compiling actix_derive v0.3.2
[INFO] [stderr]    Compiling pest_derive v2.1.0
[INFO] [stderr]    Compiling serde_derive v1.0.86
[INFO] [stderr]     Checking formatter v0.1.0 (/opt/rustwide/workdir/formatter)
[INFO] [stderr]    Compiling failure v0.1.5
[INFO] [stderr]    Compiling which v2.0.1
[INFO] [stderr]     Checking trust-dns-proto v0.6.3
[INFO] [stderr]     Checking trust-dns-proto v0.5.0
[INFO] [stderr]     Checking structopt v0.2.14
[INFO] [stderr]     Checking trust-dns-resolver v0.10.3
[INFO] [stderr]     Checking actix v0.7.9
[INFO] [stderr]    Compiling linux_wireless v0.1.0 (/opt/rustwide/workdir/linux_wireless)
[INFO] [stderr]    Compiling linux_sensors v0.1.0 (/opt/rustwide/workdir/linux_sensors)
[INFO] [stderr] error: failed to run custom build command for `linux_sensors v0.1.0 (/opt/rustwide/workdir/linux_sensors)`
[INFO] [stderr] 
[INFO] [stderr] Caused by:
[INFO] [stderr]   process didn't exit successfully: `/opt/rustwide/target/debug/build/linux_sensors-7111aee20891b847/build-script-build` (exit status: 101)
[INFO] [stderr]   --- stdout
[INFO] [stderr]   cargo:rustc-link-lib=sensors
[INFO] [stderr] 
[INFO] [stderr]   --- stderr
[INFO] [stderr]   wrapper.h:2:10: fatal error: 'sensors/error.h' file not found
[INFO] [stderr]   wrapper.h:2:10: fatal error: 'sensors/error.h' file not found, err: true
[INFO] [stderr]   thread 'main' panicked at 'Can't generate bindings for libsensors: ()', linux_sensors/build.rs:8:10
[INFO] [stderr]   stack backtrace:
[INFO] [stderr]      0:     0x563cdbb4ee10 - std::backtrace_rs::backtrace::libunwind::trace::hff4d1766e93f64f1
[INFO] [stderr]                                  at /rustc/53fd98ca776cb875bc9e5514f56b52eb74f9e7a9/library/std/src/../../backtrace/src/backtrace/libunwind.rs:90:5
[INFO] [stderr]      1:     0x563cdbb4ee10 - std::backtrace_rs::backtrace::trace_unsynchronized::h56bbc8eb78770bcb
[INFO] [stderr]                                  at /rustc/53fd98ca776cb875bc9e5514f56b52eb74f9e7a9/library/std/src/../../backtrace/src/backtrace/mod.rs:66:5
[INFO] [stderr]      2:     0x563cdbb4ee10 - std::sys_common::backtrace::_print_fmt::h5c8e75464faca780
[INFO] [stderr]                                  at /rustc/53fd98ca776cb875bc9e5514f56b52eb74f9e7a9/library/std/src/sys_common/backtrace.rs:67:5
[INFO] [stderr]      3:     0x563cdbb4ee10 - <std::sys_common::backtrace::_print::DisplayBacktrace as core::fmt::Display>::fmt::h48b88277def8b362
[INFO] [stderr]                                  at /rustc/53fd98ca776cb875bc9e5514f56b52eb74f9e7a9/library/std/src/sys_common/backtrace.rs:46:22
[INFO] [stderr]      4:     0x563cdbb7344c - core::fmt::write::h3381b3176fe2b3d3
[INFO] [stderr]                                  at /rustc/53fd98ca776cb875bc9e5514f56b52eb74f9e7a9/library/core/src/fmt/mod.rs:1115:17
[INFO] [stderr]      5:     0x563cdbb4bfb5 - std::io::Write::write_fmt::hd42607e5d8e44db0
[INFO] [stderr]                                  at /rustc/53fd98ca776cb875bc9e5514f56b52eb74f9e7a9/library/std/src/io/mod.rs:1665:15
[INFO] [stderr]      6:     0x563cdbb5119b - std::sys_common::backtrace::_print::ha537687d6c17dd0d
[INFO] [stderr]                                  at /rustc/53fd98ca776cb875bc9e5514f56b52eb74f9e7a9/library/std/src/sys_common/backtrace.rs:49:5
[INFO] [stderr]      7:     0x563cdbb5119b - std::sys_common::backtrace::print::h61376ae57d131d72
[INFO] [stderr]                                  at /rustc/53fd98ca776cb875bc9e5514f56b52eb74f9e7a9/library/std/src/sys_common/backtrace.rs:36:9
[INFO] [stderr]      8:     0x563cdbb5119b - std::panicking::default_hook::{{closure}}::h0f7208c0b9644a54
[INFO] [stderr]                                  at /rustc/53fd98ca776cb875bc9e5514f56b52eb74f9e7a9/library/std/src/panicking.rs:208:50
[INFO] [stderr]      9:     0x563cdbb50c71 - std::panicking::default_hook::hdac7fc06578c14ce
[INFO] [stderr]                                  at /rustc/53fd98ca776cb875bc9e5514f56b52eb74f9e7a9/library/std/src/panicking.rs:225:9
[INFO] [stderr]     10:     0x563cdbb51864 - std::panicking::rust_panic_with_hook::h72b21c283da3d1ef
[INFO] [stderr]                                  at /rustc/53fd98ca776cb875bc9e5514f56b52eb74f9e7a9/library/std/src/panicking.rs:622:17
[INFO] [stderr]     11:     0x563cdbb51347 - std::panicking::begin_panic_handler::{{closure}}::he5778f1729cff84a
[INFO] [stderr]                                  at /rustc/53fd98ca776cb875bc9e5514f56b52eb74f9e7a9/library/std/src/panicking.rs:519:13
[INFO] [stderr]     12:     0x563cdbb4f2ec - std::sys_common::backtrace::__rust_end_short_backtrace::h2d11ca8b453b4b1d
[INFO] [stderr]                                  at /rustc/53fd98ca776cb875bc9e5514f56b52eb74f9e7a9/library/std/src/sys_common/backtrace.rs:141:18
[INFO] [stderr]     13:     0x563cdbb512a9 - rust_begin_unwind
[INFO] [stderr]                                  at /rustc/53fd98ca776cb875bc9e5514f56b52eb74f9e7a9/library/std/src/panicking.rs:515:5
[INFO] [stderr]     14:     0x563cdb644941 - core::panicking::panic_fmt::hf9de31d4acbce4db
[INFO] [stderr]                                  at /rustc/53fd98ca776cb875bc9e5514f56b52eb74f9e7a9/library/core/src/panicking.rs:92:14
[INFO] [stderr]     15:     0x563cdb644a33 - core::result::unwrap_failed::ha0c84e81219e5878
[INFO] [stderr]                                  at /rustc/53fd98ca776cb875bc9e5514f56b52eb74f9e7a9/library/core/src/result.rs:1599:5
[INFO] [stderr]     16:     0x563cdb645cd4 - core::result::Result<T,E>::expect::h8545f26e997b2ad2
[INFO] [stderr]                                  at /rustc/53fd98ca776cb875bc9e5514f56b52eb74f9e7a9/library/core/src/result.rs:1241:23
[INFO] [stderr]     17:     0x563cdb6471c3 - build_script_build::main::hd30d9b34832b310e
[INFO] [stderr]                                  at /opt/rustwide/workdir/linux_sensors/build.rs:5:20
[INFO] [stderr]     18:     0x563cdb645fab - core::ops::function::FnOnce::call_once::h765299bfa158d2f2
[INFO] [stderr]                                  at /rustc/53fd98ca776cb875bc9e5514f56b52eb74f9e7a9/library/core/src/ops/function.rs:227:5
[INFO] [stderr]     19:     0x563cdb645d3e - std::sys_common::backtrace::__rust_begin_short_backtrace::h234341d7def6801a
[INFO] [stderr]                                  at /rustc/53fd98ca776cb875bc9e5514f56b52eb74f9e7a9/library/std/src/sys_common/backtrace.rs:125:18
[INFO] [stderr]     20:     0x563cdb6473f1 - std::rt::lang_start::{{closure}}::h97b71b537d0b32b6
[INFO] [stderr]                                  at /rustc/53fd98ca776cb875bc9e5514f56b52eb74f9e7a9/library/std/src/rt.rs:63:18
[INFO] [stderr]     21:     0x563cdbb51e6a - core::ops::function::impls::<impl core::ops::function::FnOnce<A> for &F>::call_once::ha88a7d1a4d24e549
[INFO] [stderr]                                  at /rustc/53fd98ca776cb875bc9e5514f56b52eb74f9e7a9/library/core/src/ops/function.rs:259:13
[INFO] [stderr]     22:     0x563cdbb51e6a - std::panicking::try::do_call::hd3b1d7740607ccc7
[INFO] [stderr]                                  at /rustc/53fd98ca776cb875bc9e5514f56b52eb74f9e7a9/library/std/src/panicking.rs:401:40
[INFO] [stderr]     23:     0x563cdbb51e6a - std::panicking::try::h0ee8c65ac7461507
[INFO] [stderr]                                  at /rustc/53fd98ca776cb875bc9e5514f56b52eb74f9e7a9/library/std/src/panicking.rs:365:19
[INFO] [stderr]     24:     0x563cdbb51e6a - std::panic::catch_unwind::head47f0de4ccd838
[INFO] [stderr]                                  at /rustc/53fd98ca776cb875bc9e5514f56b52eb74f9e7a9/library/std/src/panic.rs:434:14
[INFO] [stderr]     25:     0x563cdbb51e6a - std::rt::lang_start_internal::{{closure}}::hbc7de8ec820ac085
[INFO] [stderr]                                  at /rustc/53fd98ca776cb875bc9e5514f56b52eb74f9e7a9/library/std/src/rt.rs:45:48
[INFO] [stderr]     26:     0x563cdbb51e6a - std::panicking::try::do_call::h2609e52e8bad4a7b
[INFO] [stderr]                                  at /rustc/53fd98ca776cb875bc9e5514f56b52eb74f9e7a9/library/std/src/panicking.rs:401:40
[INFO] [stderr]     27:     0x563cdbb51e6a - std::panicking::try::hd0929f0b603e0389
[INFO] [stderr]                                  at /rustc/53fd98ca776cb875bc9e5514f56b52eb74f9e7a9/library/std/src/panicking.rs:365:19
[INFO] [stderr]     28:     0x563cdbb51e6a - std::panic::catch_unwind::h27902b81c3e47571
[INFO] [stderr]                                  at /rustc/53fd98ca776cb875bc9e5514f56b52eb74f9e7a9/library/std/src/panic.rs:434:14
[INFO] [stderr]     29:     0x563cdbb51e6a - std::rt::lang_start_internal::h3fb2d794dd391e3e
[INFO] [stderr]                                  at /rustc/53fd98ca776cb875bc9e5514f56b52eb74f9e7a9/library/std/src/rt.rs:45:20
[INFO] [stderr]     30:     0x563cdb6473c0 - std::rt::lang_start::h557e5e37175627b2
[INFO] [stderr]                                  at /rustc/53fd98ca776cb875bc9e5514f56b52eb74f9e7a9/library/std/src/rt.rs:62:5
[INFO] [stderr]     31:     0x563cdb64738c - main
[INFO] [stderr]     32:     0x7f156d8b50b3 - __libc_start_main
[INFO] [stderr]     33:     0x563cdb64513e - _start
[INFO] [stderr]     34:                0x0 - <unknown>
[INFO] [stderr] warning: build failed, waiting for other jobs to finish...
[INFO] [stderr] error: build failed
[INFO] running `Command { std: "docker" "inspect" "7610c047e6622ddf2c12ed141c0780703c9f371ce7de005c749c54a28404abdc", kill_on_drop: false }`
[INFO] running `Command { std: "docker" "rm" "-f" "7610c047e6622ddf2c12ed141c0780703c9f371ce7de005c749c54a28404abdc", kill_on_drop: false }`
[INFO] [stdout] 7610c047e6622ddf2c12ed141c0780703c9f371ce7de005c749c54a28404abdc
