[INFO] cloning repository https://github.com/fastly/Viceroy
[INFO] running `Command { std: "git" "-c" "credential.helper=" "-c" "credential.helper=/workspace/cargo-home/bin/git-credential-null" "clone" "--bare" "https://github.com/fastly/Viceroy" "/workspace/cache/git-repos/https%3A%2F%2Fgithub.com%2Ffastly%2FViceroy", kill_on_drop: false }`
[INFO] [stderr] Cloning into bare repository '/workspace/cache/git-repos/https%3A%2F%2Fgithub.com%2Ffastly%2FViceroy'...
[INFO] running `Command { std: "git" "rev-parse" "HEAD", kill_on_drop: false }`
[INFO] [stdout] a1f75146a649d57f9575f236c6ebf17f5d7d274b
[INFO] documenting fastly/Viceroy against 1.54.0 for beta-1.55-rustdoc-1
[INFO] running `Command { std: "git" "clone" "/workspace/cache/git-repos/https%3A%2F%2Fgithub.com%2Ffastly%2FViceroy" "/workspace/builds/worker-4/source", kill_on_drop: false }`
[INFO] [stderr] Cloning into '/workspace/builds/worker-4/source'...
[INFO] [stderr] done.
[INFO] validating manifest of git repo https://github.com/fastly/Viceroy on toolchain 1.54.0
[INFO] running `Command { std: "/workspace/cargo-home/bin/cargo" "+1.54.0" "metadata" "--manifest-path" "Cargo.toml" "--no-deps", kill_on_drop: false }`
[INFO] removed /workspace/builds/worker-4/source/rust-toolchain
[INFO] started tweaking git repo https://github.com/fastly/Viceroy
[INFO] finished tweaking git repo https://github.com/fastly/Viceroy
[INFO] tweaked toml for git repo https://github.com/fastly/Viceroy written to /workspace/builds/worker-4/source/Cargo.toml
[INFO] crate git repo https://github.com/fastly/Viceroy already has a lockfile, it will not be regenerated
[INFO] running `Command { std: "/workspace/cargo-home/bin/cargo" "+1.54.0" "fetch" "--manifest-path" "Cargo.toml", kill_on_drop: false }`
[INFO] [stderr]     Blocking waiting for file lock on package cache
[INFO] [stderr]  Downloading crates ...
[INFO] [stderr]   Downloaded wasmtime-wasi v0.29.0
[INFO] [stderr]   Downloaded wiggle-macro v0.29.0
[INFO] [stderr]   Downloaded cranelift-frontend v0.76.0
[INFO] [stderr]   Downloaded wasi-tokio v0.29.0
[INFO] [stderr]   Downloaded psm v0.1.13
[INFO] [stderr]   Downloaded unsafe-io v0.7.1
[INFO] [stderr]   Downloaded cap-std v0.16.3
[INFO] [stderr]   Downloaded wasmtime-cranelift v0.29.0
[INFO] [stderr]   Downloaded io-lifetimes v0.2.0
[INFO] [stderr]   Downloaded wasmtime-cache v0.29.0
[INFO] [stderr]   Downloaded cranelift-codegen-meta v0.76.0
[INFO] [stderr]   Downloaded winx v0.27.0
[INFO] [stderr]   Downloaded ambient-authority v0.0.1
[INFO] [stderr]   Downloaded cap-rand v0.16.3
[INFO] [stderr]   Downloaded wasi-cap-std-sync v0.29.0
[INFO] [stderr]   Downloaded cap-primitives v0.16.3
[INFO] [stderr]   Downloaded fastly-shared v0.3.2
[INFO] [stderr]   Downloaded cranelift-entity v0.76.0
[INFO] [stderr]   Downloaded wasmtime-runtime v0.29.0
[INFO] [stderr]   Downloaded cpp_demangle v0.3.3
[INFO] [stderr]   Downloaded wasmtime-jit v0.29.0
[INFO] [stderr]   Downloaded cap-fs-ext v0.16.3
[INFO] [stderr]   Downloaded cstr v0.2.8
[INFO] [stderr]   Downloaded system-interface v0.8.0
[INFO] [stderr]   Downloaded maybe-owned v0.3.4
[INFO] [stderr]   Downloaded zstd v0.9.0+zstd.1.5.0
[INFO] [stderr]   Downloaded cranelift-bforest v0.76.0
[INFO] [stderr]   Downloaded wasmtime-environ v0.29.0
[INFO] [stderr]   Downloaded posish v0.16.4
[INFO] [stderr]   Downloaded cap-time-ext v0.16.3
[INFO] [stderr]   Downloaded wasi-common v0.29.0
[INFO] [stderr]   Downloaded cranelift-native v0.76.0
[INFO] [stderr]   Downloaded cranelift-entity v0.65.0
[INFO] [stderr]   Downloaded fs-set-times v0.6.0
[INFO] [stderr]   Downloaded wasmtime-fiber v0.29.0
[INFO] [stderr]   Downloaded zstd-sys v1.6.1+zstd.1.5.0
[INFO] [stderr]   Downloaded target-lexicon v0.12.0
[INFO] [stderr]   Downloaded wasmtime v0.29.0
[INFO] [stderr]   Downloaded semver v1.0.3
[INFO] [stderr]   Downloaded wasmtime-debug v0.29.0
[INFO] [stderr]   Downloaded wasmparser v0.79.0
[INFO] [stderr]   Downloaded wasmtime-obj v0.29.0
[INFO] [stderr]   Downloaded linux-raw-sys v0.0.17
[INFO] [stderr]   Downloaded cranelift-codegen v0.76.0
[INFO] [stderr]   Downloaded wast v36.0.0
[INFO] [stderr]   Downloaded wat v1.0.38
[INFO] [stderr]   Downloaded witx v0.9.1
[INFO] [stderr]   Downloaded zstd-safe v4.1.1+zstd.1.5.0
[INFO] [stderr]   Downloaded wasmtime-profiling v0.29.0
[INFO] [stderr]   Downloaded rustc_version v0.4.0
[INFO] [stderr]   Downloaded wiggle v0.29.0
[INFO] [stderr]   Downloaded cranelift-codegen-shared v0.76.0
[INFO] [stderr]   Downloaded wiggle-generate v0.29.0
[INFO] [stderr]   Downloaded cranelift-wasm v0.76.0
[INFO] running `Command { std: "docker" "create" "-v" "/var/lib/crater-agent-workspace/builds/worker-4/target:/opt/rustwide/target:rw,Z" "-v" "/var/lib/crater-agent-workspace/builds/worker-4/source:/opt/rustwide/workdir:ro,Z" "-v" "/var/lib/crater-agent-workspace/cargo-home:/opt/rustwide/cargo-home:ro,Z" "-v" "/var/lib/crater-agent-workspace/rustup-home:/opt/rustwide/rustup-home:ro,Z" "-e" "SOURCE_DIR=/opt/rustwide/workdir" "-e" "CARGO_TARGET_DIR=/opt/rustwide/target" "-e" "CARGO_HOME=/opt/rustwide/cargo-home" "-e" "RUSTUP_HOME=/opt/rustwide/rustup-home" "-w" "/opt/rustwide/workdir" "-m" "1610612736" "--user" "0:0" "--network" "none" "ghcr.io/rust-lang/crates-build-env/linux@sha256:34b6a614d2c27851fe6cbf88fbd1137609cefab8b10d0615aaeb6fd47975d74e" "/opt/rustwide/cargo-home/bin/cargo" "+1.54.0" "metadata" "--no-deps" "--format-version=1", kill_on_drop: false }`
[INFO] [stdout] ffdb62924063d76eb7cd8171e0d36987e8d138c5ceff1d6a896e4ebdc035a38e
[INFO] running `Command { std: "docker" "start" "-a" "ffdb62924063d76eb7cd8171e0d36987e8d138c5ceff1d6a896e4ebdc035a38e", kill_on_drop: false }`
[INFO] running `Command { std: "docker" "inspect" "ffdb62924063d76eb7cd8171e0d36987e8d138c5ceff1d6a896e4ebdc035a38e", kill_on_drop: false }`
[INFO] running `Command { std: "docker" "rm" "-f" "ffdb62924063d76eb7cd8171e0d36987e8d138c5ceff1d6a896e4ebdc035a38e", kill_on_drop: false }`
[INFO] [stdout] ffdb62924063d76eb7cd8171e0d36987e8d138c5ceff1d6a896e4ebdc035a38e
[INFO] running `Command { std: "docker" "create" "-v" "/var/lib/crater-agent-workspace/builds/worker-4/target:/opt/rustwide/target:rw,Z" "-v" "/var/lib/crater-agent-workspace/builds/worker-4/source:/opt/rustwide/workdir:ro,Z" "-v" "/var/lib/crater-agent-workspace/cargo-home:/opt/rustwide/cargo-home:ro,Z" "-v" "/var/lib/crater-agent-workspace/rustup-home:/opt/rustwide/rustup-home:ro,Z" "-e" "SOURCE_DIR=/opt/rustwide/workdir" "-e" "CARGO_TARGET_DIR=/opt/rustwide/target" "-e" "CARGO_INCREMENTAL=0" "-e" "RUST_BACKTRACE=full" "-e" "RUSTDOCFLAGS=--cap-lints=warn" "-e" "CARGO_HOME=/opt/rustwide/cargo-home" "-e" "RUSTUP_HOME=/opt/rustwide/rustup-home" "-w" "/opt/rustwide/workdir" "-m" "1610612736" "--user" "0:0" "--network" "none" "ghcr.io/rust-lang/crates-build-env/linux@sha256:34b6a614d2c27851fe6cbf88fbd1137609cefab8b10d0615aaeb6fd47975d74e" "/opt/rustwide/cargo-home/bin/cargo" "+1.54.0" "doc" "--frozen" "--no-deps" "--document-private-items" "--message-format=json", kill_on_drop: false }`
[INFO] [stdout] cecb43df6099f92dbf06fa7c97dd78249293fe3162889627fa26cafc07c0414d
[INFO] running `Command { std: "docker" "start" "-a" "cecb43df6099f92dbf06fa7c97dd78249293fe3162889627fa26cafc07c0414d", kill_on_drop: false }`
[INFO] [stderr]     Blocking waiting for file lock on package cache
[INFO] [stderr]    Compiling libc v0.2.98
[INFO] [stderr]    Compiling proc-macro2 v1.0.27
[INFO] [stderr]    Compiling unicode-xid v0.2.2
[INFO] [stderr]    Compiling syn v1.0.73
[INFO] [stderr]    Compiling autocfg v1.0.1
[INFO] [stderr]    Compiling serde_derive v1.0.126
[INFO] [stderr]    Compiling serde v1.0.126
[INFO] [stderr]    Compiling log v0.4.14
[INFO] [stderr]    Compiling memchr v2.4.0
[INFO] [stderr]    Compiling semver v1.0.3
[INFO] [stderr]     Checking smallvec v1.6.1
[INFO] [stderr]     Checking hashbrown v0.11.2
[INFO] [stderr]     Checking once_cell v1.8.0
[INFO] [stderr]    Compiling version_check v0.9.3
[INFO] [stderr]     Checking fallible-iterator v0.2.0
[INFO] [stderr]     Checking stable_deref_trait v1.2.0
[INFO] [stderr]     Checking scopeguard v1.1.0
[INFO] [stderr]    Compiling anyhow v1.0.42
[INFO] [stderr]    Compiling target-lexicon v0.12.0
[INFO] [stderr]     Checking itoa v0.4.7
[INFO] [stderr]     Checking rustc-hash v1.1.0
[INFO] [stderr]     Checking pin-project-lite v0.2.7
[INFO] [stderr]     Checking either v1.6.1
[INFO] [stderr]    Compiling crc32fast v1.2.1
[INFO] [stderr]    Compiling crossbeam-utils v0.8.5
[INFO] [stderr]     Checking wasmparser v0.79.0
[INFO] [stderr]    Compiling typenum v1.13.0
[INFO] [stderr]     Checking more-asserts v0.2.1
[INFO] [stderr]     Checking regex-syntax v0.6.25
[INFO] [stderr]    Compiling crossbeam-epoch v0.9.5
[INFO] [stderr]    Compiling cfg-if v1.0.0
[INFO] [stderr]    Compiling rayon-core v1.9.1
[INFO] [stderr]     Checking bytes v1.0.1
[INFO] [stderr]     Checking linux-raw-sys v0.0.17
[INFO] [stderr]     Checking adler v1.0.2
[INFO] [stderr]    Compiling zstd-safe v4.1.1+zstd.1.5.0
[INFO] [stderr]    Compiling futures-core v0.3.15
[INFO] [stderr]    Compiling unicode-segmentation v1.8.0
[INFO] [stderr]     Checking leb128 v0.2.4
[INFO] [stderr]     Checking quick-error v1.2.3
[INFO] [stderr]     Checking ambient-authority v0.0.1
[INFO] [stderr]     Checking rustc-demangle v0.1.20
[INFO] [stderr]     Checking termcolor v1.1.2
[INFO] [stderr]    Compiling proc-macro-hack v0.5.19
[INFO] [stderr]     Checking maybe-owned v0.3.4
[INFO] [stderr]     Checking ipnet v2.3.1
[INFO] [stderr]    Compiling pkg-config v0.3.19
[INFO] [stderr]    Compiling cpp_demangle v0.3.3
[INFO] [stderr]     Checking opaque-debug v0.3.0
[INFO] [stderr]    Compiling futures-channel v0.3.15
[INFO] [stderr]     Checking futures-sink v0.3.15
[INFO] [stderr]    Compiling wasmtime-cache v0.29.0
[INFO] [stderr]    Compiling proc-macro-nested v0.1.7
[INFO] [stderr]     Checking cpufeatures v0.1.5
[INFO] [stderr]    Compiling futures-task v0.3.15
[INFO] [stderr]    Compiling async-trait v0.1.50
[INFO] [stderr]     Checking base64 v0.13.0
[INFO] [stderr]     Checking futures-io v0.3.15
[INFO] [stderr]    Compiling wasi-common v0.29.0
[INFO] [stderr]     Checking slab v0.4.3
[INFO] [stderr]     Checking fnv v1.0.7
[INFO] [stderr]    Compiling paste v1.0.5
[INFO] [stderr]     Checking pin-utils v0.1.0
[INFO] [stderr]    Compiling openssl v0.10.35
[INFO] [stderr]     Checking foreign-types-shared v0.1.1
[INFO] [stderr]    Compiling httparse v1.4.1
[INFO] [stderr]     Checking tinyvec_macros v0.1.0
[INFO] [stderr]    Compiling native-tls v0.2.7
[INFO] [stderr]     Checking openssl-probe v0.1.4
[INFO] [stderr]     Checking try-lock v0.2.3
[INFO] [stderr]    Compiling ryu v1.0.5
[INFO] [stderr]     Checking httpdate v1.0.1
[INFO] [stderr]    Compiling wasmtime-wasi v0.29.0
[INFO] [stderr]    Compiling serde_json v1.0.64
[INFO] [stderr]     Checking tower-service v0.3.1
[INFO] [stderr]     Checking semver-parser v0.7.0
[INFO] [stderr]     Checking bytesize v1.0.1
[INFO] [stderr]     Checking cranelift-entity v0.65.0
[INFO] [stderr]     Checking ansi_term v0.12.1
[INFO] [stderr]     Checking tracing-core v0.1.18
[INFO] [stderr]     Checking instant v0.1.10
[INFO] [stderr]     Checking unicode-bidi v0.3.5
[INFO] [stderr]     Checking form_urlencoded v1.0.1
[INFO] [stderr]     Checking sharded-slab v0.1.1
[INFO] [stderr]    Compiling indexmap v1.7.0
[INFO] [stderr]    Compiling memoffset v0.6.4
[INFO] [stderr]    Compiling miniz_oxide v0.4.4
[INFO] [stderr]    Compiling tokio v1.8.1
[INFO] [stderr]    Compiling rayon v1.5.1
[INFO] [stderr]    Compiling futures-macro v0.3.15
[INFO] [stderr]    Compiling futures-util v0.3.15
[INFO] [stderr]    Compiling num-traits v0.2.14
[INFO] [stderr]    Compiling num-integer v0.1.44
[INFO] [stderr]     Checking lock_api v0.4.4
[INFO] [stderr]     Checking thread_local v1.1.3
[INFO] [stderr]     Checking tinyvec v1.2.0
[INFO] [stderr]     Checking itertools v0.10.1
[INFO] [stderr]     Checking humantime v1.3.0
[INFO] [stderr]     Checking foreign-types v0.3.2
[INFO] [stderr]    Compiling generic-array v0.14.4
[INFO] [stderr]     Checking wast v36.0.0
[INFO] [stderr]     Checking wast v35.0.2
[INFO] [stderr]    Compiling proc-macro-error-attr v1.0.4
[INFO] [stderr]    Compiling proc-macro-error v1.0.4
[INFO] [stderr]    Compiling heck v0.3.3
[INFO] [stderr]     Checking semver v0.10.0
[INFO] [stderr]     Checking http v0.2.4
[INFO] [stderr]     Checking regex-automata v0.1.10
[INFO] [stderr]     Checking unicode-normalization v0.1.19
[INFO] [stderr]     Checking want v0.3.0
[INFO] [stderr]     Checking tracing-log v0.1.2
[INFO] [stderr]     Checking aho-corasick v0.7.18
[INFO] [stderr]    Compiling rustc_version v0.4.0
[INFO] [stderr]    Compiling quote v1.0.9
[INFO] [stderr]     Checking http-body v0.4.2
[INFO] [stderr]     Checking fastly-shared v0.3.2
[INFO] [stderr]     Checking crossbeam-channel v0.5.1
[INFO] [stderr]    Compiling cstr v0.2.8
[INFO] [stderr]    Compiling io-lifetimes v0.2.0
[INFO] [stderr]    Compiling unsafe-io v0.7.1
[INFO] [stderr]    Compiling cap-primitives v0.16.3
[INFO] [stderr]    Compiling cap-std v0.16.3
[INFO] [stderr]    Compiling cap-fs-ext v0.16.3
[INFO] [stderr]    Compiling system-interface v0.8.0
[INFO] [stderr]     Checking idna v0.2.3
[INFO] [stderr]    Compiling jobserver v0.1.22
[INFO] [stderr]    Compiling dirs-sys-next v0.1.2
[INFO] [stderr]     Checking matchers v0.0.1
[INFO] [stderr]     Checking regex v1.5.4
[INFO] [stderr]    Compiling dirs-next v2.0.0
[INFO] [stderr]     Checking crossbeam-deque v0.8.0
[INFO] [stderr]    Compiling cc v1.0.69
[INFO] [stderr]     Checking num_cpus v1.13.0
[INFO] [stderr]     Checking getrandom v0.2.3
[INFO] [stderr]     Checking atty v0.2.14
[INFO] [stderr]     Checking region v2.2.0
[INFO] [stderr]     Checking parking_lot_core v0.8.3
[INFO] [stderr]     Checking signal-hook-registry v1.4.0
[INFO] [stderr]     Checking mio v0.7.13
[INFO] [stderr]     Checking errno v0.2.7
[INFO] [stderr]     Checking socket2 v0.4.0
[INFO] [stderr]     Checking url v2.2.2
[INFO] [stderr]     Checking block-buffer v0.9.0
[INFO] [stderr]     Checking digest v0.9.0
[INFO] [stderr]    Compiling shellexpand v2.1.0
[INFO] [stderr]     Checking directories-next v2.0.0
[INFO] [stderr]     Checking wat v1.0.38
[INFO] [stderr]     Checking parking_lot v0.11.1
[INFO] [stderr]     Checking clap v2.33.3
[INFO] [stderr]     Checking rand_core v0.6.3
[INFO] [stderr]     Checking sha2 v0.9.5
[INFO] [stderr]     Checking chrono v0.4.19
[INFO] [stderr]     Checking rand_chacha v0.3.1
[INFO] [stderr]     Checking rand v0.8.4
[INFO] [stderr]     Checking env_logger v0.7.1
[INFO] [stderr]    Compiling posish v0.16.4
[INFO] [stderr]    Compiling wasmtime-fiber v0.29.0
[INFO] [stderr]    Compiling zstd-sys v1.6.1+zstd.1.5.0
[INFO] [stderr]    Compiling backtrace v0.3.61
[INFO] [stderr]    Compiling wasmtime-runtime v0.29.0
[INFO] [stderr]    Compiling openssl-sys v0.9.65
[INFO] [stderr]    Compiling psm v0.1.13
[INFO] [stderr]     Checking file-per-thread-logger v0.1.4
[INFO] [stderr]     Checking cap-rand v0.16.3
[INFO] [stderr]     Checking fs-set-times v0.6.0
[INFO] [stderr]     Checking cap-time-ext v0.16.3
[INFO] [stderr]    Compiling thiserror-impl v1.0.26
[INFO] [stderr]    Compiling tracing-attributes v0.1.15
[INFO] [stderr]    Compiling scroll_derive v0.10.5
[INFO] [stderr]    Compiling tokio-macros v1.3.0
[INFO] [stderr]    Compiling pin-project-internal v1.0.7
[INFO] [stderr]    Compiling structopt-derive v0.4.15
[INFO] [stderr]     Checking scroll v0.10.2
[INFO] [stderr]     Checking thiserror v1.0.26
[INFO] [stderr]    Compiling witx v0.9.1
[INFO] [stderr]     Checking tracing v0.1.26
[INFO] [stderr]     Checking pin-project v1.0.7
[INFO] [stderr]     Checking tracing-futures v0.2.5
[INFO] [stderr]     Checking structopt v0.3.22
[INFO] [stderr]    Compiling wiggle-generate v0.29.0
[INFO] [stderr]     Checking futures-executor v0.3.15
[INFO] [stderr]     Checking futures v0.3.15
[INFO] [stderr]    Compiling wiggle-macro v0.29.0
[INFO] [stderr]     Checking tokio-util v0.6.7
[INFO] [stderr]     Checking tokio-native-tls v0.3.0
[INFO] [stderr]     Checking cranelift-entity v0.76.0
[INFO] [stderr]     Checking cranelift-codegen-shared v0.76.0
[INFO] [stderr]     Checking regalloc v0.0.31
[INFO] [stderr]     Checking bincode v1.3.3
[INFO] [stderr]     Checking toml v0.5.8
[INFO] [stderr]     Checking tracing-serde v0.1.2
[INFO] [stderr]     Checking cranelift-bforest v0.76.0
[INFO] [stderr]     Checking gimli v0.25.0
[INFO] [stderr]     Checking object v0.26.0
[INFO] [stderr]     Checking h2 v0.3.3
[INFO] [stderr]     Checking tracing-subscriber v0.2.19
[INFO] [stderr]    Compiling cranelift-codegen-meta v0.76.0
[INFO] [stderr]     Checking addr2line v0.16.0
[INFO] [stderr]     Checking hyper v0.14.10
[INFO] [stderr]     Checking zstd v0.9.0+zstd.1.5.0
[INFO] [stderr]    Compiling cranelift-codegen v0.76.0
[INFO] [stderr]     Checking hyper-tls v0.5.0
[INFO] [stderr]     Checking cranelift-frontend v0.76.0
[INFO] [stderr]     Checking cranelift-native v0.76.0
[INFO] [stderr]     Checking cranelift-wasm v0.76.0
[INFO] [stderr]     Checking wasmtime-environ v0.29.0
[INFO] [stderr]     Checking wasmtime-debug v0.29.0
[INFO] [stderr]     Checking wasmtime-cranelift v0.29.0
[INFO] [stderr]     Checking wasmtime-obj v0.29.0
[INFO] [stderr]     Checking wasmtime-profiling v0.29.0
[INFO] [stderr]     Checking wasmtime-jit v0.29.0
[INFO] [stderr]     Checking wasmtime v0.29.0
[INFO] [stderr]     Checking wiggle v0.29.0
[INFO] [stderr]     Checking wasi-cap-std-sync v0.29.0
[INFO] [stderr]     Checking wasi-tokio v0.29.0
[INFO] [stderr]     Checking viceroy-lib v0.2.3 (/opt/rustwide/workdir/lib)
[INFO] [stdout] error: proc macro panicked
[INFO] [stdout]   --> lib/src/wiggle_abi.rs:57:1
[INFO] [stdout]    |
[INFO] [stdout] 57 | / wiggle::from_witx!({
[INFO] [stdout] 58 | |     witx: ["$CARGO_MANIFEST_DIR/compute-at-edge-abi/compute-at-edge.witx"],
[INFO] [stdout] 59 | |     errors: { fastly_status => Error },
[INFO] [stdout] 60 | |     async: {
[INFO] [stdout] ...  |
[INFO] [stdout] 63 | |     }
[INFO] [stdout] 64 | | });
[INFO] [stdout]    | |___^
[INFO] [stdout]    |
[INFO] [stdout]    = help: message: loading witx: Io("/opt/rustwide/workdir/lib/compute-at-edge-abi/compute-at-edge.witx", Os { code: 2, kind: NotFound, message: "No such file or directory" })
[INFO] [stdout] 
[INFO] [stdout] 
[INFO] [stdout] error[E0432]: unresolved import `crate::wiggle_abi::types`
[INFO] [stdout]  --> lib/src/error.rs:3:25
[INFO] [stdout]   |
[INFO] [stdout] 3 | use {crate::wiggle_abi::types::FastlyStatus, url::Url, wiggle::GuestError};
[INFO] [stdout]   |                         ^^^^^ could not find `types` in `wiggle_abi`
[INFO] [stdout] 
[INFO] [stdout] 
[INFO] [stdout] error[E0432]: unresolved import `crate::wiggle_abi::types`
[INFO] [stdout]   --> lib/src/session.rs:15:21
[INFO] [stdout]    |
[INFO] [stdout] 15 |         wiggle_abi::types::{
[INFO] [stdout]    |                     ^^^^^ could not find `types` in `wiggle_abi`
[INFO] [stdout] 
[INFO] [stdout] 
[INFO] [stdout] error[E0432]: unresolved import `crate::wiggle_abi::types`
[INFO] [stdout]  --> lib/src/upstream.rs:3:17
[INFO] [stdout]   |
[INFO] [stdout] 3 |     wiggle_abi::types::PendingRequestHandle,
[INFO] [stdout]   |                 ^^^^^ could not find `types` in `wiggle_abi`
[INFO] [stdout] 
[INFO] [stdout] 
[INFO] [stdout] error[E0432]: unresolved imports `self::fastly_abi`, `self::types`
[INFO] [stdout]   --> lib/src/wiggle_abi.rs:12:9
[INFO] [stdout]    |
[INFO] [stdout] 12 |         fastly_abi::FastlyAbi,
[INFO] [stdout]    |         ^^^^^^^^^^ could not find `fastly_abi` in `self`
[INFO] [stdout] 13 |         types::{FastlyStatus, UserErrorConversion},
[INFO] [stdout]    |         ^^^^^ could not find `types` in `self`
[INFO] [stdout] 
[INFO] [stdout] 
[INFO] [stdout] error[E0432]: unresolved imports `crate::wiggle_abi::fastly_http_body`, `crate::wiggle_abi::types`
[INFO] [stdout]   --> lib/src/wiggle_abi/body_impl.rs:9:13
[INFO] [stdout]    |
[INFO] [stdout] 9  |             fastly_http_body::FastlyHttpBody,
[INFO] [stdout]    |             ^^^^^^^^^^^^^^^^ could not find `fastly_http_body` in `wiggle_abi`
[INFO] [stdout] 10 |             types::{BodyHandle, BodyWriteEnd},
[INFO] [stdout]    |             ^^^^^ could not find `types` in `wiggle_abi`
[INFO] [stdout] 
[INFO] [stdout] 
[INFO] [stdout] error[E0432]: unresolved imports `crate::wiggle_abi::fastly_dictionary`, `crate::wiggle_abi::types`
[INFO] [stdout]  --> lib/src/wiggle_abi/dictionary_impl.rs:7:22
[INFO] [stdout]   |
[INFO] [stdout] 7 |         wiggle_abi::{fastly_dictionary::FastlyDictionary, types::DictionaryHandle},
[INFO] [stdout]   |                      ^^^^^^^^^^^^^^^^^                    ^^^^^ could not find `types` in `wiggle_abi`
[INFO] [stdout]   |                      |
[INFO] [stdout]   |                      could not find `fastly_dictionary` in `wiggle_abi`
[INFO] [stdout] 
[INFO] [stdout] 
[INFO] [stdout] error[E0432]: unresolved import `super::types`
[INFO] [stdout]  --> lib/src/wiggle_abi/entity.rs:5:12
[INFO] [stdout]   |
[INFO] [stdout] 5 | use super::types::{
[INFO] [stdout]   |            ^^^^^ could not find `types` in `super`
[INFO] [stdout] 
[INFO] [stdout] 
[INFO] [stdout] error[E0432]: unresolved import `crate::wiggle_abi::fastly_geo`
[INFO] [stdout]  --> lib/src/wiggle_abi/geo_impl.rs:4:57
[INFO] [stdout]   |
[INFO] [stdout] 4 |     crate::{error::Error, session::Session, wiggle_abi::fastly_geo::FastlyGeo},
[INFO] [stdout]   |                                                         ^^^^^^^^^^ could not find `fastly_geo` in `wiggle_abi`
[INFO] [stdout] 
[INFO] [stdout] 
[INFO] [stdout] error[E0432]: unresolved import `crate::wiggle_abi::types`
[INFO] [stdout]  --> lib/src/wiggle_abi/headers.rs:2:27
[INFO] [stdout]   |
[INFO] [stdout] 2 |     crate::{error::Error, wiggle_abi::types, wiggle_abi::MultiValueWriter},
[INFO] [stdout]   |                           ^^^^^^^^^^^^^^^^^ no `types` in `wiggle_abi`
[INFO] [stdout] 
[INFO] [stdout] 
[INFO] [stdout] error[E0432]: unresolved imports `crate::wiggle_abi::fastly_log`, `crate::wiggle_abi::types`
[INFO] [stdout]  --> lib/src/wiggle_abi/log_impl.rs:7:22
[INFO] [stdout]   |
[INFO] [stdout] 7 |         wiggle_abi::{fastly_log::FastlyLog, types::EndpointHandle},
[INFO] [stdout]   |                      ^^^^^^^^^^             ^^^^^ could not find `types` in `wiggle_abi`
[INFO] [stdout]   |                      |
[INFO] [stdout]   |                      could not find `fastly_log` in `wiggle_abi`
[INFO] [stdout] 
[INFO] [stdout] 
[INFO] [stdout] error[E0432]: unresolved imports `crate::wiggle_abi::fastly_http_req`, `crate::wiggle_abi::types`
[INFO] [stdout]   --> lib/src/wiggle_abi/req_impl.rs:9:13
[INFO] [stdout]    |
[INFO] [stdout] 9  |             fastly_http_req::FastlyHttpReq,
[INFO] [stdout]    |             ^^^^^^^^^^^^^^^ could not find `fastly_http_req` in `wiggle_abi`
[INFO] [stdout] 10 |             headers::HttpHeaders,
[INFO] [stdout] 11 |             types::{
[INFO] [stdout]    |             ^^^^^ could not find `types` in `wiggle_abi`
[INFO] [stdout] 
[INFO] [stdout] 
[INFO] [stdout] error[E0432]: unresolved imports `crate::wiggle_abi::fastly_http_resp`, `crate::wiggle_abi::types`
[INFO] [stdout]   --> lib/src/wiggle_abi/resp_impl.rs:8:13
[INFO] [stdout]    |
[INFO] [stdout] 8  |             fastly_http_resp::FastlyHttpResp,
[INFO] [stdout]    |             ^^^^^^^^^^^^^^^^ could not find `fastly_http_resp` in `wiggle_abi`
[INFO] [stdout] 9  |             headers::HttpHeaders,
[INFO] [stdout] 10 |             types::{
[INFO] [stdout]    |             ^^^^^ could not find `types` in `wiggle_abi`
[INFO] [stdout] 
[INFO] [stdout] 
[INFO] [stdout] error[E0432]: unresolved import `crate::wiggle_abi::fastly_uap`
[INFO] [stdout]  --> lib/src/wiggle_abi/uap_impl.rs:4:57
[INFO] [stdout]   |
[INFO] [stdout] 4 |     crate::{error::Error, session::Session, wiggle_abi::fastly_uap::FastlyUap},
[INFO] [stdout]   |                                                         ^^^^^^^^^^ could not find `fastly_uap` in `wiggle_abi`
[INFO] [stdout] 
[INFO] [stdout] 
[INFO] [stdout] error[E0433]: failed to resolve: could not find `types` in `wiggle_abi`
[INFO] [stdout]    --> lib/src/error.rs:149:45
[INFO] [stdout]     |
[INFO] [stdout] 149 |     InvalidRequestHandle(crate::wiggle_abi::types::RequestHandle),
[INFO] [stdout]     |                                             ^^^^^ could not find `types` in `wiggle_abi`
[INFO] [stdout] 
[INFO] [stdout] 
[INFO] [stdout] error[E0433]: failed to resolve: could not find `types` in `wiggle_abi`
[INFO] [stdout]    --> lib/src/error.rs:153:46
[INFO] [stdout]     |
[INFO] [stdout] 153 |     InvalidResponseHandle(crate::wiggle_abi::types::ResponseHandle),
[INFO] [stdout]     |                                              ^^^^^ could not find `types` in `wiggle_abi`
[INFO] [stdout] 
[INFO] [stdout] 
[INFO] [stdout] error[E0433]: failed to resolve: could not find `types` in `wiggle_abi`
[INFO] [stdout]    --> lib/src/error.rs:157:42
[INFO] [stdout]     |
[INFO] [stdout] 157 |     InvalidBodyHandle(crate::wiggle_abi::types::BodyHandle),
[INFO] [stdout]     |                                          ^^^^^ could not find `types` in `wiggle_abi`
[INFO] [stdout] 
[INFO] [stdout] 
[INFO] [stdout] error[E0433]: failed to resolve: could not find `types` in `wiggle_abi`
[INFO] [stdout]    --> lib/src/error.rs:161:46
[INFO] [stdout]     |
[INFO] [stdout] 161 |     InvalidEndpointHandle(crate::wiggle_abi::types::EndpointHandle),
[INFO] [stdout]     |                                              ^^^^^ could not find `types` in `wiggle_abi`
[INFO] [stdout] 
[INFO] [stdout] 
[INFO] [stdout] error[E0433]: failed to resolve: could not find `types` in `wiggle_abi`
[INFO] [stdout]    --> lib/src/error.rs:165:52
[INFO] [stdout]     |
[INFO] [stdout] 165 |     InvalidPendingRequestHandle(crate::wiggle_abi::types::PendingRequestHandle),
[INFO] [stdout]     |                                                    ^^^^^ could not find `types` in `wiggle_abi`
[INFO] [stdout] 
[INFO] [stdout] 
[INFO] [stdout] error[E0433]: failed to resolve: could not find `fastly_abi` in `wiggle_abi`
[INFO] [stdout]   --> lib/src/linking.rs:83:17
[INFO] [stdout]    |
[INFO] [stdout] 83 |     wiggle_abi::fastly_abi::add_to_linker(linker, WasmCtx::session)?;
[INFO] [stdout]    |                 ^^^^^^^^^^ could not find `fastly_abi` in `wiggle_abi`
[INFO] [stdout] 
[INFO] [stdout] 
[INFO] [stdout] error[E0433]: failed to resolve: could not find `fastly_dictionary` in `wiggle_abi`
[INFO] [stdout]   --> lib/src/linking.rs:84:17
[INFO] [stdout]    |
[INFO] [stdout] 84 |     wiggle_abi::fastly_dictionary::add_to_linker(linker, WasmCtx::session)?;
[INFO] [stdout]    |                 ^^^^^^^^^^^^^^^^^ could not find `fastly_dictionary` in `wiggle_abi`
[INFO] [stdout] 
[INFO] [stdout] 
[INFO] [stdout] error[E0433]: failed to resolve: could not find `fastly_geo` in `wiggle_abi`
[INFO] [stdout]   --> lib/src/linking.rs:85:17
[INFO] [stdout]    |
[INFO] [stdout] 85 |     wiggle_abi::fastly_geo::add_to_linker(linker, WasmCtx::session)?;
[INFO] [stdout]    |                 ^^^^^^^^^^ could not find `fastly_geo` in `wiggle_abi`
[INFO] [stdout] 
[INFO] [stdout] 
[INFO] [stdout] error[E0433]: failed to resolve: could not find `fastly_http_body` in `wiggle_abi`
[INFO] [stdout]   --> lib/src/linking.rs:86:17
[INFO] [stdout]    |
[INFO] [stdout] 86 |     wiggle_abi::fastly_http_body::add_to_linker(linker, WasmCtx::session)?;
[INFO] [stdout]    |                 ^^^^^^^^^^^^^^^^ could not find `fastly_http_body` in `wiggle_abi`
[INFO] [stdout] 
[INFO] [stdout] 
[INFO] [stdout] error[E0433]: failed to resolve: could not find `fastly_http_req` in `wiggle_abi`
[INFO] [stdout]   --> lib/src/linking.rs:87:17
[INFO] [stdout]    |
[INFO] [stdout] 87 |     wiggle_abi::fastly_http_req::add_to_linker(linker, WasmCtx::session)?;
[INFO] [stdout]    |                 ^^^^^^^^^^^^^^^ could not find `fastly_http_req` in `wiggle_abi`
[INFO] [stdout] 
[INFO] [stdout] 
[INFO] [stdout] error[E0433]: failed to resolve: could not find `fastly_http_resp` in `wiggle_abi`
[INFO] [stdout]   --> lib/src/linking.rs:88:17
[INFO] [stdout]    |
[INFO] [stdout] 88 |     wiggle_abi::fastly_http_resp::add_to_linker(linker, WasmCtx::session)?;
[INFO] [stdout]    |                 ^^^^^^^^^^^^^^^^ could not find `fastly_http_resp` in `wiggle_abi`
[INFO] [stdout] 
[INFO] [stdout] 
[INFO] [stdout] error[E0433]: failed to resolve: could not find `fastly_log` in `wiggle_abi`
[INFO] [stdout]   --> lib/src/linking.rs:89:17
[INFO] [stdout]    |
[INFO] [stdout] 89 |     wiggle_abi::fastly_log::add_to_linker(linker, WasmCtx::session)?;
[INFO] [stdout]    |                 ^^^^^^^^^^ could not find `fastly_log` in `wiggle_abi`
[INFO] [stdout] 
[INFO] [stdout] 
[INFO] [stdout] error[E0433]: failed to resolve: could not find `fastly_uap` in `wiggle_abi`
[INFO] [stdout]   --> lib/src/linking.rs:90:17
[INFO] [stdout]    |
[INFO] [stdout] 90 |     wiggle_abi::fastly_uap::add_to_linker(linker, WasmCtx::session)?;
[INFO] [stdout]    |                 ^^^^^^^^^^ could not find `fastly_uap` in `wiggle_abi`
[INFO] [stdout] 
[INFO] [stdout] 
[INFO] [stdout] error[E0433]: failed to resolve: use of undeclared crate or module `types`
[INFO] [stdout]   --> lib/src/wiggle_abi.rs:66:11
[INFO] [stdout]    |
[INFO] [stdout] 66 | impl From<types::HttpVersion> for http::version::Version {
[INFO] [stdout]    |           ^^^^^ use of undeclared crate or module `types`
[INFO] [stdout] 
[INFO] [stdout] 
[INFO] [stdout] error[E0433]: failed to resolve: use of undeclared crate or module `types`
[INFO] [stdout]   --> lib/src/wiggle_abi.rs:67:16
[INFO] [stdout]    |
[INFO] [stdout] 67 |     fn from(v: types::HttpVersion) -> http::version::Version {
[INFO] [stdout]    |                ^^^^^ use of undeclared crate or module `types`
[INFO] [stdout] 
[INFO] [stdout] 
[INFO] [stdout] error[E0433]: failed to resolve: use of undeclared crate or module `types`
[INFO] [stdout]   --> lib/src/wiggle_abi.rs:69:13
[INFO] [stdout]    |
[INFO] [stdout] 69 |             types::HttpVersion::Http09 => http::version::Version::HTTP_09,
[INFO] [stdout]    |             ^^^^^ use of undeclared crate or module `types`
[INFO] [stdout] 
[INFO] [stdout] 
[INFO] [stdout] error[E0433]: failed to resolve: use of undeclared crate or module `types`
[INFO] [stdout]   --> lib/src/wiggle_abi.rs:70:13
[INFO] [stdout]    |
[INFO] [stdout] 70 |             types::HttpVersion::Http10 => http::version::Version::HTTP_10,
[INFO] [stdout]    |             ^^^^^ use of undeclared crate or module `types`
[INFO] [stdout] 
[INFO] [stdout] 
[INFO] [stdout] error[E0433]: failed to resolve: use of undeclared crate or module `types`
[INFO] [stdout]   --> lib/src/wiggle_abi.rs:71:13
[INFO] [stdout]    |
[INFO] [stdout] 71 |             types::HttpVersion::Http11 => http::version::Version::HTTP_11,
[INFO] [stdout]    |             ^^^^^ use of undeclared crate or module `types`
[INFO] [stdout] 
[INFO] [stdout] 
[INFO] [stdout] error[E0433]: failed to resolve: use of undeclared crate or module `types`
[INFO] [stdout]   --> lib/src/wiggle_abi.rs:72:13
[INFO] [stdout]    |
[INFO] [stdout] 72 |             types::HttpVersion::H2 => http::version::Version::HTTP_2,
[INFO] [stdout]    |             ^^^^^ use of undeclared crate or module `types`
[INFO] [stdout] 
[INFO] [stdout] 
[INFO] [stdout] error[E0433]: failed to resolve: use of undeclared crate or module `types`
[INFO] [stdout]   --> lib/src/wiggle_abi.rs:73:13
[INFO] [stdout]    |
[INFO] [stdout] 73 |             types::HttpVersion::H3 => http::version::Version::HTTP_3,
[INFO] [stdout]    |             ^^^^^ use of undeclared crate or module `types`
[INFO] [stdout] 
[INFO] [stdout] 
[INFO] [stdout] error[E0433]: failed to resolve: use of undeclared crate or module `types`
[INFO] [stdout]   --> lib/src/wiggle_abi.rs:80:42
[INFO] [stdout]    |
[INFO] [stdout] 80 | impl TryFrom<http::version::Version> for types::HttpVersion {
[INFO] [stdout]    |                                          ^^^^^ use of undeclared crate or module `types`
[INFO] [stdout] 
[INFO] [stdout] 
[INFO] [stdout] error[E0433]: failed to resolve: use of undeclared crate or module `types`
[INFO] [stdout]   --> lib/src/wiggle_abi.rs:84:51
[INFO] [stdout]    |
[INFO] [stdout] 84 |             http::version::Version::HTTP_09 => Ok(types::HttpVersion::Http09),
[INFO] [stdout]    |                                                   ^^^^^ use of undeclared crate or module `types`
[INFO] [stdout] 
[INFO] [stdout] 
[INFO] [stdout] error[E0433]: failed to resolve: use of undeclared crate or module `types`
[INFO] [stdout]   --> lib/src/wiggle_abi.rs:85:51
[INFO] [stdout]    |
[INFO] [stdout] 85 |             http::version::Version::HTTP_10 => Ok(types::HttpVersion::Http10),
[INFO] [stdout]    |                                                   ^^^^^ use of undeclared crate or module `types`
[INFO] [stdout] 
[INFO] [stdout] 
[INFO] [stdout] error[E0433]: failed to resolve: use of undeclared crate or module `types`
[INFO] [stdout]   --> lib/src/wiggle_abi.rs:86:51
[INFO] [stdout]    |
[INFO] [stdout] 86 |             http::version::Version::HTTP_11 => Ok(types::HttpVersion::Http11),
[INFO] [stdout]    |                                                   ^^^^^ use of undeclared crate or module `types`
[INFO] [stdout] 
[INFO] [stdout] 
[INFO] [stdout] error[E0433]: failed to resolve: use of undeclared crate or module `types`
[INFO] [stdout]   --> lib/src/wiggle_abi.rs:87:50
[INFO] [stdout]    |
[INFO] [stdout] 87 |             http::version::Version::HTTP_2 => Ok(types::HttpVersion::H2),
[INFO] [stdout]    |                                                  ^^^^^ use of undeclared crate or module `types`
[INFO] [stdout] 
[INFO] [stdout] 
[INFO] [stdout] error[E0433]: failed to resolve: use of undeclared crate or module `types`
[INFO] [stdout]   --> lib/src/wiggle_abi.rs:88:50
[INFO] [stdout]    |
[INFO] [stdout] 88 |             http::version::Version::HTTP_3 => Ok(types::HttpVersion::H3),
[INFO] [stdout]    |                                                  ^^^^^ use of undeclared crate or module `types`
[INFO] [stdout] 
[INFO] [stdout] 
[INFO] [stdout] error[E0433]: failed to resolve: use of undeclared crate or module `types`
[INFO] [stdout]    --> lib/src/wiggle_abi.rs:158:17
[INFO] [stdout]     |
[INFO] [stdout] 158 |         cursor: types::MultiValueCursor,
[INFO] [stdout]     |                 ^^^^^ use of undeclared crate or module `types`
[INFO] [stdout] 
[INFO] [stdout] 
[INFO] [stdout] error[E0433]: failed to resolve: use of undeclared crate or module `types`
[INFO] [stdout]    --> lib/src/wiggle_abi.rs:160:17
[INFO] [stdout]     |
[INFO] [stdout] 160 |     ) -> Result<types::MultiValueCursorResult, Error>;
[INFO] [stdout]     |                 ^^^^^ use of undeclared crate or module `types`
[INFO] [stdout] 
[INFO] [stdout] 
[INFO] [stdout] error[E0433]: failed to resolve: use of undeclared crate or module `types`
[INFO] [stdout]    --> lib/src/wiggle_abi.rs:173:17
[INFO] [stdout]     |
[INFO] [stdout] 173 |         cursor: types::MultiValueCursor,
[INFO] [stdout]     |                 ^^^^^ use of undeclared crate or module `types`
[INFO] [stdout] 
[INFO] [stdout] 
[INFO] [stdout] error[E0433]: failed to resolve: use of undeclared crate or module `types`
[INFO] [stdout]    --> lib/src/wiggle_abi.rs:175:17
[INFO] [stdout]     |
[INFO] [stdout] 175 |     ) -> Result<types::MultiValueCursorResult, Error> {
[INFO] [stdout]     |                 ^^^^^ use of undeclared crate or module `types`
[INFO] [stdout] 
[INFO] [stdout] 
[INFO] [stdout] error[E0433]: failed to resolve: use of undeclared crate or module `types`
[INFO] [stdout]    --> lib/src/wiggle_abi.rs:233:13
[INFO] [stdout]     |
[INFO] [stdout] 233 |             types::MultiValueCursorResult::from(-1i64)
[INFO] [stdout]     |             ^^^^^ use of undeclared crate or module `types`
[INFO] [stdout] 
[INFO] [stdout] 
[INFO] [stdout] error[E0433]: failed to resolve: use of undeclared crate or module `types`
[INFO] [stdout]    --> lib/src/wiggle_abi.rs:235:13
[INFO] [stdout]     |
[INFO] [stdout] 235 |             types::MultiValueCursorResult::from(cursor as i64)
[INFO] [stdout]     |             ^^^^^ use of undeclared crate or module `types`
[INFO] [stdout] 
[INFO] [stdout] 
[INFO] [stdout] error: aborting due to 46 previous errors
[INFO] [stdout] 
[INFO] [stdout] 
[INFO] [stdout] Some errors have detailed explanations: E0432, E0433.
[INFO] [stdout] 
[INFO] [stdout] For more information about an error, try `rustc --explain E0432`.
[INFO] [stdout] 
[INFO] [stderr] error: could not compile `viceroy-lib`
[INFO] [stderr] 
[INFO] [stderr] To learn more, run the command again with --verbose.
[INFO] running `Command { std: "docker" "inspect" "cecb43df6099f92dbf06fa7c97dd78249293fe3162889627fa26cafc07c0414d", kill_on_drop: false }`
[INFO] running `Command { std: "docker" "rm" "-f" "cecb43df6099f92dbf06fa7c97dd78249293fe3162889627fa26cafc07c0414d", kill_on_drop: false }`
[INFO] [stdout] cecb43df6099f92dbf06fa7c97dd78249293fe3162889627fa26cafc07c0414d
