[INFO] cloning repository https://github.com/euank/aws-sdk-rust
[INFO] running `Command { std: "git" "-c" "credential.helper=" "-c" "credential.helper=/workspace/cargo-home/bin/git-credential-null" "clone" "--bare" "https://github.com/euank/aws-sdk-rust" "/workspace/cache/git-repos/https%3A%2F%2Fgithub.com%2Feuank%2Faws-sdk-rust", kill_on_drop: false }`
[INFO] [stderr] Cloning into bare repository '/workspace/cache/git-repos/https%3A%2F%2Fgithub.com%2Feuank%2Faws-sdk-rust'...
[INFO] running `Command { std: "git" "rev-parse" "HEAD", kill_on_drop: false }`
[INFO] [stdout] adc59225d8a8e27e41ab9529b5b8b46105d4946d
[INFO] documenting euank/aws-sdk-rust against beta-2021-08-01 for beta-1.55-rustdoc-1
[INFO] running `Command { std: "git" "clone" "/workspace/cache/git-repos/https%3A%2F%2Fgithub.com%2Feuank%2Faws-sdk-rust" "/workspace/builds/worker-7/source", kill_on_drop: false }`
[INFO] [stderr] Cloning into '/workspace/builds/worker-7/source'...
[INFO] [stderr] done.
[INFO] validating manifest of git repo https://github.com/euank/aws-sdk-rust on toolchain beta-2021-08-01
[INFO] running `Command { std: "/workspace/cargo-home/bin/cargo" "+beta-2021-08-01" "metadata" "--manifest-path" "Cargo.toml" "--no-deps", kill_on_drop: false }`
[INFO] started tweaking git repo https://github.com/euank/aws-sdk-rust
[INFO] finished tweaking git repo https://github.com/euank/aws-sdk-rust
[INFO] tweaked toml for git repo https://github.com/euank/aws-sdk-rust written to /workspace/builds/worker-7/source/Cargo.toml
[INFO] crate git repo https://github.com/euank/aws-sdk-rust already has a lockfile, it will not be regenerated
[INFO] running `Command { std: "/workspace/cargo-home/bin/cargo" "+beta-2021-08-01" "fetch" "--manifest-path" "Cargo.toml", kill_on_drop: false }`
[INFO] [stderr]  Downloading crates ...
[INFO] [stderr]   Downloaded openssl v0.6.7
[INFO] [stderr]   Downloaded openssl-sys v0.6.7
[INFO] running `Command { std: "docker" "create" "-v" "/var/lib/crater-agent-workspace/builds/worker-7/target:/opt/rustwide/target:rw,Z" "-v" "/var/lib/crater-agent-workspace/builds/worker-7/source:/opt/rustwide/workdir:ro,Z" "-v" "/var/lib/crater-agent-workspace/cargo-home:/opt/rustwide/cargo-home:ro,Z" "-v" "/var/lib/crater-agent-workspace/rustup-home:/opt/rustwide/rustup-home:ro,Z" "-e" "SOURCE_DIR=/opt/rustwide/workdir" "-e" "CARGO_TARGET_DIR=/opt/rustwide/target" "-e" "CARGO_HOME=/opt/rustwide/cargo-home" "-e" "RUSTUP_HOME=/opt/rustwide/rustup-home" "-w" "/opt/rustwide/workdir" "-m" "1610612736" "--user" "0:0" "--network" "none" "ghcr.io/rust-lang/crates-build-env/linux@sha256:34b6a614d2c27851fe6cbf88fbd1137609cefab8b10d0615aaeb6fd47975d74e" "/opt/rustwide/cargo-home/bin/cargo" "+beta-2021-08-01" "metadata" "--no-deps" "--format-version=1", kill_on_drop: false }`
[INFO] [stdout] 6229138ee7c5d03c9d2bfd49be15790a294fab6a9c5ffac08607a7eef7ebfa99
[INFO] running `Command { std: "docker" "start" "-a" "6229138ee7c5d03c9d2bfd49be15790a294fab6a9c5ffac08607a7eef7ebfa99", kill_on_drop: false }`
[INFO] running `Command { std: "docker" "inspect" "6229138ee7c5d03c9d2bfd49be15790a294fab6a9c5ffac08607a7eef7ebfa99", kill_on_drop: false }`
[INFO] running `Command { std: "docker" "rm" "-f" "6229138ee7c5d03c9d2bfd49be15790a294fab6a9c5ffac08607a7eef7ebfa99", kill_on_drop: false }`
[INFO] [stdout] 6229138ee7c5d03c9d2bfd49be15790a294fab6a9c5ffac08607a7eef7ebfa99
[INFO] running `Command { std: "docker" "create" "-v" "/var/lib/crater-agent-workspace/builds/worker-7/target:/opt/rustwide/target:rw,Z" "-v" "/var/lib/crater-agent-workspace/builds/worker-7/source:/opt/rustwide/workdir:ro,Z" "-v" "/var/lib/crater-agent-workspace/cargo-home:/opt/rustwide/cargo-home:ro,Z" "-v" "/var/lib/crater-agent-workspace/rustup-home:/opt/rustwide/rustup-home:ro,Z" "-e" "SOURCE_DIR=/opt/rustwide/workdir" "-e" "CARGO_TARGET_DIR=/opt/rustwide/target" "-e" "CARGO_INCREMENTAL=0" "-e" "RUST_BACKTRACE=full" "-e" "RUSTDOCFLAGS=--cap-lints=warn" "-e" "CARGO_HOME=/opt/rustwide/cargo-home" "-e" "RUSTUP_HOME=/opt/rustwide/rustup-home" "-w" "/opt/rustwide/workdir" "-m" "1610612736" "--user" "0:0" "--network" "none" "ghcr.io/rust-lang/crates-build-env/linux@sha256:34b6a614d2c27851fe6cbf88fbd1137609cefab8b10d0615aaeb6fd47975d74e" "/opt/rustwide/cargo-home/bin/cargo" "+beta-2021-08-01" "doc" "--frozen" "--no-deps" "--document-private-items" "--message-format=json", kill_on_drop: false }`
[INFO] [stdout] 96520f957845b503d86f0bc43051a5a43f3a1d60ba1d5ff4918feaebdc884fd0
[INFO] running `Command { std: "docker" "start" "-a" "96520f957845b503d86f0bc43051a5a43f3a1d60ba1d5ff4918feaebdc884fd0", kill_on_drop: false }`
[INFO] [stderr]    Compiling gcc v0.3.35
[INFO] [stderr]     Checking num-traits v0.1.35
[INFO] [stderr]     Checking rustc-serialize v0.3.19
[INFO] [stderr]     Checking libc v0.1.12
[INFO] [stderr]     Checking bitflags v0.3.3
[INFO] [stderr]     Checking matches v0.1.2
[INFO] [stderr]     Checking language-tags v0.0.7
[INFO] [stderr]     Checking rand v0.3.14
[INFO] [stderr]     Checking num_cpus v0.2.13
[INFO] [stderr]     Checking time v0.1.35
[INFO] [stdout] error[E0642]: patterns aren't allowed in functions without bodies
[INFO] [stdout]    --> /opt/rustwide/cargo-home/registry/src/github.com-1ecc6299db9ec823/rustc-serialize-0.3.19/src/serialize.rs:147:45
[INFO] [stdout]     |
[INFO] [stdout] 147 | ...                   &f_name: &str,
[INFO] [stdout]     |                       ^^^^^^^ pattern not allowed in function without body
[INFO] [stdout] 
[INFO] [stdout] 
[INFO] [stderr]     Checking num-integer v0.1.32
[INFO] [stderr]    Compiling openssl-sys v0.6.7
[INFO] [stderr]    Compiling rust-crypto v0.2.36
[INFO] [stderr]     Checking num-iter v0.1.32
[INFO] [stderr]     Checking num v0.1.35
[INFO] [stderr]     Checking serde v0.6.15
[INFO] [stdout] error: aborting due to previous error
[INFO] [stdout] 
[INFO] [stdout] 
[INFO] [stdout] For more information about this error, try `rustc --explain E0642`.
[INFO] [stdout] 
[INFO] [stderr] error: could not compile `rustc-serialize` due to 2 previous errors
[INFO] [stderr] warning: build failed, waiting for other jobs to finish...
[INFO] [stderr] The following warnings were emitted during compilation:
[INFO] [stderr] 
[INFO] [stderr] warning: src/openssl_shim.c: In function 'DH_new_from_params':
[INFO] [stderr] warning: src/openssl_shim.c:126:7: error: dereferencing pointer to incomplete type 'DH' {aka 'struct dh_st'}
[INFO] [stderr] warning:   126 |     dh->p = p;
[INFO] [stderr] warning:       |       ^~
[INFO] [stderr] warning: src/openssl_shim.c: In function 'X509_get_extensions_shim':
[INFO] [stderr] warning: src/openssl_shim.c:137:13: error: dereferencing pointer to incomplete type 'X509' {aka 'struct x509_st'}
[INFO] [stderr] warning:   137 |     return x->cert_info ? x->cert_info->extensions : NULL;
[INFO] [stderr] warning:       |             ^~
[INFO] [stderr] 
[INFO] [stderr] error: build failed
[INFO] running `Command { std: "docker" "inspect" "96520f957845b503d86f0bc43051a5a43f3a1d60ba1d5ff4918feaebdc884fd0", kill_on_drop: false }`
[INFO] running `Command { std: "docker" "rm" "-f" "96520f957845b503d86f0bc43051a5a43f3a1d60ba1d5ff4918feaebdc884fd0", kill_on_drop: false }`
[INFO] [stdout] 96520f957845b503d86f0bc43051a5a43f3a1d60ba1d5ff4918feaebdc884fd0
