[INFO] cloning repository https://github.com/esposm03/test-os-efi
[INFO] running `Command { std: "git" "-c" "credential.helper=" "-c" "credential.helper=/workspace/cargo-home/bin/git-credential-null" "clone" "--bare" "https://github.com/esposm03/test-os-efi" "/workspace/cache/git-repos/https%3A%2F%2Fgithub.com%2Fesposm03%2Ftest-os-efi", kill_on_drop: false }`
[INFO] [stderr] Cloning into bare repository '/workspace/cache/git-repos/https%3A%2F%2Fgithub.com%2Fesposm03%2Ftest-os-efi'...
[INFO] running `Command { std: "git" "rev-parse" "HEAD", kill_on_drop: false }`
[INFO] [stdout] 49378a75c66838f33e301bf8b567c50c632f3c6e
[INFO] documenting esposm03/test-os-efi against beta-2021-08-01 for beta-1.55-rustdoc-1
[INFO] running `Command { std: "git" "clone" "/workspace/cache/git-repos/https%3A%2F%2Fgithub.com%2Fesposm03%2Ftest-os-efi" "/workspace/builds/worker-0/source", kill_on_drop: false }`
[INFO] [stderr] Cloning into '/workspace/builds/worker-0/source'...
[INFO] [stderr] done.
[INFO] validating manifest of git repo https://github.com/esposm03/test-os-efi on toolchain beta-2021-08-01
[INFO] running `Command { std: "/workspace/cargo-home/bin/cargo" "+beta-2021-08-01" "metadata" "--manifest-path" "Cargo.toml" "--no-deps", kill_on_drop: false }`
[INFO] removed /workspace/builds/worker-0/source/.cargo/config.toml
[INFO] started tweaking git repo https://github.com/esposm03/test-os-efi
[INFO] finished tweaking git repo https://github.com/esposm03/test-os-efi
[INFO] tweaked toml for git repo https://github.com/esposm03/test-os-efi written to /workspace/builds/worker-0/source/Cargo.toml
[INFO] crate git repo https://github.com/esposm03/test-os-efi already has a lockfile, it will not be regenerated
[INFO] running `Command { std: "/workspace/cargo-home/bin/cargo" "+beta-2021-08-01" "fetch" "--manifest-path" "Cargo.toml", kill_on_drop: false }`
[INFO] [stderr]  Downloading crates ...
[INFO] [stderr]   Downloaded x86_64 v0.14.3
[INFO] [stderr]   Downloaded volatile v0.4.4
[INFO] [stderr]   Downloaded acpi v2.3.1
[INFO] [stderr]   Downloaded uefi-services v0.8.0
[INFO] [stderr]   Downloaded ucs2 v0.3.2
[INFO] [stderr]   Downloaded uefi-macros v0.3.3
[INFO] [stderr]   Downloaded rsdp v1.1.0
[INFO] [stderr]   Downloaded qemu-exit v2.0.0
[INFO] [stderr]   Downloaded uefi v0.11.0
[INFO] running `Command { std: "docker" "create" "-v" "/var/lib/crater-agent-workspace/builds/worker-0/target:/opt/rustwide/target:rw,Z" "-v" "/var/lib/crater-agent-workspace/builds/worker-0/source:/opt/rustwide/workdir:ro,Z" "-v" "/var/lib/crater-agent-workspace/cargo-home:/opt/rustwide/cargo-home:ro,Z" "-v" "/var/lib/crater-agent-workspace/rustup-home:/opt/rustwide/rustup-home:ro,Z" "-e" "SOURCE_DIR=/opt/rustwide/workdir" "-e" "CARGO_TARGET_DIR=/opt/rustwide/target" "-e" "CARGO_HOME=/opt/rustwide/cargo-home" "-e" "RUSTUP_HOME=/opt/rustwide/rustup-home" "-w" "/opt/rustwide/workdir" "-m" "1610612736" "--user" "0:0" "--network" "none" "ghcr.io/rust-lang/crates-build-env/linux@sha256:34b6a614d2c27851fe6cbf88fbd1137609cefab8b10d0615aaeb6fd47975d74e" "/opt/rustwide/cargo-home/bin/cargo" "+beta-2021-08-01" "metadata" "--no-deps" "--format-version=1", kill_on_drop: false }`
[INFO] [stdout] 9d86021feed13bbcfd3dce2999e3f415422b68eaff0af8eaeacef630ad9379ba
[INFO] running `Command { std: "docker" "start" "-a" "9d86021feed13bbcfd3dce2999e3f415422b68eaff0af8eaeacef630ad9379ba", kill_on_drop: false }`
[INFO] running `Command { std: "docker" "inspect" "9d86021feed13bbcfd3dce2999e3f415422b68eaff0af8eaeacef630ad9379ba", kill_on_drop: false }`
[INFO] running `Command { std: "docker" "rm" "-f" "9d86021feed13bbcfd3dce2999e3f415422b68eaff0af8eaeacef630ad9379ba", kill_on_drop: false }`
[INFO] [stdout] 9d86021feed13bbcfd3dce2999e3f415422b68eaff0af8eaeacef630ad9379ba
[INFO] running `Command { std: "docker" "create" "-v" "/var/lib/crater-agent-workspace/builds/worker-0/target:/opt/rustwide/target:rw,Z" "-v" "/var/lib/crater-agent-workspace/builds/worker-0/source:/opt/rustwide/workdir:ro,Z" "-v" "/var/lib/crater-agent-workspace/cargo-home:/opt/rustwide/cargo-home:ro,Z" "-v" "/var/lib/crater-agent-workspace/rustup-home:/opt/rustwide/rustup-home:ro,Z" "-e" "SOURCE_DIR=/opt/rustwide/workdir" "-e" "CARGO_TARGET_DIR=/opt/rustwide/target" "-e" "CARGO_INCREMENTAL=0" "-e" "RUST_BACKTRACE=full" "-e" "RUSTDOCFLAGS=--cap-lints=warn" "-e" "CARGO_HOME=/opt/rustwide/cargo-home" "-e" "RUSTUP_HOME=/opt/rustwide/rustup-home" "-w" "/opt/rustwide/workdir" "-m" "1610612736" "--user" "0:0" "--network" "none" "ghcr.io/rust-lang/crates-build-env/linux@sha256:34b6a614d2c27851fe6cbf88fbd1137609cefab8b10d0615aaeb6fd47975d74e" "/opt/rustwide/cargo-home/bin/cargo" "+beta-2021-08-01" "doc" "--frozen" "--no-deps" "--document-private-items" "--message-format=json", kill_on_drop: false }`
[INFO] [stdout] 640df44cd950765b149ca3e44393c4683e3ca31db67f0474433841c2ad0d3e70
[INFO] running `Command { std: "docker" "start" "-a" "640df44cd950765b149ca3e44393c4683e3ca31db67f0474433841c2ad0d3e70", kill_on_drop: false }`
[INFO] [stderr]     Checking bit_field v0.10.1
[INFO] [stderr]    Compiling x86_64 v0.14.3
[INFO] [stderr]     Checking volatile v0.4.4
[INFO] [stderr]     Checking qemu-exit v2.0.0
[INFO] [stderr]     Checking bit_field v0.9.0
[INFO] [stderr]     Checking rsdp v1.1.0
[INFO] [stderr]    Compiling uefi-macros v0.3.3
[INFO] [stdout] error[E0554]: `#![feature]` may not be used on the beta release channel
[INFO] [stdout]   --> /opt/rustwide/cargo-home/registry/src/github.com-1ecc6299db9ec823/qemu-exit-2.0.0/src/lib.rs:73:1
[INFO] [stdout]    |
[INFO] [stdout] 73 | #![feature(asm)]
[INFO] [stdout]    | ^^^^^^^^^^^^^^^^
[INFO] [stdout] 
[INFO] [stdout] 
[INFO] [stdout] error[E0554]: `#![feature]` may not be used on the beta release channel
[INFO] [stdout]   --> /opt/rustwide/cargo-home/registry/src/github.com-1ecc6299db9ec823/qemu-exit-2.0.0/src/lib.rs:74:1
[INFO] [stdout]    |
[INFO] [stdout] 74 | #![feature(const_panic)]
[INFO] [stdout]    | ^^^^^^^^^^^^^^^^^^^^^^^^
[INFO] [stdout] 
[INFO] [stdout] 
[INFO] [stdout] error: aborting due to 2 previous errors
[INFO] [stdout] 
[INFO] [stdout] 
[INFO] [stdout] For more information about this error, try `rustc --explain E0554`.
[INFO] [stdout] 
[INFO] [stderr] error: could not compile `qemu-exit` due to 3 previous errors
[INFO] [stderr] warning: build failed, waiting for other jobs to finish...
[INFO] [stdout] error[E0554]: `#![feature]` may not be used on the beta release channel
[INFO] [stdout]   --> /opt/rustwide/cargo-home/registry/src/github.com-1ecc6299db9ec823/rsdp-1.1.0/src/lib.rs:10:1
[INFO] [stdout]    |
[INFO] [stdout] 10 | #![feature(unsafe_block_in_unsafe_fn)]
[INFO] [stdout]    | ^^^^^^^^^^^^^^^^^^^^^^^^^^^^^^^^^^^^^^ help: remove the attribute
[INFO] [stdout]    |
[INFO] [stdout]    = help: the feature `unsafe_block_in_unsafe_fn` has been stable since 1.52.0 and no longer requires an attribute to enable
[INFO] [stdout] 
[INFO] [stdout] 
[INFO] [stdout] error: aborting due to previous error
[INFO] [stdout] 
[INFO] [stdout] 
[INFO] [stdout] For more information about this error, try `rustc --explain E0554`.
[INFO] [stdout] 
[INFO] [stderr] error: build failed
[INFO] running `Command { std: "docker" "inspect" "640df44cd950765b149ca3e44393c4683e3ca31db67f0474433841c2ad0d3e70", kill_on_drop: false }`
[INFO] running `Command { std: "docker" "rm" "-f" "640df44cd950765b149ca3e44393c4683e3ca31db67f0474433841c2ad0d3e70", kill_on_drop: false }`
[INFO] [stdout] 640df44cd950765b149ca3e44393c4683e3ca31db67f0474433841c2ad0d3e70
