[INFO] cloning repository https://github.com/epsniff/rusty-camino
[INFO] running `Command { std: "git" "-c" "credential.helper=" "-c" "credential.helper=/workspace/cargo-home/bin/git-credential-null" "clone" "--bare" "https://github.com/epsniff/rusty-camino" "/workspace/cache/git-repos/https%3A%2F%2Fgithub.com%2Fepsniff%2Frusty-camino", kill_on_drop: false }`
[INFO] [stderr] Cloning into bare repository '/workspace/cache/git-repos/https%3A%2F%2Fgithub.com%2Fepsniff%2Frusty-camino'...
[INFO] running `Command { std: "git" "rev-parse" "HEAD", kill_on_drop: false }`
[INFO] [stdout] 3e2878680040b8558f03c9c21ec01f669c0371e3
[INFO] documenting epsniff/rusty-camino against 1.54.0 for beta-1.55-rustdoc-1
[INFO] running `Command { std: "git" "clone" "/workspace/cache/git-repos/https%3A%2F%2Fgithub.com%2Fepsniff%2Frusty-camino" "/workspace/builds/worker-0/source", kill_on_drop: false }`
[INFO] [stderr] Cloning into '/workspace/builds/worker-0/source'...
[INFO] [stderr] done.
[INFO] validating manifest of git repo https://github.com/epsniff/rusty-camino on toolchain 1.54.0
[INFO] running `Command { std: "/workspace/cargo-home/bin/cargo" "+1.54.0" "metadata" "--manifest-path" "Cargo.toml" "--no-deps", kill_on_drop: false }`
[INFO] started tweaking git repo https://github.com/epsniff/rusty-camino
[INFO] finished tweaking git repo https://github.com/epsniff/rusty-camino
[INFO] tweaked toml for git repo https://github.com/epsniff/rusty-camino written to /workspace/builds/worker-0/source/Cargo.toml
[INFO] crate git repo https://github.com/epsniff/rusty-camino already has a lockfile, it will not be regenerated
[INFO] running `Command { std: "/workspace/cargo-home/bin/cargo" "+1.54.0" "fetch" "--manifest-path" "Cargo.toml", kill_on_drop: false }`
[INFO] [stderr]     Blocking waiting for file lock on package cache
[INFO] running `Command { std: "docker" "create" "-v" "/var/lib/crater-agent-workspace/builds/worker-0/target:/opt/rustwide/target:rw,Z" "-v" "/var/lib/crater-agent-workspace/builds/worker-0/source:/opt/rustwide/workdir:ro,Z" "-v" "/var/lib/crater-agent-workspace/cargo-home:/opt/rustwide/cargo-home:ro,Z" "-v" "/var/lib/crater-agent-workspace/rustup-home:/opt/rustwide/rustup-home:ro,Z" "-e" "SOURCE_DIR=/opt/rustwide/workdir" "-e" "CARGO_TARGET_DIR=/opt/rustwide/target" "-e" "CARGO_HOME=/opt/rustwide/cargo-home" "-e" "RUSTUP_HOME=/opt/rustwide/rustup-home" "-w" "/opt/rustwide/workdir" "-m" "1610612736" "--user" "0:0" "--network" "none" "ghcr.io/rust-lang/crates-build-env/linux@sha256:34b6a614d2c27851fe6cbf88fbd1137609cefab8b10d0615aaeb6fd47975d74e" "/opt/rustwide/cargo-home/bin/cargo" "+1.54.0" "metadata" "--no-deps" "--format-version=1", kill_on_drop: false }`
[INFO] [stdout] 4bfa9715024d5395f842a5b1c130d3c512f053db537192ee764b125976fc209d
[INFO] running `Command { std: "docker" "start" "-a" "4bfa9715024d5395f842a5b1c130d3c512f053db537192ee764b125976fc209d", kill_on_drop: false }`
[INFO] running `Command { std: "docker" "inspect" "4bfa9715024d5395f842a5b1c130d3c512f053db537192ee764b125976fc209d", kill_on_drop: false }`
[INFO] running `Command { std: "docker" "rm" "-f" "4bfa9715024d5395f842a5b1c130d3c512f053db537192ee764b125976fc209d", kill_on_drop: false }`
[INFO] [stdout] 4bfa9715024d5395f842a5b1c130d3c512f053db537192ee764b125976fc209d
[INFO] running `Command { std: "docker" "create" "-v" "/var/lib/crater-agent-workspace/builds/worker-0/target:/opt/rustwide/target:rw,Z" "-v" "/var/lib/crater-agent-workspace/builds/worker-0/source:/opt/rustwide/workdir:ro,Z" "-v" "/var/lib/crater-agent-workspace/cargo-home:/opt/rustwide/cargo-home:ro,Z" "-v" "/var/lib/crater-agent-workspace/rustup-home:/opt/rustwide/rustup-home:ro,Z" "-e" "SOURCE_DIR=/opt/rustwide/workdir" "-e" "CARGO_TARGET_DIR=/opt/rustwide/target" "-e" "CARGO_INCREMENTAL=0" "-e" "RUST_BACKTRACE=full" "-e" "RUSTDOCFLAGS=--cap-lints=warn" "-e" "CARGO_HOME=/opt/rustwide/cargo-home" "-e" "RUSTUP_HOME=/opt/rustwide/rustup-home" "-w" "/opt/rustwide/workdir" "-m" "1610612736" "--user" "0:0" "--network" "none" "ghcr.io/rust-lang/crates-build-env/linux@sha256:34b6a614d2c27851fe6cbf88fbd1137609cefab8b10d0615aaeb6fd47975d74e" "/opt/rustwide/cargo-home/bin/cargo" "+1.54.0" "doc" "--frozen" "--no-deps" "--document-private-items" "--message-format=json", kill_on_drop: false }`
[INFO] [stdout] ded944d368d1a3372d7d34ab03a38647fc50f33210796eda8ab1d89c9ac8d176
[INFO] running `Command { std: "docker" "start" "-a" "ded944d368d1a3372d7d34ab03a38647fc50f33210796eda8ab1d89c9ac8d176", kill_on_drop: false }`
[INFO] [stderr]     Blocking waiting for file lock on package cache
[INFO] [stderr]    Compiling syn v1.0.52
[INFO] [stderr]    Compiling crunchy v0.2.2
[INFO] [stderr]    Compiling const_fn v0.4.3
[INFO] [stderr]    Compiling tiny-keccak v2.0.2
[INFO] [stderr]    Compiling getrandom v0.2.0
[INFO] [stderr]     Checking regex-syntax v0.6.21
[INFO] [stderr]    Compiling native-tls v0.2.6
[INFO] [stderr]    Compiling snap v1.0.3
[INFO] [stderr]     Checking object v0.22.0
[INFO] [stderr]     Checking stable_deref_trait v1.2.0
[INFO] [stderr]    Compiling encoding_rs v0.8.26
[INFO] [stderr]     Checking regex-syntax v0.4.2
[INFO] [stderr]     Checking utf8-ranges v1.0.4
[INFO] [stderr]     Checking census v0.4.0
[INFO] [stderr]     Checking htmlescape v0.3.1
[INFO] [stderr]     Checking smallvec v1.5.0
[INFO] [stderr]     Checking levenshtein_automata v0.2.0
[INFO] [stderr]    Compiling crossbeam-utils v0.8.1
[INFO] [stderr]     Checking futures-task v0.3.8
[INFO] [stderr]    Compiling openssl-sys v0.9.58
[INFO] [stderr]     Checking tinyvec v1.1.0
[INFO] [stderr]     Checking addr2line v0.14.0
[INFO] [stderr]     Checking form_urlencoded v1.0.0
[INFO] [stderr]     Checking num_cpus v1.13.0
[INFO] [stderr]     Checking net2 v0.2.36
[INFO] [stderr]     Checking signal-hook-registry v1.2.2
[INFO] [stderr]     Checking tracing v0.1.22
[INFO] [stderr]     Checking want v0.3.0
[INFO] [stderr]     Checking memoffset v0.6.1
[INFO] [stderr]     Checking time v0.1.44
[INFO] [stderr]     Checking rand v0.4.6
[INFO] [stderr]     Checking inotify-sys v0.1.4
[INFO] [stderr]     Checking combine v4.4.0
[INFO] [stderr]     Checking nix v0.14.1
[INFO] [stderr]     Checking filetime v0.2.13
[INFO] [stderr]     Checking fs2 v0.4.3
[INFO] [stderr]     Checking atty v0.2.14
[INFO] [stderr]     Checking memmap v0.7.0
[INFO] [stderr]     Checking miniz_oxide v0.4.3
[INFO] [stderr]     Checking crossbeam-queue v0.2.3
[INFO] [stderr]     Checking murmurhash32 v0.2.0
[INFO] [stderr]     Checking owning_ref v0.4.1
[INFO] [stderr]     Checking owned-read v0.4.1
[INFO] [stderr]     Checking inotify v0.7.1
[INFO] [stderr]     Checking rand v0.7.3
[INFO] [stderr]     Checking chrono v0.4.19
[INFO] [stderr]     Checking colored v1.9.3
[INFO] [stderr]     Checking mio v0.6.22
[INFO] [stderr]     Checking bitpacking v0.8.2
[INFO] [stderr]     Checking crossbeam v0.7.3
[INFO] [stderr]     Checking tempdir v0.3.7
[INFO] [stderr]     Checking tantivy-fst v0.3.0
[INFO] [stderr]    Compiling const-random-macro v0.1.13
[INFO] [stderr]     Checking unicode-normalization v0.1.16
[INFO] [stderr]    Compiling openssl v0.10.30
[INFO] [stderr]     Checking mio-uds v0.6.8
[INFO] [stderr]     Checking mio-extras v2.0.6
[INFO] [stderr]     Checking crossbeam-channel v0.5.0
[INFO] [stderr]     Checking crossbeam-epoch v0.9.1
[INFO] [stderr]     Checking notify v4.0.15
[INFO] [stderr]     Checking fern v0.5.9
[INFO] [stderr]     Checking const-random v0.1.13
[INFO] [stderr]     Checking idna v0.2.0
[INFO] [stderr]     Checking fail v0.4.0
[INFO] [stderr]     Checking tempfile v3.1.0
[INFO] [stderr]     Checking ahash v0.3.8
[INFO] [stderr]     Checking crossbeam-deque v0.8.0
[INFO] [stderr]     Checking regex v1.4.2
[INFO] [stderr]     Checking dashmap v3.11.10
[INFO] [stderr]     Checking rayon-core v1.9.0
[INFO] [stderr]     Checking url v2.2.0
[INFO] [stderr]     Checking atomicwrites v0.2.5
[INFO] [stderr]     Checking rayon v1.5.0
[INFO] [stderr]     Checking backtrace v0.3.55
[INFO] [stderr]    Compiling synstructure v0.12.4
[INFO] [stderr]     Checking tantivy-query-grammar v0.13.0
[INFO] [stderr]    Compiling pin-project-internal v1.0.2
[INFO] [stderr]    Compiling futures-macro v0.3.8
[INFO] [stderr]    Compiling tokio-macros v0.2.6
[INFO] [stderr]    Compiling pin-project-internal v0.4.27
[INFO] [stderr]    Compiling serde_derive v1.0.117
[INFO] [stderr]    Compiling failure_derive v0.1.8
[INFO] [stderr]    Compiling async-trait v0.1.42
[INFO] [stderr]     Checking tokio v0.2.23
[INFO] [stderr]     Checking failure v0.1.8
[INFO] [stderr]     Checking pin-project v1.0.2
[INFO] [stderr]     Checking futures-util v0.3.8
[INFO] [stderr]     Checking pin-project v0.4.27
[INFO] [stderr]     Checking tracing-futures v0.2.4
[INFO] [stderr]     Checking serde v1.0.117
[INFO] [stderr]     Checking tokio-util v0.3.1
[INFO] [stderr]     Checking tokio-tls v0.3.1
[INFO] [stderr]     Checking futures-executor v0.3.8
[INFO] [stderr]     Checking futures v0.3.8
[INFO] [stderr]     Checking h2 v0.2.7
[INFO] [stderr]     Checking serde_json v1.0.59
[INFO] [stderr]     Checking rust-stemmers v1.2.0
[INFO] [stderr]     Checking serde_urlencoded v0.7.0
[INFO] [stderr]     Checking uuid v0.8.1
[INFO] [stderr]     Checking hyper v0.13.9
[INFO] [stderr]     Checking tantivy v0.13.2
[INFO] [stderr]     Checking routerify v1.1.4
[INFO] [stderr]     Checking hyper-tls v0.4.3
[INFO] [stderr]     Checking reqwest v0.10.9
[INFO] [stderr]     Checking routerify-json-response v1.1.0
[INFO] [stderr]     Checking routerify-cors v1.1.0
[INFO] [stderr]     Checking rusty-camino v0.1.0 (/opt/rustwide/workdir)
[INFO] [stderr]  Documenting rusty-camino v0.1.0 (/opt/rustwide/workdir)
[INFO] [stdout] error[E0433]: failed to resolve: use of undeclared type `ScoredDoc`
[INFO] [stdout]    --> src/info_retrieval/local_shard.rs:128:25
[INFO] [stdout]     |
[INFO] [stdout] 128 |                         ScoredDoc::<FlatNamedDocument>::new(Some(score as f32), schema.to_named_doc(&d).into())
[INFO] [stdout]     |                         ^^^^^^^^^ use of undeclared type `ScoredDoc`
[INFO] [stdout] 
[INFO] [stdout] 
[INFO] [stdout] error[E0433]: failed to resolve: use of undeclared type `ScoredDoc`
[INFO] [stdout]    --> src/info_retrieval/local_shard.rs:137:25
[INFO] [stdout]     |
[INFO] [stdout] 137 |                         ScoredDoc::<FlatNamedDocument>::new(Some(score), schema.to_named_doc(&d).into())
[INFO] [stdout]     |                         ^^^^^^^^^ use of undeclared type `ScoredDoc`
[INFO] [stdout] 
[INFO] [stdout] 
[INFO] [stdout] error[E0433]: failed to resolve: use of undeclared type `KeyValue`
[INFO] [stdout]    --> src/info_retrieval/local_shard.rs:147:39
[INFO] [stdout]     |
[INFO] [stdout] 147 |                         .map(|(f, c)| KeyValue::new(f.to_string(), c))
[INFO] [stdout]     |                                       ^^^^^^^^ use of undeclared type `KeyValue`
[INFO] [stdout] 
[INFO] [stdout] 
[INFO] [stdout] error[E0433]: failed to resolve: use of undeclared crate or module `fs`
[INFO] [stdout]    --> src/info_retrieval/new_index.rs:151:11
[INFO] [stdout]     |
[INFO] [stdout] 151 |     match fs::create_dir(&directory) {
[INFO] [stdout]     |           ^^ use of undeclared crate or module `fs`
[INFO] [stdout] 
[INFO] [stdout] 
[INFO] [stdout] error[E0433]: failed to resolve: use of undeclared crate or module `io`
[INFO] [stdout]    --> src/info_retrieval/new_index.rs:154:35
[INFO] [stdout]     |
[INFO] [stdout] 154 |         Err(ref e) if e.kind() == io::ErrorKind::AlreadyExists => (),
[INFO] [stdout]     |                                   ^^ use of undeclared crate or module `io`
[INFO] [stdout] 
[INFO] [stdout] 
[INFO] [stdout] error[E0412]: cannot find type `PathBuf` in this scope
[INFO] [stdout]   --> src/info_retrieval/index_canister.rs:32:27
[INFO] [stdout]    |
[INFO] [stdout] 32 |     pub fn new(base_path: PathBuf, settings: CanisterSettings) -> Result<Self> {
[INFO] [stdout]    |                           ^^^^^^^ not found in this scope
[INFO] [stdout]    |
[INFO] [stdout] help: consider importing one of these items
[INFO] [stdout]    |
[INFO] [stdout] 1  | use crate::info_retrieval::types::PathBuf;
[INFO] [stdout]    |
[INFO] [stdout] 1  | use std::path::PathBuf;
[INFO] [stdout]    |
[INFO] [stdout] 
[INFO] [stdout] 
[INFO] [stdout] error[E0422]: cannot find struct, variant or union type `IndexCatalog` in this scope
[INFO] [stdout]   --> src/info_retrieval/index_canister.rs:34:29
[INFO] [stdout]    |
[INFO] [stdout] 34 |         let mut index_cat = IndexCatalog {
[INFO] [stdout]    |                             ^^^^^^^^^^^^ not found in this scope
[INFO] [stdout] 
[INFO] [stdout] 
[INFO] [stdout] error[E0412]: cannot find type `ScoredDoc` in this scope
[INFO] [stdout]    --> src/info_retrieval/local_shard.rs:123:27
[INFO] [stdout]     |
[INFO] [stdout] 123 |             let docs: Vec<ScoredDoc<FlatNamedDocument>> = if let Some(h) = sorted_top_handle {
[INFO] [stdout]     |                           ^^^^^^^^^ not found in this scope
[INFO] [stdout] 
[INFO] [stdout] 
[INFO] [stdout] error[E0412]: cannot find type `FlatNamedDocument` in this scope
[INFO] [stdout]    --> src/info_retrieval/local_shard.rs:123:37
[INFO] [stdout]     |
[INFO] [stdout] 73  |     async fn search_index(&self, search: Search) -> Result<SearchResults> {
[INFO] [stdout]     |                          - help: you might be missing a type parameter: `<FlatNamedDocument>`
[INFO] [stdout] ...
[INFO] [stdout] 123 |             let docs: Vec<ScoredDoc<FlatNamedDocument>> = if let Some(h) = sorted_top_handle {
[INFO] [stdout]     |                                     ^^^^^^^^^^^^^^^^^ not found in this scope
[INFO] [stdout] 
[INFO] [stdout] 
[INFO] [stdout] error[E0412]: cannot find type `FlatNamedDocument` in this scope
[INFO] [stdout]    --> src/info_retrieval/local_shard.rs:128:37
[INFO] [stdout]     |
[INFO] [stdout] 73  |     async fn search_index(&self, search: Search) -> Result<SearchResults> {
[INFO] [stdout]     |                          - help: you might be missing a type parameter: `<FlatNamedDocument>`
[INFO] [stdout] ...
[INFO] [stdout] 128 |                         ScoredDoc::<FlatNamedDocument>::new(Some(score as f32), schema.to_named_doc(&d).into())
[INFO] [stdout]     |                                     ^^^^^^^^^^^^^^^^^ not found in this scope
[INFO] [stdout] 
[INFO] [stdout] 
[INFO] [stdout] error[E0412]: cannot find type `FlatNamedDocument` in this scope
[INFO] [stdout]    --> src/info_retrieval/local_shard.rs:137:37
[INFO] [stdout]     |
[INFO] [stdout] 73  |     async fn search_index(&self, search: Search) -> Result<SearchResults> {
[INFO] [stdout]     |                          - help: you might be missing a type parameter: `<FlatNamedDocument>`
[INFO] [stdout] ...
[INFO] [stdout] 137 |                         ScoredDoc::<FlatNamedDocument>::new(Some(score), schema.to_named_doc(&d).into())
[INFO] [stdout]     |                                     ^^^^^^^^^^^^^^^^^ not found in this scope
[INFO] [stdout] 
[INFO] [stdout] 
[INFO] [stdout] error[E0433]: failed to resolve: use of undeclared type `Error`
[INFO] [stdout]    --> src/info_retrieval/local_shard.rs:154:17
[INFO] [stdout]     |
[INFO] [stdout] 154 |             Err(Error::QueryError("Empty Query Provided".into()))
[INFO] [stdout]     |                 ^^^^^ not found in this scope
[INFO] [stdout]     |
[INFO] [stdout] help: consider importing one of these items
[INFO] [stdout]     |
[INFO] [stdout] 1   | use core::fmt::Error;
[INFO] [stdout]     |
[INFO] [stdout] 1   | use crate::Error;
[INFO] [stdout]     |
[INFO] [stdout] 1   | use dotenv::Error;
[INFO] [stdout]     |
[INFO] [stdout] 1   | use hyper::Error;
[INFO] [stdout]     |
[INFO] [stdout]       and 14 other candidates
[INFO] [stdout] 
[INFO] [stdout] 
[INFO] [stdout] error[E0412]: cannot find type `AddDocument` in this scope
[INFO] [stdout]    --> src/info_retrieval/local_shard.rs:158:43
[INFO] [stdout]     |
[INFO] [stdout] 158 |     async fn add_document(&self, add_doc: AddDocument) -> Result<()> {
[INFO] [stdout]     |                                           ^^^^^^^^^^^ help: a struct with a similar name exists: `Document`
[INFO] [stdout]     | 
[INFO] [stdout]    ::: /opt/rustwide/cargo-home/registry/src/github.com-1ecc6299db9ec823/tantivy-0.13.2/src/schema/document.rs:20:1
[INFO] [stdout]     |
[INFO] [stdout] 20  | pub struct Document {
[INFO] [stdout]     | ------------------- similarly named struct `Document` defined here
[INFO] [stdout] 
[INFO] [stdout] 
[INFO] [stdout] error[E0412]: cannot find type `Settings` in this scope
[INFO] [stdout]    --> src/info_retrieval/local_shard.rs:182:40
[INFO] [stdout]     |
[INFO] [stdout] 182 |     pub fn new(index: Index, settings: Settings, name: &str) -> Result<Self> {
[INFO] [stdout]     |                                        ^^^^^^^^ not found in this scope
[INFO] [stdout] 
[INFO] [stdout] 
[INFO] [stdout] error[E0425]: cannot find value `doc_values` in this scope
[INFO] [stdout]   --> src/info_retrieval/new_index.rs:75:16
[INFO] [stdout]    |
[INFO] [stdout] 75 |             if doc_values {
[INFO] [stdout]    |                ^^^^^^^^^^ help: a local variable with a similar name exists: `doc_vals`
[INFO] [stdout] 
[INFO] [stdout] 
[INFO] [stdout] error[E0425]: cannot find value `doc_values` in this scope
[INFO] [stdout]   --> src/info_retrieval/new_index.rs:93:16
[INFO] [stdout]    |
[INFO] [stdout] 93 |             if doc_values {
[INFO] [stdout]    |                ^^^^^^^^^^ help: a local variable with a similar name exists: `doc_vals`
[INFO] [stdout] 
[INFO] [stdout] 
[INFO] [stdout] error[E0425]: cannot find value `doc_values` in this scope
[INFO] [stdout]    --> src/info_retrieval/new_index.rs:111:16
[INFO] [stdout]     |
[INFO] [stdout] 111 |             if doc_values {
[INFO] [stdout]     |                ^^^^^^^^^^ help: a local variable with a similar name exists: `doc_vals`
[INFO] [stdout] 
[INFO] [stdout] 
[INFO] [stdout] error[E0425]: cannot find value `doc_values` in this scope
[INFO] [stdout]    --> src/info_retrieval/new_index.rs:129:16
[INFO] [stdout]     |
[INFO] [stdout] 129 |             if doc_values {
[INFO] [stdout]     |                ^^^^^^^^^^ help: a local variable with a similar name exists: `doc_vals`
[INFO] [stdout] 
[INFO] [stdout] 
[INFO] [stdout] error[E0412]: cannot find type `PathBuf` in this scope
[INFO] [stdout]    --> src/info_retrieval/new_index.rs:143:23
[INFO] [stdout]     |
[INFO] [stdout] 143 | fn run_new(directory: PathBuf, schema_fields: Vec<SchemaField>) -> tantivy::Result<()> {
[INFO] [stdout]     |                       ^^^^^^^ not found in this scope
[INFO] [stdout]     |
[INFO] [stdout] help: consider importing one of these items
[INFO] [stdout]     |
[INFO] [stdout] 3   | use crate::info_retrieval::types::PathBuf;
[INFO] [stdout]     |
[INFO] [stdout] 3   | use std::path::PathBuf;
[INFO] [stdout]     |
[INFO] [stdout] 
[INFO] [stdout] 
[INFO] [stdout] error[E0433]: failed to resolve: use of undeclared type `Index`
[INFO] [stdout]    --> src/info_retrieval/new_index.rs:157:5
[INFO] [stdout]     |
[INFO] [stdout] 157 |     Index::create_in_dir(&directory, schema)?;
[INFO] [stdout]     |     ^^^^^ not found in this scope
[INFO] [stdout]     |
[INFO] [stdout] help: consider importing one of these items
[INFO] [stdout]     |
[INFO] [stdout] 3   | use core::ops::Index;
[INFO] [stdout]     |
[INFO] [stdout] 3   | use crate::info_retrieval::types::Index;
[INFO] [stdout]     |
[INFO] [stdout] 3   | use serde_json::value::Index;
[INFO] [stdout]     |
[INFO] [stdout] 3   | use std::ops::Index;
[INFO] [stdout]     |
[INFO] [stdout]       and 1 other candidate
[INFO] [stdout] 
[INFO] [stdout] 
[INFO] [stdout] error[E0659]: `info` is ambiguous (`macro_rules` vs non-`macro_rules` from other module)
[INFO] [stdout]   --> src/info_retrieval/local_shard.rs:79:13
[INFO] [stdout]    |
[INFO] [stdout] 79 |             info!("Sorting with: {}", sort_by);
[INFO] [stdout]    |             ^^^^ ambiguous name
[INFO] [stdout]    |
[INFO] [stdout] note: `info` could refer to the macro defined here
[INFO] [stdout]   --> src/logger/mod.rs:53:1
[INFO] [stdout]    |
[INFO] [stdout] 53 | / macro_rules! info {
[INFO] [stdout] 54 | |   ($($args:tt)*) => {{
[INFO] [stdout] 55 | |     log::info!($($args)*);
[INFO] [stdout] 56 | |   }}
[INFO] [stdout] 57 | | }
[INFO] [stdout]    | |_^
[INFO] [stdout] note: `info` could also refer to the macro imported here
[INFO] [stdout]   --> src/info_retrieval/local_shard.rs:6:5
[INFO] [stdout]    |
[INFO] [stdout] 6  | use log::*;
[INFO] [stdout]    |     ^^^^^^
[INFO] [stdout]    = help: use `self::info` to refer to this macro unambiguously
[INFO] [stdout] 
[INFO] [stdout] 
[INFO] [stdout] error[E0659]: `trace` is ambiguous (`macro_rules` vs non-`macro_rules` from other module)
[INFO] [stdout]    --> src/info_retrieval/local_shard.rs:119:13
[INFO] [stdout]     |
[INFO] [stdout] 119 |             trace!("{:?}", gen_query);
[INFO] [stdout]     |             ^^^^^ ambiguous name
[INFO] [stdout]     |
[INFO] [stdout] note: `trace` could refer to the macro defined here
[INFO] [stdout]    --> src/logger/mod.rs:67:1
[INFO] [stdout]     |
[INFO] [stdout] 67  | / macro_rules! trace {
[INFO] [stdout] 68  | |   ($($args:tt)*) => {{
[INFO] [stdout] 69  | |     log::trace!($($args)*);
[INFO] [stdout] 70  | |   }}
[INFO] [stdout] 71  | | }
[INFO] [stdout]     | |_^
[INFO] [stdout] note: `trace` could also refer to the macro imported here
[INFO] [stdout]    --> src/info_retrieval/local_shard.rs:6:5
[INFO] [stdout]     |
[INFO] [stdout] 6   | use log::*;
[INFO] [stdout]     |     ^^^^^^
[INFO] [stdout]     = help: use `self::trace` to refer to this macro unambiguously
[INFO] [stdout] 
[INFO] [stdout] 
[INFO] [stdout] error[E0659]: `trace` is ambiguous (`macro_rules` vs non-`macro_rules` from other module)
[INFO] [stdout]    --> src/info_retrieval/local_shard.rs:208:9
[INFO] [stdout]     |
[INFO] [stdout] 208 |         trace!("Got the opstamp");
[INFO] [stdout]     |         ^^^^^ ambiguous name
[INFO] [stdout]     |
[INFO] [stdout] note: `trace` could refer to the macro defined here
[INFO] [stdout]    --> src/logger/mod.rs:67:1
[INFO] [stdout]     |
[INFO] [stdout] 67  | / macro_rules! trace {
[INFO] [stdout] 68  | |   ($($args:tt)*) => {{
[INFO] [stdout] 69  | |     log::trace!($($args)*);
[INFO] [stdout] 70  | |   }}
[INFO] [stdout] 71  | | }
[INFO] [stdout]     | |_^
[INFO] [stdout] note: `trace` could also refer to the macro imported here
[INFO] [stdout]    --> src/info_retrieval/local_shard.rs:6:5
[INFO] [stdout]     |
[INFO] [stdout] 6   | use log::*;
[INFO] [stdout]     |     ^^^^^^
[INFO] [stdout]     = help: use `self::trace` to refer to this macro unambiguously
[INFO] [stdout] 
[INFO] [stdout] 
[INFO] [stdout] error[E0659]: `trace` is ambiguous (`macro_rules` vs non-`macro_rules` from other module)
[INFO] [stdout]    --> src/info_retrieval/local_shard.rs:213:9
[INFO] [stdout]     |
[INFO] [stdout] 213 |         trace!("Setting stamp to {}", opstamp);
[INFO] [stdout]     |         ^^^^^ ambiguous name
[INFO] [stdout]     |
[INFO] [stdout] note: `trace` could refer to the macro defined here
[INFO] [stdout]    --> src/logger/mod.rs:67:1
[INFO] [stdout]     |
[INFO] [stdout] 67  | / macro_rules! trace {
[INFO] [stdout] 68  | |   ($($args:tt)*) => {{
[INFO] [stdout] 69  | |     log::trace!($($args)*);
[INFO] [stdout] 70  | |   }}
[INFO] [stdout] 71  | | }
[INFO] [stdout]     | |_^
[INFO] [stdout] note: `trace` could also refer to the macro imported here
[INFO] [stdout]    --> src/info_retrieval/local_shard.rs:6:5
[INFO] [stdout]     |
[INFO] [stdout] 6   | use log::*;
[INFO] [stdout]     |     ^^^^^^
[INFO] [stdout]     = help: use `self::trace` to refer to this macro unambiguously
[INFO] [stdout] 
[INFO] [stdout] 
[INFO] [stdout] error[E0603]: enum `SchemaField` is private
[INFO] [stdout]   --> src/info_retrieval/new_index.rs:5:35
[INFO] [stdout]    |
[INFO] [stdout] 5  | use crate::info_retrieval::types::SchemaField;
[INFO] [stdout]    |                                   ^^^^^^^^^^^ private enum
[INFO] [stdout]    |
[INFO] [stdout] note: the enum `SchemaField` is defined here
[INFO] [stdout]   --> src/info_retrieval/types.rs:72:1
[INFO] [stdout]    |
[INFO] [stdout] 72 | enum SchemaField {
[INFO] [stdout]    | ^^^^^^^^^^^^^^^^
[INFO] [stdout] 
[INFO] [stdout] 
[INFO] [stdout] error[E0412]: cannot find type `PathBuf` in this scope
[INFO] [stdout]   --> src/info_retrieval/index_canister.rs:32:27
[INFO] [stdout]    |
[INFO] [stdout] 32 |     pub fn new(base_path: PathBuf, settings: CanisterSettings) -> Result<Self> {
[INFO] [stdout]    |                           ^^^^^^^ not found in this scope
[INFO] [stdout]    |
[INFO] [stdout] help: consider importing one of these items
[INFO] [stdout]    |
[INFO] [stdout] 1  | use crate::info_retrieval::types::PathBuf;
[INFO] [stdout]    |
[INFO] [stdout] 1  | use std::path::PathBuf;
[INFO] [stdout]    |
[INFO] [stdout] 
[INFO] [stdout] 
[INFO] [stdout] error[E0412]: cannot find type `AddDocument` in this scope
[INFO] [stdout]    --> src/info_retrieval/local_shard.rs:158:43
[INFO] [stdout]     |
[INFO] [stdout] 158 |     async fn add_document(&self, add_doc: AddDocument) -> Result<()> {
[INFO] [stdout]     |                                           ^^^^^^^^^^^ help: a struct with a similar name exists: `Document`
[INFO] [stdout]     | 
[INFO] [stdout]    ::: /opt/rustwide/cargo-home/registry/src/github.com-1ecc6299db9ec823/tantivy-0.13.2/src/schema/document.rs:20:1
[INFO] [stdout]     |
[INFO] [stdout] 20  | pub struct Document {
[INFO] [stdout]     | ------------------- similarly named struct `Document` defined here
[INFO] [stdout] 
[INFO] [stdout] 
[INFO] [stdout] error[E0412]: cannot find type `Settings` in this scope
[INFO] [stdout]    --> src/info_retrieval/local_shard.rs:182:40
[INFO] [stdout]     |
[INFO] [stdout] 182 |     pub fn new(index: Index, settings: Settings, name: &str) -> Result<Self> {
[INFO] [stdout]     |                                        ^^^^^^^^ not found in this scope
[INFO] [stdout] 
[INFO] [stdout] 
[INFO] [stdout] error[E0412]: cannot find type `PathBuf` in this scope
[INFO] [stdout]    --> src/info_retrieval/new_index.rs:143:23
[INFO] [stdout]     |
[INFO] [stdout] 143 | fn run_new(directory: PathBuf, schema_fields: Vec<SchemaField>) -> tantivy::Result<()> {
[INFO] [stdout]     |                       ^^^^^^^ not found in this scope
[INFO] [stdout]     |
[INFO] [stdout] help: consider importing one of these items
[INFO] [stdout]     |
[INFO] [stdout] 3   | use crate::info_retrieval::types::PathBuf;
[INFO] [stdout]     |
[INFO] [stdout] 3   | use std::path::PathBuf;
[INFO] [stdout]     |
[INFO] [stdout] 
[INFO] [stdout] 
[INFO] [stdout] error[E0659]: `info` is ambiguous (`macro_rules` vs non-`macro_rules` from other module)
[INFO] [stdout]   --> src/info_retrieval/local_shard.rs:79:13
[INFO] [stdout]    |
[INFO] [stdout] 79 |             info!("Sorting with: {}", sort_by);
[INFO] [stdout]    |             ^^^^ ambiguous name
[INFO] [stdout]    |
[INFO] [stdout] note: `info` could refer to the macro defined here
[INFO] [stdout]   --> src/logger/mod.rs:53:1
[INFO] [stdout]    |
[INFO] [stdout] 53 | / macro_rules! info {
[INFO] [stdout] 54 | |   ($($args:tt)*) => {{
[INFO] [stdout] 55 | |     log::info!($($args)*);
[INFO] [stdout] 56 | |   }}
[INFO] [stdout] 57 | | }
[INFO] [stdout]    | |_^
[INFO] [stdout] note: `info` could also refer to the macro imported here
[INFO] [stdout]   --> src/info_retrieval/local_shard.rs:6:5
[INFO] [stdout]    |
[INFO] [stdout] 6  | use log::*;
[INFO] [stdout]    |     ^^^^^^
[INFO] [stdout]    = help: use `self::info` to refer to this macro unambiguously
[INFO] [stdout] 
[INFO] [stdout] 
[INFO] [stdout] error[E0659]: `trace` is ambiguous (`macro_rules` vs non-`macro_rules` from other module)
[INFO] [stdout]    --> src/info_retrieval/local_shard.rs:119:13
[INFO] [stdout]     |
[INFO] [stdout] 119 |             trace!("{:?}", gen_query);
[INFO] [stdout]     |             ^^^^^ ambiguous name
[INFO] [stdout]     |
[INFO] [stdout] note: `trace` could refer to the macro defined here
[INFO] [stdout]    --> src/logger/mod.rs:67:1
[INFO] [stdout]     |
[INFO] [stdout] 67  | / macro_rules! trace {
[INFO] [stdout] 68  | |   ($($args:tt)*) => {{
[INFO] [stdout] 69  | |     log::trace!($($args)*);
[INFO] [stdout] 70  | |   }}
[INFO] [stdout] 71  | | }
[INFO] [stdout]     | |_^
[INFO] [stdout] note: `trace` could also refer to the macro imported here
[INFO] [stdout]    --> src/info_retrieval/local_shard.rs:6:5
[INFO] [stdout]     |
[INFO] [stdout] 6   | use log::*;
[INFO] [stdout]     |     ^^^^^^
[INFO] [stdout]     = help: use `self::trace` to refer to this macro unambiguously
[INFO] [stdout] 
[INFO] [stdout] 
[INFO] [stdout] error[E0659]: `trace` is ambiguous (`macro_rules` vs non-`macro_rules` from other module)
[INFO] [stdout]    --> src/info_retrieval/local_shard.rs:208:9
[INFO] [stdout]     |
[INFO] [stdout] 208 |         trace!("Got the opstamp");
[INFO] [stdout]     |         ^^^^^ ambiguous name
[INFO] [stdout]     |
[INFO] [stdout] note: `trace` could refer to the macro defined here
[INFO] [stdout]    --> src/logger/mod.rs:67:1
[INFO] [stdout]     |
[INFO] [stdout] 67  | / macro_rules! trace {
[INFO] [stdout] 68  | |   ($($args:tt)*) => {{
[INFO] [stdout] 69  | |     log::trace!($($args)*);
[INFO] [stdout] 70  | |   }}
[INFO] [stdout] 71  | | }
[INFO] [stdout]     | |_^
[INFO] [stdout] note: `trace` could also refer to the macro imported here
[INFO] [stdout]    --> src/info_retrieval/local_shard.rs:6:5
[INFO] [stdout]     |
[INFO] [stdout] 6   | use log::*;
[INFO] [stdout]     |     ^^^^^^
[INFO] [stdout]     = help: use `self::trace` to refer to this macro unambiguously
[INFO] [stdout] 
[INFO] [stdout] 
[INFO] [stdout] error[E0659]: `trace` is ambiguous (`macro_rules` vs non-`macro_rules` from other module)
[INFO] [stdout]    --> src/info_retrieval/local_shard.rs:213:9
[INFO] [stdout]     |
[INFO] [stdout] 213 |         trace!("Setting stamp to {}", opstamp);
[INFO] [stdout]     |         ^^^^^ ambiguous name
[INFO] [stdout]     |
[INFO] [stdout] note: `trace` could refer to the macro defined here
[INFO] [stdout]    --> src/logger/mod.rs:67:1
[INFO] [stdout]     |
[INFO] [stdout] 67  | / macro_rules! trace {
[INFO] [stdout] 68  | |   ($($args:tt)*) => {{
[INFO] [stdout] 69  | |     log::trace!($($args)*);
[INFO] [stdout] 70  | |   }}
[INFO] [stdout] 71  | | }
[INFO] [stdout]     | |_^
[INFO] [stdout] note: `trace` could also refer to the macro imported here
[INFO] [stdout]    --> src/info_retrieval/local_shard.rs:6:5
[INFO] [stdout]     |
[INFO] [stdout] 6   | use log::*;
[INFO] [stdout]     |     ^^^^^^
[INFO] [stdout]     = help: use `self::trace` to refer to this macro unambiguously
[INFO] [stdout] 
[INFO] [stdout] 
[INFO] [stdout] error[E0603]: enum `SchemaField` is private
[INFO] [stdout]   --> src/info_retrieval/new_index.rs:5:35
[INFO] [stdout]    |
[INFO] [stdout] 5  | use crate::info_retrieval::types::SchemaField;
[INFO] [stdout]    |                                   ^^^^^^^^^^^ private enum
[INFO] [stdout]    |
[INFO] [stdout] note: the enum `SchemaField` is defined here
[INFO] [stdout]   --> src/info_retrieval/types.rs:72:1
[INFO] [stdout]    |
[INFO] [stdout] 72 | enum SchemaField {
[INFO] [stdout]    | ^^^^^^^^^^^^^^^^
[INFO] [stdout] 
[INFO] [stdout] 
[INFO] [stdout] error: Compilation failed, aborting rustdoc
[INFO] [stdout] 
[INFO] [stdout] 
[INFO] [stdout] warning: unused import: `std::clone::Clone`
[INFO] [stdout]  --> src/info_retrieval/index_canister.rs:1:5
[INFO] [stdout]   |
[INFO] [stdout] 1 | use std::clone::Clone;
[INFO] [stdout]   |     ^^^^^^^^^^^^^^^^^
[INFO] [stdout]   |
[INFO] [stdout]   = note: `#[warn(unused_imports)]` on by default
[INFO] [stdout] 
[INFO] [stdout] 
[INFO] [stdout] warning: unused import: `std::fs`
[INFO] [stdout]  --> src/info_retrieval/index_canister.rs:2:5
[INFO] [stdout]   |
[INFO] [stdout] 2 | use std::fs;
[INFO] [stdout]   |     ^^^^^^^
[INFO] [stdout] 
[INFO] [stdout] 
[INFO] [stdout] warning: unused import: `tantivy::directory::MmapDirectory`
[INFO] [stdout]  --> src/info_retrieval/index_canister.rs:6:5
[INFO] [stdout]   |
[INFO] [stdout] 6 | use tantivy::directory::MmapDirectory;
[INFO] [stdout]   |     ^^^^^^^^^^^^^^^^^^^^^^^^^^^^^^^^^
[INFO] [stdout] 
[INFO] [stdout] 
[INFO] [stdout] warning: unused import: `tantivy::schema::Schema`
[INFO] [stdout]  --> src/info_retrieval/index_canister.rs:7:5
[INFO] [stdout]   |
[INFO] [stdout] 7 | use tantivy::schema::Schema;
[INFO] [stdout]   |     ^^^^^^^^^^^^^^^^^^^^^^^
[INFO] [stdout] 
[INFO] [stdout] 
[INFO] [stdout] warning: unused import: `tantivy::Index`
[INFO] [stdout]  --> src/info_retrieval/index_canister.rs:8:5
[INFO] [stdout]   |
[INFO] [stdout] 8 | use tantivy::Index;
[INFO] [stdout]   |     ^^^^^^^^^^^^^^
[INFO] [stdout] 
[INFO] [stdout] 
[INFO] [stdout] warning: unused import: `QueryParser`
[INFO] [stdout]  --> src/info_retrieval/local_shard.rs:8:32
[INFO] [stdout]   |
[INFO] [stdout] 8 | use tantivy::query::{AllQuery, QueryParser};
[INFO] [stdout]   |                                ^^^^^^^^^^^
[INFO] [stdout] 
[INFO] [stdout] 
[INFO] [stdout] warning: unused import: `Term`
[INFO] [stdout]   --> src/info_retrieval/local_shard.rs:11:72
[INFO] [stdout]    |
[INFO] [stdout] 11 | use tantivy::{Document, Index, IndexReader, IndexWriter, ReloadPolicy, Term};
[INFO] [stdout]    |                                                                        ^^^^
[INFO] [stdout] 
[INFO] [stdout] 
[INFO] [stdout] warning: unused imports: `Map`, `Number`, `Value`
[INFO] [stdout]  --> src/info_retrieval/new_index.rs:3:18
[INFO] [stdout]   |
[INFO] [stdout] 3 | use serde_json::{Map, Number, Value};
[INFO] [stdout]   |                  ^^^  ^^^^^^  ^^^^^
[INFO] [stdout] 
[INFO] [stdout] 
[INFO] [stdout] error: aborting due to 10 previous errors
[INFO] [stdout] 
[INFO] [stdout] 
[INFO] [stdout] Some errors have detailed explanations: E0412, E0603, E0659.
[INFO] [stdout] 
[INFO] [stdout] For more information about an error, try `rustc --explain E0412`.
[INFO] [stdout] 
[INFO] [stdout] warning: unused import: `crate::info_retrieval`
[INFO] [stdout]  --> src/routes/indexer_server/v1/index/controllers.rs:3:5
[INFO] [stdout]   |
[INFO] [stdout] 3 | use crate::info_retrieval;
[INFO] [stdout]   |     ^^^^^^^^^^^^^^^^^^^^^
[INFO] [stdout] 
[INFO] [stdout] 
[INFO] [stderr] error: could not document `rusty-camino`
[INFO] [stderr] 
[INFO] [stderr] Caused by:
[INFO] [stderr]   process didn't exit successfully: `rustdoc --edition=2018 --crate-type lib --crate-name rusty_camino src/lib.rs -o /opt/rustwide/target/doc --error-format=json --json=diagnostic-rendered-ansi --document-private-items -L dependency=/opt/rustwide/target/debug/deps --extern async_trait=/opt/rustwide/target/debug/deps/libasync_trait-fe1b126897cef343.so --extern bytes=/opt/rustwide/target/debug/deps/libbytes-5a69d67e5415873b.rmeta --extern chrono=/opt/rustwide/target/debug/deps/libchrono-9a1a80f596a375c2.rmeta --extern colored=/opt/rustwide/target/debug/deps/libcolored-6af43ba4cfcf02d1.rmeta --extern dashmap=/opt/rustwide/target/debug/deps/libdashmap-9528ca23ca383cd8.rmeta --extern dotenv=/opt/rustwide/target/debug/deps/libdotenv-fac2af56d99fafd7.rmeta --extern fern=/opt/rustwide/target/debug/deps/libfern-45ed191364cbed5a.rmeta --extern hyper=/opt/rustwide/target/debug/deps/libhyper-1b40f33119ac11cb.rmeta --extern lazy_static=/opt/rustwide/target/debug/deps/liblazy_static-acd7d23482fe8b54.rmeta --extern log=/opt/rustwide/target/debug/deps/liblog-ad9dab5804e289b3.rmeta --extern reqwest=/opt/rustwide/target/debug/deps/libreqwest-86d8a7061a95df3e.rmeta --extern routerify=/opt/rustwide/target/debug/deps/librouterify-566768e953ca9822.rmeta --extern routerify_cors=/opt/rustwide/target/debug/deps/librouterify_cors-161561744de78c31.rmeta --extern routerify_json_response=/opt/rustwide/target/debug/deps/librouterify_json_response-a9af9280227505b6.rmeta --extern serde=/opt/rustwide/target/debug/deps/libserde-b45a9891637356fa.rmeta --extern serde_json=/opt/rustwide/target/debug/deps/libserde_json-759825c47f935369.rmeta --extern tantivy=/opt/rustwide/target/debug/deps/libtantivy-a9be5851a6807c18.rmeta --extern tokio=/opt/rustwide/target/debug/deps/libtokio-80dbe23b20eef95d.rmeta --extern url=/opt/rustwide/target/debug/deps/liburl-3816a30f8068d42b.rmeta --extern uuid=/opt/rustwide/target/debug/deps/libuuid-d1fd886397d09060.rmeta --cap-lints=warn --crate-version 0.1.0` (exit status: 1)
[INFO] [stderr] warning: build failed, waiting for other jobs to finish...
[INFO] [stdout] error[E0107]: missing generics for struct `serde_json::Map`
[INFO] [stdout]   --> src/info_retrieval/new_index.rs:8:25
[INFO] [stdout]    |
[INFO] [stdout] 8  |     schema: serde_json::Map,
[INFO] [stdout]    |                         ^^^ expected 2 generic arguments
[INFO] [stdout]    |
[INFO] [stdout] note: struct defined here, with 2 generic parameters: `K`, `V`
[INFO] [stdout]   --> /opt/rustwide/cargo-home/registry/src/github.com-1ecc6299db9ec823/serde_json-1.0.59/src/map.rs:19:12
[INFO] [stdout]    |
[INFO] [stdout] 19 | pub struct Map<K, V> {
[INFO] [stdout]    |            ^^^ -  -
[INFO] [stdout] help: add missing generic arguments
[INFO] [stdout]    |
[INFO] [stdout] 8  |     schema: serde_json::Map<K, V>,
[INFO] [stdout]    |                         ^^^^^^^^^
[INFO] [stdout] 
[INFO] [stdout] 
[INFO] [stdout] error[E0107]: missing generics for type alias `Result`
[INFO] [stdout]   --> src/info_retrieval/index_canister.rs:43:54
[INFO] [stdout]    |
[INFO] [stdout] 43 |     pub fn add_new_shard(settings: IndexSettings) -> Result {
[INFO] [stdout]    |                                                      ^^^^^^ expected 1 generic argument
[INFO] [stdout]    |
[INFO] [stdout] note: type alias defined here, with 1 generic parameter: `T`
[INFO] [stdout]   --> src/lib.rs:24:10
[INFO] [stdout]    |
[INFO] [stdout] 24 | pub type Result<T> = std::result::Result<T, Error>;
[INFO] [stdout]    |          ^^^^^^ -
[INFO] [stdout] help: add missing generic argument
[INFO] [stdout]    |
[INFO] [stdout] 43 |     pub fn add_new_shard(settings: IndexSettings) -> Result<T> {
[INFO] [stdout]    |                                                      ^^^^^^^^^
[INFO] [stdout] 
[INFO] [stdout] 
[INFO] [stdout] error: aborting due to 27 previous errors; 9 warnings emitted
[INFO] [stdout] 
[INFO] [stdout] 
[INFO] [stdout] Some errors have detailed explanations: E0107, E0412, E0422, E0425, E0433, E0603, E0659.
[INFO] [stdout] 
[INFO] [stdout] For more information about an error, try `rustc --explain E0107`.
[INFO] [stdout] 
[INFO] [stderr] error: build failed
[INFO] running `Command { std: "docker" "inspect" "ded944d368d1a3372d7d34ab03a38647fc50f33210796eda8ab1d89c9ac8d176", kill_on_drop: false }`
[INFO] running `Command { std: "docker" "rm" "-f" "ded944d368d1a3372d7d34ab03a38647fc50f33210796eda8ab1d89c9ac8d176", kill_on_drop: false }`
[INFO] [stdout] ded944d368d1a3372d7d34ab03a38647fc50f33210796eda8ab1d89c9ac8d176
