[INFO] cloning repository https://github.com/eeeeeta/mfl-gramophone
[INFO] running `Command { std: "git" "-c" "credential.helper=" "-c" "credential.helper=/workspace/cargo-home/bin/git-credential-null" "clone" "--bare" "https://github.com/eeeeeta/mfl-gramophone" "/workspace/cache/git-repos/https%3A%2F%2Fgithub.com%2Feeeeeta%2Fmfl-gramophone", kill_on_drop: false }`
[INFO] [stderr] Cloning into bare repository '/workspace/cache/git-repos/https%3A%2F%2Fgithub.com%2Feeeeeta%2Fmfl-gramophone'...
[INFO] running `Command { std: "git" "rev-parse" "HEAD", kill_on_drop: false }`
[INFO] [stdout] 194dc7f0d81d07ecd87eb3e6d7e1f0e29c6b0a44
[INFO] documenting eeeeeta/mfl-gramophone against 1.54.0 for beta-1.55-rustdoc-1
[INFO] running `Command { std: "git" "clone" "/workspace/cache/git-repos/https%3A%2F%2Fgithub.com%2Feeeeeta%2Fmfl-gramophone" "/workspace/builds/worker-38/source", kill_on_drop: false }`
[INFO] [stderr] Cloning into '/workspace/builds/worker-38/source'...
[INFO] [stderr] done.
[INFO] validating manifest of git repo https://github.com/eeeeeta/mfl-gramophone on toolchain 1.54.0
[INFO] running `Command { std: "/workspace/cargo-home/bin/cargo" "+1.54.0" "metadata" "--manifest-path" "Cargo.toml" "--no-deps", kill_on_drop: false }`
[INFO] started tweaking git repo https://github.com/eeeeeta/mfl-gramophone
[INFO] finished tweaking git repo https://github.com/eeeeeta/mfl-gramophone
[INFO] tweaked toml for git repo https://github.com/eeeeeta/mfl-gramophone written to /workspace/builds/worker-38/source/Cargo.toml
[INFO] crate git repo https://github.com/eeeeeta/mfl-gramophone already has a lockfile, it will not be regenerated
[INFO] running `Command { std: "/workspace/cargo-home/bin/cargo" "+1.54.0" "fetch" "--manifest-path" "Cargo.toml", kill_on_drop: false }`
[INFO] [stderr]     Blocking waiting for file lock on package cache
[INFO] [stderr]     Blocking waiting for file lock on package cache
[INFO] [stderr]  Downloading crates ...
[INFO] [stderr]   Downloaded rust-ini v0.12.2
[INFO] [stderr]   Downloaded config v0.9.1
[INFO] [stderr]   Downloaded nom v4.1.1
[INFO] [stderr]   Downloaded sample v0.10.0
[INFO] [stderr]   Downloaded sqa-engine v0.4.0
[INFO] [stderr]   Downloaded sqa-jack v0.6.1
[INFO] running `Command { std: "docker" "create" "-v" "/var/lib/crater-agent-workspace/builds/worker-38/target:/opt/rustwide/target:rw,Z" "-v" "/var/lib/crater-agent-workspace/builds/worker-38/source:/opt/rustwide/workdir:ro,Z" "-v" "/var/lib/crater-agent-workspace/cargo-home:/opt/rustwide/cargo-home:ro,Z" "-v" "/var/lib/crater-agent-workspace/rustup-home:/opt/rustwide/rustup-home:ro,Z" "-e" "SOURCE_DIR=/opt/rustwide/workdir" "-e" "CARGO_TARGET_DIR=/opt/rustwide/target" "-e" "CARGO_HOME=/opt/rustwide/cargo-home" "-e" "RUSTUP_HOME=/opt/rustwide/rustup-home" "-w" "/opt/rustwide/workdir" "-m" "1610612736" "--user" "0:0" "--network" "none" "ghcr.io/rust-lang/crates-build-env/linux@sha256:34b6a614d2c27851fe6cbf88fbd1137609cefab8b10d0615aaeb6fd47975d74e" "/opt/rustwide/cargo-home/bin/cargo" "+1.54.0" "metadata" "--no-deps" "--format-version=1", kill_on_drop: false }`
[INFO] [stdout] f8e2dafdb58698e0c7947f8da0de5a9fbc73d523e15c055e77abbb079eea33d4
[INFO] running `Command { std: "docker" "start" "-a" "f8e2dafdb58698e0c7947f8da0de5a9fbc73d523e15c055e77abbb079eea33d4", kill_on_drop: false }`
[INFO] running `Command { std: "docker" "inspect" "f8e2dafdb58698e0c7947f8da0de5a9fbc73d523e15c055e77abbb079eea33d4", kill_on_drop: false }`
[INFO] running `Command { std: "docker" "rm" "-f" "f8e2dafdb58698e0c7947f8da0de5a9fbc73d523e15c055e77abbb079eea33d4", kill_on_drop: false }`
[INFO] [stdout] f8e2dafdb58698e0c7947f8da0de5a9fbc73d523e15c055e77abbb079eea33d4
[INFO] running `Command { std: "docker" "create" "-v" "/var/lib/crater-agent-workspace/builds/worker-38/target:/opt/rustwide/target:rw,Z" "-v" "/var/lib/crater-agent-workspace/builds/worker-38/source:/opt/rustwide/workdir:ro,Z" "-v" "/var/lib/crater-agent-workspace/cargo-home:/opt/rustwide/cargo-home:ro,Z" "-v" "/var/lib/crater-agent-workspace/rustup-home:/opt/rustwide/rustup-home:ro,Z" "-e" "SOURCE_DIR=/opt/rustwide/workdir" "-e" "CARGO_TARGET_DIR=/opt/rustwide/target" "-e" "CARGO_INCREMENTAL=0" "-e" "RUST_BACKTRACE=full" "-e" "RUSTDOCFLAGS=--cap-lints=warn" "-e" "CARGO_HOME=/opt/rustwide/cargo-home" "-e" "RUSTUP_HOME=/opt/rustwide/rustup-home" "-w" "/opt/rustwide/workdir" "-m" "1610612736" "--user" "0:0" "--network" "none" "ghcr.io/rust-lang/crates-build-env/linux@sha256:34b6a614d2c27851fe6cbf88fbd1137609cefab8b10d0615aaeb6fd47975d74e" "/opt/rustwide/cargo-home/bin/cargo" "+1.54.0" "doc" "--frozen" "--no-deps" "--document-private-items" "--message-format=json", kill_on_drop: false }`
[INFO] [stdout] fb14abdf28a24eff44c46230952c63129a515e518bb48d46291a391f761c2a7c
[INFO] running `Command { std: "docker" "start" "-a" "fb14abdf28a24eff44c46230952c63129a515e518bb48d46291a391f761c2a7c", kill_on_drop: false }`
[INFO] [stderr]     Blocking waiting for file lock on package cache
[INFO] [stderr]    Compiling libc v0.2.43
[INFO] [stderr]    Compiling libloading v0.4.3
[INFO] [stderr]    Compiling cfg-if v0.1.6
[INFO] [stderr]    Compiling glob v0.2.11
[INFO] [stderr]    Compiling regex v0.2.11
[INFO] [stderr]    Compiling ucd-util v0.1.1
[INFO] [stderr]    Compiling utf8-ranges v1.0.1
[INFO] [stderr]    Compiling unicode-width v0.1.5
[INFO] [stderr]    Compiling strsim v0.7.0
[INFO] [stderr]    Compiling bindgen v0.32.3
[INFO] [stderr]    Compiling failure_derive v0.1.3
[INFO] [stderr]    Compiling ansi_term v0.11.0
[INFO] [stderr]    Compiling bitflags v1.0.4
[INFO] [stderr]    Compiling vec_map v0.8.1
[INFO] [stderr]     Checking lazy_static v0.2.11
[INFO] [stderr]    Compiling peeking_take_while v0.1.2
[INFO] [stderr]    Compiling regex v1.0.5
[INFO] [stderr]    Compiling serde v1.0.80
[INFO] [stderr]     Checking serde v0.8.23
[INFO] [stderr]    Compiling pkg-config v0.3.14
[INFO] [stderr]     Checking nodrop-union v0.1.9
[INFO] [stderr]     Checking quick-error v1.2.2
[INFO] [stderr]     Checking lazy_static v0.1.16
[INFO] [stderr]     Checking odds v0.2.26
[INFO] [stderr]     Checking rust-ini v0.12.2
[INFO] [stderr]     Checking termcolor v1.0.4
[INFO] [stderr]     Checking sample v0.10.0
[INFO] [stderr]     Checking bounded-spsc-queue v0.4.0
[INFO] [stderr]     Checking byteorder v0.5.3
[INFO] [stderr]    Compiling lazy_static v1.1.0
[INFO] [stderr]    Compiling memchr v2.1.0
[INFO] [stderr]    Compiling proc-macro2 v0.2.3
[INFO] [stderr]     Checking log v0.4.5
[INFO] [stderr]     Checking atty v0.2.11
[INFO] [stderr]     Checking num-integer v0.1.39
[INFO] [stderr]     Checking uuid v0.7.1
[INFO] [stderr]    Compiling syn v0.15.13
[INFO] [stderr]     Checking backtrace v0.3.9
[INFO] [stdout] error[E0554]: `#![feature]` may not be used on the stable release channel
[INFO] [stdout]  --> /opt/rustwide/cargo-home/registry/src/github.com-1ecc6299db9ec823/bounded-spsc-queue-0.4.0/src/lib.rs:1:1
[INFO] [stdout]   |
[INFO] [stdout] 1 | #![feature(allocator_api)]
[INFO] [stdout]   | ^^^^^^^^^^^^^^^^^^^^^^^^^^
[INFO] [stdout] 
[INFO] [stdout] 
[INFO] [stdout] error[E0554]: `#![feature]` may not be used on the stable release channel
[INFO] [stdout]   --> /opt/rustwide/cargo-home/registry/src/github.com-1ecc6299db9ec823/nodrop-union-0.1.9/src/lib.rs:21:1
[INFO] [stdout]    |
[INFO] [stdout] 21 | #![feature(untagged_unions)]
[INFO] [stdout]    | ^^^^^^^^^^^^^^^^^^^^^^^^^^^^
[INFO] [stdout] 
[INFO] [stdout] 
[INFO] [stdout] error: aborting due to previous error
[INFO] [stdout] 
[INFO] [stdout] 
[INFO] [stdout] error[E0740]: unions may not contain fields that need dropping
[INFO] [stdout]   --> /opt/rustwide/cargo-home/registry/src/github.com-1ecc6299db9ec823/nodrop-union-0.1.9/src/lib.rs:32:5
[INFO] [stdout]    |
[INFO] [stdout] 32 |     value: T,
[INFO] [stdout]    |     ^^^^^^^^
[INFO] [stdout]    |
[INFO] [stdout] note: `std::mem::ManuallyDrop` can be used to wrap the type
[INFO] [stdout]   --> /opt/rustwide/cargo-home/registry/src/github.com-1ecc6299db9ec823/nodrop-union-0.1.9/src/lib.rs:32:5
[INFO] [stdout]    |
[INFO] [stdout] 32 |     value: T,
[INFO] [stdout]    |     ^^^^^^^^
[INFO] [stdout] 
[INFO] [stdout] 
[INFO] [stderr]    Compiling textwrap v0.10.0
[INFO] [stdout] For more information about this error, try `rustc --explain E0554`.
[INFO] [stdout] 
[INFO] [stderr] error: could not compile `nodrop-union`
[INFO] [stdout] error: aborting due to 2 previous errors
[INFO] [stdout] 
[INFO] [stdout] 
[INFO] [stderr] 
[INFO] [stdout] Some errors have detailed explanations: E0554, E0740.
[INFO] [stdout] 
[INFO] [stderr] To learn more, run the command again with --verbose.
[INFO] [stdout] For more information about an error, try `rustc --explain E0554`.
[INFO] [stdout] 
[INFO] [stderr] warning: build failed, waiting for other jobs to finish...
[INFO] [stdout] error[E0282]: type annotations needed
[INFO] [stdout]   --> /opt/rustwide/cargo-home/registry/src/github.com-1ecc6299db9ec823/sample-0.10.0/src/window.rs:73:41
[INFO] [stdout]    |
[INFO] [stdout] 73 |         let v = phase.to_float_sample().to_sample() * PI_2;
[INFO] [stdout]    |                                         ^^^^^^^^^ cannot infer type for type parameter `S` declared on the associated function `to_sample`
[INFO] [stdout]    |
[INFO] [stdout] help: consider specifying the type argument in the method call
[INFO] [stdout]    |
[INFO] [stdout] 73 |         let v = phase.to_float_sample().to_sample::<S>() * PI_2;
[INFO] [stdout]    |                                                  ^^^^^
[INFO] [stdout] 
[INFO] [stdout] 
[INFO] [stdout] error: aborting due to previous error
[INFO] [stdout] 
[INFO] [stdout] 
[INFO] [stdout] For more information about this error, try `rustc --explain E0282`.
[INFO] [stdout] 
[INFO] [stderr] error: build failed
[INFO] running `Command { std: "docker" "inspect" "fb14abdf28a24eff44c46230952c63129a515e518bb48d46291a391f761c2a7c", kill_on_drop: false }`
[INFO] running `Command { std: "docker" "rm" "-f" "fb14abdf28a24eff44c46230952c63129a515e518bb48d46291a391f761c2a7c", kill_on_drop: false }`
[INFO] [stdout] fb14abdf28a24eff44c46230952c63129a515e518bb48d46291a391f761c2a7c
