[INFO] cloning repository https://github.com/easynam/piano_roll
[INFO] running `Command { std: "git" "-c" "credential.helper=" "-c" "credential.helper=/workspace/cargo-home/bin/git-credential-null" "clone" "--bare" "https://github.com/easynam/piano_roll" "/workspace/cache/git-repos/https%3A%2F%2Fgithub.com%2Feasynam%2Fpiano_roll", kill_on_drop: false }`
[INFO] [stderr] Cloning into bare repository '/workspace/cache/git-repos/https%3A%2F%2Fgithub.com%2Feasynam%2Fpiano_roll'...
[INFO] running `Command { std: "git" "rev-parse" "HEAD", kill_on_drop: false }`
[INFO] [stdout] dc3ce78e8275a6b9aecd71c6ac2f339fb655c4ea
[INFO] documenting easynam/piano_roll against beta-2021-08-01 for beta-1.55-rustdoc-1
[INFO] running `Command { std: "git" "clone" "/workspace/cache/git-repos/https%3A%2F%2Fgithub.com%2Feasynam%2Fpiano_roll" "/workspace/builds/worker-6/source", kill_on_drop: false }`
[INFO] [stderr] Cloning into '/workspace/builds/worker-6/source'...
[INFO] [stderr] done.
[INFO] validating manifest of git repo https://github.com/easynam/piano_roll on toolchain beta-2021-08-01
[INFO] running `Command { std: "/workspace/cargo-home/bin/cargo" "+beta-2021-08-01" "metadata" "--manifest-path" "Cargo.toml" "--no-deps", kill_on_drop: false }`
[INFO] removed /workspace/builds/worker-6/source/.cargo/config.toml
[INFO] started tweaking git repo https://github.com/easynam/piano_roll
[INFO] finished tweaking git repo https://github.com/easynam/piano_roll
[INFO] tweaked toml for git repo https://github.com/easynam/piano_roll written to /workspace/builds/worker-6/source/Cargo.toml
[INFO] crate git repo https://github.com/easynam/piano_roll already has a lockfile, it will not be regenerated
[INFO] running `Command { std: "/workspace/cargo-home/bin/cargo" "+beta-2021-08-01" "fetch" "--manifest-path" "Cargo.toml", kill_on_drop: false }`
[INFO] [stderr]  Downloading crates ...
[INFO] [stderr]   Downloaded darling v0.10.2
[INFO] [stderr]   Downloaded ident_case v1.0.1
[INFO] [stderr]   Downloaded peeking_take_while v0.1.2
[INFO] [stderr]   Downloaded nom v5.1.2
[INFO] [stderr]   Downloaded clang-sys v1.0.3
[INFO] [stderr]   Downloaded jni v0.17.0
[INFO] [stderr]   Downloaded num_enum_derive v0.4.3
[INFO] [stderr]   Downloaded regex-syntax v0.6.21
[INFO] [stderr]   Downloaded coreaudio-sys v0.2.8
[INFO] [stderr]   Downloaded combine v4.5.1
[INFO] [stderr]   Downloaded xml-rs v0.8.3
[INFO] [stderr]   Downloaded xcursor v0.3.3
[INFO] [stderr]   Downloaded rusttype v0.9.2
[INFO] [stderr]   Downloaded calloop v0.6.5
[INFO] [stderr]   Downloaded regex v1.4.2
[INFO] [stderr]   Downloaded objc_id v0.1.1
[INFO] [stderr]   Downloaded alsa-sys v0.3.1
[INFO] [stderr]   Downloaded darling_core v0.10.2
[INFO] [stderr]   Downloaded darling_macro v0.10.2
[INFO] [stderr]   Downloaded rusttype v0.7.9
[INFO] [stderr]   Downloaded wio v0.2.2
[INFO] [stderr]   Downloaded expat-sys v2.1.6
[INFO] [stderr]   Downloaded alsa v0.4.3
[INFO] [stderr]   Downloaded ab_glyph_rasterizer v0.1.4
[INFO] [stderr]   Downloaded wayland-scanner v0.23.6
[INFO] [stderr]   Downloaded wayland-protocols v0.23.6
[INFO] [stderr]   Downloaded smithay-client-toolkit v0.6.6
[INFO] [stderr]   Downloaded core-graphics v0.22.2
[INFO] [stderr]   Downloaded cocoa v0.23.0
[INFO] [stderr]   Downloaded ordered-float v1.0.2
[INFO] [stderr]   Downloaded longest-increasing-subsequence v0.1.0
[INFO] [stderr]   Downloaded ureq v0.11.4
[INFO] [stderr]   Downloaded crossbeam-queue v0.3.1
[INFO] [stderr]   Downloaded xdg v2.2.0
[INFO] [stderr]   Downloaded unicode-normalization v0.1.12
[INFO] [stderr]   Downloaded clipboard_wayland v0.1.0
[INFO] [stderr]   Downloaded cpal v0.13.1
[INFO] [stderr]   Downloaded lyon v0.16.2
[INFO] [stderr]   Downloaded clipboard_macos v0.1.0
[INFO] [stderr]   Downloaded x11-dl v2.18.5
[INFO] [stderr]   Downloaded cesu8 v1.1.0
[INFO] [stderr]   Downloaded libflate v0.1.27
[INFO] [stderr]   Downloaded bumpalo v2.6.0
[INFO] [stderr]   Downloaded core-text v15.0.0
[INFO] [stderr]   Downloaded rustc-demangle v0.1.18
[INFO] [stderr]   Downloaded bindgen v0.56.0
[INFO] [stderr]   Downloaded mach v0.3.2
[INFO] [stderr]   Downloaded rle-decode-fast v1.0.1
[INFO] [stderr]   Downloaded object v0.22.0
[INFO] [stderr]   Downloaded webpki-roots v0.18.0
[INFO] [stderr]   Downloaded spirv_cross v0.22.2
[INFO] [stderr]   Downloaded winit v0.23.0
[INFO] [stderr]   Downloaded zerocopy-derive v0.2.0
[INFO] [stderr]   Downloaded clipboard-win v2.2.0
[INFO] [stderr]   Downloaded addr2line v0.14.0
[INFO] [stderr]   Downloaded wayland-client v0.23.6
[INFO] [stderr]   Downloaded num_enum v0.4.3
[INFO] [stderr]   Downloaded dodrio v0.2.0
[INFO] [stderr]   Downloaded filetime v0.2.13
[INFO] [stderr]   Downloaded andrew v0.3.1
[INFO] [stderr]   Downloaded xcb v0.9.0
[INFO] [stderr]   Downloaded bit-set v0.5.2
[INFO] [stderr]   Downloaded backtrace v0.3.55
[INFO] [stderr]   Downloaded chunked_transfer v1.3.0
[INFO] [stderr]   Downloaded servo-fontconfig-sys v4.0.9
[INFO] [stderr]   Downloaded iced_style v0.2.0
[INFO] [stderr]   Downloaded spirv_headers v1.5.0
[INFO] [stderr]   Downloaded glyph_brush_draw_cache v0.1.3
[INFO] [stderr]   Downloaded cocoa-foundation v0.1.0
[INFO] [stderr]   Downloaded gfx-auxil v0.7.0
[INFO] [stderr]   Downloaded guillotiere v0.6.0
[INFO] [stderr]   Downloaded blake2b_simd v0.5.10
[INFO] [stderr]   Downloaded lyon_algorithms v0.16.0
[INFO] [stderr]   Downloaded cmake v0.1.44
[INFO] [stderr]   Downloaded svg_fmt v0.4.1
[INFO] [stderr]   Downloaded take_mut v0.2.2
[INFO] [stderr]   Downloaded pathfinder_simd v0.5.0
[INFO] [stderr]   Downloaded storage-map v0.3.0
[INFO] [stderr]   Downloaded scoped-tls v1.0.0
[INFO] [stderr]   Downloaded error-chain v0.12.4
[INFO] [stderr]   Downloaded oboe-sys v0.3.0
[INFO] [stderr]   Downloaded oboe v0.3.1
[INFO] [stderr]   Downloaded fetch_unroll v0.2.1
[INFO] [stderr]   Downloaded smithay-client-toolkit v0.12.2
[INFO] [stderr]   Downloaded wayland-commons v0.28.3
[INFO] [stderr]   Downloaded qstring v0.7.2
[INFO] [stderr]   Downloaded wayland-scanner v0.28.3
[INFO] [stderr]   Downloaded wasm-bindgen-macro v0.2.63
[INFO] [stderr]   Downloaded core-graphics-types v0.1.1
[INFO] [stderr]   Downloaded objc_exception v0.1.2
[INFO] [stderr]   Downloaded libloading v0.5.2
[INFO] [stderr]   Downloaded tracing v0.1.22
[INFO] [stderr]   Downloaded quote v1.0.6
[INFO] [stderr]   Downloaded wayland-sys v0.23.6
[INFO] [stderr]   Downloaded bytemuck_derive v1.0.1
[INFO] [stderr]   Downloaded ash v0.31.0
[INFO] [stderr]   Downloaded gimli v0.23.0
[INFO] [stderr]   Downloaded jni v0.14.0
[INFO] [stderr]   Downloaded raw-window-handle v0.3.3
[INFO] [stderr]   Downloaded num-bigint v0.3.1
[INFO] [stderr]   Downloaded nix v0.15.0
[INFO] [stderr]   Downloaded servo-freetype-sys v4.0.5
[INFO] [stderr]   Downloaded num-rational v0.3.2
[INFO] [stderr]   Downloaded num-derive v0.3.3
[INFO] [stderr]   Downloaded freetype v0.4.1
[INFO] [stderr]   Downloaded pathfinder_geometry v0.5.1
[INFO] [stderr]   Downloaded d3d12 v0.3.0
[INFO] [stderr]   Downloaded objc-foundation v0.1.1
[INFO] [stderr]   Downloaded redox_users v0.3.4
[INFO] [stderr]   Downloaded rustls v0.16.0
[INFO] [stderr]   Downloaded wayland-sys v0.28.3
[INFO] [stderr]   Downloaded tar v0.4.30
[INFO] [stderr]   Downloaded memmap2 v0.1.0
[INFO] [stderr]   Downloaded iced_winit v0.2.0
[INFO] [stderr]   Downloaded euclid v0.22.1
[INFO] [stderr]   Downloaded servo-fontconfig v0.4.0
[INFO] [stderr]   Downloaded iced_core v0.3.0
[INFO] [stderr]   Downloaded line_drawing v0.7.0
[INFO] [stderr]   Downloaded clipboard_x11 v0.1.0
[INFO] [stderr]   Downloaded glam v0.10.2
[INFO] [stderr]   Downloaded sid v0.6.1
[INFO] [stderr]   Downloaded iced_futures v0.2.0
[INFO] [stderr]   Downloaded lyon_tessellation v0.16.2
[INFO] [stderr]   Downloaded range-alloc v0.1.1
[INFO] [stderr]   Downloaded glyph_brush_layout v0.2.1
[INFO] [stderr]   Downloaded ab_glyph v0.2.7
[INFO] [stderr]   Downloaded window_clipboard v0.1.1
[INFO] [stderr]   Downloaded crossbeam-epoch v0.9.1
[INFO] [stderr]   Downloaded glyph_brush v0.7.1
[INFO] [stderr]   Downloaded pin-project v0.4.17
[INFO] [stderr]   Downloaded core-video-sys v0.1.4
[INFO] [stderr]   Downloaded approx v0.4.0
[INFO] [stderr]   Downloaded twox-hash v1.5.0
[INFO] [stderr]   Downloaded iced_native v0.3.0
[INFO] [stderr]   Downloaded nix v0.18.0
[INFO] [stderr]   Downloaded ordered-float v2.0.1
[INFO] [stderr]   Downloaded serde v1.0.110
[INFO] [stderr]   Downloaded proc-macro-hack v0.5.16
[INFO] [stderr]   Downloaded gfx-backend-dx11 v0.6.17
[INFO] [stderr]   Downloaded dispatch v0.2.0
[INFO] [stderr]   Downloaded wasm-bindgen-futures v0.4.13
[INFO] [stderr]   Downloaded js-sys v0.3.40
[INFO] [stderr]   Downloaded jni-sys v0.3.0
[INFO] [stderr]   Downloaded gfx-backend-dx12 v0.6.13
[INFO] [stderr]   Downloaded bumpalo v3.3.0
[INFO] [stderr]   Downloaded wasm-bindgen-backend v0.2.63
[INFO] [stderr]   Downloaded inplace_it v0.3.2
[INFO] [stderr]   Downloaded gfx-backend-vulkan v0.6.5
[INFO] [stderr]   Downloaded wasm-bindgen-shared v0.2.63
[INFO] [stderr]   Downloaded wasm-bindgen-macro-support v0.2.63
[INFO] [stderr]   Downloaded naga v0.2.0
[INFO] [stderr]   Downloaded ttf-parser v0.9.0
[INFO] [stderr]   Downloaded wasm-bindgen v0.2.63
[INFO] [stderr]   Downloaded gfx-descriptor v0.2.0
[INFO] [stderr]   Downloaded libloading v0.6.2
[INFO] [stderr]   Downloaded gfx-memory v0.2.2
[INFO] [stderr]   Downloaded lyon_path v0.16.2
[INFO] [stderr]   Downloaded arrayvec v0.5.1
[INFO] [stderr]   Downloaded instant v0.1.4
[INFO] [stderr]   Downloaded wgpu-core v0.6.5
[INFO] [stderr]   Downloaded wgpu v0.6.2
[INFO] [stderr]   Downloaded smallvec v1.4.0
[INFO] [stderr]   Downloaded wgpu-types v0.6.1
[INFO] [stderr]   Downloaded thiserror-impl v1.0.23
[INFO] [stderr]   Downloaded wgpu_glyph v0.10.0
[INFO] [stderr]   Downloaded thiserror v1.0.23
[INFO] [stderr]   Downloaded zerocopy v0.3.0
[INFO] [stderr]   Downloaded rust-argon2 v0.7.0
[INFO] [stderr]   Downloaded iced_wgpu v0.3.0
[INFO] [stderr]   Downloaded cexpr v0.4.0
[INFO] [stderr]   Downloaded wayland-commons v0.23.6
[INFO] [stderr]   Downloaded block v0.1.6
[INFO] [stderr]   Downloaded dwrote v0.11.0
[INFO] [stderr]   Downloaded shlex v0.1.1
[INFO] [stderr]   Downloaded coreaudio-rs v0.9.1
[INFO] [stderr]   Downloaded strsim v0.9.3
[INFO] [stderr]   Downloaded wayland-protocols v0.28.3
[INFO] [stderr]   Downloaded core-graphics v0.19.0
[INFO] [stderr]   Downloaded font-kit v0.8.0
[INFO] [stderr]   Downloaded wayland-client v0.28.3
[INFO] [stderr]   Downloaded lyon_geom v0.16.2
[INFO] [stderr]   Downloaded metal v0.20.0
[INFO] [stderr]   Downloaded downcast-rs v1.1.1
[INFO] [stderr]   Downloaded float-ord v0.2.0
[INFO] [stderr]   Downloaded owned_ttf_parser v0.9.0
[INFO] [stderr]   Downloaded thunderdome v0.3.0
[INFO] [stderr]   Downloaded iced_graphics v0.1.0
[INFO] [stderr]   Downloaded pin-project-internal v0.4.17
[INFO] [stderr]   Downloaded memoffset v0.6.1
[INFO] [stderr]   Downloaded hermit-abi v0.1.13
[INFO] [stderr]   Downloaded const_fn v0.4.4
[INFO] [stderr]   Downloaded xi-unicode v0.3.0
[INFO] [stderr]   Downloaded gfx-backend-empty v0.6.0
[INFO] [stderr]   Downloaded gfx-backend-metal v0.6.5
[INFO] [stderr]   Downloaded x11 v2.18.2
[INFO] [stderr]   Downloaded ndk-macro v0.2.0
[INFO] [stderr]   Downloaded ndk-sys v0.2.1
[INFO] [stderr]   Downloaded typed-arena v2.0.1
[INFO] [stderr]   Downloaded wayland-cursor v0.28.3
[INFO] [stderr]   Downloaded bit-vec v0.6.3
[INFO] [stderr]   Downloaded gfx-hal v0.6.0
[INFO] [stderr]   Downloaded objc v0.2.7
[INFO] [stderr]   Downloaded libc v0.2.81
[INFO] [stderr]   Downloaded jobserver v0.1.21
[INFO] [stderr]   Downloaded cc v1.0.66
[INFO] [stderr]   Downloaded dlib v0.4.2
[INFO] [stderr]   Downloaded web-sys v0.3.40
[INFO] [stderr]   Downloaded ndk-glue v0.2.1
[INFO] [stderr]   Downloaded smithay-clipboard v0.3.7
[INFO] [stderr]   Downloaded ndk v0.2.1
[INFO] [stderr]   Downloaded iced v0.2.0
[INFO] [stderr]   Downloaded pin-project-lite v0.2.1
[INFO] [stderr]   Downloaded syn v1.0.56
[INFO] [stderr]   Downloaded stdweb v0.1.3
[INFO] [stderr]   Downloaded crossbeam v0.8.0
[INFO] [stderr]   Downloaded ttf-parser v0.6.2
[INFO] [stderr]   Downloaded slotmap v1.0.2
[INFO] [stderr]   Downloaded andrew v0.2.1
[INFO] [stderr]   Downloaded owned_ttf_parser v0.6.0
[INFO] [stderr]   Downloaded derivative v2.1.1
[INFO] [stderr]   Downloaded ring v0.16.19
[INFO] [stderr]   Downloaded iced_web v0.3.0
[INFO] running `Command { std: "docker" "create" "-v" "/var/lib/crater-agent-workspace/builds/worker-6/target:/opt/rustwide/target:rw,Z" "-v" "/var/lib/crater-agent-workspace/builds/worker-6/source:/opt/rustwide/workdir:ro,Z" "-v" "/var/lib/crater-agent-workspace/cargo-home:/opt/rustwide/cargo-home:ro,Z" "-v" "/var/lib/crater-agent-workspace/rustup-home:/opt/rustwide/rustup-home:ro,Z" "-e" "SOURCE_DIR=/opt/rustwide/workdir" "-e" "CARGO_TARGET_DIR=/opt/rustwide/target" "-e" "CARGO_HOME=/opt/rustwide/cargo-home" "-e" "RUSTUP_HOME=/opt/rustwide/rustup-home" "-w" "/opt/rustwide/workdir" "-m" "1610612736" "--user" "0:0" "--network" "none" "ghcr.io/rust-lang/crates-build-env/linux@sha256:34b6a614d2c27851fe6cbf88fbd1137609cefab8b10d0615aaeb6fd47975d74e" "/opt/rustwide/cargo-home/bin/cargo" "+beta-2021-08-01" "metadata" "--no-deps" "--format-version=1", kill_on_drop: false }`
[INFO] [stdout] 706331a28c1958eb4c1d09ca53c8419c59ed0191fea542b3a04576458afb9c18
[INFO] [stderr] WARNING: Your kernel does not support swap limit capabilities or the cgroup is not mounted. Memory limited without swap.
[INFO] running `Command { std: "docker" "start" "-a" "706331a28c1958eb4c1d09ca53c8419c59ed0191fea542b3a04576458afb9c18", kill_on_drop: false }`
[INFO] running `Command { std: "docker" "inspect" "706331a28c1958eb4c1d09ca53c8419c59ed0191fea542b3a04576458afb9c18", kill_on_drop: false }`
[INFO] running `Command { std: "docker" "rm" "-f" "706331a28c1958eb4c1d09ca53c8419c59ed0191fea542b3a04576458afb9c18", kill_on_drop: false }`
[INFO] [stdout] 706331a28c1958eb4c1d09ca53c8419c59ed0191fea542b3a04576458afb9c18
[INFO] running `Command { std: "docker" "create" "-v" "/var/lib/crater-agent-workspace/builds/worker-6/target:/opt/rustwide/target:rw,Z" "-v" "/var/lib/crater-agent-workspace/builds/worker-6/source:/opt/rustwide/workdir:ro,Z" "-v" "/var/lib/crater-agent-workspace/cargo-home:/opt/rustwide/cargo-home:ro,Z" "-v" "/var/lib/crater-agent-workspace/rustup-home:/opt/rustwide/rustup-home:ro,Z" "-e" "SOURCE_DIR=/opt/rustwide/workdir" "-e" "CARGO_TARGET_DIR=/opt/rustwide/target" "-e" "CARGO_INCREMENTAL=0" "-e" "RUST_BACKTRACE=full" "-e" "RUSTDOCFLAGS=--cap-lints=warn" "-e" "CARGO_HOME=/opt/rustwide/cargo-home" "-e" "RUSTUP_HOME=/opt/rustwide/rustup-home" "-w" "/opt/rustwide/workdir" "-m" "1610612736" "--user" "0:0" "--network" "none" "ghcr.io/rust-lang/crates-build-env/linux@sha256:34b6a614d2c27851fe6cbf88fbd1137609cefab8b10d0615aaeb6fd47975d74e" "/opt/rustwide/cargo-home/bin/cargo" "+beta-2021-08-01" "doc" "--frozen" "--no-deps" "--document-private-items" "--message-format=json", kill_on_drop: false }`
[INFO] [stdout] 280de3b6648678e54722533274bb352bc11ad5d0aa84af5f67da09d247d2ad97
[INFO] [stderr] WARNING: Your kernel does not support swap limit capabilities or the cgroup is not mounted. Memory limited without swap.
[INFO] running `Command { std: "docker" "start" "-a" "280de3b6648678e54722533274bb352bc11ad5d0aa84af5f67da09d247d2ad97", kill_on_drop: false }`
[INFO] [stderr]     Blocking waiting for file lock on package cache
[INFO] [stderr]     Blocking waiting for file lock on package cache
[INFO] [stderr]     Blocking waiting for file lock on package cache
[INFO] [stderr]    Compiling syn v1.0.56
[INFO] [stderr]     Checking futures-core v0.3.5
[INFO] [stderr]     Checking instant v0.1.4
[INFO] [stderr]    Compiling num-traits v0.2.14
[INFO] [stderr]     Checking futures-task v0.3.5
[INFO] [stderr]    Compiling wayland-sys v0.28.3
[INFO] [stderr]    Compiling rayon v1.5.0
[INFO] [stderr]    Compiling num-integer v0.1.44
[INFO] [stderr]    Compiling num-bigint v0.3.1
[INFO] [stderr]    Compiling slotmap v1.0.2
[INFO] [stderr]    Compiling num-rational v0.3.2
[INFO] [stderr]    Compiling libc v0.2.81
[INFO] [stderr]    Compiling quote v1.0.6
[INFO] [stderr]     Checking getrandom v0.1.14
[INFO] [stderr]     Checking nix v0.14.1
[INFO] [stderr]     Checking memmap v0.7.0
[INFO] [stderr]     Checking dirs-sys v0.3.5
[INFO] [stderr]     Checking net2 v0.2.34
[INFO] [stderr]     Checking redoxsynth v0.1.0 (/opt/rustwide/workdir/crates/redoxsynth)
[INFO] [stderr]     Checking nix v0.15.0
[INFO] [stderr]     Checking nom v6.0.1
[INFO] [stderr]     Checking x11 v2.18.2
[INFO] [stderr]     Checking alsa-sys v0.3.1
[INFO] [stderr]     Checking x11-dl v2.18.5
[INFO] [stderr]     Checking calloop v0.6.5
[INFO] [stderr]     Checking parking_lot_core v0.8.2
[INFO] [stderr]     Checking rand_core v0.5.1
[INFO] [stderr]     Checking wayland-sys v0.23.6
[INFO] [stderr]    Compiling wayland-scanner v0.28.3
[INFO] [stderr]     Checking crossbeam-queue v0.3.1
[INFO] [stderr]     Checking futures-channel v0.3.5
[INFO] [stderr]     Checking gfx-backend-empty v0.6.0
[INFO] [stderr]     Checking gfx-descriptor v0.2.0
[INFO] [stderr]     Checking gfx-memory v0.2.2
[INFO] [stderr]     Checking dirs v2.0.2
[INFO] [stderr]     Checking mio v0.6.22
[INFO] [stderr]     Checking crossbeam-deque v0.8.0
[INFO] [stderr]     Checking rand_chacha v0.2.2
[INFO] [stderr]    Compiling wayland-client v0.23.6
[INFO] [stderr]     Checking parking_lot v0.11.1
[INFO] [stderr]     Checking pathfinder_geometry v0.5.1
[INFO] [stderr]     Checking rayon-core v1.9.0
[INFO] [stderr]     Checking crossbeam v0.8.0
[INFO] [stderr]    Compiling jobserver v0.1.21
[INFO] [stderr]     Checking wayland-commons v0.28.3
[INFO] [stderr]     Checking rand v0.7.3
[INFO] [stderr]     Checking mio-extras v2.0.6
[INFO] [stderr]    Compiling cc v1.0.66
[INFO] [stderr]     Checking xcursor v0.3.3
[INFO] [stderr]    Compiling xcb v0.9.0
[INFO] [stderr]     Checking gfx-backend-vulkan v0.6.5
[INFO] [stderr]     Checking euclid v0.22.1
[INFO] [stderr]     Checking ordered-float v1.0.2
[INFO] [stderr]     Checking approx v0.3.2
[INFO] [stderr]     Checking line_drawing v0.7.0
[INFO] [stderr]     Checking sid v0.6.1
[INFO] [stderr]     Checking spirv_headers v1.5.0
[INFO] [stderr]     Checking approx v0.4.0
[INFO] [stderr]     Checking ordered-float v2.0.1
[INFO] [stderr]    Compiling wayland-client v0.28.3
[INFO] [stderr]    Compiling wayland-protocols v0.28.3
[INFO] [stderr]     Checking rusttype v0.8.3
[INFO] [stderr]    Compiling cmake v0.1.44
[INFO] [stderr]     Checking wayland-commons v0.23.6
[INFO] [stderr]     Checking glyph_brush_layout v0.2.1
[INFO] [stderr]     Checking twox-hash v1.5.0
[INFO] [stderr]     Checking lyon_geom v0.16.2
[INFO] [stderr]     Checking guillotiere v0.6.0
[INFO] [stderr]     Checking rusttype v0.7.9
[INFO] [stderr]     Checking alsa v0.4.3
[INFO] [stderr]     Checking andrew v0.2.1
[INFO] [stderr]    Compiling servo-freetype-sys v4.0.5
[INFO] [stderr]    Compiling expat-sys v2.1.6
[INFO] [stdout] error[E0425]: cannot find function `wl_cursor_theme_load` in this scope
[INFO] [stdout]   --> /opt/rustwide/cargo-home/registry/src/github.com-1ecc6299db9ec823/wayland-client-0.23.6/src/cursor.rs:62:17
[INFO] [stdout]    |
[INFO] [stdout] 62 |                 wl_cursor_theme_load,
[INFO] [stdout]    |                 ^^^^^^^^^^^^^^^^^^^^ not found in this scope
[INFO] [stdout] 
[INFO] [stdout] 
[INFO] [stdout] error[E0425]: cannot find function `wl_cursor_theme_load` in this scope
[INFO] [stdout]   --> /opt/rustwide/cargo-home/registry/src/github.com-1ecc6299db9ec823/wayland-client-0.23.6/src/cursor.rs:72:17
[INFO] [stdout]    |
[INFO] [stdout] 72 |                 wl_cursor_theme_load,
[INFO] [stdout]    |                 ^^^^^^^^^^^^^^^^^^^^ not found in this scope
[INFO] [stdout] 
[INFO] [stdout] 
[INFO] [stdout] error[E0425]: cannot find function `wl_cursor_theme_get_cursor` in this scope
[INFO] [stdout]   --> /opt/rustwide/cargo-home/registry/src/github.com-1ecc6299db9ec823/wayland-client-0.23.6/src/cursor.rs:98:17
[INFO] [stdout]    |
[INFO] [stdout] 98 |                 wl_cursor_theme_get_cursor,
[INFO] [stdout]    |                 ^^^^^^^^^^^^^^^^^^^^^^^^^^ not found in this scope
[INFO] [stdout] 
[INFO] [stdout] 
[INFO] [stdout] error[E0425]: cannot find function `wl_cursor_theme_destroy` in this scope
[INFO] [stdout]    --> /opt/rustwide/cargo-home/registry/src/github.com-1ecc6299db9ec823/wayland-client-0.23.6/src/cursor.rs:117:50
[INFO] [stdout]     |
[INFO] [stdout] 117 |             ffi_dispatch!(WAYLAND_CURSOR_HANDLE, wl_cursor_theme_destroy, self.theme);
[INFO] [stdout]     |                                                  ^^^^^^^^^^^^^^^^^^^^^^^ not found in this scope
[INFO] [stdout] 
[INFO] [stdout] 
[INFO] [stdout] error[E0425]: cannot find function `wl_cursor_frame` in this scope
[INFO] [stdout]    --> /opt/rustwide/cargo-home/registry/src/github.com-1ecc6299db9ec823/wayland-client-0.23.6/src/cursor.rs:147:67
[INFO] [stdout]     |
[INFO] [stdout] 147 |         let frame = unsafe { ffi_dispatch!(WAYLAND_CURSOR_HANDLE, wl_cursor_frame, self.cursor, duration) };
[INFO] [stdout]     |                                                                   ^^^^^^^^^^^^^^^ not found in this scope
[INFO] [stdout] 
[INFO] [stdout] 
[INFO] [stdout] error[E0425]: cannot find function `wl_cursor_frame_and_duration` in this scope
[INFO] [stdout]    --> /opt/rustwide/cargo-home/registry/src/github.com-1ecc6299db9ec823/wayland-client-0.23.6/src/cursor.rs:160:17
[INFO] [stdout]     |
[INFO] [stdout] 160 |                 wl_cursor_frame_and_duration,
[INFO] [stdout]     |                 ^^^^^^^^^^^^^^^^^^^^^^^^^^^^ not found in this scope
[INFO] [stdout] 
[INFO] [stdout] 
[INFO] [stdout] error[E0425]: cannot find function `wl_cursor_image_get_buffer` in this scope
[INFO] [stdout]    --> /opt/rustwide/cargo-home/registry/src/github.com-1ecc6299db9ec823/wayland-client-0.23.6/src/cursor.rs:183:64
[INFO] [stdout]     |
[INFO] [stdout] 183 |                 let ptr = ffi_dispatch!(WAYLAND_CURSOR_HANDLE, wl_cursor_image_get_buffer, image);
[INFO] [stdout]     |                                                                ^^^^^^^^^^^^^^^^^^^^^^^^^^ not found in this scope
[INFO] [stdout] 
[INFO] [stdout] 
[INFO] [stdout] error[E0425]: cannot find function `wl_display_connect_to_fd` in this scope
[INFO] [stdout]   --> /opt/rustwide/cargo-home/registry/src/github.com-1ecc6299db9ec823/wayland-client-0.23.6/src/native_lib/display.rs:41:64
[INFO] [stdout]    |
[INFO] [stdout] 41 |         let display_ptr = ffi_dispatch!(WAYLAND_CLIENT_HANDLE, wl_display_connect_to_fd, fd);
[INFO] [stdout]    |                                                                ^^^^^^^^^^^^^^^^^^^^^^^^ not found in this scope
[INFO] [stdout] 
[INFO] [stdout] 
[INFO] [stdout] error[E0425]: cannot find function `wl_display_flush` in this scope
[INFO] [stdout]   --> /opt/rustwide/cargo-home/registry/src/github.com-1ecc6299db9ec823/wayland-client-0.23.6/src/native_lib/display.rs:51:65
[INFO] [stdout]    |
[INFO] [stdout] 51 |         let ret = unsafe { ffi_dispatch!(WAYLAND_CLIENT_HANDLE, wl_display_flush, self.ptr()) };
[INFO] [stdout]    |                                                                 ^^^^^^^^^^^^^^^^ not found in this scope
[INFO] [stdout] 
[INFO] [stdout] 
[INFO] [stdout] error[E0425]: cannot find function `wl_display_create_queue` in this scope
[INFO] [stdout]   --> /opt/rustwide/cargo-home/registry/src/github.com-1ecc6299db9ec823/wayland-client-0.23.6/src/native_lib/display.rs:61:60
[INFO] [stdout]    |
[INFO] [stdout] 61 |             let ptr = ffi_dispatch!(WAYLAND_CLIENT_HANDLE, wl_display_create_queue, me.ptr());
[INFO] [stdout]    |                                                            ^^^^^^^^^^^^^^^^^^^^^^^ not found in this scope
[INFO] [stdout] 
[INFO] [stdout] 
[INFO] [stdout] error[E0425]: cannot find function `wl_display_get_error` in this scope
[INFO] [stdout]   --> /opt/rustwide/cargo-home/registry/src/github.com-1ecc6299db9ec823/wayland-client-0.23.6/src/native_lib/display.rs:71:65
[INFO] [stdout]    |
[INFO] [stdout] 71 |         let ret = unsafe { ffi_dispatch!(WAYLAND_CLIENT_HANDLE, wl_display_get_error, self.ptr()) };
[INFO] [stdout]    |                                                                 ^^^^^^^^^^^^^^^^^^^^ not found in this scope
[INFO] [stdout] 
[INFO] [stdout] 
[INFO] [stdout] error[E0425]: cannot find function `wl_display_get_protocol_error` in this scope
[INFO] [stdout]   --> /opt/rustwide/cargo-home/registry/src/github.com-1ecc6299db9ec823/wayland-client-0.23.6/src/native_lib/display.rs:78:21
[INFO] [stdout]    |
[INFO] [stdout] 78 |                     wl_display_get_protocol_error,
[INFO] [stdout]    |                     ^^^^^^^^^^^^^^^^^^^^^^^^^^^^^ not found in this scope
[INFO] [stdout] 
[INFO] [stdout] 
[INFO] [stdout] error[E0425]: cannot find function `wl_display_create_queue` in this scope
[INFO] [stdout]   --> /opt/rustwide/cargo-home/registry/src/github.com-1ecc6299db9ec823/wayland-client-0.23.6/src/native_lib/display.rs:97:60
[INFO] [stdout]    |
[INFO] [stdout] 97 |         let evq_ptr = ffi_dispatch!(WAYLAND_CLIENT_HANDLE, wl_display_create_queue, display_ptr);
[INFO] [stdout]    |                                                            ^^^^^^^^^^^^^^^^^^^^^^^ not found in this scope
[INFO] [stdout] 
[INFO] [stdout] 
[INFO] [stdout] error[E0425]: cannot find function `wl_proxy_create_wrapper` in this scope
[INFO] [stdout]    --> /opt/rustwide/cargo-home/registry/src/github.com-1ecc6299db9ec823/wayland-client-0.23.6/src/native_lib/display.rs:101:13
[INFO] [stdout]     |
[INFO] [stdout] 101 |             wl_proxy_create_wrapper,
[INFO] [stdout]     |             ^^^^^^^^^^^^^^^^^^^^^^^ not found in this scope
[INFO] [stdout] 
[INFO] [stdout] 
[INFO] [stdout] error[E0425]: cannot find function `wl_proxy_set_queue` in this scope
[INFO] [stdout]    --> /opt/rustwide/cargo-home/registry/src/github.com-1ecc6299db9ec823/wayland-client-0.23.6/src/native_lib/display.rs:104:46
[INFO] [stdout]     |
[INFO] [stdout] 104 |         ffi_dispatch!(WAYLAND_CLIENT_HANDLE, wl_proxy_set_queue, wrapper_ptr, evq_ptr);
[INFO] [stdout]     |                                              ^^^^^^^^^^^^^^^^^^ not found in this scope
[INFO] [stdout] 
[INFO] [stdout] 
[INFO] [stdout] error[E0425]: cannot find function `wl_display_disconnect` in this scope
[INFO] [stdout]    --> /opt/rustwide/cargo-home/registry/src/github.com-1ecc6299db9ec823/wayland-client-0.23.6/src/native_lib/display.rs:123:21
[INFO] [stdout]     |
[INFO] [stdout] 123 |                     wl_display_disconnect,
[INFO] [stdout]     |                     ^^^^^^^^^^^^^^^^^^^^^ not found in this scope
[INFO] [stdout] 
[INFO] [stdout] 
[INFO] [stdout] error[E0425]: cannot find function `wl_display_get_fd` in this scope
[INFO] [stdout]   --> /opt/rustwide/cargo-home/registry/src/github.com-1ecc6299db9ec823/wayland-client-0.23.6/src/native_lib/event_queue.rs:20:55
[INFO] [stdout]    |
[INFO] [stdout] 20 |         unsafe { ffi_dispatch!(WAYLAND_CLIENT_HANDLE, wl_display_get_fd, self.inner.ptr()) }
[INFO] [stdout]    |                                                       ^^^^^^^^^^^^^^^^^ not found in this scope
[INFO] [stdout] 
[INFO] [stdout] 
[INFO] [stdout] error[E0425]: cannot find function `wl_display_dispatch_queue` in this scope
[INFO] [stdout]   --> /opt/rustwide/cargo-home/registry/src/github.com-1ecc6299db9ec823/wayland-client-0.23.6/src/native_lib/event_queue.rs:28:21
[INFO] [stdout]    |
[INFO] [stdout] 28 |                     wl_display_dispatch_queue,
[INFO] [stdout]    |                     ^^^^^^^^^^^^^^^^^^^^^^^^^ not found in this scope
[INFO] [stdout] 
[INFO] [stdout] 
[INFO] [stdout] error[E0425]: cannot find function `wl_display_dispatch` in this scope
[INFO] [stdout]   --> /opt/rustwide/cargo-home/registry/src/github.com-1ecc6299db9ec823/wayland-client-0.23.6/src/native_lib/event_queue.rs:33:67
[INFO] [stdout]    |
[INFO] [stdout] 33 |             None => unsafe { ffi_dispatch!(WAYLAND_CLIENT_HANDLE, wl_display_dispatch, self.inner.ptr()) },
[INFO] [stdout]    |                                                                   ^^^^^^^^^^^^^^^^^^^ not found in this scope
[INFO] [stdout] 
[INFO] [stdout] 
[INFO] [stdout] error[E0425]: cannot find function `wl_display_dispatch_queue_pending` in this scope
[INFO] [stdout]   --> /opt/rustwide/cargo-home/registry/src/github.com-1ecc6299db9ec823/wayland-client-0.23.6/src/native_lib/event_queue.rs:47:21
[INFO] [stdout]    |
[INFO] [stdout] 47 |                     wl_display_dispatch_queue_pending,
[INFO] [stdout]    |                     ^^^^^^^^^^^^^^^^^^^^^^^^^^^^^^^^^ not found in this scope
[INFO] [stdout] 
[INFO] [stdout] 
[INFO] [stdout] error[E0425]: cannot find function `wl_display_dispatch_pending` in this scope
[INFO] [stdout]   --> /opt/rustwide/cargo-home/registry/src/github.com-1ecc6299db9ec823/wayland-client-0.23.6/src/native_lib/event_queue.rs:55:21
[INFO] [stdout]    |
[INFO] [stdout] 55 |                     wl_display_dispatch_pending,
[INFO] [stdout]    |                     ^^^^^^^^^^^^^^^^^^^^^^^^^^^ not found in this scope
[INFO] [stdout] 
[INFO] [stdout] 
[INFO] [stdout] error[E0425]: cannot find function `wl_display_roundtrip_queue` in this scope
[INFO] [stdout]   --> /opt/rustwide/cargo-home/registry/src/github.com-1ecc6299db9ec823/wayland-client-0.23.6/src/native_lib/event_queue.rs:72:21
[INFO] [stdout]    |
[INFO] [stdout] 72 |                     wl_display_roundtrip_queue,
[INFO] [stdout]    |                     ^^^^^^^^^^^^^^^^^^^^^^^^^^ not found in this scope
[INFO] [stdout] 
[INFO] [stdout] 
[INFO] [stdout] error[E0425]: cannot find function `wl_display_roundtrip` in this scope
[INFO] [stdout]   --> /opt/rustwide/cargo-home/registry/src/github.com-1ecc6299db9ec823/wayland-client-0.23.6/src/native_lib/event_queue.rs:76:62
[INFO] [stdout]    |
[INFO] [stdout] 76 |                 None => ffi_dispatch!(WAYLAND_CLIENT_HANDLE, wl_display_roundtrip, self.inner.ptr()),
[INFO] [stdout]    |                                                              ^^^^^^^^^^^^^^^^^^^^ not found in this scope
[INFO] [stdout] 
[INFO] [stdout] 
[INFO] [stdout] error[E0425]: cannot find function `wl_display_prepare_read_queue` in this scope
[INFO] [stdout]   --> /opt/rustwide/cargo-home/registry/src/github.com-1ecc6299db9ec823/wayland-client-0.23.6/src/native_lib/event_queue.rs:91:21
[INFO] [stdout]    |
[INFO] [stdout] 91 |                     wl_display_prepare_read_queue,
[INFO] [stdout]    |                     ^^^^^^^^^^^^^^^^^^^^^^^^^^^^^ not found in this scope
[INFO] [stdout] 
[INFO] [stdout] 
[INFO] [stdout] error[E0425]: cannot find function `wl_display_prepare_read` in this scope
[INFO] [stdout]   --> /opt/rustwide/cargo-home/registry/src/github.com-1ecc6299db9ec823/wayland-client-0.23.6/src/native_lib/event_queue.rs:95:62
[INFO] [stdout]    |
[INFO] [stdout] 95 |                 None => ffi_dispatch!(WAYLAND_CLIENT_HANDLE, wl_display_prepare_read, self.inner.ptr()),
[INFO] [stdout]    |                                                              ^^^^^^^^^^^^^^^^^^^^^^^ not found in this scope
[INFO] [stdout] 
[INFO] [stdout] 
[INFO] [stdout] error[E0425]: cannot find function `wl_display_read_events` in this scope
[INFO] [stdout]    --> /opt/rustwide/cargo-home/registry/src/github.com-1ecc6299db9ec823/wayland-client-0.23.6/src/native_lib/event_queue.rs:106:65
[INFO] [stdout]     |
[INFO] [stdout] 106 |         let ret = unsafe { ffi_dispatch!(WAYLAND_CLIENT_HANDLE, wl_display_read_events, self.inner.ptr()) };
[INFO] [stdout]     |                                                                 ^^^^^^^^^^^^^^^^^^^^^^ not found in this scope
[INFO] [stdout] 
[INFO] [stdout] 
[INFO] [stdout] error[E0425]: cannot find function `wl_display_cancel_read` in this scope
[INFO] [stdout]    --> /opt/rustwide/cargo-home/registry/src/github.com-1ecc6299db9ec823/wayland-client-0.23.6/src/native_lib/event_queue.rs:115:55
[INFO] [stdout]     |
[INFO] [stdout] 115 |         unsafe { ffi_dispatch!(WAYLAND_CLIENT_HANDLE, wl_display_cancel_read, self.inner.ptr()) }
[INFO] [stdout]     |                                                       ^^^^^^^^^^^^^^^^^^^^^^ not found in this scope
[INFO] [stdout] 
[INFO] [stdout] 
[INFO] [stdout] error[E0425]: cannot find function `wl_proxy_set_queue` in this scope
[INFO] [stdout]    --> /opt/rustwide/cargo-home/registry/src/github.com-1ecc6299db9ec823/wayland-client-0.23.6/src/native_lib/event_queue.rs:121:13
[INFO] [stdout]     |
[INFO] [stdout] 121 |             wl_proxy_set_queue,
[INFO] [stdout]     |             ^^^^^^^^^^^^^^^^^^ not found in this scope
[INFO] [stdout] 
[INFO] [stdout] 
[INFO] [stdout] error[E0425]: cannot find function `wl_event_queue_destroy` in this scope
[INFO] [stdout]    --> /opt/rustwide/cargo-home/registry/src/github.com-1ecc6299db9ec823/wayland-client-0.23.6/src/native_lib/event_queue.rs:132:54
[INFO] [stdout]     |
[INFO] [stdout] 132 |                 ffi_dispatch!(WAYLAND_CLIENT_HANDLE, wl_event_queue_destroy, evq);
[INFO] [stdout]     |                                                      ^^^^^^^^^^^^^^^^^^^^^^ not found in this scope
[INFO] [stdout] 
[INFO] [stdout] 
[INFO] [stdout] error[E0425]: cannot find function `wl_proxy_get_version` in this scope
[INFO] [stdout]   --> /opt/rustwide/cargo-home/registry/src/github.com-1ecc6299db9ec823/wayland-client-0.23.6/src/native_lib/proxy.rs:58:69
[INFO] [stdout]    |
[INFO] [stdout] 58 |         let version = unsafe { ffi_dispatch!(WAYLAND_CLIENT_HANDLE, wl_proxy_get_version, self.ptr) as u32 };
[INFO] [stdout]    |                                                                     ^^^^^^^^^^^^^^^^^^^^ not found in this scope
[INFO] [stdout] 
[INFO] [stdout] 
[INFO] [stdout] error[E0425]: cannot find function `wl_proxy_get_id` in this scope
[INFO] [stdout]   --> /opt/rustwide/cargo-home/registry/src/github.com-1ecc6299db9ec823/wayland-client-0.23.6/src/native_lib/proxy.rs:71:55
[INFO] [stdout]    |
[INFO] [stdout] 71 |         unsafe { ffi_dispatch!(WAYLAND_CLIENT_HANDLE, wl_proxy_get_id, self.ptr) }
[INFO] [stdout]    |                                                       ^^^^^^^^^^^^^^^ not found in this scope
[INFO] [stdout] 
[INFO] [stdout] 
[INFO] [stdout] error[E0425]: cannot find function `wl_proxy_marshal_array` in this scope
[INFO] [stdout]   --> /opt/rustwide/cargo-home/registry/src/github.com-1ecc6299db9ec823/wayland-client-0.23.6/src/native_lib/proxy.rs:87:17
[INFO] [stdout]    |
[INFO] [stdout] 87 |                 wl_proxy_marshal_array,
[INFO] [stdout]    |                 ^^^^^^^^^^^^^^^^^^^^^^ not found in this scope
[INFO] [stdout] 
[INFO] [stdout] 
[INFO] [stdout] error[E0425]: cannot find function `wl_proxy_destroy` in this scope
[INFO] [stdout]    --> /opt/rustwide/cargo-home/registry/src/github.com-1ecc6299db9ec823/wayland-client-0.23.6/src/native_lib/proxy.rs:100:54
[INFO] [stdout]     |
[INFO] [stdout] 100 |                 ffi_dispatch!(WAYLAND_CLIENT_HANDLE, wl_proxy_destroy, self.ptr);
[INFO] [stdout]     |                                                      ^^^^^^^^^^^^^^^^ not found in this scope
[INFO] [stdout] 
[INFO] [stdout] 
[INFO] [stdout] error[E0425]: cannot find function `wl_proxy_marshal_array_constructor_versioned` in this scope
[INFO] [stdout]    --> /opt/rustwide/cargo-home/registry/src/github.com-1ecc6299db9ec823/wayland-client-0.23.6/src/native_lib/proxy.rs:144:17
[INFO] [stdout]     |
[INFO] [stdout] 144 |                 wl_proxy_marshal_array_constructor_versioned,
[INFO] [stdout]     |                 ^^^^^^^^^^^^^^^^^^^^^^^^^^^^^^^^^^^^^^^^^^^^ not found in this scope
[INFO] [stdout] 
[INFO] [stdout] 
[INFO] [stdout] error[E0425]: cannot find function `wl_proxy_destroy` in this scope
[INFO] [stdout]    --> /opt/rustwide/cargo-home/registry/src/github.com-1ecc6299db9ec823/wayland-client-0.23.6/src/native_lib/proxy.rs:159:54
[INFO] [stdout]     |
[INFO] [stdout] 159 |                 ffi_dispatch!(WAYLAND_CLIENT_HANDLE, wl_proxy_destroy, self.ptr);
[INFO] [stdout]     |                                                      ^^^^^^^^^^^^^^^^ not found in this scope
[INFO] [stdout] 
[INFO] [stdout] 
[INFO] [stdout] error[E0425]: cannot find function `wl_proxy_create_wrapper` in this scope
[INFO] [stdout]    --> /opt/rustwide/cargo-home/registry/src/github.com-1ecc6299db9ec823/wayland-client-0.23.6/src/native_lib/proxy.rs:189:64
[INFO] [stdout]     |
[INFO] [stdout] 189 |             wrapper_ptr = ffi_dispatch!(WAYLAND_CLIENT_HANDLE, wl_proxy_create_wrapper, self.ptr);
[INFO] [stdout]     |                                                                ^^^^^^^^^^^^^^^^^^^^^^^ not found in this scope
[INFO] [stdout] 
[INFO] [stdout] 
[INFO] [stdout] error[E0425]: cannot find function `wl_proxy_create` in this scope
[INFO] [stdout]    --> /opt/rustwide/cargo-home/registry/src/github.com-1ecc6299db9ec823/wayland-client-0.23.6/src/native_lib/proxy.rs:202:59
[INFO] [stdout]     |
[INFO] [stdout] 202 |             unsafe { ffi_dispatch!(WAYLAND_CLIENT_HANDLE, wl_proxy_create, self.ptr, I::c_interface()) };
[INFO] [stdout]     |                                                           ^^^^^^^^^^^^^^^ not found in this scope
[INFO] [stdout] 
[INFO] [stdout] 
[INFO] [stdout] error[E0425]: cannot find function `wl_proxy_get_listener` in this scope
[INFO] [stdout]    --> /opt/rustwide/cargo-home/registry/src/github.com-1ecc6299db9ec823/wayland-client-0.23.6/src/native_lib/proxy.rs:228:50
[INFO] [stdout]     |
[INFO] [stdout] 228 |             ffi_dispatch!(WAYLAND_CLIENT_HANDLE, wl_proxy_get_listener, ptr)
[INFO] [stdout]     |                                                  ^^^^^^^^^^^^^^^^^^^^^ not found in this scope
[INFO] [stdout] 
[INFO] [stdout] 
[INFO] [stdout] error[E0425]: cannot find function `wl_proxy_get_user_data` in this scope
[INFO] [stdout]    --> /opt/rustwide/cargo-home/registry/src/github.com-1ecc6299db9ec823/wayland-client-0.23.6/src/native_lib/proxy.rs:233:54
[INFO] [stdout]     |
[INFO] [stdout] 233 |                 ffi_dispatch!(WAYLAND_CLIENT_HANDLE, wl_proxy_get_user_data, ptr) as *mut ProxyUserData<I>;
[INFO] [stdout]     |                                                      ^^^^^^^^^^^^^^^^^^^^^^ not found in this scope
[INFO] [stdout] 
[INFO] [stdout] 
[INFO] [stdout] error[E0425]: cannot find function `wl_proxy_add_dispatcher` in this scope
[INFO] [stdout]    --> /opt/rustwide/cargo-home/registry/src/github.com-1ecc6299db9ec823/wayland-client-0.23.6/src/native_lib/proxy.rs:294:13
[INFO] [stdout]     |
[INFO] [stdout] 294 |               wl_proxy_add_dispatcher,
[INFO] [stdout]     |               ^^^^^^^^^^^^^^^^^^^^^^^ help: a function with a similar name exists: `proxy_dispatcher`
[INFO] [stdout] ...
[INFO] [stdout] 339 | / unsafe extern "C" fn proxy_dispatcher<I: Interface>(
[INFO] [stdout] 340 | |     _implem: *const c_void,
[INFO] [stdout] 341 | |     proxy: *mut c_void,
[INFO] [stdout] 342 | |     opcode: u32,
[INFO] [stdout] ...   |
[INFO] [stdout] 392 | |     }
[INFO] [stdout] 393 | | }
[INFO] [stdout]     | |_- similarly named function `proxy_dispatcher` defined here
[INFO] [stdout] 
[INFO] [stdout] 
[INFO] [stdout] error[E0425]: cannot find function `wl_proxy_get_user_data` in this scope
[INFO] [stdout]    --> /opt/rustwide/cargo-home/registry/src/github.com-1ecc6299db9ec823/wayland-client-0.23.6/src/native_lib/proxy.rs:360:62
[INFO] [stdout]     |
[INFO] [stdout] 360 |         let user_data = ffi_dispatch!(WAYLAND_CLIENT_HANDLE, wl_proxy_get_user_data, proxy);
[INFO] [stdout]     |                                                              ^^^^^^^^^^^^^^^^^^^^^^ not found in this scope
[INFO] [stdout] 
[INFO] [stdout] 
[INFO] [stdout] error[E0425]: cannot find function `wl_proxy_destroy` in this scope
[INFO] [stdout]    --> /opt/rustwide/cargo-home/registry/src/github.com-1ecc6299db9ec823/wayland-client-0.23.6/src/native_lib/proxy.rs:366:54
[INFO] [stdout]     |
[INFO] [stdout] 366 |                 ffi_dispatch!(WAYLAND_CLIENT_HANDLE, wl_proxy_destroy, proxy);
[INFO] [stdout]     |                                                      ^^^^^^^^^^^^^^^^ not found in this scope
[INFO] [stdout] 
[INFO] [stdout] 
[INFO] [stderr]     Checking lyon_path v0.16.2
[INFO] [stderr]    Compiling servo-fontconfig-sys v4.0.9
[INFO] [stdout] error: aborting due to 42 previous errors
[INFO] [stdout] 
[INFO] [stdout] 
[INFO] [stdout] For more information about this error, try `rustc --explain E0425`.
[INFO] [stdout] 
[INFO] [stderr] error: could not compile `wayland-client` due to 43 previous errors
[INFO] [stderr] warning: build failed, waiting for other jobs to finish...
[INFO] [stderr] error: build failed
[INFO] running `Command { std: "docker" "inspect" "280de3b6648678e54722533274bb352bc11ad5d0aa84af5f67da09d247d2ad97", kill_on_drop: false }`
[INFO] running `Command { std: "docker" "rm" "-f" "280de3b6648678e54722533274bb352bc11ad5d0aa84af5f67da09d247d2ad97", kill_on_drop: false }`
[INFO] [stdout] 280de3b6648678e54722533274bb352bc11ad5d0aa84af5f67da09d247d2ad97
