[INFO] cloning repository https://github.com/ear7h/wiki
[INFO] running `Command { std: "git" "-c" "credential.helper=" "-c" "credential.helper=/workspace/cargo-home/bin/git-credential-null" "clone" "--bare" "https://github.com/ear7h/wiki" "/workspace/cache/git-repos/https%3A%2F%2Fgithub.com%2Fear7h%2Fwiki", kill_on_drop: false }`
[INFO] [stderr] Cloning into bare repository '/workspace/cache/git-repos/https%3A%2F%2Fgithub.com%2Fear7h%2Fwiki'...
[INFO] running `Command { std: "git" "rev-parse" "HEAD", kill_on_drop: false }`
[INFO] [stdout] 927e06d15b91229068487eeb2412a5e4d5b3ca42
[INFO] documenting ear7h/wiki against beta-2021-08-01 for beta-1.55-rustdoc-1
[INFO] running `Command { std: "git" "clone" "/workspace/cache/git-repos/https%3A%2F%2Fgithub.com%2Fear7h%2Fwiki" "/workspace/builds/worker-2/source", kill_on_drop: false }`
[INFO] [stderr] Cloning into '/workspace/builds/worker-2/source'...
[INFO] [stderr] done.
[INFO] validating manifest of git repo https://github.com/ear7h/wiki on toolchain beta-2021-08-01
[INFO] running `Command { std: "/workspace/cargo-home/bin/cargo" "+beta-2021-08-01" "metadata" "--manifest-path" "Cargo.toml" "--no-deps", kill_on_drop: false }`
[INFO] started tweaking git repo https://github.com/ear7h/wiki
[INFO] finished tweaking git repo https://github.com/ear7h/wiki
[INFO] tweaked toml for git repo https://github.com/ear7h/wiki written to /workspace/builds/worker-2/source/Cargo.toml
[INFO] crate git repo https://github.com/ear7h/wiki already has a lockfile, it will not be regenerated
[INFO] running `Command { std: "/workspace/cargo-home/bin/cargo" "+beta-2021-08-01" "fetch" "--manifest-path" "Cargo.toml", kill_on_drop: false }`
[INFO] [stderr]     Blocking waiting for file lock on package cache
[INFO] [stderr]     Blocking waiting for file lock on package cache
[INFO] [stderr]  Downloading crates ...
[INFO] [stderr]   Downloaded termion v1.5.6
[INFO] [stderr]   Downloaded redox_termios v0.1.2
[INFO] [stderr]   Downloaded nix v0.19.1
[INFO] [stderr]   Downloaded libc v0.2.84
[INFO] running `Command { std: "docker" "create" "-v" "/var/lib/crater-agent-workspace/builds/worker-2/target:/opt/rustwide/target:rw,Z" "-v" "/var/lib/crater-agent-workspace/builds/worker-2/source:/opt/rustwide/workdir:ro,Z" "-v" "/var/lib/crater-agent-workspace/cargo-home:/opt/rustwide/cargo-home:ro,Z" "-v" "/var/lib/crater-agent-workspace/rustup-home:/opt/rustwide/rustup-home:ro,Z" "-e" "SOURCE_DIR=/opt/rustwide/workdir" "-e" "CARGO_TARGET_DIR=/opt/rustwide/target" "-e" "CARGO_HOME=/opt/rustwide/cargo-home" "-e" "RUSTUP_HOME=/opt/rustwide/rustup-home" "-w" "/opt/rustwide/workdir" "-m" "1610612736" "--user" "0:0" "--network" "none" "ghcr.io/rust-lang/crates-build-env/linux@sha256:34b6a614d2c27851fe6cbf88fbd1137609cefab8b10d0615aaeb6fd47975d74e" "/opt/rustwide/cargo-home/bin/cargo" "+beta-2021-08-01" "metadata" "--no-deps" "--format-version=1", kill_on_drop: false }`
[INFO] [stdout] 24eab5666fb0d12713721acc2ff5b88d1393db5c55ded5444de105411f201bb6
[INFO] [stderr] WARNING: Your kernel does not support swap limit capabilities or the cgroup is not mounted. Memory limited without swap.
[INFO] running `Command { std: "docker" "start" "-a" "24eab5666fb0d12713721acc2ff5b88d1393db5c55ded5444de105411f201bb6", kill_on_drop: false }`
[INFO] running `Command { std: "docker" "inspect" "24eab5666fb0d12713721acc2ff5b88d1393db5c55ded5444de105411f201bb6", kill_on_drop: false }`
[INFO] running `Command { std: "docker" "rm" "-f" "24eab5666fb0d12713721acc2ff5b88d1393db5c55ded5444de105411f201bb6", kill_on_drop: false }`
[INFO] [stdout] 24eab5666fb0d12713721acc2ff5b88d1393db5c55ded5444de105411f201bb6
[INFO] running `Command { std: "docker" "create" "-v" "/var/lib/crater-agent-workspace/builds/worker-2/target:/opt/rustwide/target:rw,Z" "-v" "/var/lib/crater-agent-workspace/builds/worker-2/source:/opt/rustwide/workdir:ro,Z" "-v" "/var/lib/crater-agent-workspace/cargo-home:/opt/rustwide/cargo-home:ro,Z" "-v" "/var/lib/crater-agent-workspace/rustup-home:/opt/rustwide/rustup-home:ro,Z" "-e" "SOURCE_DIR=/opt/rustwide/workdir" "-e" "CARGO_TARGET_DIR=/opt/rustwide/target" "-e" "CARGO_INCREMENTAL=0" "-e" "RUST_BACKTRACE=full" "-e" "RUSTDOCFLAGS=--cap-lints=warn" "-e" "CARGO_HOME=/opt/rustwide/cargo-home" "-e" "RUSTUP_HOME=/opt/rustwide/rustup-home" "-w" "/opt/rustwide/workdir" "-m" "1610612736" "--user" "0:0" "--network" "none" "ghcr.io/rust-lang/crates-build-env/linux@sha256:34b6a614d2c27851fe6cbf88fbd1137609cefab8b10d0615aaeb6fd47975d74e" "/opt/rustwide/cargo-home/bin/cargo" "+beta-2021-08-01" "doc" "--frozen" "--no-deps" "--document-private-items" "--message-format=json", kill_on_drop: false }`
[INFO] [stderr] WARNING: Your kernel does not support swap limit capabilities or the cgroup is not mounted. Memory limited without swap.
[INFO] [stdout] 53f07f334173b503f0522d3fb45d3f625402eb9243066cfc2cd408157d851c1b
[INFO] running `Command { std: "docker" "start" "-a" "53f07f334173b503f0522d3fb45d3f625402eb9243066cfc2cd408157d851c1b", kill_on_drop: false }`
[INFO] [stderr]    Compiling libc v0.2.84
[INFO] [stderr]     Checking aho-corasick v0.7.15 (/opt/rustwide/workdir/lib/aho-corasick)
[INFO] [stdout] warning: unreachable expression
[INFO] [stdout]    --> lib/aho-corasick/src/buffer.rs:99:13
[INFO] [stdout]     |
[INFO] [stdout] 98  |               return Ok(true);
[INFO] [stdout]     |               --------------- any code following this expression is unreachable
[INFO] [stdout] 99  | /             if self.len() >= self.min {
[INFO] [stdout] 100 | |                 return Ok(true);
[INFO] [stdout] 101 | |             }
[INFO] [stdout]     | |_____________^ unreachable expression
[INFO] [stdout]     |
[INFO] [stdout]     = note: `#[warn(unreachable_code)]` on by default
[INFO] [stdout] 
[INFO] [stdout] 
[INFO] [stdout] warning: value assigned to `readany` is never read
[INFO] [stdout]   --> lib/aho-corasick/src/buffer.rs:96:13
[INFO] [stdout]    |
[INFO] [stdout] 96 |             readany = true;
[INFO] [stdout]    |             ^^^^^^^
[INFO] [stdout]    |
[INFO] [stdout]    = note: `#[warn(unused_assignments)]` on by default
[INFO] [stdout]    = help: maybe it is overwritten before being read?
[INFO] [stdout] 
[INFO] [stdout] 
[INFO] [stdout] warning: 2 warnings emitted
[INFO] [stdout] 
[INFO] [stdout] 
[INFO] [stderr]     Checking termion v1.5.6
[INFO] [stderr]     Checking mio v0.7.7
[INFO] [stderr]     Checking nix v0.19.1
[INFO] [stderr]     Checking wiki v0.1.0 (/opt/rustwide/workdir)
[INFO] [stderr]  Documenting wiki v0.1.0 (/opt/rustwide/workdir)
[INFO] [stdout] warning: associated function is never used: `new_match`
[INFO] [stdout]   --> src/tst.rs:33:8
[INFO] [stdout]    |
[INFO] [stdout] 33 |     fn new_match(k : K, v : V) -> Node <K, V>  {
[INFO] [stdout]    |        ^^^^^^^^^
[INFO] [stdout]    |
[INFO] [stdout]    = note: `#[warn(dead_code)]` on by default
[INFO] [stdout] 
[INFO] [stdout] 
[INFO] [stdout] warning: 1 warning emitted
[INFO] [stdout] 
[INFO] [stdout] 
[INFO] [stdout] error[E0554]: `#![feature]` may not be used on the beta release channel
[INFO] [stdout]  --> src/bin/echokeys.rs:1:1
[INFO] [stdout]   |
[INFO] [stdout] 1 | #![feature(or_patterns)]
[INFO] [stdout]   | ^^^^^^^^^^^^^^^^^^^^^^^^ help: remove the attribute
[INFO] [stdout]   |
[INFO] [stdout]   = help: the feature `or_patterns` has been stable since 1.53.0 and no longer requires an attribute to enable
[INFO] [stdout] 
[INFO] [stdout] 
[INFO] [stdout] error: Compilation failed, aborting rustdoc
[INFO] [stdout] 
[INFO] [stdout] 
[INFO] [stdout] error: aborting due to 2 previous errors
[INFO] [stdout] 
[INFO] [stdout] 
[INFO] [stdout] For more information about this error, try `rustc --explain E0554`.
[INFO] [stdout] 
[INFO] [stderr] error: could not document `wiki`
[INFO] [stderr] 
[INFO] [stderr] Caused by:
[INFO] [stderr]   process didn't exit successfully: `rustdoc --edition=2018 --crate-type bin --crate-name echokeys src/bin/echokeys.rs -o /opt/rustwide/target/doc --error-format=json --json=diagnostic-rendered-ansi --document-private-items -L dependency=/opt/rustwide/target/debug/deps --extern aho_corasick=/opt/rustwide/target/debug/deps/libaho_corasick-76e47c1ceb8091fc.rmeta --extern mio=/opt/rustwide/target/debug/deps/libmio-4c919541544fa1d9.rmeta --extern nix=/opt/rustwide/target/debug/deps/libnix-b7d99dd30e71fa6f.rmeta --extern termion=/opt/rustwide/target/debug/deps/libtermion-8c9c8a69cd69b953.rmeta --extern unicode_width=/opt/rustwide/target/debug/deps/libunicode_width-e9779f261159561f.rmeta --extern wiki=/opt/rustwide/target/debug/deps/libwiki-a1976107ad11b288.rmeta --cap-lints=warn --crate-version 0.1.0` (exit status: 1)
[INFO] [stderr] warning: build failed, waiting for other jobs to finish...
[INFO] [stdout] error[E0432]: unresolved import `core::str::utf8_char_width`
[INFO] [stdout]   --> src/bin/mkshell.rs:41:5
[INFO] [stdout]    |
[INFO] [stdout] 41 | use core::str::utf8_char_width;
[INFO] [stdout]    |     ^^^^^^^^^^^^^^^^^^^^^^^^^^ no `utf8_char_width` in `str`
[INFO] [stdout] 
[INFO] [stdout] 
[INFO] [stdout] error[E0554]: `#![feature]` may not be used on the beta release channel
[INFO] [stdout]  --> src/bin/mkshell.rs:2:1
[INFO] [stdout]   |
[INFO] [stdout] 2 | #![feature(vec_into_raw_parts)]
[INFO] [stdout]   | ^^^^^^^^^^^^^^^^^^^^^^^^^^^^^^^
[INFO] [stdout] 
[INFO] [stdout] 
[INFO] [stdout] error[E0554]: `#![feature]` may not be used on the beta release channel
[INFO] [stdout]  --> src/bin/mkshell.rs:3:1
[INFO] [stdout]   |
[INFO] [stdout] 3 | #![feature(str_internals)]
[INFO] [stdout]   | ^^^^^^^^^^^^^^^^^^^^^^^^^^
[INFO] [stdout] 
[INFO] [stdout] 
[INFO] [stdout] error[E0554]: `#![feature]` may not be used on the beta release channel
[INFO] [stdout]  --> src/bin/mkshell.rs:4:1
[INFO] [stdout]   |
[INFO] [stdout] 4 | #![feature(shrink_to)]
[INFO] [stdout]   | ^^^^^^^^^^^^^^^^^^^^^^
[INFO] [stdout] 
[INFO] [stdout] 
[INFO] [stdout] error: Compilation failed, aborting rustdoc
[INFO] [stdout] 
[INFO] [stdout] 
[INFO] [stdout] error: aborting due to 5 previous errors
[INFO] [stdout] 
[INFO] [stdout] 
[INFO] [stdout] Some errors have detailed explanations: E0432, E0554.
[INFO] [stdout] 
[INFO] [stdout] For more information about an error, try `rustc --explain E0432`.
[INFO] [stdout] 
[INFO] [stdout] warning: unresolved link to `K`
[INFO] [stdout]   --> src/tst.rs:48:48
[INFO] [stdout]    |
[INFO] [stdout] 48 | /// TstScanner is capable of scanning chunked [K] maintaining state and an
[INFO] [stdout]    |                                                ^ no item named `K` in scope
[INFO] [stdout]    |
[INFO] [stdout]    = note: `#[warn(rustdoc::broken_intra_doc_links)]` on by default
[INFO] [stdout]    = help: to escape `[` and `]` characters, add '\' before them like `\[` or `\]`
[INFO] [stdout] 
[INFO] [stdout] 
[INFO] [stdout] warning: 1 warning emitted
[INFO] [stdout] 
[INFO] [stdout] 
[INFO] [stdout] warning: unresolved link to `K`
[INFO] [stdout]   --> src/bin/../tst.rs:48:48
[INFO] [stdout]    |
[INFO] [stdout] 48 | /// TstScanner is capable of scanning chunked [K] maintaining state and an
[INFO] [stdout]    |                                                ^ no item named `K` in scope
[INFO] [stdout]    |
[INFO] [stdout]    = note: `#[warn(rustdoc::broken_intra_doc_links)]` on by default
[INFO] [stdout]    = help: to escape `[` and `]` characters, add '\' before them like `\[` or `\]`
[INFO] [stdout] 
[INFO] [stdout] 
[INFO] [stdout] warning: 1 warning emitted
[INFO] [stdout] 
[INFO] [stdout] 
[INFO] [stderr] error: build failed
[INFO] running `Command { std: "docker" "inspect" "53f07f334173b503f0522d3fb45d3f625402eb9243066cfc2cd408157d851c1b", kill_on_drop: false }`
[INFO] running `Command { std: "docker" "rm" "-f" "53f07f334173b503f0522d3fb45d3f625402eb9243066cfc2cd408157d851c1b", kill_on_drop: false }`
[INFO] [stdout] 53f07f334173b503f0522d3fb45d3f625402eb9243066cfc2cd408157d851c1b
