[INFO] cloning repository https://github.com/duanyytop/ckb-cheque-script
[INFO] running `Command { std: "git" "-c" "credential.helper=" "-c" "credential.helper=/workspace/cargo-home/bin/git-credential-null" "clone" "--bare" "https://github.com/duanyytop/ckb-cheque-script" "/workspace/cache/git-repos/https%3A%2F%2Fgithub.com%2Fduanyytop%2Fckb-cheque-script", kill_on_drop: false }`
[INFO] [stderr] Cloning into bare repository '/workspace/cache/git-repos/https%3A%2F%2Fgithub.com%2Fduanyytop%2Fckb-cheque-script'...
[INFO] running `Command { std: "git" "rev-parse" "HEAD", kill_on_drop: false }`
[INFO] [stdout] 89c0ef98e161882a374e2c091147808f30ca5c5b
[INFO] documenting duanyytop/ckb-cheque-script against 1.54.0 for beta-1.55-rustdoc-1
[INFO] running `Command { std: "git" "clone" "/workspace/cache/git-repos/https%3A%2F%2Fgithub.com%2Fduanyytop%2Fckb-cheque-script" "/workspace/builds/worker-0/source", kill_on_drop: false }`
[INFO] [stderr] Cloning into '/workspace/builds/worker-0/source'...
[INFO] [stderr] done.
[INFO] validating manifest of git repo https://github.com/duanyytop/ckb-cheque-script on toolchain 1.54.0
[INFO] running `Command { std: "/workspace/cargo-home/bin/cargo" "+1.54.0" "metadata" "--manifest-path" "Cargo.toml" "--no-deps", kill_on_drop: false }`
[INFO] removed /workspace/builds/worker-0/source/rust-toolchain
[INFO] started tweaking git repo https://github.com/duanyytop/ckb-cheque-script
[INFO] finished tweaking git repo https://github.com/duanyytop/ckb-cheque-script
[INFO] tweaked toml for git repo https://github.com/duanyytop/ckb-cheque-script written to /workspace/builds/worker-0/source/Cargo.toml
[INFO] crate git repo https://github.com/duanyytop/ckb-cheque-script already has a lockfile, it will not be regenerated
[INFO] running `Command { std: "/workspace/cargo-home/bin/cargo" "+1.54.0" "fetch" "--manifest-path" "Cargo.toml", kill_on_drop: false }`
[INFO] [stderr]     Blocking waiting for file lock on package cache
[INFO] [stderr]     Blocking waiting for file lock on package cache
[INFO] running `Command { std: "docker" "create" "-v" "/var/lib/crater-agent-workspace/builds/worker-0/target:/opt/rustwide/target:rw,Z" "-v" "/var/lib/crater-agent-workspace/builds/worker-0/source:/opt/rustwide/workdir:ro,Z" "-v" "/var/lib/crater-agent-workspace/cargo-home:/opt/rustwide/cargo-home:ro,Z" "-v" "/var/lib/crater-agent-workspace/rustup-home:/opt/rustwide/rustup-home:ro,Z" "-e" "SOURCE_DIR=/opt/rustwide/workdir" "-e" "CARGO_TARGET_DIR=/opt/rustwide/target" "-e" "CARGO_HOME=/opt/rustwide/cargo-home" "-e" "RUSTUP_HOME=/opt/rustwide/rustup-home" "-w" "/opt/rustwide/workdir" "-m" "1610612736" "--user" "0:0" "--network" "none" "ghcr.io/rust-lang/crates-build-env/linux@sha256:34b6a614d2c27851fe6cbf88fbd1137609cefab8b10d0615aaeb6fd47975d74e" "/opt/rustwide/cargo-home/bin/cargo" "+1.54.0" "metadata" "--no-deps" "--format-version=1", kill_on_drop: false }`
[INFO] [stdout] de75700eabc75bbfc508165e499ae901b20f56721fcf6b6145a77e56d2d2f7d9
[INFO] [stderr] WARNING: Your kernel does not support swap limit capabilities or the cgroup is not mounted. Memory limited without swap.
[INFO] running `Command { std: "docker" "start" "-a" "de75700eabc75bbfc508165e499ae901b20f56721fcf6b6145a77e56d2d2f7d9", kill_on_drop: false }`
[INFO] running `Command { std: "docker" "inspect" "de75700eabc75bbfc508165e499ae901b20f56721fcf6b6145a77e56d2d2f7d9", kill_on_drop: false }`
[INFO] running `Command { std: "docker" "rm" "-f" "de75700eabc75bbfc508165e499ae901b20f56721fcf6b6145a77e56d2d2f7d9", kill_on_drop: false }`
[INFO] [stdout] de75700eabc75bbfc508165e499ae901b20f56721fcf6b6145a77e56d2d2f7d9
[INFO] running `Command { std: "docker" "create" "-v" "/var/lib/crater-agent-workspace/builds/worker-0/target:/opt/rustwide/target:rw,Z" "-v" "/var/lib/crater-agent-workspace/builds/worker-0/source:/opt/rustwide/workdir:ro,Z" "-v" "/var/lib/crater-agent-workspace/cargo-home:/opt/rustwide/cargo-home:ro,Z" "-v" "/var/lib/crater-agent-workspace/rustup-home:/opt/rustwide/rustup-home:ro,Z" "-e" "SOURCE_DIR=/opt/rustwide/workdir" "-e" "CARGO_TARGET_DIR=/opt/rustwide/target" "-e" "CARGO_INCREMENTAL=0" "-e" "RUST_BACKTRACE=full" "-e" "RUSTDOCFLAGS=--cap-lints=warn" "-e" "CARGO_HOME=/opt/rustwide/cargo-home" "-e" "RUSTUP_HOME=/opt/rustwide/rustup-home" "-w" "/opt/rustwide/workdir" "-m" "1610612736" "--user" "0:0" "--network" "none" "ghcr.io/rust-lang/crates-build-env/linux@sha256:34b6a614d2c27851fe6cbf88fbd1137609cefab8b10d0615aaeb6fd47975d74e" "/opt/rustwide/cargo-home/bin/cargo" "+1.54.0" "doc" "--frozen" "--no-deps" "--document-private-items" "--message-format=json", kill_on_drop: false }`
[INFO] [stdout] 6ca21707faf94eb7b33470a5fb20cd32c2daa9e685d231ad752935771bea0964
[INFO] [stderr] WARNING: Your kernel does not support swap limit capabilities or the cgroup is not mounted. Memory limited without swap.
[INFO] running `Command { std: "docker" "start" "-a" "6ca21707faf94eb7b33470a5fb20cd32c2daa9e685d231ad752935771bea0964", kill_on_drop: false }`
[INFO] [stderr]    Compiling syn v1.0.51
[INFO] [stderr]    Compiling object v0.22.0
[INFO] [stderr]    Compiling faster-hex v0.4.1
[INFO] [stderr]     Checking bit-vec v0.5.1
[INFO] [stderr]    Compiling faster-hex v0.3.1
[INFO] [stderr]     Checking eaglesong v0.1.0
[INFO] [stderr]    Compiling tentacle-secio v0.4.0
[INFO] [stderr]    Compiling ckb-script v0.37.0
[INFO] [stderr]     Checking ckb-vm-definitions v0.19.2
[INFO] [stderr]     Checking ckb-build-info v0.37.0
[INFO] [stderr]    Compiling cty v0.2.1
[INFO] [stderr]     Checking buddy-alloc v0.4.1
[INFO] [stderr]     Checking blake2b-ref v0.3.0
[INFO] [stderr]     Checking ckb-always-success-script v0.0.1
[INFO] [stderr]     Checking merkle-cbt v0.3.0
[INFO] [stderr]    Compiling addr2line v0.14.0
[INFO] [stderr]    Compiling crossbeam-channel v0.3.9
[INFO] [stderr]    Compiling heapsize v0.4.2
[INFO] [stderr]    Compiling num_cpus v1.13.0
[INFO] [stderr]    Compiling getrandom v0.1.15
[INFO] [stderr]    Compiling rand_os v0.1.3
[INFO] [stderr]     Checking hostname v0.1.5
[INFO] [stderr]     Checking uname v0.1.1
[INFO] [stderr]     Checking memmap v0.7.0
[INFO] [stderr]     Checking quote v1.0.7
[INFO] [stderr]    Compiling memoffset v0.6.1
[INFO] [stderr]     Checking ckb-logger v0.37.0
[INFO] [stderr]     Checking want v0.2.0
[INFO] [stderr]     Checking ckb-channel v0.37.0
[INFO] [stderr]     Checking indexmap v1.6.0
[INFO] [stderr]    Compiling im v12.3.4
[INFO] [stderr]    Compiling sentry v0.17.0
[INFO] [stderr]    Compiling enum-display-derive v0.1.0
[INFO] [stderr]     Checking sized-chunks v0.1.3
[INFO] [stderr]     Checking bytes v0.4.12
[INFO] [stderr]     Checking futures-cpupool v0.1.8
[INFO] [stderr]    Compiling crossbeam-channel v0.5.0
[INFO] [stderr]    Compiling flate2 v1.0.19
[INFO] [stderr]     Checking backtrace v0.3.55
[INFO] [stderr]     Checking rand v0.6.5
[INFO] [stderr]    Compiling rand_core v0.5.1
[INFO] [stderr]    Compiling crossbeam-epoch v0.9.1
[INFO] [stderr]     Checking includedir v0.5.0
[INFO] [stderr]     Checking parking_lot_core v0.6.2
[INFO] [stderr]     Checking env_logger v0.6.2
[INFO] [stderr]     Checking cookie v0.12.0
[INFO] [stderr]     Checking publicsuffix v1.5.4
[INFO] [stderr]     Checking rayon-core v1.9.0
[INFO] [stderr]     Checking tokio-threadpool v0.1.18
[INFO] [stderr]     Checking tokio-io v0.1.13
[INFO] [stderr]     Checking http v0.1.21
[INFO] [stderr]     Checking string v0.2.1
[INFO] [stderr]     Checking tokio-buf v0.1.1
[INFO] [stderr]    Compiling rand_chacha v0.2.2
[INFO] [stderr]     Checking tempfile v3.1.0
[INFO] [stderr]     Checking parking_lot v0.9.0
[INFO] [stderr]    Compiling crossbeam-deque v0.8.0
[INFO] [stderr]     Checking parking_lot_core v0.4.0
[INFO] [stderr]    Compiling rand v0.7.3
[INFO] [stderr]     Checking faketime v0.2.0
[INFO] [stderr]    Compiling phf_generator v0.7.24
[INFO] [stderr]     Checking rayon v1.5.0
[INFO] [stderr]     Checking tokio-reactor v0.1.12
[INFO] [stderr]     Checking parking_lot v0.7.1
[INFO] [stderr]    Compiling phf_codegen v0.7.24
[INFO] [stderr]     Checking tokio-tcp v0.1.4
[INFO] [stderr]    Compiling includedir_codegen v0.5.0
[INFO] [stderr]     Checking ckb-util v0.37.0
[INFO] [stderr]     Checking h2 v0.1.26
[INFO] [stderr]     Checking http-body v0.1.0
[INFO] [stderr]     Checking tokio v0.1.22
[INFO] [stderr]     Checking hyper v0.12.35
[INFO] [stderr]    Compiling synstructure v0.12.4
[INFO] [stderr]    Compiling wasm-bindgen-backend v0.2.68
[INFO] [stderr]    Compiling cc v1.0.41
[INFO] [stderr]    Compiling wasm-bindgen-macro-support v0.2.68
[INFO] [stderr]    Compiling blake2b-rs v0.1.5
[INFO] [stderr]    Compiling openssl-sys v0.9.58
[INFO] [stderr]    Compiling secp256k1-sys v0.1.2
[INFO] [stderr]    Compiling ring v0.16.12
[INFO] [stderr]    Compiling ckb-vm v0.19.2
[INFO] [stderr]    Compiling ckb-librocksdb-sys v6.7.4
[INFO] [stderr]    Compiling blake2b-rs v0.2.0
[INFO] [stderr]    Compiling ckb-x64-simulator v0.4.0
[INFO] [stderr]    Compiling ckb-std v0.7.2 (https://github.com/nervosnetwork/ckb-std?rev=29455b8#29455b87)
[INFO] [stderr]    Compiling serde_derive v1.0.117
[INFO] [stderr]    Compiling failure_derive v0.1.8
[INFO] [stderr]    Compiling thiserror-impl v1.0.22
[INFO] [stderr]    Compiling numext-constructor v0.1.6
[INFO] [stderr]    Compiling pin-project-internal v1.0.2
[INFO] [stderr]    Compiling futures-macro v0.3.8
[INFO] [stderr]    Compiling scroll_derive v0.10.4
[INFO] [stderr]    Compiling pin-project-internal v0.4.27
[INFO] [stderr]    Compiling derive_more v0.99.11
[INFO] [stderr]    Compiling wasm-bindgen-macro v0.2.68
[INFO] [stderr]    Compiling ckb-cheque-script v0.1.0 (/opt/rustwide/workdir/contracts/ckb-cheque-script)
[INFO] [stderr]    Compiling natives v0.1.0 (/opt/rustwide/workdir/natives)
[INFO] [stderr] error: could not compile `pin-project-internal`
[INFO] [stderr] 
[INFO] [stderr] Caused by:
[INFO] [stderr]   process didn't exit successfully: `rustc --crate-name pin_project_internal --edition=2018 /opt/rustwide/cargo-home/registry/src/github.com-1ecc6299db9ec823/pin-project-internal-0.4.27/src/lib.rs --error-format=json --json=diagnostic-rendered-ansi --crate-type proc-macro --emit=dep-info,link -C prefer-dynamic -C embed-bitcode=no -C debuginfo=2 -C metadata=815c4ef69afe2f39 -C extra-filename=-815c4ef69afe2f39 --out-dir /opt/rustwide/target/debug/deps -L dependency=/opt/rustwide/target/debug/deps --extern proc_macro2=/opt/rustwide/target/debug/deps/libproc_macro2-540b6631119ce641.rlib --extern quote=/opt/rustwide/target/debug/deps/libquote-2d316e7355c2bd28.rlib --extern syn=/opt/rustwide/target/debug/deps/libsyn-e96fa3c07bf957b3.rlib --extern proc_macro --cap-lints allow --cfg underscore_consts --cfg deprecated_proc_macro` (signal: 9, SIGKILL: kill)
[INFO] [stderr] warning: build failed, waiting for other jobs to finish...
[INFO] [stderr] The following warnings were emitted during compilation:
[INFO] [stderr] 
[INFO] [stderr] warning: c++: fatal error: Killed signal terminated program cc1plus
[INFO] [stderr] warning: compilation terminated.
[INFO] [stderr] warning: c++: fatal error: Killed signal terminated program cc1plus
[INFO] [stderr] warning: compilation terminated.
[INFO] [stderr] warning: c++: fatal error: Killed signal terminated program cc1plus
[INFO] [stderr] warning: compilation terminated.
[INFO] [stderr] warning: c++: fatal error: Killed signal terminated program cc1plus
[INFO] [stderr] warning: compilation terminated.
[INFO] [stderr] warning: c++: fatal error: Killed signal terminated program cc1plus
[INFO] [stderr] warning: compilation terminated.
[INFO] [stderr] warning: c++: fatal error: Killed signal terminated program cc1plus
[INFO] [stderr] warning: compilation terminated.
[INFO] [stderr] 
[INFO] [stderr] error: build failed
[INFO] running `Command { std: "docker" "inspect" "6ca21707faf94eb7b33470a5fb20cd32c2daa9e685d231ad752935771bea0964", kill_on_drop: false }`
[INFO] running `Command { std: "docker" "rm" "-f" "6ca21707faf94eb7b33470a5fb20cd32c2daa9e685d231ad752935771bea0964", kill_on_drop: false }`
[INFO] [stdout] 6ca21707faf94eb7b33470a5fb20cd32c2daa9e685d231ad752935771bea0964
