[INFO] cloning repository https://github.com/divvun/kbdi
[INFO] running `Command { std: "git" "-c" "credential.helper=" "-c" "credential.helper=/workspace/cargo-home/bin/git-credential-null" "clone" "--bare" "https://github.com/divvun/kbdi" "/workspace/cache/git-repos/https%3A%2F%2Fgithub.com%2Fdivvun%2Fkbdi", kill_on_drop: false }`
[INFO] [stderr] Cloning into bare repository '/workspace/cache/git-repos/https%3A%2F%2Fgithub.com%2Fdivvun%2Fkbdi'...
[INFO] running `Command { std: "git" "rev-parse" "HEAD", kill_on_drop: false }`
[INFO] [stdout] 1d28ebebf12d218265117082ef5f463dfc7cc0e7
[INFO] documenting divvun/kbdi against beta-2021-08-01 for beta-1.55-rustdoc-1
[INFO] running `Command { std: "git" "clone" "/workspace/cache/git-repos/https%3A%2F%2Fgithub.com%2Fdivvun%2Fkbdi" "/workspace/builds/worker-3/source", kill_on_drop: false }`
[INFO] [stderr] Cloning into '/workspace/builds/worker-3/source'...
[INFO] [stderr] done.
[INFO] validating manifest of git repo https://github.com/divvun/kbdi on toolchain beta-2021-08-01
[INFO] running `Command { std: "/workspace/cargo-home/bin/cargo" "+beta-2021-08-01" "metadata" "--manifest-path" "Cargo.toml" "--no-deps", kill_on_drop: false }`
[INFO] removed /workspace/builds/worker-3/source/.cargo/config
[INFO] started tweaking git repo https://github.com/divvun/kbdi
[INFO] finished tweaking git repo https://github.com/divvun/kbdi
[INFO] tweaked toml for git repo https://github.com/divvun/kbdi written to /workspace/builds/worker-3/source/Cargo.toml
[INFO] crate git repo https://github.com/divvun/kbdi already has a lockfile, it will not be regenerated
[INFO] running `Command { std: "/workspace/cargo-home/bin/cargo" "+beta-2021-08-01" "fetch" "--manifest-path" "Cargo.toml", kill_on_drop: false }`
[INFO] [stderr]     Updating git repository `https://github.com/bbqsrc/registry-rs`
[INFO] [stderr]  Downloading crates ...
[INFO] [stderr]   Downloaded failure_derive v0.1.8
[INFO] [stderr]   Downloaded failure v0.1.8
[INFO] [stderr]   Downloaded quick-error v1.2.3
[INFO] [stderr]   Downloaded winapi-util v0.1.5
[INFO] [stderr]   Downloaded error-chain v0.12.4
[INFO] [stderr]   Downloaded url_serde v0.2.0
[INFO] [stderr]   Downloaded sentry v0.12.1
[INFO] [stderr]   Downloaded crc32fast v1.2.1
[INFO] [stderr]   Downloaded cc v1.0.61
[INFO] [stderr]   Downloaded rand v0.5.6
[INFO] [stderr]   Downloaded winutil v0.1.1
[INFO] [stderr]   Downloaded pct-str v1.1.0
[INFO] [stderr]   Downloaded eieio v1.0.0
[INFO] [stderr]   Downloaded fuchsia-cprng v0.1.1
[INFO] [stderr]   Downloaded adler v0.2.3
[INFO] [stderr]   Downloaded home v0.5.3
[INFO] [stderr]   Downloaded humantime v2.0.1
[INFO] [stderr]   Downloaded tokio-io v0.1.13
[INFO] [stderr]   Downloaded winreg v0.6.2
[INFO] [stderr]   Downloaded env_logger v0.5.13
[INFO] [stderr]   Downloaded reqwest v0.9.24
[INFO] [stderr]   Downloaded httpdate v0.3.2
[INFO] [stderr]   Downloaded iref v1.4.3
[INFO] [stderr]   Downloaded thiserror v1.0.21
[INFO] [stderr]   Downloaded embed-resource v1.3.3
[INFO] [stderr]   Downloaded aho-corasick v0.7.14
[INFO] [stderr]   Downloaded base64 v0.10.1
[INFO] [stderr]   Downloaded hyper-tls v0.3.2
[INFO] [stderr]   Downloaded backtrace v0.3.53
[INFO] [stderr]   Downloaded pkg-config v0.3.19
[INFO] [stderr]   Downloaded url v1.7.2
[INFO] [stderr]   Downloaded serde_derive v1.0.117
[INFO] [stderr]   Downloaded uuid v0.7.4
[INFO] [stderr]   Downloaded sentry-types v0.8.1
[INFO] [stderr]   Downloaded syn v1.0.48
[INFO] [stderr]   Downloaded idna v0.1.5
[INFO] [stderr]   Downloaded serde v1.0.117
[INFO] [stderr]   Downloaded unicode-segmentation v1.6.0
[INFO] [stderr]   Downloaded serde_json v1.0.59
[INFO] [stderr]   Downloaded uname v0.1.1
[INFO] [stderr]   Downloaded tinyvec v0.3.4
[INFO] [stderr]   Downloaded structopt-derive v0.4.13
[INFO] [stderr]   Downloaded structopt v0.3.20
[INFO] [stderr]   Downloaded whoami v0.9.0
[INFO] [stderr]   Downloaded object v0.21.1
[INFO] [stderr]   Downloaded debugid v0.3.1
[INFO] [stderr]   Downloaded cookie v0.12.0
[INFO] [stderr]   Downloaded publicsuffix v1.5.4
[INFO] [stderr]   Downloaded cookie_store v0.7.0
[INFO] [stderr]   Downloaded indexmap v1.6.0
[INFO] [stderr]   Downloaded lock_api v0.3.4
[INFO] [stderr]   Downloaded crossbeam-deque v0.7.3
[INFO] [stderr]   Downloaded futures v0.1.30
[INFO] [stderr]   Downloaded tokio-executor v0.1.10
[INFO] [stderr]   Downloaded tokio-timer v0.2.13
[INFO] [stderr]   Downloaded miniz_oxide v0.4.3
[INFO] [stderr]   Downloaded flate2 v1.0.18
[INFO] [stderr]   Downloaded gimli v0.22.0
[INFO] [stderr]   Downloaded libc v0.2.80
[INFO] [stderr]   Downloaded regex-syntax v0.6.20
[INFO] [stderr]   Downloaded env_logger v0.8.1
[INFO] [stderr]   Downloaded rdrand v0.4.0
[INFO] [stderr]   Downloaded tokio-reactor v0.1.12
[INFO] [stderr]   Downloaded encoding_rs v0.8.24
[INFO] [stderr]   Downloaded pathos v0.3.0-pre.1
[INFO] [stderr]   Downloaded thiserror-impl v1.0.21
[INFO] [stderr]   Downloaded rand v0.6.5
[INFO] [stderr]   Downloaded libloading v0.5.2
[INFO] [stderr]   Downloaded addr2line v0.13.0
[INFO] [stderr]   Downloaded memoffset v0.5.6
[INFO] [stderr]   Downloaded scopeguard v1.1.0
[INFO] [stderr]   Downloaded rustc-demangle v0.1.18
[INFO] [stderr]   Downloaded synstructure v0.12.4
[INFO] [stderr]   Downloaded rand_chacha v0.1.1
[INFO] [stderr]   Downloaded rand_isaac v0.1.1
[INFO] [stderr]   Downloaded rand_core v0.4.2
[INFO] [stderr]   Downloaded rand_core v0.3.1
[INFO] [stderr]   Downloaded os_str_bytes v2.3.2
[INFO] [stderr]   Downloaded termcolor v1.1.0
[INFO] [stderr]   Downloaded im v12.3.4
[INFO] [stderr]   Downloaded hostname v0.1.5
[INFO] [stderr]   Downloaded sized-chunks v0.1.3
[INFO] [stderr]   Downloaded try_from v0.3.2
[INFO] [stderr]   Downloaded net2 v0.2.35
[INFO] [stderr]   Downloaded serde_urlencoded v0.5.5
[INFO] [stderr]   Downloaded regex v1.4.1
[INFO] [stderr]   Downloaded hashbrown v0.9.1
[INFO] [stderr]   Downloaded http v0.1.21
[INFO] [stderr]   Downloaded tokio-current-thread v0.1.7
[INFO] [stderr]   Downloaded tokio-sync v0.1.8
[INFO] [stderr]   Downloaded tokio-tcp v0.1.4
[INFO] [stderr]   Downloaded either v1.6.1
[INFO] [stderr]   Downloaded crossbeam-epoch v0.8.2
[INFO] [stderr]   Downloaded tokio-threadpool v0.1.18
[INFO] [stderr]   Downloaded chrono v0.4.19
[INFO] [stderr]   Downloaded rand_hc v0.1.0
[INFO] [stderr]   Downloaded rand_jitter v0.1.4
[INFO] [stderr]   Downloaded rand_os v0.1.3
[INFO] [stderr]   Downloaded rand_pcg v0.1.2
[INFO] [stderr]   Downloaded rand_xorshift v0.1.1
[INFO] running `Command { std: "docker" "create" "-v" "/var/lib/crater-agent-workspace/builds/worker-3/target:/opt/rustwide/target:rw,Z" "-v" "/var/lib/crater-agent-workspace/builds/worker-3/source:/opt/rustwide/workdir:ro,Z" "-v" "/var/lib/crater-agent-workspace/cargo-home:/opt/rustwide/cargo-home:ro,Z" "-v" "/var/lib/crater-agent-workspace/rustup-home:/opt/rustwide/rustup-home:ro,Z" "-e" "SOURCE_DIR=/opt/rustwide/workdir" "-e" "CARGO_TARGET_DIR=/opt/rustwide/target" "-e" "CARGO_HOME=/opt/rustwide/cargo-home" "-e" "RUSTUP_HOME=/opt/rustwide/rustup-home" "-w" "/opt/rustwide/workdir" "-m" "1610612736" "--user" "0:0" "--network" "none" "ghcr.io/rust-lang/crates-build-env/linux@sha256:34b6a614d2c27851fe6cbf88fbd1137609cefab8b10d0615aaeb6fd47975d74e" "/opt/rustwide/cargo-home/bin/cargo" "+beta-2021-08-01" "metadata" "--no-deps" "--format-version=1", kill_on_drop: false }`
[INFO] [stdout] ff9e883e4fcc42e34ebcd107d8639f556edec583510488278513e2df990d217f
[INFO] [stderr] WARNING: Your kernel does not support swap limit capabilities or the cgroup is not mounted. Memory limited without swap.
[INFO] running `Command { std: "docker" "start" "-a" "ff9e883e4fcc42e34ebcd107d8639f556edec583510488278513e2df990d217f", kill_on_drop: false }`
[INFO] running `Command { std: "docker" "inspect" "ff9e883e4fcc42e34ebcd107d8639f556edec583510488278513e2df990d217f", kill_on_drop: false }`
[INFO] running `Command { std: "docker" "rm" "-f" "ff9e883e4fcc42e34ebcd107d8639f556edec583510488278513e2df990d217f", kill_on_drop: false }`
[INFO] [stdout] ff9e883e4fcc42e34ebcd107d8639f556edec583510488278513e2df990d217f
[INFO] running `Command { std: "docker" "create" "-v" "/var/lib/crater-agent-workspace/builds/worker-3/target:/opt/rustwide/target:rw,Z" "-v" "/var/lib/crater-agent-workspace/builds/worker-3/source:/opt/rustwide/workdir:ro,Z" "-v" "/var/lib/crater-agent-workspace/cargo-home:/opt/rustwide/cargo-home:ro,Z" "-v" "/var/lib/crater-agent-workspace/rustup-home:/opt/rustwide/rustup-home:ro,Z" "-e" "SOURCE_DIR=/opt/rustwide/workdir" "-e" "CARGO_TARGET_DIR=/opt/rustwide/target" "-e" "CARGO_INCREMENTAL=0" "-e" "RUST_BACKTRACE=full" "-e" "RUSTDOCFLAGS=--cap-lints=warn" "-e" "CARGO_HOME=/opt/rustwide/cargo-home" "-e" "RUSTUP_HOME=/opt/rustwide/rustup-home" "-w" "/opt/rustwide/workdir" "-m" "1610612736" "--user" "0:0" "--network" "none" "ghcr.io/rust-lang/crates-build-env/linux@sha256:34b6a614d2c27851fe6cbf88fbd1137609cefab8b10d0615aaeb6fd47975d74e" "/opt/rustwide/cargo-home/bin/cargo" "+beta-2021-08-01" "doc" "--frozen" "--no-deps" "--document-private-items" "--message-format=json", kill_on_drop: false }`
[INFO] [stderr] WARNING: Your kernel does not support swap limit capabilities or the cgroup is not mounted. Memory limited without swap.
[INFO] [stdout] 8cd75f31c127b6bffd927f8763b4de2fc78dbcf7922642a8ee43cc205caa6c8a
[INFO] running `Command { std: "docker" "start" "-a" "8cd75f31c127b6bffd927f8763b4de2fc78dbcf7922642a8ee43cc205caa6c8a", kill_on_drop: false }`
[INFO] [stderr]    Compiling winapi v0.3.9
[INFO] [stderr]     Checking pct-str v1.1.0
[INFO] [stderr]    Compiling embed-resource v1.3.3
[INFO] [stderr]     Checking utfx v0.1.0
[INFO] [stderr]     Checking eieio v1.0.0
[INFO] [stderr]     Checking os_str_bytes v2.3.2
[INFO] [stderr]     Checking tokio-sync v0.1.8
[INFO] [stderr]    Compiling libloading v0.5.2
[INFO] [stderr]     Checking idna v0.1.5
[INFO] [stderr]     Checking rand_os v0.1.3
[INFO] [stderr]     Checking hostname v0.1.5
[INFO] [stderr]     Checking rand v0.5.6
[INFO] [stderr]     Checking uname v0.1.1
[INFO] [stderr]     Checking want v0.2.0
[INFO] [stderr]    Compiling im v12.3.4
[INFO] [stderr]    Compiling sentry v0.12.1
[INFO] [stderr]     Checking fern v0.6.0
[INFO] [stderr]     Checking openssl-sys v0.9.58
[INFO] [stderr]     Checking sized-chunks v0.1.3
[INFO] [stderr]     Checking bytes v0.4.12
[INFO] [stderr]     Checking tokio-executor v0.1.10
[INFO] [stderr]     Checking futures-cpupool v0.1.8
[INFO] [stderr]     Checking mio v0.6.22
[INFO] [stderr]     Checking backtrace v0.3.53
[INFO] [stderr]     Checking flate2 v1.0.18
[INFO] [stderr]     Checking iref v1.4.3
[INFO] [stderr]    Compiling synstructure v0.12.4
[INFO] [stderr]    Compiling thiserror-impl v1.0.21
[INFO] [stderr]     Checking rand v0.6.5
[INFO] [stderr]    Compiling proc-macro-error v1.0.4
[INFO] [stderr]    Compiling kbdi v0.5.1 (/opt/rustwide/workdir)
[INFO] [stderr]     Checking tokio-current-thread v0.1.7
[INFO] [stderr]     Checking tokio-timer v0.2.13
[INFO] [stderr]     Checking parking_lot_core v0.6.2
[INFO] [stderr]     Checking publicsuffix v1.5.4
[INFO] [stderr]     Checking env_logger v0.5.13
[INFO] [stderr]     Checking env_logger v0.8.1
[INFO] [stderr]     Checking tokio-threadpool v0.1.18
[INFO] [stderr]     Checking url v1.7.2
[INFO] [stderr]     Checking tokio-io v0.1.13
[INFO] [stderr]     Checking http v0.1.21
[INFO] [stderr]     Checking string v0.2.1
[INFO] [stderr]     Checking tokio-buf v0.1.1
[INFO] [stderr]     Checking openssl v0.10.30
[INFO] [stderr]     Checking serde_json v1.0.59
[INFO] [stderr]     Checking chrono v0.4.19
[INFO] [stderr]     Checking parking_lot v0.9.0
[INFO] [stderr]    Compiling structopt-derive v0.4.13
[INFO] [stderr]     Checking uuid v0.7.4
[INFO] [stderr]     Checking tokio-reactor v0.1.12
[INFO] [stderr]     Checking cookie v0.12.0
[INFO] [stderr]     Checking url_serde v0.2.0
[INFO] [stderr]     Checking serde_urlencoded v0.5.5
[INFO] [stderr]    Compiling failure_derive v0.1.8
[INFO] [stderr]     Checking debugid v0.3.1
[INFO] [stderr]     Checking tokio-tcp v0.1.4
[INFO] [stderr]     Checking tokio v0.1.22
[INFO] [stderr]     Checking thiserror v1.0.21
[INFO] [stderr]     Checking pathos v0.3.0-pre.1
[INFO] [stderr]     Checking registry v1.1.0 (https://github.com/bbqsrc/registry-rs?branch=main#5d5168c0)
[INFO] [stderr]     Checking native-tls v0.2.4
[INFO] [stderr]     Checking failure v0.1.8
[INFO] [stderr]     Checking h2 v0.1.26
[INFO] [stderr]     Checking http-body v0.1.0
[INFO] [stderr]     Checking structopt v0.3.20
[INFO] [stderr]     Checking cookie_store v0.7.0
[INFO] [stderr]     Checking sentry-types v0.8.1
[INFO] [stderr]     Checking hyper v0.12.35
[INFO] [stderr]     Checking hyper-tls v0.3.2
[INFO] [stderr]     Checking reqwest v0.9.24
[INFO] [stderr]  Documenting kbdi v0.5.1 (/opt/rustwide/workdir)
[INFO] [stdout] error[E0432]: unresolved imports `registry::Data`, `registry::Hive`, `registry::RegKey`, `registry::Security`
[INFO] [stdout]  --> src/keyboard.rs:3:16
[INFO] [stdout]   |
[INFO] [stdout] 3 | use registry::{Data, Hive, RegKey, Security};
[INFO] [stdout]   |                ^^^^  ^^^^  ^^^^^^  ^^^^^^^^ no `Security` in the root
[INFO] [stdout]   |                |     |     |
[INFO] [stdout]   |                |     |     no `RegKey` in the root
[INFO] [stdout]   |                |     no `Hive` in the root
[INFO] [stdout]   |                no `Data` in the root
[INFO] [stdout] 
[INFO] [stdout] 
[INFO] [stdout] error[E0432]: unresolved imports `registry::Data`, `registry::Hive`, `registry::RegKey`, `registry::Security`
[INFO] [stdout]  --> src/keyboard_win8.rs:6:16
[INFO] [stdout]   |
[INFO] [stdout] 6 | use registry::{Data, Hive, RegKey, Security};
[INFO] [stdout]   |                ^^^^  ^^^^  ^^^^^^  ^^^^^^^^ no `Security` in the root
[INFO] [stdout]   |                |     |     |
[INFO] [stdout]   |                |     |     no `RegKey` in the root
[INFO] [stdout]   |                |     no `Hive` in the root
[INFO] [stdout]   |                no `Data` in the root
[INFO] [stdout] 
[INFO] [stdout] 
[INFO] [stdout] error[E0433]: failed to resolve: could not find `winrt` in `winapi`
[INFO] [stdout]   --> src/platform/sys.rs:17:17
[INFO] [stdout]    |
[INFO] [stdout] 17 |     use winapi::winrt::hstring::HSTRING;
[INFO] [stdout]    |                 ^^^^^ could not find `winrt` in `winapi`
[INFO] [stdout] 
[INFO] [stdout] 
[INFO] [stdout] error[E0432]: unresolved imports `registry::Data`, `registry::Hive`, `registry::RegKey`, `registry::Security`
[INFO] [stdout]  --> src/language.rs:1:16
[INFO] [stdout]   |
[INFO] [stdout] 1 | use registry::{Data, Hive, RegKey, Security};
[INFO] [stdout]   |                ^^^^  ^^^^  ^^^^^^  ^^^^^^^^ no `Security` in the root
[INFO] [stdout]   |                |     |     |
[INFO] [stdout]   |                |     |     no `RegKey` in the root
[INFO] [stdout]   |                |     no `Hive` in the root
[INFO] [stdout]   |                no `Data` in the root
[INFO] [stdout] 
[INFO] [stdout] 
[INFO] [stdout] error[E0433]: failed to resolve: could not find `um` in `winapi`
[INFO] [stdout]   --> src/platform/sys.rs:20:9
[INFO] [stdout]    |
[INFO] [stdout] 20 |         um::winnt::{CHAR, WCHAR},
[INFO] [stdout]    |         ^^ could not find `um` in `winapi`
[INFO] [stdout] 
[INFO] [stdout] 
[INFO] [stdout] error[E0433]: failed to resolve: could not find `winrt` in `winapi`
[INFO] [stdout]   --> src/platform/sys.rs:40:17
[INFO] [stdout]    |
[INFO] [stdout] 40 |     use winapi::winrt::hstring::HSTRING;
[INFO] [stdout]    |                 ^^^^^ could not find `winrt` in `winapi`
[INFO] [stdout] 
[INFO] [stdout] 
[INFO] [stdout] error[E0432]: unresolved import `winapi::ctypes`
[INFO] [stdout]   --> src/platform/sys.rs:19:9
[INFO] [stdout]    |
[INFO] [stdout] 19 |         ctypes::*,
[INFO] [stdout]    |         ^^^^^^ could not find `ctypes` in `winapi`
[INFO] [stdout] 
[INFO] [stdout] 
[INFO] [stdout] error[E0433]: failed to resolve: could not find `um` in `winapi`
[INFO] [stdout]   --> src/platform/sys.rs:43:9
[INFO] [stdout]    |
[INFO] [stdout] 43 |         um::winnt::{CHAR, WCHAR},
[INFO] [stdout]    |         ^^ could not find `um` in `winapi`
[INFO] [stdout] 
[INFO] [stdout] 
[INFO] [stdout] error[E0432]: unresolved import `winapi::ctypes`
[INFO] [stdout]   --> src/platform/sys.rs:42:9
[INFO] [stdout]    |
[INFO] [stdout] 42 |         ctypes::*,
[INFO] [stdout]    |         ^^^^^^ could not find `ctypes` in `winapi`
[INFO] [stdout] 
[INFO] [stdout] 
[INFO] [stdout] error[E0433]: failed to resolve: could not find `um` in `winapi`
[INFO] [stdout]   --> src/platform/sys.rs:59:17
[INFO] [stdout]    |
[INFO] [stdout] 59 |     use winapi::um::winnt::WCHAR;
[INFO] [stdout]    |                 ^^ could not find `um` in `winapi`
[INFO] [stdout] 
[INFO] [stdout] 
[INFO] [stdout] error[E0433]: failed to resolve: could not find `winrt` in `winapi`
[INFO] [stdout]   --> src/platform/sys.rs:76:17
[INFO] [stdout]    |
[INFO] [stdout] 76 |     use winapi::winrt::hstring::HSTRING;
[INFO] [stdout]    |                 ^^^^^ could not find `winrt` in `winapi`
[INFO] [stdout] 
[INFO] [stdout] 
[INFO] [stdout] error[E0432]: unresolved import `winapi::ctypes`
[INFO] [stdout]   --> src/platform/sys.rs:58:17
[INFO] [stdout]    |
[INFO] [stdout] 58 |     use winapi::ctypes::*;
[INFO] [stdout]    |                 ^^^^^^ could not find `ctypes` in `winapi`
[INFO] [stdout] 
[INFO] [stdout] 
[INFO] [stdout] error[E0433]: failed to resolve: could not find `um` in `winapi`
[INFO] [stdout]   --> src/platform/sys.rs:79:9
[INFO] [stdout]    |
[INFO] [stdout] 79 |         um::winnt::{CHAR, WCHAR},
[INFO] [stdout]    |         ^^ could not find `um` in `winapi`
[INFO] [stdout] 
[INFO] [stdout] 
[INFO] [stdout] error[E0432]: unresolved import `winapi::ctypes`
[INFO] [stdout]   --> src/platform/sys.rs:78:9
[INFO] [stdout]    |
[INFO] [stdout] 78 |         ctypes::*,
[INFO] [stdout]    |         ^^^^^^ could not find `ctypes` in `winapi`
[INFO] [stdout] 
[INFO] [stdout] 
[INFO] [stdout] error[E0432]: unresolved import `winapi::ctypes`
[INFO] [stdout]  --> src/platform/winnls.rs:3:13
[INFO] [stdout]   |
[INFO] [stdout] 3 | use winapi::ctypes::c_int;
[INFO] [stdout]   |             ^^^^^^ could not find `ctypes` in `winapi`
[INFO] [stdout] 
[INFO] [stdout] 
[INFO] [stdout] error[E0432]: unresolved import `winapi::um`
[INFO] [stdout]  --> src/platform/winnls.rs:4:13
[INFO] [stdout]   |
[INFO] [stdout] 4 | use winapi::um::winnls as sys_winnls;
[INFO] [stdout]   |             ^^ could not find `um` in `winapi`
[INFO] [stdout] 
[INFO] [stdout] 
[INFO] [stdout] error[E0433]: failed to resolve: could not find `windows` in `os`
[INFO] [stdout]  --> src/winrust/mod.rs:3:14
[INFO] [stdout]   |
[INFO] [stdout] 3 | use std::os::windows::ffi::{OsStrExt, OsStringExt};
[INFO] [stdout]   |              ^^^^^^^ could not find `windows` in `os`
[INFO] [stdout] 
[INFO] [stdout] 
[INFO] [stdout] error[E0433]: failed to resolve: could not find `windows` in `os`
[INFO] [stdout]  --> src/winrust/hstring.rs:4:14
[INFO] [stdout]   |
[INFO] [stdout] 4 | use std::os::windows::ffi::{OsStrExt, OsStringExt};
[INFO] [stdout]   |              ^^^^^^^ could not find `windows` in `os`
[INFO] [stdout] 
[INFO] [stdout] 
[INFO] [stdout] error[E0433]: failed to resolve: could not find `winrt` in `winapi`
[INFO] [stdout]  --> src/winrust/hstring.rs:7:13
[INFO] [stdout]   |
[INFO] [stdout] 7 | use winapi::winrt::hstring::HSTRING;
[INFO] [stdout]   |             ^^^^^ could not find `winrt` in `winapi`
[INFO] [stdout] 
[INFO] [stdout] 
[INFO] [stdout] error[E0433]: failed to resolve: could not find `winrt` in `winapi`
[INFO] [stdout]  --> src/winrust/hstring.rs:8:13
[INFO] [stdout]   |
[INFO] [stdout] 8 | use winapi::winrt::winstring::*;
[INFO] [stdout]   |             ^^^^^ could not find `winrt` in `winapi`
[INFO] [stdout] 
[INFO] [stdout] 
[INFO] [stdout] error[E0432]: unresolved import `winapi::um`
[INFO] [stdout]   --> src/platform/mod.rs:34:17
[INFO] [stdout]    |
[INFO] [stdout] 34 |     use winapi::um::winuser;
[INFO] [stdout]    |                 ^^ could not find `um` in `winapi`
[INFO] [stdout] 
[INFO] [stdout] 
[INFO] [stdout] error[E0432]: unresolved imports `registry::Hive`, `registry::Security`
[INFO] [stdout]  --> src/win8/mod.rs:1:16
[INFO] [stdout]   |
[INFO] [stdout] 1 | use registry::{Hive, Security};
[INFO] [stdout]   |                ^^^^  ^^^^^^^^ no `Security` in the root
[INFO] [stdout]   |                |
[INFO] [stdout]   |                no `Hive` in the root
[INFO] [stdout] 
[INFO] [stdout] 
[INFO] [stdout] error[E0433]: failed to resolve: could not find `key` in `registry`
[INFO] [stdout]   --> src/keyboard.rs:24:22
[INFO] [stdout]    |
[INFO] [stdout] 24 |     RegErr(registry::key::Error),
[INFO] [stdout]    |                      ^^^ could not find `key` in `registry`
[INFO] [stdout] 
[INFO] [stdout] 
[INFO] [stdout] error[E0412]: cannot find type `Library` in this scope
[INFO] [stdout]   --> src/platform/sys.rs:24:25
[INFO] [stdout]    |
[INFO] [stdout] 24 |         static ref LIB: Library = Library::new(r"C:\Windows\System32\BCP47Langs.dll").unwrap();
[INFO] [stdout]    |                         ^^^^^^^ not found in this scope
[INFO] [stdout]    |
[INFO] [stdout] help: consider importing one of these items
[INFO] [stdout]    |
[INFO] [stdout] 15 |     use libloading::Library;
[INFO] [stdout]    |
[INFO] [stdout] 15 |     use libloading::os::unix::Library;
[INFO] [stdout]    |
[INFO] [stdout] 
[INFO] [stdout] 
[INFO] [stdout] error[E0412]: cannot find type `WCHAR` in this scope
[INFO] [stdout]   --> src/platform/sys.rs:28:37
[INFO] [stdout]    |
[INFO] [stdout] 28 |         GetUserLanguages(delimiter: WCHAR, string: *mut HSTRING) -> c_int;
[INFO] [stdout]    |                                     ^^^^^ not found in this scope
[INFO] [stdout] 
[INFO] [stdout] 
[INFO] [stdout] error[E0412]: cannot find type `HSTRING` in this scope
[INFO] [stdout]   --> src/platform/sys.rs:28:57
[INFO] [stdout]    |
[INFO] [stdout] 28 |         GetUserLanguages(delimiter: WCHAR, string: *mut HSTRING) -> c_int;
[INFO] [stdout]    |                                                         ^^^^^^^ not found in this scope
[INFO] [stdout] 
[INFO] [stdout] 
[INFO] [stdout] error[E0412]: cannot find type `c_int` in this scope
[INFO] [stdout]   --> src/platform/sys.rs:28:69
[INFO] [stdout]    |
[INFO] [stdout] 28 |         GetUserLanguages(delimiter: WCHAR, string: *mut HSTRING) -> c_int;
[INFO] [stdout]    |                                                                     ^^^^^ not found in this scope
[INFO] [stdout]    |
[INFO] [stdout] help: consider importing this type alias
[INFO] [stdout]    |
[INFO] [stdout] 15 |     use std::os::raw::c_int;
[INFO] [stdout]    |
[INFO] [stdout] 
[INFO] [stdout] 
[INFO] [stdout] error[E0412]: cannot find type `WCHAR` in this scope
[INFO] [stdout]   --> src/platform/sys.rs:29:54
[INFO] [stdout]    |
[INFO] [stdout] 29 |         GetUserLanguageInputMethods(language: *const WCHAR, delimiter: WCHAR, string: *mut HSTRING) -> c_int;
[INFO] [stdout]    |                                                      ^^^^^ not found in this scope
[INFO] [stdout] 
[INFO] [stdout] 
[INFO] [stdout] error[E0412]: cannot find type `WCHAR` in this scope
[INFO] [stdout]   --> src/platform/sys.rs:29:72
[INFO] [stdout]    |
[INFO] [stdout] 29 |         GetUserLanguageInputMethods(language: *const WCHAR, delimiter: WCHAR, string: *mut HSTRING) -> c_int;
[INFO] [stdout]    |                                                                        ^^^^^ not found in this scope
[INFO] [stdout] 
[INFO] [stdout] 
[INFO] [stdout] error[E0412]: cannot find type `HSTRING` in this scope
[INFO] [stdout]   --> src/platform/sys.rs:29:92
[INFO] [stdout]    |
[INFO] [stdout] 29 |         GetUserLanguageInputMethods(language: *const WCHAR, delimiter: WCHAR, string: *mut HSTRING) -> c_int;
[INFO] [stdout]    |                                                                                            ^^^^^^^ not found in this scope
[INFO] [stdout] 
[INFO] [stdout] 
[INFO] [stdout] error[E0412]: cannot find type `c_int` in this scope
[INFO] [stdout]   --> src/platform/sys.rs:29:104
[INFO] [stdout]    |
[INFO] [stdout] 29 |         GetUserLanguageInputMethods(language: *const WCHAR, delimiter: WCHAR, string: *mut HSTRING) -> c_int;
[INFO] [stdout]    |                                                                                                        ^^^^^ not found in this scope
[INFO] [stdout]    |
[INFO] [stdout] help: consider importing this type alias
[INFO] [stdout]    |
[INFO] [stdout] 15 |     use std::os::raw::c_int;
[INFO] [stdout]    |
[INFO] [stdout] 
[INFO] [stdout] 
[INFO] [stdout] error[E0412]: cannot find type `HSTRING` in this scope
[INFO] [stdout]   --> src/platform/sys.rs:30:28
[INFO] [stdout]    |
[INFO] [stdout] 30 |         LcidFromBcp47(tag: HSTRING, lcid: *mut c_int) -> c_int;
[INFO] [stdout]    |                            ^^^^^^^ not found in this scope
[INFO] [stdout] 
[INFO] [stdout] 
[INFO] [stdout] error[E0412]: cannot find type `c_int` in this scope
[INFO] [stdout]   --> src/platform/sys.rs:30:48
[INFO] [stdout]    |
[INFO] [stdout] 30 |         LcidFromBcp47(tag: HSTRING, lcid: *mut c_int) -> c_int;
[INFO] [stdout]    |                                                ^^^^^ not found in this scope
[INFO] [stdout]    |
[INFO] [stdout] help: consider importing this type alias
[INFO] [stdout]    |
[INFO] [stdout] 15 |     use std::os::raw::c_int;
[INFO] [stdout]    |
[INFO] [stdout] 
[INFO] [stdout] 
[INFO] [stdout] error[E0412]: cannot find type `c_int` in this scope
[INFO] [stdout]   --> src/platform/sys.rs:30:58
[INFO] [stdout]    |
[INFO] [stdout] 30 |         LcidFromBcp47(tag: HSTRING, lcid: *mut c_int) -> c_int;
[INFO] [stdout]    |                                                          ^^^^^ not found in this scope
[INFO] [stdout]    |
[INFO] [stdout] help: consider importing this type alias
[INFO] [stdout]    |
[INFO] [stdout] 15 |     use std::os::raw::c_int;
[INFO] [stdout]    |
[INFO] [stdout] 
[INFO] [stdout] 
[INFO] [stdout] error[E0412]: cannot find type `c_int` in this scope
[INFO] [stdout]   --> src/platform/sys.rs:31:50
[INFO] [stdout]    |
[INFO] [stdout] 31 |         RemoveInputsForAllLanguagesInternal() -> c_int;
[INFO] [stdout]    |                                                  ^^^^^ not found in this scope
[INFO] [stdout]    |
[INFO] [stdout] help: consider importing this type alias
[INFO] [stdout]    |
[INFO] [stdout] 15 |     use std::os::raw::c_int;
[INFO] [stdout]    |
[INFO] [stdout] 
[INFO] [stdout] 
[INFO] [stdout] error[E0412]: cannot find type `HSTRING` in this scope
[INFO] [stdout]   --> src/platform/sys.rs:32:46
[INFO] [stdout]    |
[INFO] [stdout] 32 |         Bcp47GetIsoLanguageCode(languageTag: HSTRING, isoLanguageCode: *mut HSTRING) -> c_int
[INFO] [stdout]    |                                              ^^^^^^^ not found in this scope
[INFO] [stdout] 
[INFO] [stdout] 
[INFO] [stdout] error[E0412]: cannot find type `HSTRING` in this scope
[INFO] [stdout]   --> src/platform/sys.rs:32:77
[INFO] [stdout]    |
[INFO] [stdout] 32 |         Bcp47GetIsoLanguageCode(languageTag: HSTRING, isoLanguageCode: *mut HSTRING) -> c_int
[INFO] [stdout]    |                                                                             ^^^^^^^ not found in this scope
[INFO] [stdout] 
[INFO] [stdout] 
[INFO] [stdout] error[E0412]: cannot find type `c_int` in this scope
[INFO] [stdout]   --> src/platform/sys.rs:32:89
[INFO] [stdout]    |
[INFO] [stdout] 32 |         Bcp47GetIsoLanguageCode(languageTag: HSTRING, isoLanguageCode: *mut HSTRING) -> c_int
[INFO] [stdout]    |                                                                                         ^^^^^ not found in this scope
[INFO] [stdout]    |
[INFO] [stdout] help: consider importing this type alias
[INFO] [stdout]    |
[INFO] [stdout] 15 |     use std::os::raw::c_int;
[INFO] [stdout]    |
[INFO] [stdout] 
[INFO] [stdout] 
[INFO] [stdout] error[E0412]: cannot find type `Library` in this scope
[INFO] [stdout]   --> src/platform/sys.rs:47:25
[INFO] [stdout]    |
[INFO] [stdout] 47 |         static ref LIB: Library = Library::new(r"C:\Windows\System32\coreglobconfig.dll").unwrap();
[INFO] [stdout]    |                         ^^^^^^^ not found in this scope
[INFO] [stdout]    |
[INFO] [stdout] help: consider importing one of these items
[INFO] [stdout]    |
[INFO] [stdout] 38 |     use libloading::Library;
[INFO] [stdout]    |
[INFO] [stdout] 38 |     use libloading::os::unix::Library;
[INFO] [stdout]    |
[INFO] [stdout] 
[INFO] [stdout] 
[INFO] [stdout] error[E0412]: cannot find type `Library` in this scope
[INFO] [stdout]   --> src/platform/sys.rs:62:25
[INFO] [stdout]    |
[INFO] [stdout] 62 |         static ref LIB: Library = Library::new(r"C:\Windows\System32\input.dll").unwrap();
[INFO] [stdout]    |                         ^^^^^^^ not found in this scope
[INFO] [stdout]    |
[INFO] [stdout] help: consider importing one of these items
[INFO] [stdout]    |
[INFO] [stdout] 56 |     use libloading::Library;
[INFO] [stdout]    |
[INFO] [stdout] 56 |     use libloading::os::unix::Library;
[INFO] [stdout]    |
[INFO] [stdout] 
[INFO] [stdout] 
[INFO] [stdout] error[E0412]: cannot find type `WCHAR` in this scope
[INFO] [stdout]   --> src/platform/sys.rs:66:47
[INFO] [stdout]    |
[INFO] [stdout] 66 |         InstallLayoutOrTip(tip_string: *const WCHAR, flags: c_int) -> c_int;
[INFO] [stdout]    |                                               ^^^^^ not found in this scope
[INFO] [stdout] 
[INFO] [stdout] 
[INFO] [stdout] error[E0412]: cannot find type `c_int` in this scope
[INFO] [stdout]   --> src/platform/sys.rs:66:61
[INFO] [stdout]    |
[INFO] [stdout] 66 |         InstallLayoutOrTip(tip_string: *const WCHAR, flags: c_int) -> c_int;
[INFO] [stdout]    |                                                             ^^^^^ not found in this scope
[INFO] [stdout]    |
[INFO] [stdout] help: consider importing this type alias
[INFO] [stdout]    |
[INFO] [stdout] 56 |     use std::os::raw::c_int;
[INFO] [stdout]    |
[INFO] [stdout] 
[INFO] [stdout] 
[INFO] [stdout] error[E0412]: cannot find type `c_int` in this scope
[INFO] [stdout]   --> src/platform/sys.rs:66:71
[INFO] [stdout]    |
[INFO] [stdout] 66 |         InstallLayoutOrTip(tip_string: *const WCHAR, flags: c_int) -> c_int;
[INFO] [stdout]    |                                                                       ^^^^^ not found in this scope
[INFO] [stdout]    |
[INFO] [stdout] help: consider importing this type alias
[INFO] [stdout]    |
[INFO] [stdout] 56 |     use std::os::raw::c_int;
[INFO] [stdout]    |
[INFO] [stdout] 
[INFO] [stdout] 
[INFO] [stdout] error[E0412]: cannot find type `WCHAR` in this scope
[INFO] [stdout]   --> src/platform/sys.rs:67:52
[INFO] [stdout]    |
[INFO] [stdout] 67 |         InstallLayoutOrTipUserReg(user_reg: *const WCHAR, system_reg: *const WCHAR, software_reg: *const WCHAR,
[INFO] [stdout]    |                                                    ^^^^^ not found in this scope
[INFO] [stdout] 
[INFO] [stdout] 
[INFO] [stdout] error[E0412]: cannot find type `WCHAR` in this scope
[INFO] [stdout]   --> src/platform/sys.rs:67:78
[INFO] [stdout]    |
[INFO] [stdout] 67 |         InstallLayoutOrTipUserReg(user_reg: *const WCHAR, system_reg: *const WCHAR, software_reg: *const WCHAR,
[INFO] [stdout]    |                                                                              ^^^^^ not found in this scope
[INFO] [stdout] 
[INFO] [stdout] 
[INFO] [stdout] error[E0412]: cannot find type `WCHAR` in this scope
[INFO] [stdout]   --> src/platform/sys.rs:67:106
[INFO] [stdout]    |
[INFO] [stdout] 67 |         InstallLayoutOrTipUserReg(user_reg: *const WCHAR, system_reg: *const WCHAR, software_reg: *const WCHAR,
[INFO] [stdout]    |                                                                                                          ^^^^^ not found in this scope
[INFO] [stdout] 
[INFO] [stdout] 
[INFO] [stdout] error[E0412]: cannot find type `WCHAR` in this scope
[INFO] [stdout]   --> src/platform/sys.rs:68:32
[INFO] [stdout]    |
[INFO] [stdout] 68 |             tip_string: *const WCHAR, flags: c_int) -> c_int
[INFO] [stdout]    |                                ^^^^^ not found in this scope
[INFO] [stdout] 
[INFO] [stdout] 
[INFO] [stdout] error[E0412]: cannot find type `c_int` in this scope
[INFO] [stdout]   --> src/platform/sys.rs:68:46
[INFO] [stdout]    |
[INFO] [stdout] 68 |             tip_string: *const WCHAR, flags: c_int) -> c_int
[INFO] [stdout]    |                                              ^^^^^ not found in this scope
[INFO] [stdout]    |
[INFO] [stdout] help: consider importing this type alias
[INFO] [stdout]    |
[INFO] [stdout] 56 |     use std::os::raw::c_int;
[INFO] [stdout]    |
[INFO] [stdout] 
[INFO] [stdout] 
[INFO] [stdout] error[E0412]: cannot find type `c_int` in this scope
[INFO] [stdout]   --> src/platform/sys.rs:68:56
[INFO] [stdout]    |
[INFO] [stdout] 68 |             tip_string: *const WCHAR, flags: c_int) -> c_int
[INFO] [stdout]    |                                                        ^^^^^ not found in this scope
[INFO] [stdout]    |
[INFO] [stdout] help: consider importing this type alias
[INFO] [stdout]    |
[INFO] [stdout] 56 |     use std::os::raw::c_int;
[INFO] [stdout]    |
[INFO] [stdout] 
[INFO] [stdout] 
[INFO] [stdout] error[E0412]: cannot find type `Library` in this scope
[INFO] [stdout]   --> src/platform/sys.rs:83:25
[INFO] [stdout]    |
[INFO] [stdout] 83 |         static ref LIB: Library = Library::new(r"C:\Windows\System32\winlangdb.dll").unwrap();
[INFO] [stdout]    |                         ^^^^^^^ not found in this scope
[INFO] [stdout]    |
[INFO] [stdout] help: consider importing one of these items
[INFO] [stdout]    |
[INFO] [stdout] 74 |     use libloading::Library;
[INFO] [stdout]    |
[INFO] [stdout] 74 |     use libloading::os::unix::Library;
[INFO] [stdout]    |
[INFO] [stdout] 
[INFO] [stdout] 
[INFO] [stdout] error[E0412]: cannot find type `c_int` in this scope
[INFO] [stdout]   --> src/platform/sys.rs:87:42
[INFO] [stdout]    |
[INFO] [stdout] 87 |         EnsureLanguageProfileExists() -> c_int;
[INFO] [stdout]    |                                          ^^^^^ not found in this scope
[INFO] [stdout]    |
[INFO] [stdout] help: consider importing this type alias
[INFO] [stdout]    |
[INFO] [stdout] 74 |     use std::os::raw::c_int;
[INFO] [stdout]    |
[INFO] [stdout] 
[INFO] [stdout] 
[INFO] [stdout] error[E0412]: cannot find type `WCHAR` in this scope
[INFO] [stdout]   --> src/platform/sys.rs:88:43
[INFO] [stdout]    |
[INFO] [stdout] 88 | ...   GetLanguageNames(language: *const WCHAR, autonym: *mut WCHAR, english_name: *mut WCHAR, local_name: *mut WCHAR, script_name: *mut W...
[INFO] [stdout]    |                                         ^^^^^ not found in this scope
[INFO] [stdout] 
[INFO] [stdout] 
[INFO] [stdout] error[E0412]: cannot find type `WCHAR` in this scope
[INFO] [stdout]   --> src/platform/sys.rs:88:64
[INFO] [stdout]    |
[INFO] [stdout] 88 | ...   GetLanguageNames(language: *const WCHAR, autonym: *mut WCHAR, english_name: *mut WCHAR, local_name: *mut WCHAR, script_name: *mut W...
[INFO] [stdout]    |                                                              ^^^^^ not found in this scope
[INFO] [stdout] 
[INFO] [stdout] 
[INFO] [stdout] error[E0412]: cannot find type `WCHAR` in this scope
[INFO] [stdout]   --> src/platform/sys.rs:88:90
[INFO] [stdout]    |
[INFO] [stdout] 88 | ...   GetLanguageNames(language: *const WCHAR, autonym: *mut WCHAR, english_name: *mut WCHAR, local_name: *mut WCHAR, script_name: *mut W...
[INFO] [stdout]    |                                                                                        ^^^^^ not found in this scope
[INFO] [stdout] 
[INFO] [stdout] 
[INFO] [stdout] error[E0412]: cannot find type `WCHAR` in this scope
[INFO] [stdout]   --> src/platform/sys.rs:88:114
[INFO] [stdout]    |
[INFO] [stdout] 88 | ...t WCHAR, english_name: *mut WCHAR, local_name: *mut WCHAR, script_name: *mut WCHAR) -> c_int;
[INFO] [stdout]    |                                                        ^^^^^ not found in this scope
[INFO] [stdout] 
[INFO] [stdout] 
[INFO] [stdout] error[E0412]: cannot find type `WCHAR` in this scope
[INFO] [stdout]   --> src/platform/sys.rs:88:139
[INFO] [stdout]    |
[INFO] [stdout] 88 | ...ut WCHAR, local_name: *mut WCHAR, script_name: *mut WCHAR) -> c_int;
[INFO] [stdout]    |                                                        ^^^^^ not found in this scope
[INFO] [stdout] 
[INFO] [stdout] 
[INFO] [stdout] error[E0412]: cannot find type `c_int` in this scope
[INFO] [stdout]   --> src/platform/sys.rs:88:149
[INFO] [stdout]    |
[INFO] [stdout] 88 | ...local_name: *mut WCHAR, script_name: *mut WCHAR) -> c_int;
[INFO] [stdout]    |                                                        ^^^^^ not found in this scope
[INFO] [stdout]    |
[INFO] [stdout] help: consider importing this type alias
[INFO] [stdout]    |
[INFO] [stdout] 74 |     use std::os::raw::c_int;
[INFO] [stdout]    |
[INFO] [stdout] 
[INFO] [stdout] 
[INFO] [stdout] error[E0412]: cannot find type `WCHAR` in this scope
[INFO] [stdout]   --> src/platform/sys.rs:89:37
[INFO] [stdout]    |
[INFO] [stdout] 89 |         SetUserLanguages(delimiter: WCHAR, user_languages: HSTRING) -> c_int;
[INFO] [stdout]    |                                     ^^^^^ not found in this scope
[INFO] [stdout] 
[INFO] [stdout] 
[INFO] [stdout] error[E0412]: cannot find type `HSTRING` in this scope
[INFO] [stdout]   --> src/platform/sys.rs:89:60
[INFO] [stdout]    |
[INFO] [stdout] 89 |         SetUserLanguages(delimiter: WCHAR, user_languages: HSTRING) -> c_int;
[INFO] [stdout]    |                                                            ^^^^^^^ not found in this scope
[INFO] [stdout] 
[INFO] [stdout] 
[INFO] [stdout] error[E0412]: cannot find type `c_int` in this scope
[INFO] [stdout]   --> src/platform/sys.rs:89:72
[INFO] [stdout]    |
[INFO] [stdout] 89 |         SetUserLanguages(delimiter: WCHAR, user_languages: HSTRING) -> c_int;
[INFO] [stdout]    |                                                                        ^^^^^ not found in this scope
[INFO] [stdout]    |
[INFO] [stdout] help: consider importing this type alias
[INFO] [stdout]    |
[INFO] [stdout] 74 |     use std::os::raw::c_int;
[INFO] [stdout]    |
[INFO] [stdout] 
[INFO] [stdout] 
[INFO] [stdout] error[E0412]: cannot find type `HSTRING` in this scope
[INFO] [stdout]   --> src/platform/sys.rs:90:52
[INFO] [stdout]    |
[INFO] [stdout] 90 |         GetDefaultInputMethodForLanguage(language: HSTRING, tip_string: *mut HSTRING) -> c_int;
[INFO] [stdout]    |                                                    ^^^^^^^ not found in this scope
[INFO] [stdout] 
[INFO] [stdout] 
[INFO] [stdout] error[E0412]: cannot find type `HSTRING` in this scope
[INFO] [stdout]   --> src/platform/sys.rs:90:78
[INFO] [stdout]    |
[INFO] [stdout] 90 |         GetDefaultInputMethodForLanguage(language: HSTRING, tip_string: *mut HSTRING) -> c_int;
[INFO] [stdout]    |                                                                              ^^^^^^^ not found in this scope
[INFO] [stdout] 
[INFO] [stdout] 
[INFO] [stdout] error[E0412]: cannot find type `c_int` in this scope
[INFO] [stdout]   --> src/platform/sys.rs:90:90
[INFO] [stdout]    |
[INFO] [stdout] 90 |         GetDefaultInputMethodForLanguage(language: HSTRING, tip_string: *mut HSTRING) -> c_int;
[INFO] [stdout]    |                                                                                          ^^^^^ not found in this scope
[INFO] [stdout]    |
[INFO] [stdout] help: consider importing this type alias
[INFO] [stdout]    |
[INFO] [stdout] 74 |     use std::os::raw::c_int;
[INFO] [stdout]    |
[INFO] [stdout] 
[INFO] [stdout] 
[INFO] [stdout] error[E0412]: cannot find type `HSTRING` in this scope
[INFO] [stdout]   --> src/platform/sys.rs:91:54
[INFO] [stdout]    |
[INFO] [stdout] 91 |         TransformInputMethodsForLanguage(tip_string: HSTRING, tag: HSTRING, transformed_tip_string: *mut HSTRING) -> c_int
[INFO] [stdout]    |                                                      ^^^^^^^ not found in this scope
[INFO] [stdout] 
[INFO] [stdout] 
[INFO] [stdout] error[E0412]: cannot find type `HSTRING` in this scope
[INFO] [stdout]   --> src/platform/sys.rs:91:68
[INFO] [stdout]    |
[INFO] [stdout] 91 |         TransformInputMethodsForLanguage(tip_string: HSTRING, tag: HSTRING, transformed_tip_string: *mut HSTRING) -> c_int
[INFO] [stdout]    |                                                                    ^^^^^^^ not found in this scope
[INFO] [stdout] 
[INFO] [stdout] 
[INFO] [stdout] error[E0412]: cannot find type `HSTRING` in this scope
[INFO] [stdout]   --> src/platform/sys.rs:91:106
[INFO] [stdout]    |
[INFO] [stdout] 91 |         TransformInputMethodsForLanguage(tip_string: HSTRING, tag: HSTRING, transformed_tip_string: *mut HSTRING) -> c_int
[INFO] [stdout]    |                                                                                                          ^^^^^^^ not found in this scope
[INFO] [stdout] 
[INFO] [stdout] 
[INFO] [stdout] error[E0412]: cannot find type `c_int` in this scope
[INFO] [stdout]   --> src/platform/sys.rs:91:118
[INFO] [stdout]    |
[INFO] [stdout] 91 |         TransformInputMethodsForLanguage(tip_string: HSTRING, tag: HSTRING, transformed_tip_string: *mut HSTRING) -> c_int
[INFO] [stdout]    |                                                                                                                      ^^^^^ not found in this scope
[INFO] [stdout]    |
[INFO] [stdout] help: consider importing this type alias
[INFO] [stdout]    |
[INFO] [stdout] 74 |     use std::os::raw::c_int;
[INFO] [stdout]    |
[INFO] [stdout] 
[INFO] [stdout] 
[INFO] [stdout] error[E0412]: cannot find type `HSTRING` in this scope
[INFO] [stdout]   --> src/winrust/hstring.rs:11:14
[INFO] [stdout]    |
[INFO] [stdout] 11 |     __inner: HSTRING,
[INFO] [stdout]    |              ^^^^^^^ not found in this scope
[INFO] [stdout] 
[INFO] [stdout] 
[INFO] [stdout] error[E0412]: cannot find type `HSTRING` in this scope
[INFO] [stdout]   --> src/winrust/hstring.rs:62:19
[INFO] [stdout]    |
[INFO] [stdout] 62 |     type Target = HSTRING;
[INFO] [stdout]    |                   ^^^^^^^ not found in this scope
[INFO] [stdout] 
[INFO] [stdout] 
[INFO] [stdout] error[E0412]: cannot find type `HSTRING` in this scope
[INFO] [stdout]   --> src/winrust/hstring.rs:64:25
[INFO] [stdout]    |
[INFO] [stdout] 64 |     fn deref(&self) -> &HSTRING {
[INFO] [stdout]    |                         ^^^^^^^ not found in this scope
[INFO] [stdout] 
[INFO] [stdout] 
[INFO] [stdout] error[E0412]: cannot find type `HSTRING` in this scope
[INFO] [stdout]   --> src/winrust/hstring.rs:70:37
[INFO] [stdout]    |
[INFO] [stdout] 70 |     fn deref_mut(&mut self) -> &mut HSTRING {
[INFO] [stdout]    |                                     ^^^^^^^ not found in this scope
[INFO] [stdout] 
[INFO] [stdout] 
[INFO] [stdout] error: Compilation failed, aborting rustdoc
[INFO] [stdout] 
[INFO] [stdout] 
[INFO] [stdout] error: aborting due to 72 previous errors
[INFO] [stdout] 
[INFO] [stdout] 
[INFO] [stdout] Some errors have detailed explanations: E0412, E0432, E0433.
[INFO] [stdout] 
[INFO] [stdout] For more information about an error, try `rustc --explain E0412`.
[INFO] [stdout] 
[INFO] [stderr] error: could not document `kbdi`
[INFO] [stderr] 
[INFO] [stderr] Caused by:
[INFO] [stderr]   process didn't exit successfully: `rustdoc --edition=2018 --crate-type lib --crate-name kbdi src/lib.rs -o /opt/rustwide/target/doc --error-format=json --json=diagnostic-rendered-ansi --document-private-items -L dependency=/opt/rustwide/target/debug/deps --extern chrono=/opt/rustwide/target/debug/deps/libchrono-e5b082c9a8e44345.rmeta --extern env_logger=/opt/rustwide/target/debug/deps/libenv_logger-c7cc1e5dafde934f.rmeta --extern fern=/opt/rustwide/target/debug/deps/libfern-0b3176127db49f4e.rmeta --extern indexmap=/opt/rustwide/target/debug/deps/libindexmap-c45634d92b37662f.rmeta --extern lazy_static=/opt/rustwide/target/debug/deps/liblazy_static-5e37eee3e84fafab.rmeta --extern libloading=/opt/rustwide/target/debug/deps/liblibloading-5e5b3433117e1b17.rmeta --extern log=/opt/rustwide/target/debug/deps/liblog-91c13f26229124ab.rmeta --extern pathos=/opt/rustwide/target/debug/deps/libpathos-dfe326e31a01ebe6.rmeta --extern registry=/opt/rustwide/target/debug/deps/libregistry-cc2700a2a32fb312.rmeta --extern sentry=/opt/rustwide/target/debug/deps/libsentry-3ea51e2d6da7afbf.rmeta --extern structopt=/opt/rustwide/target/debug/deps/libstructopt-0c43dfb7dc13d69e.rmeta --extern thiserror=/opt/rustwide/target/debug/deps/libthiserror-a6c883942a052e67.rmeta --extern whoami=/opt/rustwide/target/debug/deps/libwhoami-021aabbeae68c4dd.rmeta --extern winapi=/opt/rustwide/target/debug/deps/libwinapi-9f3f91497efc91a8.rmeta --cap-lints=warn --crate-version 0.5.1` (exit status: 1)
[INFO] running `Command { std: "docker" "inspect" "8cd75f31c127b6bffd927f8763b4de2fc78dbcf7922642a8ee43cc205caa6c8a", kill_on_drop: false }`
[INFO] running `Command { std: "docker" "rm" "-f" "8cd75f31c127b6bffd927f8763b4de2fc78dbcf7922642a8ee43cc205caa6c8a", kill_on_drop: false }`
[INFO] [stdout] 8cd75f31c127b6bffd927f8763b4de2fc78dbcf7922642a8ee43cc205caa6c8a
