[INFO] cloning repository https://github.com/dilettantemode/soldout
[INFO] running `Command { std: "git" "-c" "credential.helper=" "-c" "credential.helper=/workspace/cargo-home/bin/git-credential-null" "clone" "--bare" "https://github.com/dilettantemode/soldout" "/workspace/cache/git-repos/https%3A%2F%2Fgithub.com%2Fdilettantemode%2Fsoldout", kill_on_drop: false }`
[INFO] [stderr] Cloning into bare repository '/workspace/cache/git-repos/https%3A%2F%2Fgithub.com%2Fdilettantemode%2Fsoldout'...
[INFO] running `Command { std: "git" "rev-parse" "HEAD", kill_on_drop: false }`
[INFO] [stdout] be4f483c06331b75ba80fd9611e8947b29a91143
[INFO] documenting dilettantemode/soldout against 1.54.0 for beta-1.55-rustdoc-1
[INFO] running `Command { std: "git" "clone" "/workspace/cache/git-repos/https%3A%2F%2Fgithub.com%2Fdilettantemode%2Fsoldout" "/workspace/builds/worker-2/source", kill_on_drop: false }`
[INFO] [stderr] Cloning into '/workspace/builds/worker-2/source'...
[INFO] [stderr] done.
[INFO] validating manifest of git repo https://github.com/dilettantemode/soldout on toolchain 1.54.0
[INFO] running `Command { std: "/workspace/cargo-home/bin/cargo" "+1.54.0" "metadata" "--manifest-path" "Cargo.toml" "--no-deps", kill_on_drop: false }`
[INFO] started tweaking git repo https://github.com/dilettantemode/soldout
[INFO] finished tweaking git repo https://github.com/dilettantemode/soldout
[INFO] tweaked toml for git repo https://github.com/dilettantemode/soldout written to /workspace/builds/worker-2/source/Cargo.toml
[INFO] crate git repo https://github.com/dilettantemode/soldout already has a lockfile, it will not be regenerated
[INFO] running `Command { std: "/workspace/cargo-home/bin/cargo" "+1.54.0" "fetch" "--manifest-path" "Cargo.toml", kill_on_drop: false }`
[INFO] [stderr]     Blocking waiting for file lock on package cache
[INFO] running `Command { std: "docker" "create" "-v" "/var/lib/crater-agent-workspace/builds/worker-2/target:/opt/rustwide/target:rw,Z" "-v" "/var/lib/crater-agent-workspace/builds/worker-2/source:/opt/rustwide/workdir:ro,Z" "-v" "/var/lib/crater-agent-workspace/cargo-home:/opt/rustwide/cargo-home:ro,Z" "-v" "/var/lib/crater-agent-workspace/rustup-home:/opt/rustwide/rustup-home:ro,Z" "-e" "SOURCE_DIR=/opt/rustwide/workdir" "-e" "CARGO_TARGET_DIR=/opt/rustwide/target" "-e" "CARGO_HOME=/opt/rustwide/cargo-home" "-e" "RUSTUP_HOME=/opt/rustwide/rustup-home" "-w" "/opt/rustwide/workdir" "-m" "1610612736" "--user" "0:0" "--network" "none" "ghcr.io/rust-lang/crates-build-env/linux@sha256:34b6a614d2c27851fe6cbf88fbd1137609cefab8b10d0615aaeb6fd47975d74e" "/opt/rustwide/cargo-home/bin/cargo" "+1.54.0" "metadata" "--no-deps" "--format-version=1", kill_on_drop: false }`
[INFO] [stdout] 1c73c7135467ef00fcaf9b81f414ce5b0f39bfdb4e81eb4e9be682955a60e964
[INFO] [stderr] WARNING: Your kernel does not support swap limit capabilities or the cgroup is not mounted. Memory limited without swap.
[INFO] running `Command { std: "docker" "start" "-a" "1c73c7135467ef00fcaf9b81f414ce5b0f39bfdb4e81eb4e9be682955a60e964", kill_on_drop: false }`
[INFO] running `Command { std: "docker" "inspect" "1c73c7135467ef00fcaf9b81f414ce5b0f39bfdb4e81eb4e9be682955a60e964", kill_on_drop: false }`
[INFO] running `Command { std: "docker" "rm" "-f" "1c73c7135467ef00fcaf9b81f414ce5b0f39bfdb4e81eb4e9be682955a60e964", kill_on_drop: false }`
[INFO] [stdout] 1c73c7135467ef00fcaf9b81f414ce5b0f39bfdb4e81eb4e9be682955a60e964
[INFO] running `Command { std: "docker" "create" "-v" "/var/lib/crater-agent-workspace/builds/worker-2/target:/opt/rustwide/target:rw,Z" "-v" "/var/lib/crater-agent-workspace/builds/worker-2/source:/opt/rustwide/workdir:ro,Z" "-v" "/var/lib/crater-agent-workspace/cargo-home:/opt/rustwide/cargo-home:ro,Z" "-v" "/var/lib/crater-agent-workspace/rustup-home:/opt/rustwide/rustup-home:ro,Z" "-e" "SOURCE_DIR=/opt/rustwide/workdir" "-e" "CARGO_TARGET_DIR=/opt/rustwide/target" "-e" "CARGO_INCREMENTAL=0" "-e" "RUST_BACKTRACE=full" "-e" "RUSTDOCFLAGS=--cap-lints=warn" "-e" "CARGO_HOME=/opt/rustwide/cargo-home" "-e" "RUSTUP_HOME=/opt/rustwide/rustup-home" "-w" "/opt/rustwide/workdir" "-m" "1610612736" "--user" "0:0" "--network" "none" "ghcr.io/rust-lang/crates-build-env/linux@sha256:34b6a614d2c27851fe6cbf88fbd1137609cefab8b10d0615aaeb6fd47975d74e" "/opt/rustwide/cargo-home/bin/cargo" "+1.54.0" "doc" "--frozen" "--no-deps" "--document-private-items" "--message-format=json", kill_on_drop: false }`
[INFO] [stdout] 24a3663c372c31844a5b2c55f7e97db6cec54bd8cf62bdc07ec42ee88d71e788
[INFO] [stderr] WARNING: Your kernel does not support swap limit capabilities or the cgroup is not mounted. Memory limited without swap.
[INFO] running `Command { std: "docker" "start" "-a" "24a3663c372c31844a5b2c55f7e97db6cec54bd8cf62bdc07ec42ee88d71e788", kill_on_drop: false }`
[INFO] [stderr]    Compiling syn v1.0.48
[INFO] [stderr]     Checking futures-io v0.3.7
[INFO] [stderr]     Checking regex-syntax v0.6.20
[INFO] [stderr]     Checking futures-task v0.3.7
[INFO] [stderr]     Checking headers-core v0.2.0
[INFO] [stderr]     Checking idna v0.1.5
[INFO] [stderr]     Checking parking_lot_core v0.8.0
[INFO] [stderr]     Checking terminal_size v0.1.13
[INFO] [stderr]     Checking serde_json v1.0.59
[INFO] [stderr]     Checking serde_urlencoded v0.6.1
[INFO] [stderr]     Checking tungstenite v0.11.1
[INFO] [stderr]     Checking chrono v0.4.19
[INFO] [stderr]     Checking multipart v0.17.0
[INFO] [stderr]     Checking headers v0.3.2
[INFO] [stderr]     Checking parking_lot v0.11.0
[INFO] [stderr]     Checking scheduled-thread-pool v0.2.5
[INFO] [stderr]     Checking url v1.7.2
[INFO] [stderr]     Checking r2d2 v0.8.9
[INFO] [stderr]     Checking regex v1.4.1
[INFO] [stderr]     Checking console v0.13.0
[INFO] [stderr]    Compiling pin-project-internal v1.0.1
[INFO] [stderr]    Compiling tokio-macros v0.2.5
[INFO] [stderr]    Compiling pin-project-internal v0.4.27
[INFO] [stderr]    Compiling diesel_derives v1.4.1
[INFO] [stderr]    Compiling serde_derive v1.0.117
[INFO] [stderr]     Checking tokio v0.2.22
[INFO] [stderr]     Checking pin-project v0.4.27
[INFO] [stderr]     Checking pin-project v1.0.1
[INFO] [stderr]     Checking tracing-futures v0.2.4
[INFO] [stderr]     Checking futures-util v0.3.7
[INFO] [stderr]     Checking tokio-util v0.3.1
[INFO] [stderr]     Checking diesel v1.4.5
[INFO] [stderr]     Checking h2 v0.2.7
[INFO] [stderr]     Checking futures v0.3.7
[INFO] [stderr]     Checking tokio-tungstenite v0.11.0
[INFO] [stderr]     Checking hyper v0.13.8
[INFO] [stderr]     Checking warp v0.2.5
[INFO] [stderr]  Documenting soldout v0.1.0 (/opt/rustwide/workdir)
[INFO] [stdout] error: this file contains an unclosed delimiter
[INFO] [stdout]   --> src/repositories/user.rs:50:3
[INFO] [stdout]    |
[INFO] [stdout] 16 | impl User {
[INFO] [stdout]    |           - unclosed delimiter
[INFO] [stdout] ...
[INFO] [stdout] 28 |     pub fn find(record: i32) -> Self {
[INFO] [stdout]    |                                      - this delimiter might not be properly closed...
[INFO] [stdout] ...
[INFO] [stdout] 50 | }
[INFO] [stdout]    | - ^
[INFO] [stdout]    | |
[INFO] [stdout]    | ...as it matches this but it has different indentation
[INFO] [stdout] 
[INFO] [stdout] 
[INFO] [stdout] error: expected one of `.`, `;`, `?`, `}`, or an operator, found keyword `pub`
[INFO] [stdout]   --> src/repositories/user.rs:35:5
[INFO] [stdout]    |
[INFO] [stdout] 16 | impl User {
[INFO] [stdout]    |           - unclosed delimiter
[INFO] [stdout] ...
[INFO] [stdout] 32 |             .first::<Self>(&connection)
[INFO] [stdout]    |                                        -
[INFO] [stdout]    |                                        |
[INFO] [stdout]    |                                        expected one of `.`, `;`, `?`, `}`, or an operator
[INFO] [stdout]    |                                        help: `}` may belong here
[INFO] [stdout] ...
[INFO] [stdout] 35 |     pub fn find(user_id: &u64, &connection: &MysqlConnection) {
[INFO] [stdout]    |     ^^^ unexpected token
[INFO] [stdout] 
[INFO] [stdout] 
[INFO] [stdout] error[E0433]: failed to resolve: use of undeclared crate or module `schema`
[INFO] [stdout]   --> src/repositories/user.rs:18:13
[INFO] [stdout]    |
[INFO] [stdout] 18 |         use schema::tickets::dsl::*;
[INFO] [stdout]    |             ^^^^^^ use of undeclared crate or module `schema`
[INFO] [stdout] 
[INFO] [stdout] 
[INFO] [stdout] error[E0603]: struct import `NewUser` is private
[INFO] [stdout]   --> src/handlers/user_handler.rs:5:26
[INFO] [stdout]    |
[INFO] [stdout] 5  |     repositories::user::{NewUser, User},
[INFO] [stdout]    |                          ^^^^^^^ private struct import
[INFO] [stdout]    |
[INFO] [stdout] note: the struct import `NewUser` is defined here...
[INFO] [stdout]   --> src/repositories/user.rs:4:27
[INFO] [stdout]    |
[INFO] [stdout] 4  | use crate::models::user::{NewUser, User};
[INFO] [stdout]    |                           ^^^^^^^
[INFO] [stdout] note: ...and refers to the struct `NewUser` which is defined here
[INFO] [stdout]   --> src/models/user.rs:17:1
[INFO] [stdout]    |
[INFO] [stdout] 17 | pub struct NewUser {
[INFO] [stdout]    | ^^^^^^^^^^^^^^^^^^ consider importing it directly
[INFO] [stdout] 
[INFO] [stdout] 
[INFO] [stdout] error[E0603]: struct import `User` is private
[INFO] [stdout]  --> src/handlers/user_handler.rs:5:35
[INFO] [stdout]   |
[INFO] [stdout] 5 |     repositories::user::{NewUser, User},
[INFO] [stdout]   |                                   ^^^^ private struct import
[INFO] [stdout]   |
[INFO] [stdout] note: the struct import `User` is defined here...
[INFO] [stdout]  --> src/repositories/user.rs:4:36
[INFO] [stdout]   |
[INFO] [stdout] 4 | use crate::models::user::{NewUser, User};
[INFO] [stdout]   |                                    ^^^^
[INFO] [stdout] note: ...and refers to the struct `User` which is defined here
[INFO] [stdout]  --> src/models/user.rs:7:1
[INFO] [stdout]   |
[INFO] [stdout] 7 | pub struct User {
[INFO] [stdout]   | ^^^^^^^^^^^^^^^ consider importing it directly
[INFO] [stdout] 
[INFO] [stdout] 
[INFO] [stdout] error: Compilation failed, aborting rustdoc
[INFO] [stdout] 
[INFO] [stdout] 
[INFO] [stdout] error: aborting due to 6 previous errors
[INFO] [stdout] 
[INFO] [stdout] 
[INFO] [stdout] Some errors have detailed explanations: E0433, E0603.
[INFO] [stdout] 
[INFO] [stdout] For more information about an error, try `rustc --explain E0433`.
[INFO] [stdout] 
[INFO] [stderr] error: could not document `soldout`
[INFO] [stderr] 
[INFO] [stderr] Caused by:
[INFO] [stderr]   process didn't exit successfully: `rustdoc --edition=2018 --crate-type bin --crate-name soldout src/main.rs -o /opt/rustwide/target/doc --error-format=json --json=diagnostic-rendered-ansi --document-private-items -L dependency=/opt/rustwide/target/debug/deps --extern chrono=/opt/rustwide/target/debug/deps/libchrono-24f30fcf4dae7f6f.rmeta --extern console=/opt/rustwide/target/debug/deps/libconsole-2a012645c3a92bff.rmeta --extern diesel=/opt/rustwide/target/debug/deps/libdiesel-b2193e6023415fad.rmeta --extern dotenv=/opt/rustwide/target/debug/deps/libdotenv-fac2af56d99fafd7.rmeta --extern lazy_static=/opt/rustwide/target/debug/deps/liblazy_static-acd7d23482fe8b54.rmeta --extern r2d2=/opt/rustwide/target/debug/deps/libr2d2-6e6c98b9de962ddd.rmeta --extern serde=/opt/rustwide/target/debug/deps/libserde-f1f2eec25053d02b.rmeta --extern serde_derive=/opt/rustwide/target/debug/deps/libserde_derive-77e76ee0f46a1f93.so --extern serde_json=/opt/rustwide/target/debug/deps/libserde_json-698a4d6fe62a57a0.rmeta --extern tokio=/opt/rustwide/target/debug/deps/libtokio-8cce7e0e9fe95a36.rmeta --extern warp=/opt/rustwide/target/debug/deps/libwarp-bb61162a41ccd713.rmeta --cap-lints=warn --crate-version 0.1.0` (exit status: 1)
[INFO] running `Command { std: "docker" "inspect" "24a3663c372c31844a5b2c55f7e97db6cec54bd8cf62bdc07ec42ee88d71e788", kill_on_drop: false }`
[INFO] running `Command { std: "docker" "rm" "-f" "24a3663c372c31844a5b2c55f7e97db6cec54bd8cf62bdc07ec42ee88d71e788", kill_on_drop: false }`
[INFO] [stdout] 24a3663c372c31844a5b2c55f7e97db6cec54bd8cf62bdc07ec42ee88d71e788
