[INFO] cloning repository https://github.com/dickytamara/pjproject-rs
[INFO] running `Command { std: "git" "-c" "credential.helper=" "-c" "credential.helper=/workspace/cargo-home/bin/git-credential-null" "clone" "--bare" "https://github.com/dickytamara/pjproject-rs" "/workspace/cache/git-repos/https%3A%2F%2Fgithub.com%2Fdickytamara%2Fpjproject-rs", kill_on_drop: false }`
[INFO] [stderr] Cloning into bare repository '/workspace/cache/git-repos/https%3A%2F%2Fgithub.com%2Fdickytamara%2Fpjproject-rs'...
[INFO] running `Command { std: "git" "rev-parse" "HEAD", kill_on_drop: false }`
[INFO] [stdout] 4cea8f0d9110ee85a57bf6fd4b5c502ab0f46531
[INFO] documenting dickytamara/pjproject-rs against beta-2021-08-01 for beta-1.55-rustdoc-1
[INFO] running `Command { std: "git" "clone" "/workspace/cache/git-repos/https%3A%2F%2Fgithub.com%2Fdickytamara%2Fpjproject-rs" "/workspace/builds/worker-5/source", kill_on_drop: false }`
[INFO] [stderr] Cloning into '/workspace/builds/worker-5/source'...
[INFO] [stderr] done.
[INFO] validating manifest of git repo https://github.com/dickytamara/pjproject-rs on toolchain beta-2021-08-01
[INFO] running `Command { std: "/workspace/cargo-home/bin/cargo" "+beta-2021-08-01" "metadata" "--manifest-path" "Cargo.toml" "--no-deps", kill_on_drop: false }`
[INFO] started tweaking git repo https://github.com/dickytamara/pjproject-rs
[INFO] finished tweaking git repo https://github.com/dickytamara/pjproject-rs
[INFO] tweaked toml for git repo https://github.com/dickytamara/pjproject-rs written to /workspace/builds/worker-5/source/Cargo.toml
[INFO] crate git repo https://github.com/dickytamara/pjproject-rs already has a lockfile, it will not be regenerated
[INFO] running `Command { std: "/workspace/cargo-home/bin/cargo" "+beta-2021-08-01" "fetch" "--manifest-path" "Cargo.toml", kill_on_drop: false }`
[INFO] running `Command { std: "docker" "create" "-v" "/var/lib/crater-agent-workspace/builds/worker-5/target:/opt/rustwide/target:rw,Z" "-v" "/var/lib/crater-agent-workspace/builds/worker-5/source:/opt/rustwide/workdir:ro,Z" "-v" "/var/lib/crater-agent-workspace/cargo-home:/opt/rustwide/cargo-home:ro,Z" "-v" "/var/lib/crater-agent-workspace/rustup-home:/opt/rustwide/rustup-home:ro,Z" "-e" "SOURCE_DIR=/opt/rustwide/workdir" "-e" "CARGO_TARGET_DIR=/opt/rustwide/target" "-e" "CARGO_HOME=/opt/rustwide/cargo-home" "-e" "RUSTUP_HOME=/opt/rustwide/rustup-home" "-w" "/opt/rustwide/workdir" "-m" "1610612736" "--user" "0:0" "--network" "none" "ghcr.io/rust-lang/crates-build-env/linux@sha256:34b6a614d2c27851fe6cbf88fbd1137609cefab8b10d0615aaeb6fd47975d74e" "/opt/rustwide/cargo-home/bin/cargo" "+beta-2021-08-01" "metadata" "--no-deps" "--format-version=1", kill_on_drop: false }`
[INFO] [stdout] 8a846e6bd2d70b99132422081d78fe605c6421cdf313ae09e756eb06ed51751f
[INFO] [stderr] WARNING: Your kernel does not support swap limit capabilities or the cgroup is not mounted. Memory limited without swap.
[INFO] running `Command { std: "docker" "start" "-a" "8a846e6bd2d70b99132422081d78fe605c6421cdf313ae09e756eb06ed51751f", kill_on_drop: false }`
[INFO] running `Command { std: "docker" "inspect" "8a846e6bd2d70b99132422081d78fe605c6421cdf313ae09e756eb06ed51751f", kill_on_drop: false }`
[INFO] running `Command { std: "docker" "rm" "-f" "8a846e6bd2d70b99132422081d78fe605c6421cdf313ae09e756eb06ed51751f", kill_on_drop: false }`
[INFO] [stdout] 8a846e6bd2d70b99132422081d78fe605c6421cdf313ae09e756eb06ed51751f
[INFO] running `Command { std: "docker" "create" "-v" "/var/lib/crater-agent-workspace/builds/worker-5/target:/opt/rustwide/target:rw,Z" "-v" "/var/lib/crater-agent-workspace/builds/worker-5/source:/opt/rustwide/workdir:ro,Z" "-v" "/var/lib/crater-agent-workspace/cargo-home:/opt/rustwide/cargo-home:ro,Z" "-v" "/var/lib/crater-agent-workspace/rustup-home:/opt/rustwide/rustup-home:ro,Z" "-e" "SOURCE_DIR=/opt/rustwide/workdir" "-e" "CARGO_TARGET_DIR=/opt/rustwide/target" "-e" "CARGO_INCREMENTAL=0" "-e" "RUST_BACKTRACE=full" "-e" "RUSTDOCFLAGS=--cap-lints=warn" "-e" "CARGO_HOME=/opt/rustwide/cargo-home" "-e" "RUSTUP_HOME=/opt/rustwide/rustup-home" "-w" "/opt/rustwide/workdir" "-m" "1610612736" "--user" "0:0" "--network" "none" "ghcr.io/rust-lang/crates-build-env/linux@sha256:34b6a614d2c27851fe6cbf88fbd1137609cefab8b10d0615aaeb6fd47975d74e" "/opt/rustwide/cargo-home/bin/cargo" "+beta-2021-08-01" "doc" "--frozen" "--no-deps" "--document-private-items" "--message-format=json", kill_on_drop: false }`
[INFO] [stderr] WARNING: Your kernel does not support swap limit capabilities or the cgroup is not mounted. Memory limited without swap.
[INFO] [stdout] 823bbe50150a06e5485950163c292a1d27f022960f57b9fa0475fd5ae085c4a4
[INFO] running `Command { std: "docker" "start" "-a" "823bbe50150a06e5485950163c292a1d27f022960f57b9fa0475fd5ae085c4a4", kill_on_drop: false }`
[INFO] [stderr]    Compiling pj-sys v0.1.0 (/opt/rustwide/workdir/pj-sys)
[INFO] [stderr]    Compiling pjlib-util-sys v0.1.0 (/opt/rustwide/workdir/pjlib-util-sys)
[INFO] [stderr]    Compiling pjnath-sys v0.1.0 (/opt/rustwide/workdir/pjnath-sys)
[INFO] [stderr]    Compiling pjmedia-sys v0.1.0 (/opt/rustwide/workdir/pjmedia-sys)
[INFO] [stderr]    Compiling pjsip-sys v0.1.0 (/opt/rustwide/workdir/pjsip-sys)
[INFO] [stderr]    Compiling syn v1.0.71
[INFO] [stderr]    Compiling pjsip-simple-sys v0.1.0 (/opt/rustwide/workdir/pjsip-simple-sys)
[INFO] [stderr]    Compiling pjsip-ua-sys v0.1.0 (/opt/rustwide/workdir/pjsip-ua-sys)
[INFO] [stderr]    Compiling pjmedia-codec-sys v0.1.0 (/opt/rustwide/workdir/pjmedia-codec-sys)
[INFO] [stderr]    Compiling pjmedia-audiodev-sys v0.1.0 (/opt/rustwide/workdir/pjmedia-audiodev-sys)
[INFO] [stderr]    Compiling pjsua-sys v0.1.0 (/opt/rustwide/workdir/pjsua-sys)
[INFO] [stderr]    Compiling pjmedia-videodev-sys v0.1.0 (/opt/rustwide/workdir/pjmedia-videodev-sys)
[INFO] [stderr]    Compiling serde v1.0.125
[INFO] [stderr]    Compiling toml v0.5.8
[INFO] [stderr]    Compiling derivative v2.2.0
[INFO] [stderr]    Compiling proc-macro-crate v0.1.5
[INFO] [stderr]    Compiling num_enum_derive v0.5.1
[INFO] [stderr]     Checking num_enum v0.5.1
[INFO] [stderr]  Documenting pjproject-rs v0.1.0 (/opt/rustwide/workdir)
[INFO] [stdout] error[E0432]: unresolved import `super::PJPool`
[INFO] [stdout]  --> src/pj/atomic.rs:6:5
[INFO] [stdout]   |
[INFO] [stdout] 6 | use super::PJPool;
[INFO] [stdout]   |     ^^^^^^^------
[INFO] [stdout]   |     |      |
[INFO] [stdout]   |     |      help: a similar name exists in the module: `PJPoolT`
[INFO] [stdout]   |     no `PJPool` in `pj`
[INFO] [stdout] 
[INFO] [stdout] 
[INFO] [stdout] error[E0432]: unresolved import `super::PJPool`
[INFO] [stdout]  --> src/pj/mutex.rs:6:5
[INFO] [stdout]   |
[INFO] [stdout] 6 | use super::PJPool;
[INFO] [stdout]   |     ^^^^^^^------
[INFO] [stdout]   |     |      |
[INFO] [stdout]   |     |      help: a similar name exists in the module: `PJPoolT`
[INFO] [stdout]   |     no `PJPool` in `pj`
[INFO] [stdout] 
[INFO] [stdout] 
[INFO] [stdout] error[E0432]: unresolved import `super::PJPool`
[INFO] [stdout]  --> src/pj/ioqueue.rs:9:5
[INFO] [stdout]   |
[INFO] [stdout] 9 | use super::PJPool;
[INFO] [stdout]   |     ^^^^^^^------
[INFO] [stdout]   |     |      |
[INFO] [stdout]   |     |      help: a similar name exists in the module: `PJPoolT`
[INFO] [stdout]   |     no `PJPool` in `pj`
[INFO] [stdout] 
[INFO] [stdout] 
[INFO] [stdout] error[E0432]: unresolved import `super::PJPool`
[INFO] [stdout]  --> src/pj/event.rs:8:5
[INFO] [stdout]   |
[INFO] [stdout] 8 | use super::PJPool;
[INFO] [stdout]   |     ^^^^^^^------
[INFO] [stdout]   |     |      |
[INFO] [stdout]   |     |      help: a similar name exists in the module: `PJPoolT`
[INFO] [stdout]   |     no `PJPool` in `pj`
[INFO] [stdout] 
[INFO] [stdout] 
[INFO] [stdout] error[E0432]: unresolved import `super::PJPool`
[INFO] [stdout]  --> src/pj/grp.rs:9:5
[INFO] [stdout]   |
[INFO] [stdout] 9 | use super::PJPool;
[INFO] [stdout]   |     ^^^^^^^------
[INFO] [stdout]   |     |      |
[INFO] [stdout]   |     |      help: a similar name exists in the module: `PJPoolT`
[INFO] [stdout]   |     no `PJPool` in `pj`
[INFO] [stdout] 
[INFO] [stdout] 
[INFO] [stdout] error[E0432]: unresolved import `crate::pj::PJPool`
[INFO] [stdout]  --> src/pjsip/endpoint.rs:8:13
[INFO] [stdout]   |
[INFO] [stdout] 8 | use crate::{pj::PJPool, utils::{boolean_to_pjbool, check_boolean, check_status}};
[INFO] [stdout]   |             ^^^^------
[INFO] [stdout]   |             |   |
[INFO] [stdout]   |             |   help: a similar name exists in the module: `PJPoolT`
[INFO] [stdout]   |             no `PJPool` in `pj`
[INFO] [stdout] 
[INFO] [stdout] 
[INFO] [stdout] error[E0432]: unresolved import `crate::pj::PJPool`
[INFO] [stdout]  --> src/pjsip/transport.rs:4:5
[INFO] [stdout]   |
[INFO] [stdout] 4 | use crate::pj::PJPool;
[INFO] [stdout]   |     ^^^^^^^^^^^------
[INFO] [stdout]   |     |          |
[INFO] [stdout]   |     |          help: a similar name exists in the module: `PJPoolT`
[INFO] [stdout]   |     no `PJPool` in `pj`
[INFO] [stdout] 
[INFO] [stdout] 
[INFO] [stdout] error[E0432]: unresolved import `crate::pj::PJPool`
[INFO] [stdout]  --> src/pjsua.rs:9:5
[INFO] [stdout]   |
[INFO] [stdout] 9 | use crate::pj::PJPool;
[INFO] [stdout]   |     ^^^^^^^^^^^------
[INFO] [stdout]   |     |          |
[INFO] [stdout]   |     |          help: a similar name exists in the module: `PJPoolT`
[INFO] [stdout]   |     no `PJPool` in `pj`
[INFO] [stdout] 
[INFO] [stdout] 
[INFO] [stdout] error[E0412]: cannot find type `PJPool` in this scope
[INFO] [stdout]   --> src/pj/ssl.rs:57:26
[INFO] [stdout]    |
[INFO] [stdout] 57 |     pub fn create(pool: &PJPool, param: &mut pj_ssl_sock_param) -> Result<PJSslSock, i32> {
[INFO] [stdout]    |                          ^^^^^^ help: a struct with a similar name exists: `PJPoolT`
[INFO] [stdout]    | 
[INFO] [stdout]   ::: src/pj/pool.rs:8:1
[INFO] [stdout]    |
[INFO] [stdout] 8  | pub struct PJPoolT { pub ctx: Box<*mut pj_pool_t>, }
[INFO] [stdout]    | ------------------ similarly named struct `PJPoolT` defined here
[INFO] [stdout] 
[INFO] [stdout] 
[INFO] [stdout] error[E0412]: cannot find type `PJPool` in this scope
[INFO] [stdout]   --> src/pj/ssl.rs:70:42
[INFO] [stdout]    |
[INFO] [stdout] 70 |     pub fn set_certificate(&self, pool: &PJPool, cert: &mut Box<*mut pj_ssl_cert_t>) -> Result<(), i32> {
[INFO] [stdout]    |                                          ^^^^^^ help: a struct with a similar name exists: `PJPoolT`
[INFO] [stdout]    | 
[INFO] [stdout]   ::: src/pj/pool.rs:8:1
[INFO] [stdout]    |
[INFO] [stdout] 8  | pub struct PJPoolT { pub ctx: Box<*mut pj_pool_t>, }
[INFO] [stdout]    | ------------------ similarly named struct `PJPoolT` defined here
[INFO] [stdout] 
[INFO] [stdout] 
[INFO] [stdout] error[E0412]: cannot find type `PJPool` in this scope
[INFO] [stdout]   --> src/pj/ssl.rs:95:37
[INFO] [stdout]    |
[INFO] [stdout] 95 |     pub fn start_read(&self, pool: &PJPool, buff_size: u32, flags: u32) -> Result<(), i32> {
[INFO] [stdout]    |                                     ^^^^^^ help: a struct with a similar name exists: `PJPoolT`
[INFO] [stdout]    | 
[INFO] [stdout]   ::: src/pj/pool.rs:8:1
[INFO] [stdout]    |
[INFO] [stdout] 8  | pub struct PJPoolT { pub ctx: Box<*mut pj_pool_t>, }
[INFO] [stdout]    | ------------------ similarly named struct `PJPoolT` defined here
[INFO] [stdout] 
[INFO] [stdout] 
[INFO] [stdout] error[E0412]: cannot find type `PJPool` in this scope
[INFO] [stdout]    --> src/pj/ssl.rs:102:41
[INFO] [stdout]     |
[INFO] [stdout] 102 |     pub fn start_recvfrom(&self, pool: &PJPool, buff_size: u32, flags: u32) -> Result<(), i32> {
[INFO] [stdout]     |                                         ^^^^^^ help: a struct with a similar name exists: `PJPoolT`
[INFO] [stdout]     | 
[INFO] [stdout]    ::: src/pj/pool.rs:8:1
[INFO] [stdout]     |
[INFO] [stdout] 8   | pub struct PJPoolT { pub ctx: Box<*mut pj_pool_t>, }
[INFO] [stdout]     | ------------------ similarly named struct `PJPoolT` defined here
[INFO] [stdout] 
[INFO] [stdout] 
[INFO] [stdout] error[E0412]: cannot find type `PJPool` in this scope
[INFO] [stdout]    --> src/pj/ssl.rs:145:39
[INFO] [stdout]     |
[INFO] [stdout] 145 |     pub fn start_accept(&self, pool: &PJPool, local_addr: &mut Box<*mut pj_sockaddr_t>, addr_len: i32) -> Result<(), i32> {
[INFO] [stdout]     |                                       ^^^^^^ help: a struct with a similar name exists: `PJPoolT`
[INFO] [stdout]     | 
[INFO] [stdout]    ::: src/pj/pool.rs:8:1
[INFO] [stdout]     |
[INFO] [stdout] 8   | pub struct PJPoolT { pub ctx: Box<*mut pj_pool_t>, }
[INFO] [stdout]     | ------------------ similarly named struct `PJPoolT` defined here
[INFO] [stdout] 
[INFO] [stdout] 
[INFO] [stdout] error[E0412]: cannot find type `PJPool` in this scope
[INFO] [stdout]    --> src/pj/ssl.rs:150:40
[INFO] [stdout]     |
[INFO] [stdout] 150 |     pub fn start_accept2(&self, pool: &PJPool, local_addr: &mut Box<*mut pj_sockaddr_t>, addr_len: i32, newsock_param: &mut Box<*const pj...
[INFO] [stdout]     |                                        ^^^^^^ help: a struct with a similar name exists: `PJPoolT`
[INFO] [stdout]     | 
[INFO] [stdout]    ::: src/pj/pool.rs:8:1
[INFO] [stdout]     |
[INFO] [stdout] 8   | pub struct PJPoolT { pub ctx: Box<*mut pj_pool_t>, }
[INFO] [stdout]     | ------------------ similarly named struct `PJPoolT` defined here
[INFO] [stdout] 
[INFO] [stdout] 
[INFO] [stdout] error[E0412]: cannot find type `PJPool` in this scope
[INFO] [stdout]    --> src/pj/ssl.rs:155:40
[INFO] [stdout]     |
[INFO] [stdout] 155 |     pub fn start_connect(&self, pool: &PJPool, localaddr: &mut Box<*mut pj_sockaddr_t>, remaddr: &mut Box<*mut pj_sockaddr_t>, addr_len: ...
[INFO] [stdout]     |                                        ^^^^^^ help: a struct with a similar name exists: `PJPoolT`
[INFO] [stdout]     | 
[INFO] [stdout]    ::: src/pj/pool.rs:8:1
[INFO] [stdout]     |
[INFO] [stdout] 8   | pub struct PJPoolT { pub ctx: Box<*mut pj_pool_t>, }
[INFO] [stdout]     | ------------------ similarly named struct `PJPoolT` defined here
[INFO] [stdout] 
[INFO] [stdout] 
[INFO] [stdout] error[E0412]: cannot find type `PJIoQueue` in this scope
[INFO] [stdout]   --> src/pjmedia/endpt.rs:22:55
[INFO] [stdout]    |
[INFO] [stdout] 22 |     pub fn create2(pf: &mut PJPoolFactory, ioqueue: &mut PJIoQueue, worker_cnt: u32) -> Result<Self, i32> {
[INFO] [stdout]    |                                                          ^^^^^^^^^ help: a struct with a similar name exists: `PJIoQueueT`
[INFO] [stdout]    | 
[INFO] [stdout]   ::: src/pj/ioqueue.rs:11:1
[INFO] [stdout]    |
[INFO] [stdout] 11 | pub struct PJIoQueueT { pub ctx: Box<*mut pj_ioqueue_t>}
[INFO] [stdout]    | --------------------- similarly named struct `PJIoQueueT` defined here
[INFO] [stdout] 
[INFO] [stdout] 
[INFO] [stdout] error[E0412]: cannot find type `PJIoQueue` in this scope
[INFO] [stdout]   --> src/pjmedia/endpt.rs:41:54
[INFO] [stdout]    |
[INFO] [stdout] 41 |     pub fn create(pf: &mut PJPoolFactory, ioqueue: &mut PJIoQueue, worker_cnt: u32) -> Result<Self, i32> {
[INFO] [stdout]    |                                                         ^^^^^^^^^ help: a struct with a similar name exists: `PJIoQueueT`
[INFO] [stdout]    | 
[INFO] [stdout]   ::: src/pj/ioqueue.rs:11:1
[INFO] [stdout]    |
[INFO] [stdout] 11 | pub struct PJIoQueueT { pub ctx: Box<*mut pj_ioqueue_t>}
[INFO] [stdout]    | --------------------- similarly named struct `PJIoQueueT` defined here
[INFO] [stdout] 
[INFO] [stdout] 
[INFO] [stdout] error[E0412]: cannot find type `PJIoQueue` in this scope
[INFO] [stdout]   --> src/pjmedia/endpt.rs:84:35
[INFO] [stdout]    |
[INFO] [stdout] 84 |     pub fn get_ioqueue(&mut self) -> PJIoQueue {
[INFO] [stdout]    |                                      ^^^^^^^^^ help: a struct with a similar name exists: `PJIoQueueT`
[INFO] [stdout]    | 
[INFO] [stdout]   ::: src/pj/ioqueue.rs:11:1
[INFO] [stdout]    |
[INFO] [stdout] 11 | pub struct PJIoQueueT { pub ctx: Box<*mut pj_ioqueue_t>}
[INFO] [stdout]    | --------------------- similarly named struct `PJIoQueueT` defined here
[INFO] [stdout] 
[INFO] [stdout] 
[INFO] [stdout] error[E0412]: cannot find type `PJPool` in this scope
[INFO] [stdout]    --> src/pjmedia/endpt.rs:110:79
[INFO] [stdout]     |
[INFO] [stdout] 110 |     pub fn create_pool(&mut self, name: String, initial: u64, increment: u64) -> PJPool {
[INFO] [stdout]     |                                                                                  ^^^^^^ help: a struct with a similar name exists: `PJPoolT`
[INFO] [stdout]     | 
[INFO] [stdout]    ::: src/pj/pool.rs:8:1
[INFO] [stdout]     |
[INFO] [stdout] 8   | pub struct PJPoolT { pub ctx: Box<*mut pj_pool_t>, }
[INFO] [stdout]     | ------------------ similarly named struct `PJPoolT` defined here
[INFO] [stdout] 
[INFO] [stdout] 
[INFO] [stdout] error: Compilation failed, aborting rustdoc
[INFO] [stdout] 
[INFO] [stdout] 
[INFO] [stdout] error: aborting due to 20 previous errors
[INFO] [stdout] 
[INFO] [stdout] 
[INFO] [stdout] Some errors have detailed explanations: E0412, E0432.
[INFO] [stdout] 
[INFO] [stdout] For more information about an error, try `rustc --explain E0412`.
[INFO] [stdout] 
[INFO] [stderr] error: could not document `pjproject-rs`
[INFO] [stderr] 
[INFO] [stderr] Caused by:
[INFO] [stderr]   process didn't exit successfully: `rustdoc --edition=2018 --crate-type lib --crate-name pjproject_rs src/lib.rs -o /opt/rustwide/target/doc --error-format=json --json=diagnostic-rendered-ansi --document-private-items -L dependency=/opt/rustwide/target/debug/deps --extern num_enum=/opt/rustwide/target/debug/deps/libnum_enum-7f96e2f2bacfe2ef.rmeta --extern pj_sys=/opt/rustwide/target/debug/deps/libpj_sys-4dec7267b232516f.rmeta --extern pjlib_util_sys=/opt/rustwide/target/debug/deps/libpjlib_util_sys-a411022e45f5abe5.rmeta --extern pjmedia_audiodev_sys=/opt/rustwide/target/debug/deps/libpjmedia_audiodev_sys-25da129949818b20.rmeta --extern pjmedia_codec_sys=/opt/rustwide/target/debug/deps/libpjmedia_codec_sys-29bc42c74c19c8d9.rmeta --extern pjmedia_sys=/opt/rustwide/target/debug/deps/libpjmedia_sys-af78a6a3cf3b2101.rmeta --extern pjmedia_videodev_sys=/opt/rustwide/target/debug/deps/libpjmedia_videodev_sys-354c5e1b24d336f2.rmeta --extern pjnath_sys=/opt/rustwide/target/debug/deps/libpjnath_sys-e768971d0ce58f0d.rmeta --extern pjsip_simple_sys=/opt/rustwide/target/debug/deps/libpjsip_simple_sys-e75c0931d566ca5a.rmeta --extern pjsip_sys=/opt/rustwide/target/debug/deps/libpjsip_sys-790aade40ba0ee21.rmeta --extern pjsip_ua_sys=/opt/rustwide/target/debug/deps/libpjsip_ua_sys-bf57471b2d17a226.rmeta --extern pjsua_sys=/opt/rustwide/target/debug/deps/libpjsua_sys-645489edab31514a.rmeta --cap-lints=warn --crate-version 0.1.0` (exit status: 1)
[INFO] running `Command { std: "docker" "inspect" "823bbe50150a06e5485950163c292a1d27f022960f57b9fa0475fd5ae085c4a4", kill_on_drop: false }`
[INFO] running `Command { std: "docker" "rm" "-f" "823bbe50150a06e5485950163c292a1d27f022960f57b9fa0475fd5ae085c4a4", kill_on_drop: false }`
[INFO] [stdout] 823bbe50150a06e5485950163c292a1d27f022960f57b9fa0475fd5ae085c4a4
