[INFO] cloning repository https://github.com/dflemstr/marble
[INFO] running `Command { std: "git" "-c" "credential.helper=" "-c" "credential.helper=/workspace/cargo-home/bin/git-credential-null" "clone" "--bare" "https://github.com/dflemstr/marble" "/workspace/cache/git-repos/https%3A%2F%2Fgithub.com%2Fdflemstr%2Fmarble", kill_on_drop: false }`
[INFO] [stderr] Cloning into bare repository '/workspace/cache/git-repos/https%3A%2F%2Fgithub.com%2Fdflemstr%2Fmarble'...
[INFO] running `Command { std: "git" "rev-parse" "HEAD", kill_on_drop: false }`
[INFO] [stdout] 772f08cb64d2b4b4c9b5c3ff2a31fef56b6e1590
[INFO] documenting dflemstr/marble against 1.54.0 for beta-1.55-rustdoc-1
[INFO] running `Command { std: "git" "clone" "/workspace/cache/git-repos/https%3A%2F%2Fgithub.com%2Fdflemstr%2Fmarble" "/workspace/builds/worker-5/source", kill_on_drop: false }`
[INFO] [stderr] Cloning into '/workspace/builds/worker-5/source'...
[INFO] [stderr] done.
[INFO] validating manifest of git repo https://github.com/dflemstr/marble on toolchain 1.54.0
[INFO] running `Command { std: "/workspace/cargo-home/bin/cargo" "+1.54.0" "metadata" "--manifest-path" "Cargo.toml" "--no-deps", kill_on_drop: false }`
[INFO] started tweaking git repo https://github.com/dflemstr/marble
[INFO] finished tweaking git repo https://github.com/dflemstr/marble
[INFO] tweaked toml for git repo https://github.com/dflemstr/marble written to /workspace/builds/worker-5/source/Cargo.toml
[INFO] crate git repo https://github.com/dflemstr/marble already has a lockfile, it will not be regenerated
[INFO] running `Command { std: "/workspace/cargo-home/bin/cargo" "+1.54.0" "fetch" "--manifest-path" "Cargo.toml", kill_on_drop: false }`
[INFO] [stderr]     Blocking waiting for file lock on package cache
[INFO] running `Command { std: "docker" "create" "-v" "/var/lib/crater-agent-workspace/builds/worker-5/target:/opt/rustwide/target:rw,Z" "-v" "/var/lib/crater-agent-workspace/builds/worker-5/source:/opt/rustwide/workdir:ro,Z" "-v" "/var/lib/crater-agent-workspace/cargo-home:/opt/rustwide/cargo-home:ro,Z" "-v" "/var/lib/crater-agent-workspace/rustup-home:/opt/rustwide/rustup-home:ro,Z" "-e" "SOURCE_DIR=/opt/rustwide/workdir" "-e" "CARGO_TARGET_DIR=/opt/rustwide/target" "-e" "CARGO_HOME=/opt/rustwide/cargo-home" "-e" "RUSTUP_HOME=/opt/rustwide/rustup-home" "-w" "/opt/rustwide/workdir" "-m" "1610612736" "--user" "0:0" "--network" "none" "ghcr.io/rust-lang/crates-build-env/linux@sha256:34b6a614d2c27851fe6cbf88fbd1137609cefab8b10d0615aaeb6fd47975d74e" "/opt/rustwide/cargo-home/bin/cargo" "+1.54.0" "metadata" "--no-deps" "--format-version=1", kill_on_drop: false }`
[INFO] [stdout] 14fc7c4f5c40566df199427804eba5ea126dc4f2eff264275f650d864170f7c0
[INFO] [stderr] WARNING: Your kernel does not support swap limit capabilities or the cgroup is not mounted. Memory limited without swap.
[INFO] running `Command { std: "docker" "start" "-a" "14fc7c4f5c40566df199427804eba5ea126dc4f2eff264275f650d864170f7c0", kill_on_drop: false }`
[INFO] running `Command { std: "docker" "inspect" "14fc7c4f5c40566df199427804eba5ea126dc4f2eff264275f650d864170f7c0", kill_on_drop: false }`
[INFO] running `Command { std: "docker" "rm" "-f" "14fc7c4f5c40566df199427804eba5ea126dc4f2eff264275f650d864170f7c0", kill_on_drop: false }`
[INFO] [stdout] 14fc7c4f5c40566df199427804eba5ea126dc4f2eff264275f650d864170f7c0
[INFO] running `Command { std: "docker" "create" "-v" "/var/lib/crater-agent-workspace/builds/worker-5/target:/opt/rustwide/target:rw,Z" "-v" "/var/lib/crater-agent-workspace/builds/worker-5/source:/opt/rustwide/workdir:ro,Z" "-v" "/var/lib/crater-agent-workspace/cargo-home:/opt/rustwide/cargo-home:ro,Z" "-v" "/var/lib/crater-agent-workspace/rustup-home:/opt/rustwide/rustup-home:ro,Z" "-e" "SOURCE_DIR=/opt/rustwide/workdir" "-e" "CARGO_TARGET_DIR=/opt/rustwide/target" "-e" "CARGO_INCREMENTAL=0" "-e" "RUST_BACKTRACE=full" "-e" "RUSTDOCFLAGS=--cap-lints=warn" "-e" "CARGO_HOME=/opt/rustwide/cargo-home" "-e" "RUSTUP_HOME=/opt/rustwide/rustup-home" "-w" "/opt/rustwide/workdir" "-m" "1610612736" "--user" "0:0" "--network" "none" "ghcr.io/rust-lang/crates-build-env/linux@sha256:34b6a614d2c27851fe6cbf88fbd1137609cefab8b10d0615aaeb6fd47975d74e" "/opt/rustwide/cargo-home/bin/cargo" "+1.54.0" "doc" "--frozen" "--no-deps" "--document-private-items" "--message-format=json", kill_on_drop: false }`
[INFO] [stderr] WARNING: Your kernel does not support swap limit capabilities or the cgroup is not mounted. Memory limited without swap.
[INFO] [stdout] 7bba7ebbc9619c0b690232cdc5f0d05124d4bf641c5ed9593b04b0e298a18315
[INFO] running `Command { std: "docker" "start" "-a" "7bba7ebbc9619c0b690232cdc5f0d05124d4bf641c5ed9593b04b0e298a18315", kill_on_drop: false }`
[INFO] [stderr]     Blocking waiting for file lock on package cache
[INFO] [stderr]     Blocking waiting for file lock on package cache
[INFO] [stderr]    Compiling phf_shared v0.7.20
[INFO] [stderr]    Compiling serde v0.8.21
[INFO] [stderr]    Compiling gcc v0.3.40
[INFO] [stderr]     Checking vk-sys v0.2.1
[INFO] [stderr]     Checking num-traits v0.1.36
[INFO] [stderr]    Compiling x11-dl v2.11.0
[INFO] [stderr]     Checking shared_library v0.1.5
[INFO] [stderr]    Compiling tempfile v2.1.4
[INFO] [stderr]     Checking fs2 v0.2.5
[INFO] [stderr]    Compiling phf_generator v0.7.20
[INFO] [stderr]    Compiling phf v0.7.20
[INFO] [stderr]     Checking memmap v0.4.0
[INFO] [stderr]    Compiling cmake v0.1.20
[INFO] [stderr]     Checking cgmath v0.12.0
[INFO] [stderr]    Compiling phf_codegen v0.7.20
[INFO] [stderr]    Compiling backtrace-sys v0.1.5
[INFO] [stderr]    Compiling glsl-to-spirv v0.1.2
[INFO] [stderr]     Checking vulkano v0.3.1
[INFO] [stderr]    Compiling target_build_utils v0.1.2
[INFO] [stderr]     Checking backtrace v0.3.0
[INFO] [stderr]     Checking error-chain v0.7.1
[INFO] [stderr]    Compiling serde_json v0.8.4
[INFO] [stdout] error[E0282]: type annotations needed
[INFO] [stdout]     --> /opt/rustwide/cargo-home/registry/src/github.com-1ecc6299db9ec823/vulkano-0.3.1/src/command_buffer/sys.rs:1167:29
[INFO] [stdout]      |
[INFO] [stdout] 1167 |         self.src_stage_mask |= source.into();
[INFO] [stdout]      |                             ^^ ------------- this method call resolves to `T`
[INFO] [stdout]      |                             |
[INFO] [stdout]      |                             cannot infer type
[INFO] [stdout] 
[INFO] [stdout] 
[INFO] [stdout] error[E0282]: type annotations needed
[INFO] [stdout]     --> /opt/rustwide/cargo-home/registry/src/github.com-1ecc6299db9ec823/vulkano-0.3.1/src/command_buffer/sys.rs:1204:29
[INFO] [stdout]      |
[INFO] [stdout] 1204 |         self.src_stage_mask |= request.source_stage.into();
[INFO] [stdout]      |                             ^^ --------------------------- this method call resolves to `T`
[INFO] [stdout]      |                             |
[INFO] [stdout]      |                             cannot infer type
[INFO] [stdout] 
[INFO] [stdout] 
[INFO] [stdout] error[E0282]: type annotations needed
[INFO] [stdout]     --> /opt/rustwide/cargo-home/registry/src/github.com-1ecc6299db9ec823/vulkano-0.3.1/src/command_buffer/sys.rs:1239:29
[INFO] [stdout]      |
[INFO] [stdout] 1239 |         self.src_stage_mask |= request.source_stage.into();
[INFO] [stdout]      |                             ^^ --------------------------- this method call resolves to `T`
[INFO] [stdout]      |                             |
[INFO] [stdout]      |                             cannot infer type
[INFO] [stdout] 
[INFO] [stdout] 
[INFO] [stderr] error: could not compile `vulkano`
[INFO] [stderr] 
[INFO] [stderr] Caused by:
[INFO] [stderr]   process didn't exit successfully: `rustc --crate-name vulkano /opt/rustwide/cargo-home/registry/src/github.com-1ecc6299db9ec823/vulkano-0.3.1/src/lib.rs --error-format=json --json=diagnostic-rendered-ansi --crate-type lib --emit=dep-info,metadata -C embed-bitcode=no -C debuginfo=2 -C metadata=3eca4438d890f24d -C extra-filename=-3eca4438d890f24d --out-dir /opt/rustwide/target/debug/deps -L dependency=/opt/rustwide/target/debug/deps --extern crossbeam=/opt/rustwide/target/debug/deps/libcrossbeam-a5ef1aad8563dd96.rmeta --extern fnv=/opt/rustwide/target/debug/deps/libfnv-7bf96a3c286d2019.rmeta --extern lazy_static=/opt/rustwide/target/debug/deps/liblazy_static-53e7016bfbbe06f2.rmeta --extern shared_library=/opt/rustwide/target/debug/deps/libshared_library-d98898097cab88c8.rmeta --extern smallvec=/opt/rustwide/target/debug/deps/libsmallvec-f88f19351fcf116a.rmeta --extern vk_sys=/opt/rustwide/target/debug/deps/libvk_sys-7610d4bb3373783d.rmeta --cap-lints allow` (signal: 9, SIGKILL: kill)
[INFO] [stderr] warning: build failed, waiting for other jobs to finish...
[INFO] [stderr] error: build failed
[INFO] running `Command { std: "docker" "inspect" "7bba7ebbc9619c0b690232cdc5f0d05124d4bf641c5ed9593b04b0e298a18315", kill_on_drop: false }`
[INFO] running `Command { std: "docker" "rm" "-f" "7bba7ebbc9619c0b690232cdc5f0d05124d4bf641c5ed9593b04b0e298a18315", kill_on_drop: false }`
[INFO] [stdout] 7bba7ebbc9619c0b690232cdc5f0d05124d4bf641c5ed9593b04b0e298a18315
