[INFO] cloning repository https://github.com/denisbrodbeck/pinger
[INFO] running `Command { std: "git" "-c" "credential.helper=" "-c" "credential.helper=/workspace/cargo-home/bin/git-credential-null" "clone" "--bare" "https://github.com/denisbrodbeck/pinger" "/workspace/cache/git-repos/https%3A%2F%2Fgithub.com%2Fdenisbrodbeck%2Fpinger", kill_on_drop: false }`
[INFO] [stderr] Cloning into bare repository '/workspace/cache/git-repos/https%3A%2F%2Fgithub.com%2Fdenisbrodbeck%2Fpinger'...
[INFO] running `Command { std: "git" "rev-parse" "HEAD", kill_on_drop: false }`
[INFO] [stdout] dc2c47801acb03a3e8fce640f4f1556e5ced614d
[INFO] documenting denisbrodbeck/pinger against beta-2021-08-01 for beta-1.55-rustdoc-1
[INFO] running `Command { std: "git" "clone" "/workspace/cache/git-repos/https%3A%2F%2Fgithub.com%2Fdenisbrodbeck%2Fpinger" "/workspace/builds/worker-6/source", kill_on_drop: false }`
[INFO] [stderr] Cloning into '/workspace/builds/worker-6/source'...
[INFO] [stderr] done.
[INFO] validating manifest of git repo https://github.com/denisbrodbeck/pinger on toolchain beta-2021-08-01
[INFO] running `Command { std: "/workspace/cargo-home/bin/cargo" "+beta-2021-08-01" "metadata" "--manifest-path" "Cargo.toml" "--no-deps", kill_on_drop: false }`
[INFO] started tweaking git repo https://github.com/denisbrodbeck/pinger
[INFO] finished tweaking git repo https://github.com/denisbrodbeck/pinger
[INFO] tweaked toml for git repo https://github.com/denisbrodbeck/pinger written to /workspace/builds/worker-6/source/Cargo.toml
[INFO] crate git repo https://github.com/denisbrodbeck/pinger already has a lockfile, it will not be regenerated
[INFO] running `Command { std: "/workspace/cargo-home/bin/cargo" "+beta-2021-08-01" "fetch" "--manifest-path" "Cargo.toml", kill_on_drop: false }`
[INFO] [stderr]  Downloading crates ...
[INFO] [stderr]   Downloaded chrono v0.4.12
[INFO] [stderr]   Downloaded winapi_forked_icmpapi v0.3.7
[INFO] [stderr]   Downloaded winping v0.10.0
[INFO] running `Command { std: "docker" "create" "-v" "/var/lib/crater-agent-workspace/builds/worker-6/target:/opt/rustwide/target:rw,Z" "-v" "/var/lib/crater-agent-workspace/builds/worker-6/source:/opt/rustwide/workdir:ro,Z" "-v" "/var/lib/crater-agent-workspace/cargo-home:/opt/rustwide/cargo-home:ro,Z" "-v" "/var/lib/crater-agent-workspace/rustup-home:/opt/rustwide/rustup-home:ro,Z" "-e" "SOURCE_DIR=/opt/rustwide/workdir" "-e" "CARGO_TARGET_DIR=/opt/rustwide/target" "-e" "CARGO_HOME=/opt/rustwide/cargo-home" "-e" "RUSTUP_HOME=/opt/rustwide/rustup-home" "-w" "/opt/rustwide/workdir" "-m" "1610612736" "--user" "0:0" "--network" "none" "ghcr.io/rust-lang/crates-build-env/linux@sha256:34b6a614d2c27851fe6cbf88fbd1137609cefab8b10d0615aaeb6fd47975d74e" "/opt/rustwide/cargo-home/bin/cargo" "+beta-2021-08-01" "metadata" "--no-deps" "--format-version=1", kill_on_drop: false }`
[INFO] [stderr] WARNING: Your kernel does not support swap limit capabilities or the cgroup is not mounted. Memory limited without swap.
[INFO] [stdout] 71bbbf011fdd2b9170906a61ca85b931cc5c8925b8c46a2516e296c89901b8b8
[INFO] running `Command { std: "docker" "start" "-a" "71bbbf011fdd2b9170906a61ca85b931cc5c8925b8c46a2516e296c89901b8b8", kill_on_drop: false }`
[INFO] running `Command { std: "docker" "inspect" "71bbbf011fdd2b9170906a61ca85b931cc5c8925b8c46a2516e296c89901b8b8", kill_on_drop: false }`
[INFO] running `Command { std: "docker" "rm" "-f" "71bbbf011fdd2b9170906a61ca85b931cc5c8925b8c46a2516e296c89901b8b8", kill_on_drop: false }`
[INFO] [stdout] 71bbbf011fdd2b9170906a61ca85b931cc5c8925b8c46a2516e296c89901b8b8
[INFO] running `Command { std: "docker" "create" "-v" "/var/lib/crater-agent-workspace/builds/worker-6/target:/opt/rustwide/target:rw,Z" "-v" "/var/lib/crater-agent-workspace/builds/worker-6/source:/opt/rustwide/workdir:ro,Z" "-v" "/var/lib/crater-agent-workspace/cargo-home:/opt/rustwide/cargo-home:ro,Z" "-v" "/var/lib/crater-agent-workspace/rustup-home:/opt/rustwide/rustup-home:ro,Z" "-e" "SOURCE_DIR=/opt/rustwide/workdir" "-e" "CARGO_TARGET_DIR=/opt/rustwide/target" "-e" "CARGO_INCREMENTAL=0" "-e" "RUST_BACKTRACE=full" "-e" "RUSTDOCFLAGS=--cap-lints=warn" "-e" "CARGO_HOME=/opt/rustwide/cargo-home" "-e" "RUSTUP_HOME=/opt/rustwide/rustup-home" "-w" "/opt/rustwide/workdir" "-m" "1610612736" "--user" "0:0" "--network" "none" "ghcr.io/rust-lang/crates-build-env/linux@sha256:34b6a614d2c27851fe6cbf88fbd1137609cefab8b10d0615aaeb6fd47975d74e" "/opt/rustwide/cargo-home/bin/cargo" "+beta-2021-08-01" "doc" "--frozen" "--no-deps" "--document-private-items" "--message-format=json", kill_on_drop: false }`
[INFO] [stdout] 6630c5823a3e188d4237e763e9aec448e743f3bec9c8f6c80e658eeb12629008
[INFO] [stderr] WARNING: Your kernel does not support swap limit capabilities or the cgroup is not mounted. Memory limited without swap.
[INFO] running `Command { std: "docker" "start" "-a" "6630c5823a3e188d4237e763e9aec448e743f3bec9c8f6c80e658eeb12629008", kill_on_drop: false }`
[INFO] [stderr]    Compiling syn v1.0.33
[INFO] [stderr]     Checking futures-sink v0.3.5
[INFO] [stderr]     Checking cache-padded v1.1.0
[INFO] [stderr]     Checking parking v1.0.3
[INFO] [stderr]    Compiling winapi_forked_icmpapi v0.3.7
[INFO] [stderr]     Checking fastrand v1.3.2
[INFO] [stderr]     Checking kv-log-macro v1.0.6
[INFO] [stderr]     Checking socket2 v0.3.12
[INFO] [stderr]     Checking clap v2.33.1
[INFO] [stderr]     Checking bstr v0.2.13
[INFO] [stderr]     Checking chrono v0.4.12
[INFO] [stderr]     Checking futures-channel v0.3.5
[INFO] [stderr]     Checking concurrent-queue v1.1.1
[INFO] [stderr]     Checking csv v1.1.3
[INFO] [stderr]     Checking winping v0.10.0
[INFO] [stderr]    Compiling wasm-bindgen-backend v0.2.64
[INFO] [stderr]    Compiling syn-mid v0.5.0
[INFO] [stderr]    Compiling wasm-bindgen-macro-support v0.2.64
[INFO] [stderr]    Compiling pin-project-internal v0.4.22
[INFO] [stderr]    Compiling proc-macro-error-attr v1.0.3
[INFO] [stderr]    Compiling wasm-bindgen-macro v0.2.64
[INFO] [stderr]    Compiling proc-macro-error v1.0.3
[INFO] [stderr]    Compiling structopt-derive v0.4.8
[INFO] [stderr]     Checking wasm-bindgen v0.2.64
[INFO] [stderr]     Checking pin-project v0.4.22
[INFO] [stderr]     Checking futures-util v0.3.5
[INFO] [stderr]     Checking js-sys v0.3.41
[INFO] [stderr]     Checking structopt v0.3.15
[INFO] [stderr]     Checking blocking v0.4.6
[INFO] [stderr]     Checking web-sys v0.3.41
[INFO] [stderr]     Checking smol v0.1.18
[INFO] [stderr]     Checking gloo-timers v0.2.1
[INFO] [stderr]     Checking futures-timer v3.0.2
[INFO] [stderr]     Checking async-std v1.6.2
[INFO] [stderr]  Documenting pinger v0.9.1 (/opt/rustwide/workdir)
[INFO] [stdout] error[E0432]: unresolved imports `winping::AsyncPinger`, `winping::Buffer`
[INFO] [stdout]  --> src/main.rs:5:15
[INFO] [stdout]   |
[INFO] [stdout] 5 | use winping::{AsyncPinger, Buffer};
[INFO] [stdout]   |               ^^^^^^^^^^^  ^^^^^^ no `Buffer` in the root
[INFO] [stdout]   |               |
[INFO] [stdout]   |               no `AsyncPinger` in the root
[INFO] [stdout] 
[INFO] [stdout] 
[INFO] [stdout] error[E0412]: cannot find type `Error` in crate `winping`
[INFO] [stdout]  --> src/error.rs:9:27
[INFO] [stdout]   |
[INFO] [stdout] 9 |     WinpingError(winping::Error),
[INFO] [stdout]   |                           ^^^^^ not found in `winping`
[INFO] [stdout]   |
[INFO] [stdout] help: consider importing one of these items
[INFO] [stdout]   |
[INFO] [stdout] 3 | use async_std::io::Error;
[INFO] [stdout]   |
[INFO] [stdout] 3 | use core::fmt::Error;
[INFO] [stdout]   |
[INFO] [stdout] 3 | use crate::error::fmt::Error;
[INFO] [stdout]   |
[INFO] [stdout] 3 | use csv::Error;
[INFO] [stdout]   |
[INFO] [stdout]     and 3 other candidates
[INFO] [stdout] 
[INFO] [stdout] 
[INFO] [stdout] error[E0412]: cannot find type `Error` in crate `winping`
[INFO] [stdout]   --> src/error.rs:34:20
[INFO] [stdout]    |
[INFO] [stdout] 34 | impl From<winping::Error> for CliError {
[INFO] [stdout]    |                    ^^^^^ not found in `winping`
[INFO] [stdout]    |
[INFO] [stdout] help: consider importing one of these items
[INFO] [stdout]    |
[INFO] [stdout] 3  | use async_std::io::Error;
[INFO] [stdout]    |
[INFO] [stdout] 3  | use core::fmt::Error;
[INFO] [stdout]    |
[INFO] [stdout] 3  | use crate::error::fmt::Error;
[INFO] [stdout]    |
[INFO] [stdout] 3  | use csv::Error;
[INFO] [stdout]    |
[INFO] [stdout]      and 3 other candidates
[INFO] [stdout] 
[INFO] [stdout] 
[INFO] [stdout] error[E0412]: cannot find type `Error` in crate `winping`
[INFO] [stdout]   --> src/error.rs:35:29
[INFO] [stdout]    |
[INFO] [stdout] 35 |     fn from(error: winping::Error) -> Self {
[INFO] [stdout]    |                             ^^^^^ not found in `winping`
[INFO] [stdout]    |
[INFO] [stdout] help: consider importing one of these items
[INFO] [stdout]    |
[INFO] [stdout] 3  | use async_std::io::Error;
[INFO] [stdout]    |
[INFO] [stdout] 3  | use core::fmt::Error;
[INFO] [stdout]    |
[INFO] [stdout] 3  | use crate::error::fmt::Error;
[INFO] [stdout]    |
[INFO] [stdout] 3  | use csv::Error;
[INFO] [stdout]    |
[INFO] [stdout]      and 3 other candidates
[INFO] [stdout] 
[INFO] [stdout] 
[INFO] [stdout] error[E0412]: cannot find type `Error` in crate `winping`
[INFO] [stdout]    --> src/main.rs:156:75
[INFO] [stdout]     |
[INFO] [stdout] 156 | async fn ping(pinger: &AsyncPinger, dst: &IpAddr) -> Result<i64, winping::Error> {
[INFO] [stdout]     |                                                                           ^^^^^ not found in `winping`
[INFO] [stdout]     |
[INFO] [stdout] help: consider importing one of these items
[INFO] [stdout]     |
[INFO] [stdout] 1   | use async_std::io::Error;
[INFO] [stdout]     |
[INFO] [stdout] 1   | use core::fmt::Error;
[INFO] [stdout]     |
[INFO] [stdout] 1   | use csv::Error;
[INFO] [stdout]     |
[INFO] [stdout] 1   | use std::error::Error;
[INFO] [stdout]     |
[INFO] [stdout]       and 2 other candidates
[INFO] [stdout] 
[INFO] [stdout] 
[INFO] [stdout] error: Compilation failed, aborting rustdoc
[INFO] [stdout] 
[INFO] [stdout] 
[INFO] [stdout] error: aborting due to 6 previous errors
[INFO] [stdout] 
[INFO] [stdout] 
[INFO] [stdout] Some errors have detailed explanations: E0412, E0432.
[INFO] [stdout] 
[INFO] [stdout] For more information about an error, try `rustc --explain E0412`.
[INFO] [stdout] 
[INFO] [stderr] error: could not document `pinger`
[INFO] [stderr] 
[INFO] [stderr] Caused by:
[INFO] [stderr]   process didn't exit successfully: `rustdoc --edition=2018 --crate-type bin --crate-name pinger src/main.rs -o /opt/rustwide/target/doc --error-format=json --json=diagnostic-rendered-ansi --document-private-items -L dependency=/opt/rustwide/target/debug/deps --extern async_std=/opt/rustwide/target/debug/deps/libasync_std-83e40434c8ca5ee8.rmeta --extern chrono=/opt/rustwide/target/debug/deps/libchrono-4cb83099894615ed.rmeta --extern csv=/opt/rustwide/target/debug/deps/libcsv-58e54650f6ed9d4c.rmeta --extern structopt=/opt/rustwide/target/debug/deps/libstructopt-24603c6af7d97bda.rmeta --extern winping=/opt/rustwide/target/debug/deps/libwinping-006c1014837ba13e.rmeta --cap-lints=warn --crate-version 0.9.1` (exit status: 1)
[INFO] running `Command { std: "docker" "inspect" "6630c5823a3e188d4237e763e9aec448e743f3bec9c8f6c80e658eeb12629008", kill_on_drop: false }`
[INFO] running `Command { std: "docker" "rm" "-f" "6630c5823a3e188d4237e763e9aec448e743f3bec9c8f6c80e658eeb12629008", kill_on_drop: false }`
[INFO] [stdout] 6630c5823a3e188d4237e763e9aec448e743f3bec9c8f6c80e658eeb12629008
