[INFO] cloning repository https://github.com/cwoodall/rusty-nail
[INFO] running `Command { std: "git" "-c" "credential.helper=" "-c" "credential.helper=/workspace/cargo-home/bin/git-credential-null" "clone" "--bare" "https://github.com/cwoodall/rusty-nail" "/workspace/cache/git-repos/https%3A%2F%2Fgithub.com%2Fcwoodall%2Frusty-nail", kill_on_drop: false }`
[INFO] [stderr] Cloning into bare repository '/workspace/cache/git-repos/https%3A%2F%2Fgithub.com%2Fcwoodall%2Frusty-nail'...
[INFO] running `Command { std: "git" "rev-parse" "HEAD", kill_on_drop: false }`
[INFO] [stdout] 11d94c5b2bddb420acdaee3ac0d0c99676f20fb2
[INFO] documenting cwoodall/rusty-nail against beta-2021-08-01 for beta-1.55-rustdoc-1
[INFO] running `Command { std: "git" "clone" "/workspace/cache/git-repos/https%3A%2F%2Fgithub.com%2Fcwoodall%2Frusty-nail" "/workspace/builds/worker-114/source", kill_on_drop: false }`
[INFO] [stderr] Cloning into '/workspace/builds/worker-114/source'...
[INFO] [stderr] done.
[INFO] validating manifest of git repo https://github.com/cwoodall/rusty-nail on toolchain beta-2021-08-01
[INFO] running `Command { std: "/workspace/cargo-home/bin/cargo" "+beta-2021-08-01" "metadata" "--manifest-path" "Cargo.toml" "--no-deps", kill_on_drop: false }`
[INFO] started tweaking git repo https://github.com/cwoodall/rusty-nail
[INFO] finished tweaking git repo https://github.com/cwoodall/rusty-nail
[INFO] tweaked toml for git repo https://github.com/cwoodall/rusty-nail written to /workspace/builds/worker-114/source/Cargo.toml
[INFO] crate git repo https://github.com/cwoodall/rusty-nail already has a lockfile, it will not be regenerated
[INFO] running `Command { std: "/workspace/cargo-home/bin/cargo" "+beta-2021-08-01" "fetch" "--manifest-path" "Cargo.toml", kill_on_drop: false }`
[INFO] [stderr]     Blocking waiting for file lock on package cache
[INFO] [stderr]     Blocking waiting for file lock on package cache
[INFO] [stderr]  Downloading crates ...
[INFO] [stderr]   Downloaded matches v0.1.4
[INFO] [stderr]   Downloaded toml v0.2.1
[INFO] [stderr]   Downloaded time v0.1.36
[INFO] [stderr]   Downloaded unicase v1.4.0
[INFO] [stderr]   Downloaded num_cpus v1.2.1
[INFO] [stderr]   Downloaded httparse v1.2.1
[INFO] [stderr]   Downloaded rustc-demangle v0.1.3
[INFO] [stderr]   Downloaded gcc v0.3.41
[INFO] [stderr]   Downloaded dotenv v0.8.0
[INFO] [stderr]   Downloaded libsqlite3-sys v0.4.0
[INFO] [stderr]   Downloaded unicode-xid v0.0.3
[INFO] [stderr]   Downloaded syn v0.10.5
[INFO] [stderr]   Downloaded rocket_codegen v0.2.0
[INFO] [stderr]   Downloaded byteorder v0.3.13
[INFO] [stderr]   Downloaded memchr v0.1.11
[INFO] [stderr]   Downloaded quote v0.3.10
[INFO] [stderr]   Downloaded pkg-config v0.3.8
[INFO] [stderr]   Downloaded rocket v0.2.0
[INFO] [stderr]   Downloaded diesel_codegen_shared v0.10.0
[INFO] [stderr]   Downloaded rocket_contrib v0.2.0
[INFO] [stderr]   Downloaded nix v0.6.0
[INFO] [stderr]   Downloaded regex-syntax v0.3.9
[INFO] [stderr]   Downloaded itoa v0.3.0
[INFO] [stderr]   Downloaded dtoa v0.4.0
[INFO] [stderr]   Downloaded serde_derive v0.9.5
[INFO] [stderr]   Downloaded serde_codegen_internals v0.12.1
[INFO] [stderr]   Downloaded libc v0.2.18
[INFO] [stderr]   Downloaded syn v0.11.4
[INFO] [stderr]   Downloaded regex v0.1.80
[INFO] [stderr]   Downloaded state v0.2.0
[INFO] [stderr]   Downloaded dbghelp-sys v0.2.0
[INFO] [stderr]   Downloaded backtrace v0.3.0
[INFO] [stderr]   Downloaded error-chain v0.7.2
[INFO] [stderr]   Downloaded cookie v0.6.0
[INFO] [stderr]   Downloaded memchr v1.0.1
[INFO] [stderr]   Downloaded term-painter v0.2.3
[INFO] [stderr]   Downloaded redox_syscall v0.1.16
[INFO] [stderr]   Downloaded url v1.4.0
[INFO] [stderr]   Downloaded unicode-bidi v0.2.4
[INFO] [stderr]   Downloaded thread_local v0.2.7
[INFO] [stderr]   Downloaded backtrace-sys v0.1.5
[INFO] [stderr]   Downloaded num-traits v0.1.36
[INFO] [stderr]   Downloaded diesel_infer_schema v0.1.0
[INFO] [stderr]   Downloaded sysfs-pwm v0.1.0
[INFO] [stderr]   Downloaded diesel_codegen v0.10.0
[INFO] [stderr]   Downloaded thread-id v2.0.0
[INFO] [stderr]   Downloaded diesel v0.10.0
[INFO] [stderr]   Downloaded serde_json v0.9.4
[INFO] [stderr]   Downloaded mime v0.2.2
[INFO] [stderr]   Downloaded rustc-serialize v0.3.22
[INFO] [stderr]   Downloaded hyper v0.10.4
[INFO] [stderr]   Downloaded unicode-normalization v0.1.3
[INFO] [stderr]   Downloaded log v0.3.6
[INFO] [stderr]   Downloaded cfg-if v0.1.0
[INFO] [stderr]   Downloaded sysfs_gpio v0.4.4
[INFO] [stderr]   Downloaded version_check v0.1.0
[INFO] [stderr]   Downloaded traitobject v0.0.1
[INFO] [stderr]   Downloaded idna v0.1.0
[INFO] [stderr]   Downloaded utf8-ranges v0.1.3
[INFO] [stderr]   Downloaded serde v0.9.5
[INFO] [stderr]   Downloaded aho-corasick v0.5.3
[INFO] running `Command { std: "docker" "create" "-v" "/var/lib/crater-agent-workspace/builds/worker-114/target:/opt/rustwide/target:rw,Z" "-v" "/var/lib/crater-agent-workspace/builds/worker-114/source:/opt/rustwide/workdir:ro,Z" "-v" "/var/lib/crater-agent-workspace/cargo-home:/opt/rustwide/cargo-home:ro,Z" "-v" "/var/lib/crater-agent-workspace/rustup-home:/opt/rustwide/rustup-home:ro,Z" "-e" "SOURCE_DIR=/opt/rustwide/workdir" "-e" "CARGO_TARGET_DIR=/opt/rustwide/target" "-e" "CARGO_HOME=/opt/rustwide/cargo-home" "-e" "RUSTUP_HOME=/opt/rustwide/rustup-home" "-w" "/opt/rustwide/workdir" "-m" "1610612736" "--user" "0:0" "--network" "none" "ghcr.io/rust-lang/crates-build-env/linux@sha256:34b6a614d2c27851fe6cbf88fbd1137609cefab8b10d0615aaeb6fd47975d74e" "/opt/rustwide/cargo-home/bin/cargo" "+beta-2021-08-01" "metadata" "--no-deps" "--format-version=1", kill_on_drop: false }`
[INFO] [stdout] cb07f7b50b5aaee89cfa4741a10e9c327f5a963686b13d9d18cf9cead65377d0
[INFO] running `Command { std: "docker" "start" "-a" "cb07f7b50b5aaee89cfa4741a10e9c327f5a963686b13d9d18cf9cead65377d0", kill_on_drop: false }`
[INFO] running `Command { std: "docker" "inspect" "cb07f7b50b5aaee89cfa4741a10e9c327f5a963686b13d9d18cf9cead65377d0", kill_on_drop: false }`
[INFO] running `Command { std: "docker" "rm" "-f" "cb07f7b50b5aaee89cfa4741a10e9c327f5a963686b13d9d18cf9cead65377d0", kill_on_drop: false }`
[INFO] [stdout] cb07f7b50b5aaee89cfa4741a10e9c327f5a963686b13d9d18cf9cead65377d0
[INFO] running `Command { std: "docker" "create" "-v" "/var/lib/crater-agent-workspace/builds/worker-114/target:/opt/rustwide/target:rw,Z" "-v" "/var/lib/crater-agent-workspace/builds/worker-114/source:/opt/rustwide/workdir:ro,Z" "-v" "/var/lib/crater-agent-workspace/cargo-home:/opt/rustwide/cargo-home:ro,Z" "-v" "/var/lib/crater-agent-workspace/rustup-home:/opt/rustwide/rustup-home:ro,Z" "-e" "SOURCE_DIR=/opt/rustwide/workdir" "-e" "CARGO_TARGET_DIR=/opt/rustwide/target" "-e" "CARGO_INCREMENTAL=0" "-e" "RUST_BACKTRACE=full" "-e" "RUSTDOCFLAGS=--cap-lints=warn" "-e" "CARGO_HOME=/opt/rustwide/cargo-home" "-e" "RUSTUP_HOME=/opt/rustwide/rustup-home" "-w" "/opt/rustwide/workdir" "-m" "1610612736" "--user" "0:0" "--network" "none" "ghcr.io/rust-lang/crates-build-env/linux@sha256:34b6a614d2c27851fe6cbf88fbd1137609cefab8b10d0615aaeb6fd47975d74e" "/opt/rustwide/cargo-home/bin/cargo" "+beta-2021-08-01" "doc" "--frozen" "--no-deps" "--document-private-items" "--message-format=json", kill_on_drop: false }`
[INFO] [stdout] 5ef40ba6a082b74a3b68a0391cf7d228dc933a30a988270798ef9abbea353b12
[INFO] running `Command { std: "docker" "start" "-a" "5ef40ba6a082b74a3b68a0391cf7d228dc933a30a988270798ef9abbea353b12", kill_on_drop: false }`
[INFO] [stderr]     Blocking waiting for file lock on package cache
[INFO] [stderr]     Checking libc v0.2.18
[INFO] [stderr]    Compiling winapi v0.2.8
[INFO] [stderr]    Compiling pkg-config v0.3.8
[INFO] [stderr]    Compiling ansi_term v0.9.0
[INFO] [stderr]    Compiling version_check v0.1.0
[INFO] [stderr]    Compiling matches v0.1.4
[INFO] [stderr]    Compiling unicode-normalization v0.1.3
[INFO] [stderr]    Compiling quote v0.3.10
[INFO] [stderr]    Compiling gcc v0.3.41
[INFO] [stderr]    Compiling utf8-ranges v0.1.3
[INFO] [stderr]    Compiling log v0.3.6
[INFO] [stderr]    Compiling regex-syntax v0.3.9
[INFO] [stderr]     Checking cfg-if v0.1.0
[INFO] [stderr]    Compiling byteorder v0.3.13
[INFO] [stderr]    Compiling traitobject v0.0.1
[INFO] [stderr]    Compiling httparse v1.2.1
[INFO] [stderr]     Checking typeable v0.1.2
[INFO] [stderr]    Compiling language-tags v0.2.2
[INFO] [stderr]    Compiling unicode-xid v0.0.4
[INFO] [stderr]     Checking rustc-serialize v0.3.22
[INFO] [stderr]    Compiling backtrace v0.3.0
[INFO] [stderr]    Compiling unicode-xid v0.0.3
[INFO] [stderr]     Checking serde v0.9.5
[INFO] [stderr]    Compiling state v0.2.0
[INFO] [stderr]     Checking rustc-demangle v0.1.3
[INFO] [stderr]     Checking num-traits v0.1.36
[INFO] [stderr]    Compiling toml v0.2.1
[INFO] [stderr]     Checking bitflags v0.4.0
[INFO] [stderr]     Checking dtoa v0.4.0
[INFO] [stderr]     Checking itoa v0.3.0
[INFO] [stderr]     Checking sysfs-pwm v0.1.0
[INFO] [stderr]    Compiling dbghelp-sys v0.2.0
[INFO] [stderr]    Compiling unicase v1.4.0
[INFO] [stderr]    Compiling hyper v0.10.4
[INFO] [stderr]    Compiling nix v0.6.0
[INFO] [stderr]     Checking term v0.4.4
[INFO] [stderr]    Compiling unicode-bidi v0.2.4
[INFO] [stdout] error[E0557]: feature has been removed
[INFO] [stdout]  --> /opt/rustwide/cargo-home/registry/src/github.com-1ecc6299db9ec823/state-0.2.0/src/lib.rs:1:12
[INFO] [stdout]   |
[INFO] [stdout] 1 | #![feature(const_fn)]
[INFO] [stdout]   |            ^^^^^^^^ feature has been removed
[INFO] [stdout]   |
[INFO] [stdout]   = note: split into finer-grained feature gates
[INFO] [stdout] 
[INFO] [stdout] 
[INFO] [stdout] error[E0554]: `#![feature]` may not be used on the beta release channel
[INFO] [stdout]  --> /opt/rustwide/cargo-home/registry/src/github.com-1ecc6299db9ec823/state-0.2.0/src/lib.rs:1:1
[INFO] [stdout]   |
[INFO] [stdout] 1 | #![feature(const_fn)]
[INFO] [stdout]   | ^^^^^^^^^^^^^^^^^^^^^
[INFO] [stdout] 
[INFO] [stdout] 
[INFO] [stderr]    Compiling memchr v0.1.11
[INFO] [stderr]    Compiling time v0.1.36
[INFO] [stderr]    Compiling num_cpus v1.2.1
[INFO] [stderr]    Compiling memchr v1.0.1
[INFO] [stdout] error: aborting due to 2 previous errors
[INFO] [stdout] 
[INFO] [stdout] 
[INFO] [stdout] Some errors have detailed explanations: E0554, E0557.
[INFO] [stdout] 
[INFO] [stdout] For more information about an error, try `rustc --explain E0554`.
[INFO] [stdout] 
[INFO] [stderr] error: could not compile `state` due to 3 previous errors
[INFO] [stderr] warning: build failed, waiting for other jobs to finish...
[INFO] [stdout] error[E0557]: feature has been removed
[INFO] [stdout]  --> /opt/rustwide/cargo-home/registry/src/github.com-1ecc6299db9ec823/state-0.2.0/src/lib.rs:1:12
[INFO] [stdout]   |
[INFO] [stdout] 1 | #![feature(const_fn)]
[INFO] [stdout]   |            ^^^^^^^^ feature has been removed
[INFO] [stdout]   |
[INFO] [stdout]   = note: split into finer-grained feature gates
[INFO] [stdout] 
[INFO] [stdout] 
[INFO] [stdout] error[E0554]: `#![feature]` may not be used on the beta release channel
[INFO] [stdout]  --> /opt/rustwide/cargo-home/registry/src/github.com-1ecc6299db9ec823/state-0.2.0/src/lib.rs:1:1
[INFO] [stdout]   |
[INFO] [stdout] 1 | #![feature(const_fn)]
[INFO] [stdout]   | ^^^^^^^^^^^^^^^^^^^^^
[INFO] [stdout] 
[INFO] [stdout] 
[INFO] [stdout] error: aborting due to 2 previous errors
[INFO] [stdout] 
[INFO] [stdout] 
[INFO] [stdout] Some errors have detailed explanations: E0554, E0557.
[INFO] [stdout] 
[INFO] [stdout] For more information about an error, try `rustc --explain E0554`.
[INFO] [stdout] 
[INFO] [stderr] error: build failed
[INFO] running `Command { std: "docker" "inspect" "5ef40ba6a082b74a3b68a0391cf7d228dc933a30a988270798ef9abbea353b12", kill_on_drop: false }`
[INFO] running `Command { std: "docker" "rm" "-f" "5ef40ba6a082b74a3b68a0391cf7d228dc933a30a988270798ef9abbea353b12", kill_on_drop: false }`
[INFO] [stdout] 5ef40ba6a082b74a3b68a0391cf7d228dc933a30a988270798ef9abbea353b12
