[INFO] cloning repository https://github.com/cubetastic33/horarium
[INFO] running `Command { std: "git" "-c" "credential.helper=" "-c" "credential.helper=/workspace/cargo-home/bin/git-credential-null" "clone" "--bare" "https://github.com/cubetastic33/horarium" "/workspace/cache/git-repos/https%3A%2F%2Fgithub.com%2Fcubetastic33%2Fhorarium", kill_on_drop: false }`
[INFO] [stderr] Cloning into bare repository '/workspace/cache/git-repos/https%3A%2F%2Fgithub.com%2Fcubetastic33%2Fhorarium'...
[INFO] running `Command { std: "git" "rev-parse" "HEAD", kill_on_drop: false }`
[INFO] [stdout] e5cfc991d8e7b54dcc1ed389528c91086b1f6617
[INFO] documenting cubetastic33/horarium against beta-2021-08-01 for beta-1.55-rustdoc-1
[INFO] running `Command { std: "git" "clone" "/workspace/cache/git-repos/https%3A%2F%2Fgithub.com%2Fcubetastic33%2Fhorarium" "/workspace/builds/worker-61/source", kill_on_drop: false }`
[INFO] [stderr] Cloning into '/workspace/builds/worker-61/source'...
[INFO] [stderr] done.
[INFO] validating manifest of git repo https://github.com/cubetastic33/horarium on toolchain beta-2021-08-01
[INFO] running `Command { std: "/workspace/cargo-home/bin/cargo" "+beta-2021-08-01" "metadata" "--manifest-path" "Cargo.toml" "--no-deps", kill_on_drop: false }`
[INFO] removed /workspace/builds/worker-61/source/rust-toolchain
[INFO] started tweaking git repo https://github.com/cubetastic33/horarium
[INFO] finished tweaking git repo https://github.com/cubetastic33/horarium
[INFO] tweaked toml for git repo https://github.com/cubetastic33/horarium written to /workspace/builds/worker-61/source/Cargo.toml
[INFO] crate git repo https://github.com/cubetastic33/horarium already has a lockfile, it will not be regenerated
[INFO] running `Command { std: "/workspace/cargo-home/bin/cargo" "+beta-2021-08-01" "fetch" "--manifest-path" "Cargo.toml", kill_on_drop: false }`
[INFO] [stderr]     Blocking waiting for file lock on package cache
[INFO] [stderr]     Blocking waiting for file lock on package cache
[INFO] running `Command { std: "docker" "create" "-v" "/var/lib/crater-agent-workspace/builds/worker-61/target:/opt/rustwide/target:rw,Z" "-v" "/var/lib/crater-agent-workspace/builds/worker-61/source:/opt/rustwide/workdir:ro,Z" "-v" "/var/lib/crater-agent-workspace/cargo-home:/opt/rustwide/cargo-home:ro,Z" "-v" "/var/lib/crater-agent-workspace/rustup-home:/opt/rustwide/rustup-home:ro,Z" "-e" "SOURCE_DIR=/opt/rustwide/workdir" "-e" "CARGO_TARGET_DIR=/opt/rustwide/target" "-e" "CARGO_HOME=/opt/rustwide/cargo-home" "-e" "RUSTUP_HOME=/opt/rustwide/rustup-home" "-w" "/opt/rustwide/workdir" "-m" "1610612736" "--user" "0:0" "--network" "none" "ghcr.io/rust-lang/crates-build-env/linux@sha256:34b6a614d2c27851fe6cbf88fbd1137609cefab8b10d0615aaeb6fd47975d74e" "/opt/rustwide/cargo-home/bin/cargo" "+beta-2021-08-01" "metadata" "--no-deps" "--format-version=1", kill_on_drop: false }`
[INFO] [stdout] 14aa4d1bf76d1c0d9120dfffcf06518de8bed4319912575b1db71a4810f9a196
[INFO] running `Command { std: "docker" "start" "-a" "14aa4d1bf76d1c0d9120dfffcf06518de8bed4319912575b1db71a4810f9a196", kill_on_drop: false }`
[INFO] running `Command { std: "docker" "inspect" "14aa4d1bf76d1c0d9120dfffcf06518de8bed4319912575b1db71a4810f9a196", kill_on_drop: false }`
[INFO] running `Command { std: "docker" "rm" "-f" "14aa4d1bf76d1c0d9120dfffcf06518de8bed4319912575b1db71a4810f9a196", kill_on_drop: false }`
[INFO] [stdout] 14aa4d1bf76d1c0d9120dfffcf06518de8bed4319912575b1db71a4810f9a196
[INFO] running `Command { std: "docker" "create" "-v" "/var/lib/crater-agent-workspace/builds/worker-61/target:/opt/rustwide/target:rw,Z" "-v" "/var/lib/crater-agent-workspace/builds/worker-61/source:/opt/rustwide/workdir:ro,Z" "-v" "/var/lib/crater-agent-workspace/cargo-home:/opt/rustwide/cargo-home:ro,Z" "-v" "/var/lib/crater-agent-workspace/rustup-home:/opt/rustwide/rustup-home:ro,Z" "-e" "SOURCE_DIR=/opt/rustwide/workdir" "-e" "CARGO_TARGET_DIR=/opt/rustwide/target" "-e" "CARGO_INCREMENTAL=0" "-e" "RUST_BACKTRACE=full" "-e" "RUSTDOCFLAGS=--cap-lints=warn" "-e" "CARGO_HOME=/opt/rustwide/cargo-home" "-e" "RUSTUP_HOME=/opt/rustwide/rustup-home" "-w" "/opt/rustwide/workdir" "-m" "1610612736" "--user" "0:0" "--network" "none" "ghcr.io/rust-lang/crates-build-env/linux@sha256:34b6a614d2c27851fe6cbf88fbd1137609cefab8b10d0615aaeb6fd47975d74e" "/opt/rustwide/cargo-home/bin/cargo" "+beta-2021-08-01" "doc" "--frozen" "--no-deps" "--document-private-items" "--message-format=json", kill_on_drop: false }`
[INFO] [stdout] d823cddc1813f1b209989ab2ae111c6c36ebe91f31782182122b5d61f7273d60
[INFO] running `Command { std: "docker" "start" "-a" "d823cddc1813f1b209989ab2ae111c6c36ebe91f31782182122b5d61f7273d60", kill_on_drop: false }`
[INFO] [stderr]     Blocking waiting for file lock on package cache
[INFO] [stderr]    Compiling libc v0.2.65
[INFO] [stderr]    Compiling byteorder v1.3.2
[INFO] [stderr]    Compiling proc-macro2 v1.0.6
[INFO] [stderr]    Compiling syn v1.0.8
[INFO] [stderr]    Compiling cc v1.0.47
[INFO] [stderr]    Compiling serde v1.0.102
[INFO] [stderr]     Checking futures v0.1.29
[INFO] [stderr]    Compiling ryu v1.0.2
[INFO] [stderr]     Checking itoa v0.4.4
[INFO] [stderr]     Checking either v1.5.3
[INFO] [stderr]    Compiling memchr v2.2.1
[INFO] [stderr]     Checking scopeguard v1.0.0
[INFO] [stderr]    Compiling yansi v0.4.0
[INFO] [stderr]    Compiling string_cache_shared v0.3.0
[INFO] [stderr]    Compiling pkg-config v0.3.17
[INFO] [stderr]     Checking rustc-demangle v0.1.16
[INFO] [stderr]     Checking new_debug_unreachable v1.0.3
[INFO] [stderr]    Compiling ucd-trie v0.1.2
[INFO] [stderr]     Checking regex-syntax v0.6.12
[INFO] [stderr]    Compiling untrusted v0.6.2
[INFO] [stderr]     Checking dtoa v0.4.4
[INFO] [stderr]     Checking precomputed-hash v0.1.1
[INFO] [stderr]     Checking arrayref v0.3.5
[INFO] [stderr]     Checking constant_time_eq v0.1.4
[INFO] [stderr]     Checking byte-tools v0.2.0
[INFO] [stderr]     Checking unic-char-range v0.7.0
[INFO] [stderr]    Compiling openssl v0.10.25
[INFO] [stderr]    Compiling failure_derive v0.1.6
[INFO] [stderr]     Checking mac v0.1.1
[INFO] [stderr]     Checking unic-common v0.7.0
[INFO] [stderr]    Compiling maplit v1.0.2
[INFO] [stderr]    Compiling native-tls v0.2.3
[INFO] [stderr]    Compiling procedural-masquerade v0.1.6
[INFO] [stderr]     Checking safemem v0.2.0
[INFO] [stderr]    Compiling crc32fast v1.2.0
[INFO] [stderr]     Checking fallible-iterator v0.1.6
[INFO] [stderr]     Checking adler32 v1.0.4
[INFO] [stderr]     Checking nodrop v0.1.14
[INFO] [stderr]     Checking md5 v0.3.8
[INFO] [stderr]     Checking same-file v1.0.5
[INFO] [stderr]    Compiling encoding_rs v0.8.20
[INFO] [stderr]     Checking deunicode v0.4.3
[INFO] [stderr]     Checking unicode-width v0.1.6
[INFO] [stderr]     Checking humansize v1.1.0
[INFO] [stderr]     Checking hex v0.2.0
[INFO] [stderr]     Checking glob v0.2.11
[INFO] [stderr]     Checking thin-slice v0.1.1
[INFO] [stderr]     Checking mime v0.3.14
[INFO] [stderr]     Checking glob v0.3.0
[INFO] [stderr]     Checking ego-tree v0.6.2
[INFO] [stderr]     Checking encode_unicode v0.3.6
[INFO] [stderr]    Compiling phf_shared v0.7.24
[INFO] [stderr]    Compiling indexmap v1.3.0
[INFO] [stderr]     Checking crossbeam-utils v0.6.6
[INFO] [stderr]    Compiling crossbeam-utils v0.7.0
[INFO] [stderr]    Compiling num-traits v0.2.9
[INFO] [stderr]    Compiling crossbeam-epoch v0.8.0
[INFO] [stderr]    Compiling error-chain v0.12.1
[INFO] [stderr]    Compiling num-integer v0.1.41
[INFO] [stderr]     Checking thread_local v0.3.6
[INFO] [stderr]    Compiling rocket_codegen v0.4.2
[INFO] [stderr]    Compiling rocket v0.4.2
[INFO] [stderr]     Checking try_from v0.3.2
[INFO] [stderr]    Compiling maybe-uninit v2.0.0
[INFO] [stderr]    Compiling log v0.4.8
[INFO] [stderr]     Checking smallvec v0.6.13
[INFO] [stderr]    Compiling memoffset v0.5.3
[INFO] [stderr]    Compiling parking_lot_core v0.6.2
[INFO] [stderr]    Compiling parking_lot v0.9.0
[INFO] [stderr]     Checking generic-array v0.9.0
[INFO] [stderr]    Compiling hyper v0.12.35
[INFO] [stderr]    Compiling mime_guess v2.0.1
[INFO] [stderr]    Compiling devise_core v0.2.0
[INFO] [stderr]     Checking slug v0.1.4
[INFO] [stderr]     Checking getopts v0.2.21
[INFO] [stdout] error[E0554]: `#![feature]` may not be used on the beta release channel
[INFO] [stdout]  --> /opt/rustwide/cargo-home/registry/src/github.com-1ecc6299db9ec823/devise_core-0.2.0/src/lib.rs:1:1
[INFO] [stdout]   |
[INFO] [stdout] 1 | #![feature(proc_macro_diagnostic, proc_macro_span)]
[INFO] [stdout]   | ^^^^^^^^^^^^^^^^^^^^^^^^^^^^^^^^^^^^^^^^^^^^^^^^^^^
[INFO] [stdout] 
[INFO] [stdout] 
[INFO] [stdout] error[E0554]: `#![feature]` may not be used on the beta release channel
[INFO] [stdout]  --> /opt/rustwide/cargo-home/registry/src/github.com-1ecc6299db9ec823/devise_core-0.2.0/src/lib.rs:2:1
[INFO] [stdout]   |
[INFO] [stdout] 2 | #![feature(crate_visibility_modifier)]
[INFO] [stdout]   | ^^^^^^^^^^^^^^^^^^^^^^^^^^^^^^^^^^^^^^
[INFO] [stdout] 
[INFO] [stdout] 
[INFO] [stdout] error[E0554]: `#![feature]` may not be used on the beta release channel
[INFO] [stdout]  --> /opt/rustwide/cargo-home/registry/src/github.com-1ecc6299db9ec823/devise_core-0.2.0/src/lib.rs:3:1
[INFO] [stdout]   |
[INFO] [stdout] 3 | #![feature(concat_idents)]
[INFO] [stdout]   | ^^^^^^^^^^^^^^^^^^^^^^^^^^
[INFO] [stdout] 
[INFO] [stdout] 
[INFO] [stderr]     Checking dtoa-short v0.3.2
[INFO] [stderr]     Checking block-buffer v0.3.3
[INFO] [stderr]     Checking unicode-normalization v0.1.9
[INFO] [stderr]    Compiling backtrace-sys v0.1.32
[INFO] [stderr]    Compiling ring v0.13.5
[INFO] [stderr]     Checking walkdir v2.2.9
[INFO] [stdout] error: aborting due to 3 previous errors
[INFO] [stdout] 
[INFO] [stdout] 
[INFO] [stdout] For more information about this error, try `rustc --explain E0554`.
[INFO] [stdout] 
[INFO] [stderr]     Checking unic-ucd-version v0.7.0
[INFO] [stderr]     Checking unic-char-property v0.7.0
[INFO] [stderr]     Checking pest v2.1.2
[INFO] [stderr] error: could not compile `devise_core` due to 4 previous errors
[INFO] [stderr] warning: build failed, waiting for other jobs to finish...
[INFO] [stderr] error: build failed
[INFO] running `Command { std: "docker" "inspect" "d823cddc1813f1b209989ab2ae111c6c36ebe91f31782182122b5d61f7273d60", kill_on_drop: false }`
[INFO] running `Command { std: "docker" "rm" "-f" "d823cddc1813f1b209989ab2ae111c6c36ebe91f31782182122b5d61f7273d60", kill_on_drop: false }`
[INFO] [stdout] d823cddc1813f1b209989ab2ae111c6c36ebe91f31782182122b5d61f7273d60
