[INFO] cloning repository https://github.com/crsmithdev/nes
[INFO] running `Command { std: "git" "-c" "credential.helper=" "-c" "credential.helper=/workspace/cargo-home/bin/git-credential-null" "clone" "--bare" "https://github.com/crsmithdev/nes" "/workspace/cache/git-repos/https%3A%2F%2Fgithub.com%2Fcrsmithdev%2Fnes", kill_on_drop: false }`
[INFO] [stderr] Cloning into bare repository '/workspace/cache/git-repos/https%3A%2F%2Fgithub.com%2Fcrsmithdev%2Fnes'...
[INFO] running `Command { std: "git" "rev-parse" "HEAD", kill_on_drop: false }`
[INFO] [stdout] c30c6da0134bc676ee3a2508bf2f92e8a36456f1
[INFO] documenting crsmithdev/nes against 1.54.0 for beta-1.55-rustdoc-1
[INFO] running `Command { std: "git" "clone" "/workspace/cache/git-repos/https%3A%2F%2Fgithub.com%2Fcrsmithdev%2Fnes" "/workspace/builds/worker-71/source", kill_on_drop: false }`
[INFO] [stderr] Cloning into '/workspace/builds/worker-71/source'...
[INFO] [stderr] done.
[INFO] validating manifest of git repo https://github.com/crsmithdev/nes on toolchain 1.54.0
[INFO] running `Command { std: "/workspace/cargo-home/bin/cargo" "+1.54.0" "metadata" "--manifest-path" "Cargo.toml" "--no-deps", kill_on_drop: false }`
[INFO] started tweaking git repo https://github.com/crsmithdev/nes
[INFO] finished tweaking git repo https://github.com/crsmithdev/nes
[INFO] tweaked toml for git repo https://github.com/crsmithdev/nes written to /workspace/builds/worker-71/source/Cargo.toml
[INFO] crate git repo https://github.com/crsmithdev/nes already has a lockfile, it will not be regenerated
[INFO] running `Command { std: "/workspace/cargo-home/bin/cargo" "+1.54.0" "fetch" "--manifest-path" "Cargo.toml", kill_on_drop: false }`
[INFO] [stderr]     Blocking waiting for file lock on package cache
[INFO] [stderr]     Blocking waiting for file lock on package cache
[INFO] [stderr]  Downloading crates ...
[INFO] [stderr]   Downloaded instant v0.1.2
[INFO] [stderr]   Downloaded nfd v0.0.4
[INFO] [stderr]   Downloaded gfx-auxil v0.3.0
[INFO] [stderr]   Downloaded metal v0.18.0
[INFO] [stderr]   Downloaded cocoa v0.20.0
[INFO] [stderr]   Downloaded gfx-backend-metal v0.5.1
[INFO] [stderr]   Downloaded gfx-hal v0.5.0
[INFO] [stderr]   Downloaded spirv_cross v0.18.0
[INFO] [stderr]   Downloaded winit v0.22.1
[INFO] [stderr]   Downloaded core-video-sys v0.1.3
[INFO] [stderr]   Downloaded timer v0.2.0
[INFO] running `Command { std: "docker" "create" "-v" "/var/lib/crater-agent-workspace/builds/worker-71/target:/opt/rustwide/target:rw,Z" "-v" "/var/lib/crater-agent-workspace/builds/worker-71/source:/opt/rustwide/workdir:ro,Z" "-v" "/var/lib/crater-agent-workspace/cargo-home:/opt/rustwide/cargo-home:ro,Z" "-v" "/var/lib/crater-agent-workspace/rustup-home:/opt/rustwide/rustup-home:ro,Z" "-e" "SOURCE_DIR=/opt/rustwide/workdir" "-e" "CARGO_TARGET_DIR=/opt/rustwide/target" "-e" "CARGO_HOME=/opt/rustwide/cargo-home" "-e" "RUSTUP_HOME=/opt/rustwide/rustup-home" "-w" "/opt/rustwide/workdir" "-m" "1610612736" "--user" "0:0" "--network" "none" "ghcr.io/rust-lang/crates-build-env/linux@sha256:34b6a614d2c27851fe6cbf88fbd1137609cefab8b10d0615aaeb6fd47975d74e" "/opt/rustwide/cargo-home/bin/cargo" "+1.54.0" "metadata" "--no-deps" "--format-version=1", kill_on_drop: false }`
[INFO] [stdout] efd5101a833b8d168f65c3f55897e615ebaaf7e33a353605c21b783366e7519b
[INFO] running `Command { std: "docker" "start" "-a" "efd5101a833b8d168f65c3f55897e615ebaaf7e33a353605c21b783366e7519b", kill_on_drop: false }`
[INFO] running `Command { std: "docker" "inspect" "efd5101a833b8d168f65c3f55897e615ebaaf7e33a353605c21b783366e7519b", kill_on_drop: false }`
[INFO] running `Command { std: "docker" "rm" "-f" "efd5101a833b8d168f65c3f55897e615ebaaf7e33a353605c21b783366e7519b", kill_on_drop: false }`
[INFO] [stdout] efd5101a833b8d168f65c3f55897e615ebaaf7e33a353605c21b783366e7519b
[INFO] running `Command { std: "docker" "create" "-v" "/var/lib/crater-agent-workspace/builds/worker-71/target:/opt/rustwide/target:rw,Z" "-v" "/var/lib/crater-agent-workspace/builds/worker-71/source:/opt/rustwide/workdir:ro,Z" "-v" "/var/lib/crater-agent-workspace/cargo-home:/opt/rustwide/cargo-home:ro,Z" "-v" "/var/lib/crater-agent-workspace/rustup-home:/opt/rustwide/rustup-home:ro,Z" "-e" "SOURCE_DIR=/opt/rustwide/workdir" "-e" "CARGO_TARGET_DIR=/opt/rustwide/target" "-e" "CARGO_INCREMENTAL=0" "-e" "RUST_BACKTRACE=full" "-e" "RUSTDOCFLAGS=--cap-lints=warn" "-e" "CARGO_HOME=/opt/rustwide/cargo-home" "-e" "RUSTUP_HOME=/opt/rustwide/rustup-home" "-w" "/opt/rustwide/workdir" "-m" "1610612736" "--user" "0:0" "--network" "none" "ghcr.io/rust-lang/crates-build-env/linux@sha256:34b6a614d2c27851fe6cbf88fbd1137609cefab8b10d0615aaeb6fd47975d74e" "/opt/rustwide/cargo-home/bin/cargo" "+1.54.0" "doc" "--frozen" "--no-deps" "--document-private-items" "--message-format=json", kill_on_drop: false }`
[INFO] [stdout] b029fcc5071c3db6524388cb063f5abbada98af083b80d2edb8f29207f745096
[INFO] running `Command { std: "docker" "start" "-a" "b029fcc5071c3db6524388cb063f5abbada98af083b80d2edb8f29207f745096", kill_on_drop: false }`
[INFO] [stderr]     Blocking waiting for file lock on package cache
[INFO] [stderr]    Compiling libc v0.2.69
[INFO] [stderr]    Compiling cc v1.0.50
[INFO] [stderr]    Compiling byteorder v1.3.4
[INFO] [stderr]    Compiling log v0.4.8
[INFO] [stderr]    Compiling maybe-uninit v2.0.0
[INFO] [stderr]    Compiling xml-rs v0.8.2
[INFO] [stderr]    Compiling core-foundation-sys v0.7.0
[INFO] [stderr]    Compiling nix v0.14.1
[INFO] [stderr]     Checking adler32 v1.0.4
[INFO] [stderr]     Checking lazycell v1.2.1
[INFO] [stderr]    Compiling memchr v2.3.3
[INFO] [stderr]    Compiling pkg-config v0.3.17
[INFO] [stderr]     Checking same-file v1.0.6
[INFO] [stderr]     Checking downcast-rs v1.1.1
[INFO] [stderr]    Compiling crc32fast v1.2.0
[INFO] [stderr]     Checking smallvec v1.3.0
[INFO] [stderr]    Compiling gcc v0.3.55
[INFO] [stderr]     Checking either v1.5.3
[INFO] [stderr]     Checking block v0.1.6
[INFO] [stderr]     Checking regex-syntax v0.6.17
[INFO] [stderr]     Checking color_quant v1.0.1
[INFO] [stderr]     Checking arrayvec v0.5.1
[INFO] [stderr]     Checking copyless v0.1.4
[INFO] [stderr]     Checking termcolor v1.1.0
[INFO] [stderr]     Checking instant v0.1.2
[INFO] [stderr]     Checking scoped_threadpool v0.1.9
[INFO] [stderr]     Checking range-alloc v0.1.0
[INFO] [stderr]     Checking bytemuck v1.2.0
[INFO] [stderr]     Checking maplit v1.0.2
[INFO] [stderr]    Compiling num-traits v0.2.11
[INFO] [stderr]    Compiling crossbeam-utils v0.7.2
[INFO] [stderr]    Compiling memoffset v0.5.4
[INFO] [stderr]    Compiling num-integer v0.1.42
[INFO] [stderr]    Compiling crossbeam-epoch v0.8.2
[INFO] [stderr]    Compiling rayon-core v1.7.0
[INFO] [stderr]     Checking lock_api v0.3.4
[INFO] [stderr]    Compiling num-iter v0.1.40
[INFO] [stderr]    Compiling num-rational v0.2.4
[INFO] [stderr]    Compiling error-chain v0.12.2
[INFO] [stderr]     Checking thread_local v1.0.1
[INFO] [stderr]     Checking humantime v1.3.0
[INFO] [stderr]    Compiling quote v0.6.13
[INFO] [stderr]     Checking gif v0.10.3
[INFO] [stderr]    Compiling x11-dl v2.18.5
[INFO] [stderr]     Checking walkdir v2.3.1
[INFO] [stderr]    Compiling wayland-scanner v0.23.6
[INFO] [stderr]     Checking inflate v0.4.5
[INFO] [stderr]     Checking miniz_oxide v0.3.6
[INFO] [stderr]     Checking stb_truetype v0.3.1
[INFO] [stderr]     Checking fxhash v0.2.1
[INFO] [stderr]     Checking deflate v0.8.4
[INFO] [stderr]     Checking storage-map v0.2.0
[INFO] [stderr]     Checking aho-corasick v0.7.10
[INFO] [stderr]    Compiling nfd v0.0.4
[INFO] [stderr]     Checking iovec v0.1.4
[INFO] [stderr]     Checking net2 v0.2.33
[INFO] [stderr]     Checking core-foundation v0.7.0
[INFO] [stderr]     Checking raw-window-handle v0.3.3
[INFO] [stderr]     Checking malloc_buf v0.0.6
[INFO] [stderr]     Checking num_cpus v1.13.0
[INFO] [stderr]     Checking parking_lot_core v0.7.1
[INFO] [stderr]     Checking memmap v0.7.0
[INFO] [stderr]     Checking time v0.1.43
[INFO] [stderr]     Checking atty v0.2.14
[INFO] [stderr]    Compiling libloading v0.5.2
[INFO] [stderr]    Compiling objc_exception v0.1.2
[INFO] [stderr]    Compiling backtrace-sys v0.1.36
[INFO] [stderr]    Compiling spirv_cross v0.18.0
[INFO] [stderr]     Checking png v0.16.3
[INFO] [stderr]     Checking gfx-hal v0.5.0
[INFO] [stderr]     Checking tiff v0.4.0
[INFO] [stderr]     Checking core-graphics v0.19.0
[INFO] [stderr]     Checking parking_lot v0.10.2
[INFO] [stderr]     Checking mio v0.6.21
[INFO] [stderr]     Checking regex v1.3.7
[INFO] [stdout] error[E0455]: native frameworks are only available on macOS targets
[INFO] [stdout]   --> /opt/rustwide/cargo-home/registry/src/github.com-1ecc6299db9ec823/core-graphics-0.19.0/src/color.rs:31:1
[INFO] [stdout]    |
[INFO] [stdout] 31 | #[link(name = "CoreGraphics", kind = "framework")]
[INFO] [stdout]    | ^^^^^^^^^^^^^^^^^^^^^^^^^^^^^^^^^^^^^^^^^^^^^^^^^^
[INFO] [stdout] 
[INFO] [stdout] 
[INFO] [stdout] error[E0455]: native frameworks are only available on macOS targets
[INFO] [stdout]   --> /opt/rustwide/cargo-home/registry/src/github.com-1ecc6299db9ec823/core-graphics-0.19.0/src/color_space.rs:54:1
[INFO] [stdout]    |
[INFO] [stdout] 54 | #[link(name = "CoreGraphics", kind = "framework")]
[INFO] [stdout]    | ^^^^^^^^^^^^^^^^^^^^^^^^^^^^^^^^^^^^^^^^^^^^^^^^^^
[INFO] [stdout] 
[INFO] [stdout] 
[INFO] [stdout] error[E0455]: native frameworks are only available on macOS targets
[INFO] [stdout]    --> /opt/rustwide/cargo-home/registry/src/github.com-1ecc6299db9ec823/core-graphics-0.19.0/src/context.rs:565:1
[INFO] [stdout]     |
[INFO] [stdout] 565 | #[link(name = "CoreGraphics", kind = "framework")]
[INFO] [stdout]     | ^^^^^^^^^^^^^^^^^^^^^^^^^^^^^^^^^^^^^^^^^^^^^^^^^^
[INFO] [stdout] 
[INFO] [stdout] 
[INFO] [stdout] error[E0455]: native frameworks are only available on macOS targets
[INFO] [stdout]    --> /opt/rustwide/cargo-home/registry/src/github.com-1ecc6299db9ec823/core-graphics-0.19.0/src/data_provider.rs:109:1
[INFO] [stdout]     |
[INFO] [stdout] 109 | #[link(name = "CoreGraphics", kind = "framework")]
[INFO] [stdout]     | ^^^^^^^^^^^^^^^^^^^^^^^^^^^^^^^^^^^^^^^^^^^^^^^^^^
[INFO] [stdout] 
[INFO] [stdout] 
[INFO] [stdout] error[E0455]: native frameworks are only available on macOS targets
[INFO] [stdout]    --> /opt/rustwide/cargo-home/registry/src/github.com-1ecc6299db9ec823/core-graphics-0.19.0/src/font.rs:127:1
[INFO] [stdout]     |
[INFO] [stdout] 127 | #[link(name = "CoreGraphics", kind = "framework")]
[INFO] [stdout]     | ^^^^^^^^^^^^^^^^^^^^^^^^^^^^^^^^^^^^^^^^^^^^^^^^^^
[INFO] [stdout] 
[INFO] [stdout] 
[INFO] [stdout] error[E0455]: native frameworks are only available on macOS targets
[INFO] [stdout]    --> /opt/rustwide/cargo-home/registry/src/github.com-1ecc6299db9ec823/core-graphics-0.19.0/src/geometry.rs:198:5
[INFO] [stdout]     |
[INFO] [stdout] 198 |     #[link(name = "CoreGraphics", kind = "framework")]
[INFO] [stdout]     |     ^^^^^^^^^^^^^^^^^^^^^^^^^^^^^^^^^^^^^^^^^^^^^^^^^^
[INFO] [stdout] 
[INFO] [stdout] 
[INFO] [stdout] error[E0455]: native frameworks are only available on macOS targets
[INFO] [stdout]    --> /opt/rustwide/cargo-home/registry/src/github.com-1ecc6299db9ec823/core-graphics-0.19.0/src/image.rs:138:1
[INFO] [stdout]     |
[INFO] [stdout] 138 | #[link(name = "CoreGraphics", kind = "framework")]
[INFO] [stdout]     | ^^^^^^^^^^^^^^^^^^^^^^^^^^^^^^^^^^^^^^^^^^^^^^^^^^
[INFO] [stdout] 
[INFO] [stdout] 
[INFO] [stdout] error[E0455]: native frameworks are only available on macOS targets
[INFO] [stdout]    --> /opt/rustwide/cargo-home/registry/src/github.com-1ecc6299db9ec823/core-graphics-0.19.0/src/path.rs:124:1
[INFO] [stdout]     |
[INFO] [stdout] 124 | #[link(name = "CoreGraphics", kind = "framework")]
[INFO] [stdout]     | ^^^^^^^^^^^^^^^^^^^^^^^^^^^^^^^^^^^^^^^^^^^^^^^^^^
[INFO] [stdout] 
[INFO] [stdout] 
[INFO] [stdout] error: aborting due to 8 previous errors
[INFO] [stdout] 
[INFO] [stdout] 
[INFO] [stdout] For more information about this error, try `rustc --explain E0455`.
[INFO] [stdout] 
[INFO] [stderr] error: could not compile `core-graphics`
[INFO] [stderr] 
[INFO] [stderr] To learn more, run the command again with --verbose.
[INFO] [stderr] warning: build failed, waiting for other jobs to finish...
[INFO] [stderr] error: build failed
[INFO] running `Command { std: "docker" "inspect" "b029fcc5071c3db6524388cb063f5abbada98af083b80d2edb8f29207f745096", kill_on_drop: false }`
[INFO] running `Command { std: "docker" "rm" "-f" "b029fcc5071c3db6524388cb063f5abbada98af083b80d2edb8f29207f745096", kill_on_drop: false }`
[INFO] [stdout] b029fcc5071c3db6524388cb063f5abbada98af083b80d2edb8f29207f745096
