[INFO] cloning repository https://github.com/cronosun/atrofac
[INFO] running `Command { std: "git" "-c" "credential.helper=" "-c" "credential.helper=/workspace/cargo-home/bin/git-credential-null" "clone" "--bare" "https://github.com/cronosun/atrofac" "/workspace/cache/git-repos/https%3A%2F%2Fgithub.com%2Fcronosun%2Fatrofac", kill_on_drop: false }`
[INFO] [stderr] Cloning into bare repository '/workspace/cache/git-repos/https%3A%2F%2Fgithub.com%2Fcronosun%2Fatrofac'...
[INFO] running `Command { std: "git" "rev-parse" "HEAD", kill_on_drop: false }`
[INFO] [stdout] 1c7ff3d83f7068972b3e7f793517babc39bc204f
[INFO] documenting cronosun/atrofac against 1.54.0 for beta-1.55-rustdoc-1
[INFO] running `Command { std: "git" "clone" "/workspace/cache/git-repos/https%3A%2F%2Fgithub.com%2Fcronosun%2Fatrofac" "/workspace/builds/worker-69/source", kill_on_drop: false }`
[INFO] [stderr] Cloning into '/workspace/builds/worker-69/source'...
[INFO] [stderr] done.
[INFO] validating manifest of git repo https://github.com/cronosun/atrofac on toolchain 1.54.0
[INFO] running `Command { std: "/workspace/cargo-home/bin/cargo" "+1.54.0" "metadata" "--manifest-path" "Cargo.toml" "--no-deps", kill_on_drop: false }`
[INFO] started tweaking git repo https://github.com/cronosun/atrofac
[INFO] finished tweaking git repo https://github.com/cronosun/atrofac
[INFO] tweaked toml for git repo https://github.com/cronosun/atrofac written to /workspace/builds/worker-69/source/Cargo.toml
[INFO] crate git repo https://github.com/cronosun/atrofac already has a lockfile, it will not be regenerated
[INFO] running `Command { std: "/workspace/cargo-home/bin/cargo" "+1.54.0" "fetch" "--manifest-path" "Cargo.toml", kill_on_drop: false }`
[INFO] [stderr]     Blocking waiting for file lock on package cache
[INFO] [stderr]     Blocking waiting for file lock on package cache
[INFO] running `Command { std: "docker" "create" "-v" "/var/lib/crater-agent-workspace/builds/worker-69/target:/opt/rustwide/target:rw,Z" "-v" "/var/lib/crater-agent-workspace/builds/worker-69/source:/opt/rustwide/workdir:ro,Z" "-v" "/var/lib/crater-agent-workspace/cargo-home:/opt/rustwide/cargo-home:ro,Z" "-v" "/var/lib/crater-agent-workspace/rustup-home:/opt/rustwide/rustup-home:ro,Z" "-e" "SOURCE_DIR=/opt/rustwide/workdir" "-e" "CARGO_TARGET_DIR=/opt/rustwide/target" "-e" "CARGO_HOME=/opt/rustwide/cargo-home" "-e" "RUSTUP_HOME=/opt/rustwide/rustup-home" "-w" "/opt/rustwide/workdir" "-m" "1610612736" "--user" "0:0" "--network" "none" "ghcr.io/rust-lang/crates-build-env/linux@sha256:34b6a614d2c27851fe6cbf88fbd1137609cefab8b10d0615aaeb6fd47975d74e" "/opt/rustwide/cargo-home/bin/cargo" "+1.54.0" "metadata" "--no-deps" "--format-version=1", kill_on_drop: false }`
[INFO] [stdout] f10581b89d55f1174bf714cc357f2c3772fa77bc84553856f77fe75b790137e6
[INFO] running `Command { std: "docker" "start" "-a" "f10581b89d55f1174bf714cc357f2c3772fa77bc84553856f77fe75b790137e6", kill_on_drop: false }`
[INFO] running `Command { std: "docker" "inspect" "f10581b89d55f1174bf714cc357f2c3772fa77bc84553856f77fe75b790137e6", kill_on_drop: false }`
[INFO] running `Command { std: "docker" "rm" "-f" "f10581b89d55f1174bf714cc357f2c3772fa77bc84553856f77fe75b790137e6", kill_on_drop: false }`
[INFO] [stdout] f10581b89d55f1174bf714cc357f2c3772fa77bc84553856f77fe75b790137e6
[INFO] running `Command { std: "docker" "create" "-v" "/var/lib/crater-agent-workspace/builds/worker-69/target:/opt/rustwide/target:rw,Z" "-v" "/var/lib/crater-agent-workspace/builds/worker-69/source:/opt/rustwide/workdir:ro,Z" "-v" "/var/lib/crater-agent-workspace/cargo-home:/opt/rustwide/cargo-home:ro,Z" "-v" "/var/lib/crater-agent-workspace/rustup-home:/opt/rustwide/rustup-home:ro,Z" "-e" "SOURCE_DIR=/opt/rustwide/workdir" "-e" "CARGO_TARGET_DIR=/opt/rustwide/target" "-e" "CARGO_INCREMENTAL=0" "-e" "RUST_BACKTRACE=full" "-e" "RUSTDOCFLAGS=--cap-lints=warn" "-e" "CARGO_HOME=/opt/rustwide/cargo-home" "-e" "RUSTUP_HOME=/opt/rustwide/rustup-home" "-w" "/opt/rustwide/workdir" "-m" "1610612736" "--user" "0:0" "--network" "none" "ghcr.io/rust-lang/crates-build-env/linux@sha256:34b6a614d2c27851fe6cbf88fbd1137609cefab8b10d0615aaeb6fd47975d74e" "/opt/rustwide/cargo-home/bin/cargo" "+1.54.0" "doc" "--frozen" "--no-deps" "--document-private-items" "--message-format=json", kill_on_drop: false }`
[INFO] [stdout] 66a654b5962a9645d4269e67e5f953547362c8e018f6e501bd658ce9ef57fdf7
[INFO] running `Command { std: "docker" "start" "-a" "66a654b5962a9645d4269e67e5f953547362c8e018f6e501bd658ce9ef57fdf7", kill_on_drop: false }`
[INFO] [stderr]     Blocking waiting for file lock on package cache
[INFO] [stderr]     Blocking waiting for file lock on package cache
[INFO] [stderr]    Compiling pkg-config v0.3.17
[INFO] [stderr]    Compiling libc v0.2.70
[INFO] [stderr]    Compiling proc-macro2 v1.0.13
[INFO] [stderr]    Compiling syn v1.0.23
[INFO] [stderr]    Compiling autocfg v1.0.0
[INFO] [stderr]    Compiling log v0.4.8
[INFO] [stderr]    Compiling serde v1.0.110
[INFO] [stderr]    Compiling memchr v2.3.3
[INFO] [stderr]    Compiling version_check v0.9.1
[INFO] [stderr]     Checking regex-syntax v0.6.17
[INFO] [stderr]    Compiling gio v0.4.1
[INFO] [stderr]    Compiling gdk-pixbuf v0.4.0
[INFO] [stderr]    Compiling cairo-rs v0.4.1
[INFO] [stderr]     Checking c_vec v1.3.3
[INFO] [stderr]    Compiling gdk v0.8.0
[INFO] [stderr]    Compiling gtk v0.4.1
[INFO] [stderr]     Checking adler v0.2.2
[INFO] [stderr]     Checking linked-hash-map v0.5.3
[INFO] [stderr]     Checking glob v0.3.0
[INFO] [stderr]     Checking yansi v0.5.0
[INFO] [stderr]     Checking dtoa v0.4.5
[INFO] [stderr]     Checking unicode-width v0.1.7
[INFO] [stderr]    Compiling unicode-segmentation v1.6.0
[INFO] [stderr]     Checking strsim v0.8.0
[INFO] [stderr]     Checking quick-error v1.2.3
[INFO] [stderr]     Checking termcolor v1.1.0
[INFO] [stderr]     Checking exitcode v1.1.2
[INFO] [stderr]     Checking thread_local v1.0.1
[INFO] [stderr]     Checking miniz_oxide v0.4.0
[INFO] [stderr]    Compiling num-traits v0.2.12
[INFO] [stderr]    Compiling num-integer v0.1.43
[INFO] [stderr]    Compiling indexmap v1.3.2
[INFO] [stderr]     Checking humantime v1.3.0
[INFO] [stderr]    Compiling glib-sys v0.6.0
[INFO] [stderr]    Compiling gobject-sys v0.6.0
[INFO] [stderr]    Compiling gio-sys v0.6.0
[INFO] [stderr]    Compiling gdk-pixbuf-sys v0.6.0
[INFO] [stderr]    Compiling cairo-sys-rs v0.6.0
[INFO] [stderr]    Compiling pango-sys v0.6.0
[INFO] [stderr]    Compiling gdk-sys v0.6.0
[INFO] [stderr]    Compiling atk-sys v0.6.0
[INFO] [stderr]    Compiling gtk-sys v0.6.0
[INFO] [stderr]    Compiling proc-macro-error-attr v1.0.2
[INFO] [stderr]    Compiling proc-macro-error v1.0.2
[INFO] [stderr]     Checking textwrap v0.11.0
[INFO] [stderr]     Checking yaml-rust v0.4.3
[INFO] [stderr]    Compiling heck v0.3.1
[INFO] [stderr]     Checking aho-corasick v0.7.10
[INFO] [stderr]     Checking net2 v0.2.34
[INFO] [stderr]     Checking iovec v0.1.4
[INFO] [stderr]     Checking inotify-sys v0.1.3
[INFO] [stderr]     Checking time v0.1.43
[INFO] [stderr]     Checking filetime v0.2.10
[INFO] [stderr]     Checking atty v0.2.14
[INFO] [stderr]     Checking dirs-sys v0.3.4
[INFO] [stderr]     Checking flate2 v1.0.16
[INFO] [stderr]     Checking regex v1.3.7
[INFO] [stderr]    Compiling quote v1.0.6
[INFO] [stderr]     Checking inotify v0.7.1
[INFO] [stderr]     Checking dirs v2.0.2
[INFO] [stderr]     Checking clap v2.33.1
[INFO] [stderr]     Checking mio v0.6.22
[INFO] [stderr]     Checking atrofac-library v0.1.0 (/opt/rustwide/workdir/library)
[INFO] [stderr]     Checking env_logger v0.7.1
[INFO] [stderr]  Documenting atrofac-library v0.1.0 (/opt/rustwide/workdir/library)
[INFO] [stdout] error[E0433]: failed to resolve: could not find `windows` in `os`
[INFO] [stdout]  --> library/src/device_control.rs:6:14
[INFO] [stdout]   |
[INFO] [stdout] 6 | use std::os::windows::ffi::OsStrExt;
[INFO] [stdout]   |              ^^^^^^^ could not find `windows` in `os`
[INFO] [stdout] 
[INFO] [stdout] 
[INFO] [stdout] error[E0433]: failed to resolve: use of undeclared crate or module `winapi`
[INFO] [stdout]  --> library/src/device_control.rs:8:5
[INFO] [stdout]   |
[INFO] [stdout] 8 | use winapi::ctypes::c_void;
[INFO] [stdout]   |     ^^^^^^ use of undeclared crate or module `winapi`
[INFO] [stdout] 
[INFO] [stdout] 
[INFO] [stdout] error[E0433]: failed to resolve: use of undeclared crate or module `winapi`
[INFO] [stdout]  --> library/src/device_control.rs:9:5
[INFO] [stdout]   |
[INFO] [stdout] 9 | use winapi::um::errhandlingapi::GetLastError;
[INFO] [stdout]   |     ^^^^^^ use of undeclared crate or module `winapi`
[INFO] [stdout] 
[INFO] [stdout] 
[INFO] [stdout] error[E0433]: failed to resolve: use of undeclared crate or module `winapi`
[INFO] [stdout]   --> library/src/device_control.rs:10:5
[INFO] [stdout]    |
[INFO] [stdout] 10 | use winapi::um::fileapi::CreateFileW;
[INFO] [stdout]    |     ^^^^^^ use of undeclared crate or module `winapi`
[INFO] [stdout] 
[INFO] [stdout] 
[INFO] [stdout] error[E0433]: failed to resolve: use of undeclared crate or module `winapi`
[INFO] [stdout]   --> library/src/device_control.rs:11:5
[INFO] [stdout]    |
[INFO] [stdout] 11 | use winapi::um::handleapi::CloseHandle;
[INFO] [stdout]    |     ^^^^^^ use of undeclared crate or module `winapi`
[INFO] [stdout] 
[INFO] [stdout] 
[INFO] [stdout] error[E0433]: failed to resolve: use of undeclared crate or module `winapi`
[INFO] [stdout]   --> library/src/device_control.rs:12:5
[INFO] [stdout]    |
[INFO] [stdout] 12 | use winapi::um::ioapiset::DeviceIoControl;
[INFO] [stdout]    |     ^^^^^^ use of undeclared crate or module `winapi`
[INFO] [stdout] 
[INFO] [stdout] 
[INFO] [stdout] error[E0433]: failed to resolve: use of undeclared crate or module `winapi`
[INFO] [stdout]   --> library/src/device_control.rs:13:5
[INFO] [stdout]    |
[INFO] [stdout] 13 | use winapi::um::winnt::HANDLE;
[INFO] [stdout]    |     ^^^^^^ use of undeclared crate or module `winapi`
[INFO] [stdout] 
[INFO] [stdout] 
[INFO] [stdout] error[E0433]: failed to resolve: use of undeclared crate or module `winapi`
[INFO] [stdout]  --> library/src/err.rs:4:5
[INFO] [stdout]   |
[INFO] [stdout] 4 | use winapi::_core::fmt::Formatter;
[INFO] [stdout]   |     ^^^^^^ use of undeclared crate or module `winapi`
[INFO] [stdout] 
[INFO] [stdout] 
[INFO] [stdout] error[E0433]: failed to resolve: use of undeclared crate or module `winapi`
[INFO] [stdout]  --> library/src/err.rs:5:5
[INFO] [stdout]   |
[INFO] [stdout] 5 | use winapi::_core::num::TryFromIntError;
[INFO] [stdout]   |     ^^^^^^ use of undeclared crate or module `winapi`
[INFO] [stdout] 
[INFO] [stdout] 
[INFO] [stdout] error[E0412]: cannot find type `HANDLE` in this scope
[INFO] [stdout]   --> library/src/device_control.rs:16:13
[INFO] [stdout]    |
[INFO] [stdout] 16 |     handle: HANDLE,
[INFO] [stdout]    |             ^^^^^^ not found in this scope
[INFO] [stdout] 
[INFO] [stdout] 
[INFO] [stdout] error[E0412]: cannot find type `Formatter` in this scope
[INFO] [stdout]   --> library/src/err.rs:27:27
[INFO] [stdout]    |
[INFO] [stdout] 27 |     fn fmt(&self, f: &mut Formatter<'_>) -> fmt::Result {
[INFO] [stdout]    |                           ^^^^^^^^^ not found in this scope
[INFO] [stdout]    |
[INFO] [stdout] help: consider importing one of these items
[INFO] [stdout]    |
[INFO] [stdout] 1  | use core::fmt::Formatter;
[INFO] [stdout]    |
[INFO] [stdout] 1  | use crate::err::fmt::Formatter;
[INFO] [stdout]    |
[INFO] [stdout] 1  | use std::fmt::Formatter;
[INFO] [stdout]    |
[INFO] [stdout] 
[INFO] [stdout] 
[INFO] [stdout] error[E0412]: cannot find type `TryFromIntError` in this scope
[INFO] [stdout]   --> library/src/err.rs:33:16
[INFO] [stdout]    |
[INFO] [stdout] 33 |     fn from(_: TryFromIntError) -> Self {
[INFO] [stdout]    |                ^^^^^^^^^^^^^^^ not found in this scope
[INFO] [stdout]    |
[INFO] [stdout] help: consider importing one of these items
[INFO] [stdout]    |
[INFO] [stdout] 1  | use core::num::TryFromIntError;
[INFO] [stdout]    |
[INFO] [stdout] 1  | use std::num::TryFromIntError;
[INFO] [stdout]    |
[INFO] [stdout] 
[INFO] [stdout] 
[INFO] [stdout] error: Compilation failed, aborting rustdoc
[INFO] [stdout] 
[INFO] [stdout] 
[INFO] [stdout] error: aborting due to 13 previous errors
[INFO] [stdout] 
[INFO] [stdout] 
[INFO] [stdout] Some errors have detailed explanations: E0412, E0433.
[INFO] [stdout] 
[INFO] [stdout] For more information about an error, try `rustc --explain E0412`.
[INFO] [stdout] 
[INFO] [stdout] error[E0433]: failed to resolve: could not find `windows` in `os`
[INFO] [stdout]  --> library/src/device_control.rs:6:14
[INFO] [stdout]   |
[INFO] [stdout] 6 | use std::os::windows::ffi::OsStrExt;
[INFO] [stdout]   |              ^^^^^^^ could not find `windows` in `os`
[INFO] [stdout] 
[INFO] [stdout] 
[INFO] [stdout] error[E0433]: failed to resolve: use of undeclared crate or module `winapi`
[INFO] [stdout]  --> library/src/device_control.rs:8:5
[INFO] [stdout]   |
[INFO] [stdout] 8 | use winapi::ctypes::c_void;
[INFO] [stdout]   |     ^^^^^^ use of undeclared crate or module `winapi`
[INFO] [stdout] 
[INFO] [stdout] 
[INFO] [stdout] error[E0433]: failed to resolve: use of undeclared crate or module `winapi`
[INFO] [stdout]  --> library/src/device_control.rs:9:5
[INFO] [stdout]   |
[INFO] [stdout] 9 | use winapi::um::errhandlingapi::GetLastError;
[INFO] [stdout]   |     ^^^^^^ use of undeclared crate or module `winapi`
[INFO] [stdout] 
[INFO] [stdout] 
[INFO] [stdout] error[E0433]: failed to resolve: use of undeclared crate or module `winapi`
[INFO] [stdout]   --> library/src/device_control.rs:10:5
[INFO] [stdout]    |
[INFO] [stdout] 10 | use winapi::um::fileapi::CreateFileW;
[INFO] [stdout]    |     ^^^^^^ use of undeclared crate or module `winapi`
[INFO] [stdout] 
[INFO] [stdout] 
[INFO] [stdout] error[E0433]: failed to resolve: use of undeclared crate or module `winapi`
[INFO] [stdout]   --> library/src/device_control.rs:11:5
[INFO] [stdout]    |
[INFO] [stdout] 11 | use winapi::um::handleapi::CloseHandle;
[INFO] [stdout]    |     ^^^^^^ use of undeclared crate or module `winapi`
[INFO] [stdout] 
[INFO] [stdout] 
[INFO] [stdout] error[E0433]: failed to resolve: use of undeclared crate or module `winapi`
[INFO] [stdout]   --> library/src/device_control.rs:12:5
[INFO] [stdout]    |
[INFO] [stdout] 12 | use winapi::um::ioapiset::DeviceIoControl;
[INFO] [stdout]    |     ^^^^^^ use of undeclared crate or module `winapi`
[INFO] [stdout] 
[INFO] [stdout] 
[INFO] [stdout] error[E0433]: failed to resolve: use of undeclared crate or module `winapi`
[INFO] [stdout]   --> library/src/device_control.rs:13:5
[INFO] [stdout]    |
[INFO] [stdout] 13 | use winapi::um::winnt::HANDLE;
[INFO] [stdout]    |     ^^^^^^ use of undeclared crate or module `winapi`
[INFO] [stdout] 
[INFO] [stdout] 
[INFO] [stdout] error[E0433]: failed to resolve: use of undeclared crate or module `winapi`
[INFO] [stdout]  --> library/src/err.rs:4:5
[INFO] [stdout]   |
[INFO] [stdout] 4 | use winapi::_core::fmt::Formatter;
[INFO] [stdout]   |     ^^^^^^ use of undeclared crate or module `winapi`
[INFO] [stdout] 
[INFO] [stdout] 
[INFO] [stdout] error[E0433]: failed to resolve: use of undeclared crate or module `winapi`
[INFO] [stdout]  --> library/src/err.rs:5:5
[INFO] [stdout]   |
[INFO] [stdout] 5 | use winapi::_core::num::TryFromIntError;
[INFO] [stdout]   |     ^^^^^^ use of undeclared crate or module `winapi`
[INFO] [stdout] 
[INFO] [stdout] 
[INFO] [stderr] error: could not document `atrofac-library`
[INFO] [stderr] 
[INFO] [stderr] Caused by:
[INFO] [stderr]   process didn't exit successfully: `rustdoc --edition=2018 --crate-type lib --crate-name atrofac_library library/src/lib.rs -o /opt/rustwide/target/doc --error-format=json --json=diagnostic-rendered-ansi --document-private-items -L dependency=/opt/rustwide/target/debug/deps --extern log=/opt/rustwide/target/debug/deps/liblog-3350f96749421cbd.rmeta --extern regex=/opt/rustwide/target/debug/deps/libregex-14a744e2bdc1a954.rmeta --cap-lints=warn --crate-version 0.1.0` (exit status: 1)
[INFO] [stderr] warning: build failed, waiting for other jobs to finish...
[INFO] [stdout] error[E0412]: cannot find type `HANDLE` in this scope
[INFO] [stdout]   --> library/src/device_control.rs:16:13
[INFO] [stdout]    |
[INFO] [stdout] 16 |     handle: HANDLE,
[INFO] [stdout]    |             ^^^^^^ not found in this scope
[INFO] [stdout] 
[INFO] [stdout] 
[INFO] [stdout] error[E0425]: cannot find function, tuple struct or tuple variant `CreateFileW` in this scope
[INFO] [stdout]   --> library/src/device_control.rs:23:13
[INFO] [stdout]    |
[INFO] [stdout] 23 |             CreateFileW(
[INFO] [stdout]    |             ^^^^^^^^^^^ not found in this scope
[INFO] [stdout] 
[INFO] [stdout] 
[INFO] [stdout] error[E0412]: cannot find type `c_void` in this scope
[INFO] [stdout]   --> library/src/device_control.rs:53:36
[INFO] [stdout]    |
[INFO] [stdout] 53 |         let in_buffer_c_void: *mut c_void = in_buffer as *mut _ as *mut c_void;
[INFO] [stdout]    |                                    ^^^^^^ not found in this scope
[INFO] [stdout]    |
[INFO] [stdout] help: consider importing one of these items
[INFO] [stdout]    |
[INFO] [stdout] 1  | use core::ffi::c_void;
[INFO] [stdout]    |
[INFO] [stdout] 1  | use std::os::raw::c_void;
[INFO] [stdout]    |
[INFO] [stdout] 
[INFO] [stdout] 
[INFO] [stdout] error[E0412]: cannot find type `c_void` in this scope
[INFO] [stdout]   --> library/src/device_control.rs:53:73
[INFO] [stdout]    |
[INFO] [stdout] 53 |         let in_buffer_c_void: *mut c_void = in_buffer as *mut _ as *mut c_void;
[INFO] [stdout]    |                                                                         ^^^^^^ not found in this scope
[INFO] [stdout]    |
[INFO] [stdout] help: consider importing one of these items
[INFO] [stdout]    |
[INFO] [stdout] 1  | use core::ffi::c_void;
[INFO] [stdout]    |
[INFO] [stdout] 1  | use std::os::raw::c_void;
[INFO] [stdout]    |
[INFO] [stdout] 
[INFO] [stdout] 
[INFO] [stdout] error[E0412]: cannot find type `c_void` in this scope
[INFO] [stdout]   --> library/src/device_control.rs:54:37
[INFO] [stdout]    |
[INFO] [stdout] 54 |         let out_buffer_c_void: *mut c_void = out_buffer as *mut _ as *mut c_void;
[INFO] [stdout]    |                                     ^^^^^^ not found in this scope
[INFO] [stdout]    |
[INFO] [stdout] help: consider importing one of these items
[INFO] [stdout]    |
[INFO] [stdout] 1  | use core::ffi::c_void;
[INFO] [stdout]    |
[INFO] [stdout] 1  | use std::os::raw::c_void;
[INFO] [stdout]    |
[INFO] [stdout] 
[INFO] [stdout] 
[INFO] [stdout] error[E0412]: cannot find type `c_void` in this scope
[INFO] [stdout]   --> library/src/device_control.rs:54:75
[INFO] [stdout]    |
[INFO] [stdout] 54 |         let out_buffer_c_void: *mut c_void = out_buffer as *mut _ as *mut c_void;
[INFO] [stdout]    |                                                                           ^^^^^^ not found in this scope
[INFO] [stdout]    |
[INFO] [stdout] help: consider importing one of these items
[INFO] [stdout]    |
[INFO] [stdout] 1  | use core::ffi::c_void;
[INFO] [stdout]    |
[INFO] [stdout] 1  | use std::os::raw::c_void;
[INFO] [stdout]    |
[INFO] [stdout] 
[INFO] [stdout] 
[INFO] [stdout] error[E0425]: cannot find function, tuple struct or tuple variant `DeviceIoControl` in this scope
[INFO] [stdout]   --> library/src/device_control.rs:56:13
[INFO] [stdout]    |
[INFO] [stdout] 56 |             DeviceIoControl(
[INFO] [stdout]    |             ^^^^^^^^^^^^^^^ not found in this scope
[INFO] [stdout] 
[INFO] [stdout] 
[INFO] [stdout] error[E0425]: cannot find function, tuple struct or tuple variant `GetLastError` in this scope
[INFO] [stdout]   --> library/src/device_control.rs:70:39
[INFO] [stdout]    |
[INFO] [stdout] 70 |             let last_error = unsafe { GetLastError() };
[INFO] [stdout]    |                                       ^^^^^^^^^^^^ not found in this scope
[INFO] [stdout] 
[INFO] [stdout] 
[INFO] [stdout] error[E0425]: cannot find function, tuple struct or tuple variant `CloseHandle` in this scope
[INFO] [stdout]   --> library/src/device_control.rs:82:32
[INFO] [stdout]    |
[INFO] [stdout] 82 |         let success = unsafe { CloseHandle(self.handle) };
[INFO] [stdout]    |                                ^^^^^^^^^^^ not found in this scope
[INFO] [stdout] 
[INFO] [stdout] 
[INFO] [stdout] error[E0412]: cannot find type `Formatter` in this scope
[INFO] [stdout]   --> library/src/err.rs:27:27
[INFO] [stdout]    |
[INFO] [stdout] 27 |     fn fmt(&self, f: &mut Formatter<'_>) -> fmt::Result {
[INFO] [stdout]    |                           ^^^^^^^^^ not found in this scope
[INFO] [stdout]    |
[INFO] [stdout] help: consider importing one of these items
[INFO] [stdout]    |
[INFO] [stdout] 1  | use core::fmt::Formatter;
[INFO] [stdout]    |
[INFO] [stdout] 1  | use crate::err::fmt::Formatter;
[INFO] [stdout]    |
[INFO] [stdout] 1  | use std::fmt::Formatter;
[INFO] [stdout]    |
[INFO] [stdout] 
[INFO] [stdout] 
[INFO] [stdout] error[E0412]: cannot find type `TryFromIntError` in this scope
[INFO] [stdout]   --> library/src/err.rs:33:16
[INFO] [stdout]    |
[INFO] [stdout] 33 |     fn from(_: TryFromIntError) -> Self {
[INFO] [stdout]    |                ^^^^^^^^^^^^^^^ not found in this scope
[INFO] [stdout]    |
[INFO] [stdout] help: consider importing one of these items
[INFO] [stdout]    |
[INFO] [stdout] 1  | use core::num::TryFromIntError;
[INFO] [stdout]    |
[INFO] [stdout] 1  | use std::num::TryFromIntError;
[INFO] [stdout]    |
[INFO] [stdout] 
[INFO] [stdout] 
[INFO] [stdout] error[E0599]: no method named `encode_wide` found for reference `&OsStr` in the current scope
[INFO] [stdout]   --> library/src/device_control.rs:21:52
[INFO] [stdout]    |
[INFO] [stdout] 21 |         let wide_file: Vec<u16> = OsStr::new(file).encode_wide().chain(once(0)).collect();
[INFO] [stdout]    |                                                    ^^^^^^^^^^^ method not found in `&OsStr`
[INFO] [stdout] 
[INFO] [stdout] 
[INFO] [stdout] error: aborting due to 21 previous errors
[INFO] [stdout] 
[INFO] [stdout] 
[INFO] [stdout] Some errors have detailed explanations: E0412, E0425, E0433, E0599.
[INFO] [stdout] 
[INFO] [stdout] For more information about an error, try `rustc --explain E0412`.
[INFO] [stdout] 
[INFO] [stderr] error: build failed
[INFO] running `Command { std: "docker" "inspect" "66a654b5962a9645d4269e67e5f953547362c8e018f6e501bd658ce9ef57fdf7", kill_on_drop: false }`
[INFO] running `Command { std: "docker" "rm" "-f" "66a654b5962a9645d4269e67e5f953547362c8e018f6e501bd658ce9ef57fdf7", kill_on_drop: false }`
[INFO] [stdout] 66a654b5962a9645d4269e67e5f953547362c8e018f6e501bd658ce9ef57fdf7
