[INFO] cloning repository https://github.com/crlf0710/charlesmine-rs
[INFO] running `Command { std: "git" "-c" "credential.helper=" "-c" "credential.helper=/workspace/cargo-home/bin/git-credential-null" "clone" "--bare" "https://github.com/crlf0710/charlesmine-rs" "/workspace/cache/git-repos/https%3A%2F%2Fgithub.com%2Fcrlf0710%2Fcharlesmine-rs", kill_on_drop: false }`
[INFO] [stderr] Cloning into bare repository '/workspace/cache/git-repos/https%3A%2F%2Fgithub.com%2Fcrlf0710%2Fcharlesmine-rs'...
[INFO] running `Command { std: "git" "rev-parse" "HEAD", kill_on_drop: false }`
[INFO] [stdout] 41c6b473daaeb72cf8e9d6bee53682866374563c
[INFO] documenting crlf0710/charlesmine-rs against 1.54.0 for beta-1.55-rustdoc-1
[INFO] running `Command { std: "git" "clone" "/workspace/cache/git-repos/https%3A%2F%2Fgithub.com%2Fcrlf0710%2Fcharlesmine-rs" "/workspace/builds/worker-42/source", kill_on_drop: false }`
[INFO] [stderr] Cloning into '/workspace/builds/worker-42/source'...
[INFO] [stderr] done.
[INFO] validating manifest of git repo https://github.com/crlf0710/charlesmine-rs on toolchain 1.54.0
[INFO] running `Command { std: "/workspace/cargo-home/bin/cargo" "+1.54.0" "metadata" "--manifest-path" "Cargo.toml" "--no-deps", kill_on_drop: false }`
[INFO] started tweaking git repo https://github.com/crlf0710/charlesmine-rs
[INFO] finished tweaking git repo https://github.com/crlf0710/charlesmine-rs
[INFO] tweaked toml for git repo https://github.com/crlf0710/charlesmine-rs written to /workspace/builds/worker-42/source/Cargo.toml
[INFO] crate git repo https://github.com/crlf0710/charlesmine-rs already has a lockfile, it will not be regenerated
[INFO] running `Command { std: "/workspace/cargo-home/bin/cargo" "+1.54.0" "fetch" "--manifest-path" "Cargo.toml", kill_on_drop: false }`
[INFO] [stderr]     Blocking waiting for file lock on package cache
[INFO] [stderr]     Updating git repository `https://github.com/crlf0710/apiw-rs`
[INFO] [stderr]     Updating git repository `https://github.com/crlf0710/concerto-rs`
[INFO] [stderr]     Updating git repository `https://github.com/crlf0710/domino-rs`
[INFO] [stderr]     Updating git repository `https://github.com/crlf0710/resw-rs`
[INFO] [stderr]     Blocking waiting for file lock on package cache
[INFO] [stderr]  Downloading crates ...
[INFO] [stderr]   Downloaded vswhom v0.1.0
[INFO] [stderr]   Downloaded vswhom-sys v0.1.0
[INFO] [stderr]   Downloaded derive_more v0.11.0
[INFO] [stderr]   Downloaded clamp v0.1.0
[INFO] [stderr]   Downloaded vec-drain-where v1.0.1
[INFO] [stderr]   Downloaded embed-resource v1.3.1
[INFO] running `Command { std: "docker" "create" "-v" "/var/lib/crater-agent-workspace/builds/worker-42/target:/opt/rustwide/target:rw,Z" "-v" "/var/lib/crater-agent-workspace/builds/worker-42/source:/opt/rustwide/workdir:ro,Z" "-v" "/var/lib/crater-agent-workspace/cargo-home:/opt/rustwide/cargo-home:ro,Z" "-v" "/var/lib/crater-agent-workspace/rustup-home:/opt/rustwide/rustup-home:ro,Z" "-e" "SOURCE_DIR=/opt/rustwide/workdir" "-e" "CARGO_TARGET_DIR=/opt/rustwide/target" "-e" "CARGO_HOME=/opt/rustwide/cargo-home" "-e" "RUSTUP_HOME=/opt/rustwide/rustup-home" "-w" "/opt/rustwide/workdir" "-m" "1610612736" "--user" "0:0" "--network" "none" "ghcr.io/rust-lang/crates-build-env/linux@sha256:34b6a614d2c27851fe6cbf88fbd1137609cefab8b10d0615aaeb6fd47975d74e" "/opt/rustwide/cargo-home/bin/cargo" "+1.54.0" "metadata" "--no-deps" "--format-version=1", kill_on_drop: false }`
[INFO] [stdout] 2c5dbcc88ee8b9e721d6463a7bc0a217d60c139b78627462fc0dd28814e01552
[INFO] running `Command { std: "docker" "start" "-a" "2c5dbcc88ee8b9e721d6463a7bc0a217d60c139b78627462fc0dd28814e01552", kill_on_drop: false }`
[INFO] running `Command { std: "docker" "inspect" "2c5dbcc88ee8b9e721d6463a7bc0a217d60c139b78627462fc0dd28814e01552", kill_on_drop: false }`
[INFO] running `Command { std: "docker" "rm" "-f" "2c5dbcc88ee8b9e721d6463a7bc0a217d60c139b78627462fc0dd28814e01552", kill_on_drop: false }`
[INFO] [stdout] 2c5dbcc88ee8b9e721d6463a7bc0a217d60c139b78627462fc0dd28814e01552
[INFO] running `Command { std: "docker" "create" "-v" "/var/lib/crater-agent-workspace/builds/worker-42/target:/opt/rustwide/target:rw,Z" "-v" "/var/lib/crater-agent-workspace/builds/worker-42/source:/opt/rustwide/workdir:ro,Z" "-v" "/var/lib/crater-agent-workspace/cargo-home:/opt/rustwide/cargo-home:ro,Z" "-v" "/var/lib/crater-agent-workspace/rustup-home:/opt/rustwide/rustup-home:ro,Z" "-e" "SOURCE_DIR=/opt/rustwide/workdir" "-e" "CARGO_TARGET_DIR=/opt/rustwide/target" "-e" "CARGO_INCREMENTAL=0" "-e" "RUST_BACKTRACE=full" "-e" "RUSTDOCFLAGS=--cap-lints=warn" "-e" "CARGO_HOME=/opt/rustwide/cargo-home" "-e" "RUSTUP_HOME=/opt/rustwide/rustup-home" "-w" "/opt/rustwide/workdir" "-m" "1610612736" "--user" "0:0" "--network" "none" "ghcr.io/rust-lang/crates-build-env/linux@sha256:34b6a614d2c27851fe6cbf88fbd1137609cefab8b10d0615aaeb6fd47975d74e" "/opt/rustwide/cargo-home/bin/cargo" "+1.54.0" "doc" "--frozen" "--no-deps" "--document-private-items" "--message-format=json", kill_on_drop: false }`
[INFO] [stdout] 4e6e38aaee4c435e11039dae0f2908b79d93a81ee75cc30d373fdfd9e6d916f2
[INFO] running `Command { std: "docker" "start" "-a" "4e6e38aaee4c435e11039dae0f2908b79d93a81ee75cc30d373fdfd9e6d916f2", kill_on_drop: false }`
[INFO] [stderr]    Compiling libc v0.2.66
[INFO] [stderr]    Compiling log v0.4.8
[INFO] [stderr]    Compiling memchr v2.3.0
[INFO] [stderr]     Checking regex-syntax v0.6.14
[INFO] [stderr]     Checking fixedbitset v0.1.9
[INFO] [stderr]     Checking termcolor v1.1.0
[INFO] [stderr]     Checking vec-drain-where v1.0.1
[INFO] [stderr]    Compiling charlesmine v0.1.0 (/opt/rustwide/workdir)
[INFO] [stderr]     Checking clamp v0.1.0
[INFO] [stderr]     Checking smallvec v1.2.0
[INFO] [stderr]    Compiling num-traits v0.2.11
[INFO] [stderr]    Compiling proc-macro2 v0.3.8
[INFO] [stderr]    Compiling num-integer v0.1.42
[INFO] [stderr]     Checking humantime v1.3.0
[INFO] [stderr]     Checking smallvec v0.6.13
[INFO] [stderr]    Compiling quote v0.5.2
[INFO] [stderr]    Compiling syn v0.13.11
[INFO] [stderr]     Checking aho-corasick v0.7.8
[INFO] [stderr]     Checking domino v0.1.0 (https://github.com/crlf0710/domino-rs#be2b3741)
[INFO] [stderr]     Checking concerto v0.1.0 (https://github.com/crlf0710/concerto-rs#4873c00e)
[INFO] [stderr]     Checking getrandom v0.1.14
[INFO] [stderr]     Checking atty v0.2.14
[INFO] [stderr]     Checking time v0.1.42
[INFO] [stderr]     Checking regex v1.3.4
[INFO] [stderr]     Checking rand_core v0.5.1
[INFO] [stderr]     Checking rand_chacha v0.2.1
[INFO] [stderr]     Checking rand v0.7.3
[INFO] [stderr]     Checking chrono v0.4.10
[INFO] [stderr]     Checking env_logger v0.7.1
[INFO] [stderr]    Compiling derive_more v0.11.0
[INFO] [stderr]     Checking apiw v0.1.0 (https://github.com/crlf0710/apiw-rs#bd627997)
[INFO] [stderr]  Documenting charlesmine v0.1.0 (/opt/rustwide/workdir)
[INFO] [stdout] error[E0432]: unresolved import `apiw::graphics_subsystem`
[INFO] [stdout]  --> src/controller.rs:4:11
[INFO] [stdout]   |
[INFO] [stdout] 4 | use apiw::graphics_subsystem::Point;
[INFO] [stdout]   |           ^^^^^^^^^^^^^^^^^^ could not find `graphics_subsystem` in `apiw`
[INFO] [stdout] 
[INFO] [stdout] 
[INFO] [stdout] error[E0432]: unresolved import `apiw::graphics_subsystem`
[INFO] [stdout]  --> src/controller.rs:5:11
[INFO] [stdout]   |
[INFO] [stdout] 5 | use apiw::graphics_subsystem::Rect;
[INFO] [stdout]   |           ^^^^^^^^^^^^^^^^^^ could not find `graphics_subsystem` in `apiw`
[INFO] [stdout] 
[INFO] [stdout] 
[INFO] [stdout] error[E0433]: failed to resolve: could not find `windows_subsystem` in `apiw`
[INFO] [stdout]  --> src/controller.rs:7:11
[INFO] [stdout]   |
[INFO] [stdout] 7 | use apiw::windows_subsystem::window::MouseEventArgs;
[INFO] [stdout]   |           ^^^^^^^^^^^^^^^^^ could not find `windows_subsystem` in `apiw`
[INFO] [stdout] 
[INFO] [stdout] 
[INFO] [stdout] error[E0432]: unresolved import `apiw::graphics_subsystem`
[INFO] [stdout]  --> src/controller.rs:6:11
[INFO] [stdout]   |
[INFO] [stdout] 6 | use apiw::graphics_subsystem::Size;
[INFO] [stdout]   |           ^^^^^^^^^^^^^^^^^^ could not find `graphics_subsystem` in `apiw`
[INFO] [stdout] 
[INFO] [stdout] 
[INFO] [stdout] error[E0432]: unresolved import `apiw::shared`
[INFO] [stdout]  --> src/ui_apiw.rs:4:11
[INFO] [stdout]   |
[INFO] [stdout] 4 | use apiw::shared::ManagedStrategy;
[INFO] [stdout]   |           ^^^^^^ could not find `shared` in `apiw`
[INFO] [stdout] 
[INFO] [stdout] 
[INFO] [stdout] error[E0432]: unresolved import `apiw::Result`
[INFO] [stdout]  --> src/ui_apiw.rs:5:5
[INFO] [stdout]   |
[INFO] [stdout] 5 | use apiw::Result;
[INFO] [stdout]   |     ^^^^^^^^^^^^ no `Result` in the root
[INFO] [stdout] 
[INFO] [stdout] 
[INFO] [stdout] error[E0432]: unresolved import `apiw::application_support_functions`
[INFO] [stdout]   --> src/ui_apiw.rs:15:11
[INFO] [stdout]    |
[INFO] [stdout] 15 | use apiw::application_support_functions::MessageBoxBuilder;
[INFO] [stdout]    |           ^^^^^^^^^^^^^^^^^^^^^^^^^^^^^ could not find `application_support_functions` in `apiw`
[INFO] [stdout] 
[INFO] [stdout] 
[INFO] [stdout] error[E0432]: unresolved import `apiw::timer_proc`
[INFO] [stdout]   --> src/ui_apiw.rs:16:5
[INFO] [stdout]    |
[INFO] [stdout] 16 | use apiw::timer_proc;
[INFO] [stdout]    |     ^^^^^^^^^^^^^^^^ no `timer_proc` in the root
[INFO] [stdout] 
[INFO] [stdout] 
[INFO] [stdout] error[E0432]: unresolved import `apiw::window_proc`
[INFO] [stdout]   --> src/ui_apiw.rs:17:5
[INFO] [stdout]    |
[INFO] [stdout] 17 | use apiw::window_proc;
[INFO] [stdout]    |     ^^^^^^^^^^^^^^^^^ no `window_proc` in the root
[INFO] [stdout] 
[INFO] [stdout] 
[INFO] [stdout] error[E0432]: unresolved import `apiw::application_support_functions`
[INFO] [stdout]   --> src/ui_apiw.rs:31:11
[INFO] [stdout]    |
[INFO] [stdout] 31 | use apiw::application_support_functions::OpenFileDialogBuilder;
[INFO] [stdout]    |           ^^^^^^^^^^^^^^^^^^^^^^^^^^^^^ could not find `application_support_functions` in `apiw`
[INFO] [stdout] 
[INFO] [stdout] 
[INFO] [stdout] error[E0432]: unresolved import `apiw::application_support_functions`
[INFO] [stdout]   --> src/ui_apiw.rs:32:11
[INFO] [stdout]    |
[INFO] [stdout] 32 | use apiw::application_support_functions::OpenFileDialogFlags;
[INFO] [stdout]    |           ^^^^^^^^^^^^^^^^^^^^^^^^^^^^^ could not find `application_support_functions` in `apiw`
[INFO] [stdout] 
[INFO] [stdout] 
[INFO] [stdout] error[E0432]: unresolved import `apiw::application_support_functions`
[INFO] [stdout]   --> src/ui_apiw.rs:33:11
[INFO] [stdout]    |
[INFO] [stdout] 33 | use apiw::application_support_functions::SaveFileDialogBuilder;
[INFO] [stdout]    |           ^^^^^^^^^^^^^^^^^^^^^^^^^^^^^ could not find `application_support_functions` in `apiw`
[INFO] [stdout] 
[INFO] [stdout] 
[INFO] [stdout] error[E0433]: failed to resolve: could not find `graphics_subsystem` in `apiw`
[INFO] [stdout]   --> src/ui_apiw.rs:35:15
[INFO] [stdout]    |
[INFO] [stdout] 35 | pub use apiw::graphics_subsystem::draw::Draw as UiDraw;
[INFO] [stdout]    |               ^^^^^^^^^^^^^^^^^^ could not find `graphics_subsystem` in `apiw`
[INFO] [stdout] 
[INFO] [stdout] 
[INFO] [stdout] error[E0433]: failed to resolve: could not find `windows_subsystem` in `apiw`
[INFO] [stdout]    --> src/ui_apiw.rs:144:19
[INFO] [stdout]     |
[INFO] [stdout] 144 |         use apiw::windows_subsystem::window::ForeignWindow;
[INFO] [stdout]     |                   ^^^^^^^^^^^^^^^^^ could not find `windows_subsystem` in `apiw`
[INFO] [stdout] 
[INFO] [stdout] 
[INFO] [stdout] error[E0433]: failed to resolve: could not find `windows_subsystem` in `apiw`
[INFO] [stdout]    --> src/ui_apiw.rs:145:19
[INFO] [stdout]     |
[INFO] [stdout] 145 |         use apiw::windows_subsystem::window::WindowBuilder;
[INFO] [stdout]     |                   ^^^^^^^^^^^^^^^^^ could not find `windows_subsystem` in `apiw`
[INFO] [stdout] 
[INFO] [stdout] 
[INFO] [stdout] error[E0433]: failed to resolve: could not find `windows_subsystem` in `apiw`
[INFO] [stdout]    --> src/ui_apiw.rs:146:19
[INFO] [stdout]     |
[INFO] [stdout] 146 |         use apiw::windows_subsystem::window::WindowClassBuilder;
[INFO] [stdout]     |                   ^^^^^^^^^^^^^^^^^ could not find `windows_subsystem` in `apiw`
[INFO] [stdout] 
[INFO] [stdout] 
[INFO] [stdout] error[E0433]: failed to resolve: could not find `windows_subsystem` in `apiw`
[INFO] [stdout]    --> src/ui_apiw.rs:147:19
[INFO] [stdout]     |
[INFO] [stdout] 147 |         use apiw::windows_subsystem::window::WindowProcRequest;
[INFO] [stdout]     |                   ^^^^^^^^^^^^^^^^^ could not find `windows_subsystem` in `apiw`
[INFO] [stdout] 
[INFO] [stdout] 
[INFO] [stdout] error[E0433]: failed to resolve: could not find `windows_subsystem` in `apiw`
[INFO] [stdout]    --> src/ui_apiw.rs:148:19
[INFO] [stdout]     |
[INFO] [stdout] 148 |         use apiw::windows_subsystem::window::WindowStyles;
[INFO] [stdout]     |                   ^^^^^^^^^^^^^^^^^ could not find `windows_subsystem` in `apiw`
[INFO] [stdout] 
[INFO] [stdout] 
[INFO] [stdout] error[E0433]: failed to resolve: could not find `windows_subsystem` in `apiw`
[INFO] [stdout]    --> src/ui_apiw.rs:151:23
[INFO] [stdout]     |
[INFO] [stdout] 151 |             use apiw::windows_subsystem::window::CommandEventArgs;
[INFO] [stdout]     |                       ^^^^^^^^^^^^^^^^^ could not find `windows_subsystem` in `apiw`
[INFO] [stdout] 
[INFO] [stdout] 
[INFO] [stdout] error[E0433]: failed to resolve: could not find `windows_subsystem` in `apiw`
[INFO] [stdout]    --> src/ui_apiw.rs:152:23
[INFO] [stdout]     |
[INFO] [stdout] 152 |             use apiw::windows_subsystem::window::MouseEventArgs;
[INFO] [stdout]     |                       ^^^^^^^^^^^^^^^^^ could not find `windows_subsystem` in `apiw`
[INFO] [stdout] 
[INFO] [stdout] 
[INFO] [stdout] error[E0433]: failed to resolve: could not find `windows_subsystem` in `apiw`
[INFO] [stdout]    --> src/ui_apiw.rs:179:39
[INFO] [stdout]     |
[INFO] [stdout] 179 | ...                   use apiw::windows_subsystem::window::MouseEventArgType;
[INFO] [stdout]     |                                 ^^^^^^^^^^^^^^^^^ could not find `windows_subsystem` in `apiw`
[INFO] [stdout] 
[INFO] [stdout] 
[INFO] [stdout] error[E0433]: failed to resolve: could not find `windows_subsystem` in `apiw`
[INFO] [stdout]    --> src/ui_apiw.rs:352:43
[INFO] [stdout]     |
[INFO] [stdout] 352 | ...                   use apiw::windows_subsystem::dialog::DialogBuilder;
[INFO] [stdout]     |                                 ^^^^^^^^^^^^^^^^^ could not find `windows_subsystem` in `apiw`
[INFO] [stdout] 
[INFO] [stdout] 
[INFO] [stdout] error[E0433]: failed to resolve: could not find `windows_subsystem` in `apiw`
[INFO] [stdout]    --> src/ui_apiw.rs:363:31
[INFO] [stdout]     |
[INFO] [stdout] 363 |                     use apiw::windows_subsystem::message::ForeignMessageLoop;
[INFO] [stdout]     |                               ^^^^^^^^^^^^^^^^^ could not find `windows_subsystem` in `apiw`
[INFO] [stdout] 
[INFO] [stdout] 
[INFO] [stdout] error[E0433]: failed to resolve: could not find `windows_subsystem` in `apiw`
[INFO] [stdout]    --> src/ui_apiw.rs:371:19
[INFO] [stdout]     |
[INFO] [stdout] 371 |         use apiw::windows_subsystem::window::TimerProcRequest;
[INFO] [stdout]     |                   ^^^^^^^^^^^^^^^^^ could not find `windows_subsystem` in `apiw`
[INFO] [stdout] 
[INFO] [stdout] 
[INFO] [stdout] error[E0433]: failed to resolve: could not find `windows_subsystem` in `apiw`
[INFO] [stdout]    --> src/ui_apiw.rs:418:19
[INFO] [stdout]     |
[INFO] [stdout] 418 |         use apiw::windows_subsystem::message::ForeignMessageLoop;
[INFO] [stdout]     |                   ^^^^^^^^^^^^^^^^^ could not find `windows_subsystem` in `apiw`
[INFO] [stdout] 
[INFO] [stdout] 
[INFO] [stdout] error[E0433]: failed to resolve: could not find `graphics_subsystem` in `apiw`
[INFO] [stdout]    --> src/view.rs:122:19
[INFO] [stdout]     |
[INFO] [stdout] 122 |         use apiw::graphics_subsystem::object::PenBuilder;
[INFO] [stdout]     |                   ^^^^^^^^^^^^^^^^^^ could not find `graphics_subsystem` in `apiw`
[INFO] [stdout] 
[INFO] [stdout] 
[INFO] [stdout] error[E0433]: failed to resolve: could not find `extensions` in `apiw`
[INFO] [stdout]    --> src/view.rs:291:19
[INFO] [stdout]     |
[INFO] [stdout] 291 |         use apiw::extensions::draw_ext::{GraphicsMode, Transform};
[INFO] [stdout]     |                   ^^^^^^^^^^ could not find `extensions` in `apiw`
[INFO] [stdout] 
[INFO] [stdout] 
[INFO] [stdout] error[E0433]: failed to resolve: could not find `graphics_subsystem` in `apiw`
[INFO] [stdout]  --> src/view_assets.rs:4:11
[INFO] [stdout]   |
[INFO] [stdout] 4 | use apiw::graphics_subsystem::device_context::{LocalDeviceContext, ScopedDeviceContext};
[INFO] [stdout]   |           ^^^^^^^^^^^^^^^^^^ could not find `graphics_subsystem` in `apiw`
[INFO] [stdout] 
[INFO] [stdout] 
[INFO] [stdout] error[E0433]: failed to resolve: could not find `graphics_subsystem` in `apiw`
[INFO] [stdout]  --> src/view_assets.rs:5:11
[INFO] [stdout]   |
[INFO] [stdout] 5 | use apiw::graphics_subsystem::object::Bitmap;
[INFO] [stdout]   |           ^^^^^^^^^^^^^^^^^^ could not find `graphics_subsystem` in `apiw`
[INFO] [stdout] 
[INFO] [stdout] 
[INFO] [stdout] error[E0432]: unresolved import `apiw::application_support_functions`
[INFO] [stdout]   --> src/ui_apiw.rs:34:11
[INFO] [stdout]    |
[INFO] [stdout] 34 | use apiw::application_support_functions::SaveFileDialogFlags;
[INFO] [stdout]    |           ^^^^^^^^^^^^^^^^^^^^^^^^^^^^^ could not find `application_support_functions` in `apiw`
[INFO] [stdout] 
[INFO] [stdout] 
[INFO] [stdout] error[E0432]: unresolved import `apiw::graphics_subsystem`
[INFO] [stdout]  --> src/view_assets.rs:6:11
[INFO] [stdout]   |
[INFO] [stdout] 6 | use apiw::graphics_subsystem::RGBColor;
[INFO] [stdout]   |           ^^^^^^^^^^^^^^^^^^ could not find `graphics_subsystem` in `apiw`
[INFO] [stdout] 
[INFO] [stdout] 
[INFO] [stdout] error[E0432]: unresolved import `apiw::graphics_subsystem`
[INFO] [stdout]  --> src/view_assets.rs:7:11
[INFO] [stdout]   |
[INFO] [stdout] 7 | use apiw::graphics_subsystem::TenaryROP;
[INFO] [stdout]   |           ^^^^^^^^^^^^^^^^^^ could not find `graphics_subsystem` in `apiw`
[INFO] [stdout] 
[INFO] [stdout] 
[INFO] [stdout] error[E0432]: unresolved import `apiw::graphics_subsystem`
[INFO] [stdout]  --> src/view_assets.rs:8:11
[INFO] [stdout]   |
[INFO] [stdout] 8 | use apiw::graphics_subsystem::{Point, Size};
[INFO] [stdout]   |           ^^^^^^^^^^^^^^^^^^ could not find `graphics_subsystem` in `apiw`
[INFO] [stdout] 
[INFO] [stdout] 
[INFO] [stdout] error[E0432]: unresolved import `apiw::shared`
[INFO] [stdout]  --> src/view_assets.rs:9:11
[INFO] [stdout]   |
[INFO] [stdout] 9 | use apiw::shared::ManagedStrategy;
[INFO] [stdout]   |           ^^^^^^ could not find `shared` in `apiw`
[INFO] [stdout] 
[INFO] [stdout] 
[INFO] [stdout] error[E0432]: unresolved import `crate::ui::UiDraw`
[INFO] [stdout]   --> src/view.rs:13:5
[INFO] [stdout]    |
[INFO] [stdout] 13 | use crate::ui::UiDraw;
[INFO] [stdout]    |     ^^^^^^^^^^^^^^^^^ no `UiDraw` in `ui`
[INFO] [stdout] 
[INFO] [stdout] 
[INFO] [stdout] error: cannot determine resolution for the macro `timer_proc`
[INFO] [stdout]    --> src/ui_apiw.rs:409:17
[INFO] [stdout]     |
[INFO] [stdout] 409 |                 timer_proc!(main_window_timer_handler),
[INFO] [stdout]     |                 ^^^^^^^^^^
[INFO] [stdout]     |
[INFO] [stdout]     = note: import resolution is stuck, try simplifying macro imports
[INFO] [stdout] 
[INFO] [stdout] 
[INFO] [stdout] error: cannot determine resolution for the macro `window_proc`
[INFO] [stdout]    --> src/ui_apiw.rs:384:26
[INFO] [stdout]     |
[INFO] [stdout] 384 |             .window_proc(window_proc!(main_window_handler))
[INFO] [stdout]     |                          ^^^^^^^^^^^
[INFO] [stdout]     |
[INFO] [stdout]     = note: import resolution is stuck, try simplifying macro imports
[INFO] [stdout] 
[INFO] [stdout] 
[INFO] [stdout] error[E0433]: failed to resolve: could not find `windows_subsystem` in `apiw`
[INFO] [stdout]   --> src/ui_apiw.rs:20:27
[INFO] [stdout]    |
[INFO] [stdout] 20 | pub type UiWindow = apiw::windows_subsystem::window::ForeignWindow;
[INFO] [stdout]    |                           ^^^^^^^^^^^^^^^^^ could not find `windows_subsystem` in `apiw`
[INFO] [stdout] 
[INFO] [stdout] 
[INFO] [stdout] error[E0433]: failed to resolve: could not find `graphics_subsystem` in `apiw`
[INFO] [stdout]   --> src/ui_apiw.rs:21:33
[INFO] [stdout]    |
[INFO] [stdout] 21 | pub type UiScopedDC<'a> = apiw::graphics_subsystem::device_context::ScopedDeviceContext<'a>;
[INFO] [stdout]    |                                 ^^^^^^^^^^^^^^^^^^ could not find `graphics_subsystem` in `apiw`
[INFO] [stdout] 
[INFO] [stdout] 
[INFO] [stdout] error[E0433]: failed to resolve: could not find `graphics_subsystem` in `apiw`
[INFO] [stdout]   --> src/ui_apiw.rs:22:28
[INFO] [stdout]    |
[INFO] [stdout] 22 | pub type UiLocalDC = apiw::graphics_subsystem::device_context::LocalDeviceContext;
[INFO] [stdout]    |                            ^^^^^^^^^^^^^^^^^^ could not find `graphics_subsystem` in `apiw`
[INFO] [stdout] 
[INFO] [stdout] 
[INFO] [stdout] error[E0433]: failed to resolve: could not find `graphics_subsystem` in `apiw`
[INFO] [stdout]   --> src/ui_apiw.rs:25:23
[INFO] [stdout]    |
[INFO] [stdout] 25 | pub type Size = apiw::graphics_subsystem::Size;
[INFO] [stdout]    |                       ^^^^^^^^^^^^^^^^^^ could not find `graphics_subsystem` in `apiw`
[INFO] [stdout] 
[INFO] [stdout] 
[INFO] [stdout] error[E0433]: failed to resolve: could not find `graphics_subsystem` in `apiw`
[INFO] [stdout]   --> src/ui_apiw.rs:26:24
[INFO] [stdout]    |
[INFO] [stdout] 26 | pub type Point = apiw::graphics_subsystem::Point;
[INFO] [stdout]    |                        ^^^^^^^^^^^^^^^^^^ could not find `graphics_subsystem` in `apiw`
[INFO] [stdout] 
[INFO] [stdout] 
[INFO] [stdout] error[E0433]: failed to resolve: could not find `graphics_subsystem` in `apiw`
[INFO] [stdout]   --> src/ui_apiw.rs:27:23
[INFO] [stdout]    |
[INFO] [stdout] 27 | pub type Rect = apiw::graphics_subsystem::Rect;
[INFO] [stdout]    |                       ^^^^^^^^^^^^^^^^^^ could not find `graphics_subsystem` in `apiw`
[INFO] [stdout] 
[INFO] [stdout] 
[INFO] [stdout] error[E0433]: failed to resolve: could not find `graphics_subsystem` in `apiw`
[INFO] [stdout]   --> src/ui_apiw.rs:28:27
[INFO] [stdout]    |
[INFO] [stdout] 28 | pub type RGBColor = apiw::graphics_subsystem::RGBColor;
[INFO] [stdout]    |                           ^^^^^^^^^^^^^^^^^^ could not find `graphics_subsystem` in `apiw`
[INFO] [stdout] 
[INFO] [stdout] 
[INFO] [stdout] error[E0412]: cannot find type `Result` in crate `apiw`
[INFO] [stdout]   --> src/ui_apiw.rs:23:30
[INFO] [stdout]    |
[INFO] [stdout] 23 | pub type UiResult<T> = apiw::Result<T>;
[INFO] [stdout]    |                              ^^^^^^ not found in `apiw`
[INFO] [stdout]    |
[INFO] [stdout] help: consider importing one of these items
[INFO] [stdout]    |
[INFO] [stdout] 3  | use core::fmt::Result;
[INFO] [stdout]    |
[INFO] [stdout] 3  | use core::result::Result;
[INFO] [stdout]    |
[INFO] [stdout] 3  | use std::fmt::Result;
[INFO] [stdout]    |
[INFO] [stdout] 3  | use std::io::Result;
[INFO] [stdout]    |
[INFO] [stdout]      and 2 other candidates
[INFO] [stdout] 
[INFO] [stdout] 
[INFO] [stdout] error[E0412]: cannot find type `Result` in crate `apiw`
[INFO] [stdout]   --> src/ui_apiw.rs:45:45
[INFO] [stdout]    |
[INFO] [stdout] 45 |     pub(crate) fn initialization() -> apiw::Result<()> {
[INFO] [stdout]    |                                             ^^^^^^ not found in `apiw`
[INFO] [stdout]    |
[INFO] [stdout] help: consider importing one of these items
[INFO] [stdout]    |
[INFO] [stdout] 3  | use core::fmt::Result;
[INFO] [stdout]    |
[INFO] [stdout] 3  | use core::result::Result;
[INFO] [stdout]    |
[INFO] [stdout] 3  | use std::fmt::Result;
[INFO] [stdout]    |
[INFO] [stdout] 3  | use std::io::Result;
[INFO] [stdout]    |
[INFO] [stdout]      and 2 other candidates
[INFO] [stdout] 
[INFO] [stdout] 
[INFO] [stdout] error[E0412]: cannot find type `Result` in crate `apiw`
[INFO] [stdout]    --> src/ui_apiw.rs:142:38
[INFO] [stdout]     |
[INFO] [stdout] 142 |     fn create_main_window() -> apiw::Result<()> {
[INFO] [stdout]     |                                      ^^^^^^ not found in `apiw`
[INFO] [stdout]     |
[INFO] [stdout] help: consider importing one of these items
[INFO] [stdout]     |
[INFO] [stdout] 3   | use core::fmt::Result;
[INFO] [stdout]     |
[INFO] [stdout] 3   | use core::result::Result;
[INFO] [stdout]     |
[INFO] [stdout] 3   | use std::fmt::Result;
[INFO] [stdout]     |
[INFO] [stdout] 3   | use std::io::Result;
[INFO] [stdout]     |
[INFO] [stdout]       and 2 other candidates
[INFO] [stdout] 
[INFO] [stdout] 
[INFO] [stdout] error[E0412]: cannot find type `WindowProcRequest` in this scope
[INFO] [stdout]    --> src/ui_apiw.rs:150:45
[INFO] [stdout]     |
[INFO] [stdout] 150 |         fn main_window_handler(mut request: WindowProcRequest) {
[INFO] [stdout]     |                                             ^^^^^^^^^^^^^^^^^ not found in this scope
[INFO] [stdout] 
[INFO] [stdout] 
[INFO] [stdout] error[E0412]: cannot find type `TimerProcRequest` in this scope
[INFO] [stdout]    --> src/ui_apiw.rs:373:47
[INFO] [stdout]     |
[INFO] [stdout] 373 |         fn main_window_timer_handler(request: TimerProcRequest) {
[INFO] [stdout]     |                                               ^^^^^^^^^^^^^^^^ not found in this scope
[INFO] [stdout] 
[INFO] [stdout] 
[INFO] [stdout] error[E0412]: cannot find type `Result` in crate `apiw`
[INFO] [stdout]    --> src/ui_apiw.rs:417:45
[INFO] [stdout]     |
[INFO] [stdout] 417 |     pub(crate) fn run_event_loop() -> apiw::Result<()> {
[INFO] [stdout]     |                                             ^^^^^^ not found in `apiw`
[INFO] [stdout]     |
[INFO] [stdout] help: consider importing one of these items
[INFO] [stdout]     |
[INFO] [stdout] 3   | use core::fmt::Result;
[INFO] [stdout]     |
[INFO] [stdout] 3   | use core::result::Result;
[INFO] [stdout]     |
[INFO] [stdout] 3   | use std::fmt::Result;
[INFO] [stdout]     |
[INFO] [stdout] 3   | use std::io::Result;
[INFO] [stdout]     |
[INFO] [stdout]       and 2 other candidates
[INFO] [stdout] 
[INFO] [stdout] 
[INFO] [stdout] error[E0412]: cannot find type `LocalDeviceContext` in this scope
[INFO] [stdout]   --> src/view_assets.rs:26:18
[INFO] [stdout]    |
[INFO] [stdout] 26 |     S: BorrowMut<LocalDeviceContext>,
[INFO] [stdout]    |                  ^^^^^^^^^^^^^^^^^^ not found in this scope
[INFO] [stdout] 
[INFO] [stdout] 
[INFO] [stdout] error[E0412]: cannot find type `ScopedDeviceContext` in this scope
[INFO] [stdout]   --> src/view_assets.rs:27:18
[INFO] [stdout]    |
[INFO] [stdout] 27 |     D: BorrowMut<ScopedDeviceContext<'d>>,
[INFO] [stdout]    |                  ^^^^^^^^^^^^^^^^^^^ not found in this scope
[INFO] [stdout] 
[INFO] [stdout] 
[INFO] [stdout] error[E0412]: cannot find type `Bitmap` in this scope
[INFO] [stdout]   --> src/view_assets.rs:32:27
[INFO] [stdout]    |
[INFO] [stdout] 27 |     D: BorrowMut<ScopedDeviceContext<'d>>,
[INFO] [stdout]    |                                          - help: you might be missing a type parameter: `, Bitmap`
[INFO] [stdout] ...
[INFO] [stdout] 32 |     sprite_bitmap: Option<Bitmap>,
[INFO] [stdout]    |                           ^^^^^^ not found in this scope
[INFO] [stdout] 
[INFO] [stdout] 
[INFO] [stdout] error[E0412]: cannot find type `LocalDeviceContext` in this scope
[INFO] [stdout]   --> src/view_assets.rs:38:18
[INFO] [stdout]    |
[INFO] [stdout] 36 | impl<'a, 'd, S, D> SpriteSheetInstance<'a, 'd, S, D>
[INFO] [stdout]    |                  - help: you might be missing a type parameter: `, LocalDeviceContext`
[INFO] [stdout] 37 | where
[INFO] [stdout] 38 |     S: BorrowMut<LocalDeviceContext>,
[INFO] [stdout]    |                  ^^^^^^^^^^^^^^^^^^ not found in this scope
[INFO] [stdout] 
[INFO] [stdout] 
[INFO] [stdout] error[E0412]: cannot find type `ScopedDeviceContext` in this scope
[INFO] [stdout]   --> src/view_assets.rs:39:18
[INFO] [stdout]    |
[INFO] [stdout] 39 |     D: BorrowMut<ScopedDeviceContext<'d>>,
[INFO] [stdout]    |                  ^^^^^^^^^^^^^^^^^^^ not found in this scope
[INFO] [stdout] 
[INFO] [stdout] 
[INFO] [stdout] error[E0412]: cannot find type `Result` in crate `apiw`
[INFO] [stdout]   --> src/view_assets.rs:42:73
[INFO] [stdout]    |
[INFO] [stdout] 42 |     pub fn draw_sprite(&mut self, dest_pos: Point, idx: usize) -> apiw::Result<()> {
[INFO] [stdout]    |                                                                         ^^^^^^ not found in `apiw`
[INFO] [stdout]    |
[INFO] [stdout] help: consider importing one of these items
[INFO] [stdout]    |
[INFO] [stdout] 1  | use core::fmt::Result;
[INFO] [stdout]    |
[INFO] [stdout] 1  | use core::result::Result;
[INFO] [stdout]    |
[INFO] [stdout] 1  | use std::fmt::Result;
[INFO] [stdout]    |
[INFO] [stdout] 1  | use std::io::Result;
[INFO] [stdout]    |
[INFO] [stdout]      and 2 other candidates
[INFO] [stdout] 
[INFO] [stdout] 
[INFO] [stdout] error[E0412]: cannot find type `LocalDeviceContext` in this scope
[INFO] [stdout]   --> src/view_assets.rs:60:18
[INFO] [stdout]    |
[INFO] [stdout] 58 | impl<'a, 'd, S, D> Drop for SpriteSheetInstance<'a, 'd, S, D>
[INFO] [stdout]    |                  - help: you might be missing a type parameter: `, LocalDeviceContext`
[INFO] [stdout] 59 | where
[INFO] [stdout] 60 |     S: BorrowMut<LocalDeviceContext>,
[INFO] [stdout]    |                  ^^^^^^^^^^^^^^^^^^ not found in this scope
[INFO] [stdout] 
[INFO] [stdout] 
[INFO] [stdout] error[E0412]: cannot find type `ScopedDeviceContext` in this scope
[INFO] [stdout]   --> src/view_assets.rs:61:18
[INFO] [stdout]    |
[INFO] [stdout] 61 |     D: BorrowMut<ScopedDeviceContext<'d>>,
[INFO] [stdout]    |                  ^^^^^^^^^^^^^^^^^^^ not found in this scope
[INFO] [stdout] 
[INFO] [stdout] 
[INFO] [stdout] error[E0412]: cannot find type `Bitmap` in this scope
[INFO] [stdout]   --> src/view_assets.rs:84:34
[INFO] [stdout]    |
[INFO] [stdout] 84 |     fn bitmap_instance(&self) -> Bitmap;
[INFO] [stdout]    |                                  ^^^^^^ not found in this scope
[INFO] [stdout] 
[INFO] [stdout] 
[INFO] [stdout] error[E0412]: cannot find type `Bitmap` in this scope
[INFO] [stdout]   --> src/view_assets.rs:86:53
[INFO] [stdout]    |
[INFO] [stdout] 86 |     fn reuse_bitmap_instance(&self, clean_instance: Bitmap);
[INFO] [stdout]    |                                                     ^^^^^^ not found in this scope
[INFO] [stdout] 
[INFO] [stdout] 
[INFO] [stdout] error[E0412]: cannot find type `ScopedDeviceContext` in this scope
[INFO] [stdout]   --> src/view_assets.rs:90:28
[INFO] [stdout]    |
[INFO] [stdout] 90 |         target_dc: &'b mut ScopedDeviceContext<'c>,
[INFO] [stdout]    |                            ^^^^^^^^^^^^^^^^^^^ not found in this scope
[INFO] [stdout] 
[INFO] [stdout] 
[INFO] [stdout] error[E0412]: cannot find type `Result` in crate `apiw`
[INFO] [stdout]   --> src/view_assets.rs:91:16
[INFO] [stdout]    |
[INFO] [stdout] 91 |     ) -> apiw::Result<
[INFO] [stdout]    |                ^^^^^^ not found in `apiw`
[INFO] [stdout]    |
[INFO] [stdout] help: consider importing one of these items
[INFO] [stdout]    |
[INFO] [stdout] 1  | use core::fmt::Result;
[INFO] [stdout]    |
[INFO] [stdout] 1  | use core::result::Result;
[INFO] [stdout]    |
[INFO] [stdout] 1  | use std::fmt::Result;
[INFO] [stdout]    |
[INFO] [stdout] 1  | use std::io::Result;
[INFO] [stdout]    |
[INFO] [stdout]      and 2 other candidates
[INFO] [stdout] 
[INFO] [stdout] 
[INFO] [stdout] error[E0412]: cannot find type `LocalDeviceContext` in this scope
[INFO] [stdout]   --> src/view_assets.rs:92:37
[INFO] [stdout]    |
[INFO] [stdout] 77 | pub trait SpriteSheet {
[INFO] [stdout]    |                      - help: you might be missing a type parameter: `<LocalDeviceContext>`
[INFO] [stdout] ...
[INFO] [stdout] 92 |         SpriteSheetInstance<'a, 'c, LocalDeviceContext, &'b mut ScopedDeviceContext<'c>>,
[INFO] [stdout]    |                                     ^^^^^^^^^^^^^^^^^^ not found in this scope
[INFO] [stdout] 
[INFO] [stdout] 
[INFO] [stdout] error[E0412]: cannot find type `ScopedDeviceContext` in this scope
[INFO] [stdout]   --> src/view_assets.rs:92:65
[INFO] [stdout]    |
[INFO] [stdout] 92 |         SpriteSheetInstance<'a, 'c, LocalDeviceContext, &'b mut ScopedDeviceContext<'c>>,
[INFO] [stdout]    |                                                                 ^^^^^^^^^^^^^^^^^^^ not found in this scope
[INFO] [stdout] 
[INFO] [stdout] 
[INFO] [stdout] error[E0412]: cannot find type `Bitmap` in this scope
[INFO] [stdout]    --> src/view_assets.rs:112:34
[INFO] [stdout]     |
[INFO] [stdout] 111 | pub struct DigitSpriteSheet {
[INFO] [stdout]     |                            - help: you might be missing a type parameter: `<Bitmap>`
[INFO] [stdout] 112 |     instances: RefCell<SmallVec<[Bitmap; 1]>>,
[INFO] [stdout]     |                                  ^^^^^^ not found in this scope
[INFO] [stdout] 
[INFO] [stdout] 
[INFO] [stdout] error[E0412]: cannot find type `Bitmap` in this scope
[INFO] [stdout]    --> src/view_assets.rs:143:34
[INFO] [stdout]     |
[INFO] [stdout] 143 |     fn bitmap_instance(&self) -> Bitmap {
[INFO] [stdout]     |                                  ^^^^^^ not found in this scope
[INFO] [stdout] 
[INFO] [stdout] 
[INFO] [stdout] error[E0412]: cannot find type `Bitmap` in this scope
[INFO] [stdout]    --> src/view_assets.rs:151:40
[INFO] [stdout]     |
[INFO] [stdout] 151 |     fn reuse_bitmap_instance(&self, v: Bitmap) {
[INFO] [stdout]     |                                        ^^^^^^ not found in this scope
[INFO] [stdout] 
[INFO] [stdout] 
[INFO] [stdout] error[E0412]: cannot find type `Bitmap` in this scope
[INFO] [stdout]    --> src/view_assets.rs:157:34
[INFO] [stdout]     |
[INFO] [stdout] 156 | pub struct GameButtonSpriteSheet {
[INFO] [stdout]     |                                 - help: you might be missing a type parameter: `<Bitmap>`
[INFO] [stdout] 157 |     instances: RefCell<SmallVec<[Bitmap; 1]>>,
[INFO] [stdout]     |                                  ^^^^^^ not found in this scope
[INFO] [stdout] 
[INFO] [stdout] 
[INFO] [stdout] error[E0412]: cannot find type `Bitmap` in this scope
[INFO] [stdout]    --> src/view_assets.rs:189:34
[INFO] [stdout]     |
[INFO] [stdout] 189 |     fn bitmap_instance(&self) -> Bitmap {
[INFO] [stdout]     |                                  ^^^^^^ not found in this scope
[INFO] [stdout] 
[INFO] [stdout] 
[INFO] [stdout] error[E0412]: cannot find type `Bitmap` in this scope
[INFO] [stdout]    --> src/view_assets.rs:197:40
[INFO] [stdout]     |
[INFO] [stdout] 197 |     fn reuse_bitmap_instance(&self, v: Bitmap) {
[INFO] [stdout]     |                                        ^^^^^^ not found in this scope
[INFO] [stdout] 
[INFO] [stdout] 
[INFO] [stdout] error[E0412]: cannot find type `Bitmap` in this scope
[INFO] [stdout]    --> src/view_assets.rs:203:34
[INFO] [stdout]     |
[INFO] [stdout] 202 | pub struct BlockSpriteSheet {
[INFO] [stdout]     |                            - help: you might be missing a type parameter: `<Bitmap>`
[INFO] [stdout] 203 |     instances: RefCell<SmallVec<[Bitmap; 1]>>,
[INFO] [stdout]     |                                  ^^^^^^ not found in this scope
[INFO] [stdout] 
[INFO] [stdout] 
[INFO] [stdout] error[E0412]: cannot find type `Result` in crate `apiw`
[INFO] [stdout]    --> src/view_assets.rs:228:76
[INFO] [stdout]     |
[INFO] [stdout] 228 |     pub fn hit_test_shape(shape: BlockShape, pos: (usize, usize)) -> apiw::Result<bool> {
[INFO] [stdout]     |                                                                            ^^^^^^ not found in `apiw`
[INFO] [stdout]     |
[INFO] [stdout] help: consider importing one of these items
[INFO] [stdout]     |
[INFO] [stdout] 1   | use core::fmt::Result;
[INFO] [stdout]     |
[INFO] [stdout] 1   | use core::result::Result;
[INFO] [stdout]     |
[INFO] [stdout] 1   | use std::fmt::Result;
[INFO] [stdout]     |
[INFO] [stdout] 1   | use std::io::Result;
[INFO] [stdout]     |
[INFO] [stdout]       and 2 other candidates
[INFO] [stdout] 
[INFO] [stdout] 
[INFO] [stdout] error[E0412]: cannot find type `LocalDeviceContext` in this scope
[INFO] [stdout]    --> src/view_assets.rs:230:38
[INFO] [stdout]     |
[INFO] [stdout] 230 |             static SHAPE_DC: RefCell<LocalDeviceContext> = {
[INFO] [stdout]     |                                      ^^^^^^^^^^^^^^^^^^ not found in this scope
[INFO] [stdout] 
[INFO] [stdout] 
[INFO] [stdout] error[E0412]: cannot find type `Bitmap` in this scope
[INFO] [stdout]    --> src/view_assets.rs:309:34
[INFO] [stdout]     |
[INFO] [stdout] 309 |     fn bitmap_instance(&self) -> Bitmap {
[INFO] [stdout]     |                                  ^^^^^^ not found in this scope
[INFO] [stdout] 
[INFO] [stdout] 
[INFO] [stdout] error[E0412]: cannot find type `Bitmap` in this scope
[INFO] [stdout]    --> src/view_assets.rs:317:40
[INFO] [stdout]     |
[INFO] [stdout] 317 |     fn reuse_bitmap_instance(&self, v: Bitmap) {
[INFO] [stdout]     |                                        ^^^^^^ not found in this scope
[INFO] [stdout] 
[INFO] [stdout] 
[INFO] [stdout] error[E0412]: cannot find type `Result` in crate `apiw`
[INFO] [stdout]   --> src/main.rs:36:20
[INFO] [stdout]    |
[INFO] [stdout] 36 | fn main() -> apiw::Result<()> {
[INFO] [stdout]    |                    ^^^^^^ not found in `apiw`
[INFO] [stdout]    |
[INFO] [stdout] help: consider importing one of these items
[INFO] [stdout]    |
[INFO] [stdout] 4  | use core::fmt::Result;
[INFO] [stdout]    |
[INFO] [stdout] 4  | use core::result::Result;
[INFO] [stdout]    |
[INFO] [stdout] 4  | use std::fmt::Result;
[INFO] [stdout]    |
[INFO] [stdout] 4  | use std::io::Result;
[INFO] [stdout]    |
[INFO] [stdout]      and 2 other candidates
[INFO] [stdout] 
[INFO] [stdout] 
[INFO] [stdout] error: Compilation failed, aborting rustdoc
[INFO] [stdout] 
[INFO] [stdout] 
[INFO] [stderr] error: could not document `charlesmine`
[INFO] [stdout] error: aborting due to 77 previous errors
[INFO] [stdout] 
[INFO] [stdout] 
[INFO] [stderr] 
[INFO] [stdout] Some errors have detailed explanations: E0412, E0432, E0433.
[INFO] [stdout] 
[INFO] [stderr] Caused by:
[INFO] [stdout] For more information about an error, try `rustc --explain E0412`.
[INFO] [stdout] 
[INFO] [stderr]   process didn't exit successfully: `rustdoc --edition=2018 --crate-type bin --crate-name charlesmine src/main.rs -o /opt/rustwide/target/doc --error-format=json --json=diagnostic-rendered-ansi --document-private-items -L dependency=/opt/rustwide/target/debug/deps --extern apiw=/opt/rustwide/target/debug/deps/libapiw-5b6b95ec07f6db6d.rmeta --extern chrono=/opt/rustwide/target/debug/deps/libchrono-9b3d00da01feda9e.rmeta --extern clamp=/opt/rustwide/target/debug/deps/libclamp-28f32834e0c39a0d.rmeta --extern concerto=/opt/rustwide/target/debug/deps/libconcerto-220b1620ae95503b.rmeta --extern domino=/opt/rustwide/target/debug/deps/libdomino-e8aa4f352260e4f5.rmeta --extern env_logger=/opt/rustwide/target/debug/deps/libenv_logger-38210e04d1049152.rmeta --extern log=/opt/rustwide/target/debug/deps/liblog-3350f96749421cbd.rmeta --extern rand=/opt/rustwide/target/debug/deps/librand-72bbfff8b84b7eb6.rmeta --extern smallvec=/opt/rustwide/target/debug/deps/libsmallvec-ddf2912d532cb794.rmeta --cap-lints=warn --crate-version 0.1.0` (exit status: 1)
[INFO] running `Command { std: "docker" "inspect" "4e6e38aaee4c435e11039dae0f2908b79d93a81ee75cc30d373fdfd9e6d916f2", kill_on_drop: false }`
[INFO] running `Command { std: "docker" "rm" "-f" "4e6e38aaee4c435e11039dae0f2908b79d93a81ee75cc30d373fdfd9e6d916f2", kill_on_drop: false }`
[INFO] [stdout] 4e6e38aaee4c435e11039dae0f2908b79d93a81ee75cc30d373fdfd9e6d916f2
