[INFO] cloning repository https://github.com/cobbal/rust-tracer
[INFO] running `Command { std: "git" "-c" "credential.helper=" "-c" "credential.helper=/workspace/cargo-home/bin/git-credential-null" "clone" "--bare" "https://github.com/cobbal/rust-tracer" "/workspace/cache/git-repos/https%3A%2F%2Fgithub.com%2Fcobbal%2Frust-tracer", kill_on_drop: false }`
[INFO] [stderr] Cloning into bare repository '/workspace/cache/git-repos/https%3A%2F%2Fgithub.com%2Fcobbal%2Frust-tracer'...
[INFO] running `Command { std: "git" "rev-parse" "HEAD", kill_on_drop: false }`
[INFO] [stdout] 938ebe5df857e05f6e050fa2457d7578c06127a1
[INFO] documenting cobbal/rust-tracer against beta-2021-08-01 for beta-1.55-rustdoc-1
[INFO] running `Command { std: "git" "clone" "/workspace/cache/git-repos/https%3A%2F%2Fgithub.com%2Fcobbal%2Frust-tracer" "/workspace/builds/worker-0/source", kill_on_drop: false }`
[INFO] [stderr] Cloning into '/workspace/builds/worker-0/source'...
[INFO] [stderr] done.
[INFO] validating manifest of git repo https://github.com/cobbal/rust-tracer on toolchain beta-2021-08-01
[INFO] running `Command { std: "/workspace/cargo-home/bin/cargo" "+beta-2021-08-01" "metadata" "--manifest-path" "Cargo.toml" "--no-deps", kill_on_drop: false }`
[INFO] started tweaking git repo https://github.com/cobbal/rust-tracer
[INFO] finished tweaking git repo https://github.com/cobbal/rust-tracer
[INFO] tweaked toml for git repo https://github.com/cobbal/rust-tracer written to /workspace/builds/worker-0/source/Cargo.toml
[INFO] crate git repo https://github.com/cobbal/rust-tracer already has a lockfile, it will not be regenerated
[INFO] running `Command { std: "/workspace/cargo-home/bin/cargo" "+beta-2021-08-01" "fetch" "--manifest-path" "Cargo.toml", kill_on_drop: false }`
[INFO] [stderr]  Downloading crates ...
[INFO] [stderr]   Downloaded libc v0.2.53
[INFO] running `Command { std: "docker" "create" "-v" "/var/lib/crater-agent-workspace/builds/worker-0/target:/opt/rustwide/target:rw,Z" "-v" "/var/lib/crater-agent-workspace/builds/worker-0/source:/opt/rustwide/workdir:ro,Z" "-v" "/var/lib/crater-agent-workspace/cargo-home:/opt/rustwide/cargo-home:ro,Z" "-v" "/var/lib/crater-agent-workspace/rustup-home:/opt/rustwide/rustup-home:ro,Z" "-e" "SOURCE_DIR=/opt/rustwide/workdir" "-e" "CARGO_TARGET_DIR=/opt/rustwide/target" "-e" "CARGO_HOME=/opt/rustwide/cargo-home" "-e" "RUSTUP_HOME=/opt/rustwide/rustup-home" "-w" "/opt/rustwide/workdir" "-m" "1610612736" "--user" "0:0" "--network" "none" "ghcr.io/rust-lang/crates-build-env/linux@sha256:34b6a614d2c27851fe6cbf88fbd1137609cefab8b10d0615aaeb6fd47975d74e" "/opt/rustwide/cargo-home/bin/cargo" "+beta-2021-08-01" "metadata" "--no-deps" "--format-version=1", kill_on_drop: false }`
[INFO] [stderr] WARNING: Your kernel does not support swap limit capabilities or the cgroup is not mounted. Memory limited without swap.
[INFO] [stdout] 983c9016de79c4b7eea69a9be464d65d389f3251e8e547ba5be83e9ef5aa9aed
[INFO] running `Command { std: "docker" "start" "-a" "983c9016de79c4b7eea69a9be464d65d389f3251e8e547ba5be83e9ef5aa9aed", kill_on_drop: false }`
[INFO] running `Command { std: "docker" "inspect" "983c9016de79c4b7eea69a9be464d65d389f3251e8e547ba5be83e9ef5aa9aed", kill_on_drop: false }`
[INFO] running `Command { std: "docker" "rm" "-f" "983c9016de79c4b7eea69a9be464d65d389f3251e8e547ba5be83e9ef5aa9aed", kill_on_drop: false }`
[INFO] [stdout] 983c9016de79c4b7eea69a9be464d65d389f3251e8e547ba5be83e9ef5aa9aed
[INFO] running `Command { std: "docker" "create" "-v" "/var/lib/crater-agent-workspace/builds/worker-0/target:/opt/rustwide/target:rw,Z" "-v" "/var/lib/crater-agent-workspace/builds/worker-0/source:/opt/rustwide/workdir:ro,Z" "-v" "/var/lib/crater-agent-workspace/cargo-home:/opt/rustwide/cargo-home:ro,Z" "-v" "/var/lib/crater-agent-workspace/rustup-home:/opt/rustwide/rustup-home:ro,Z" "-e" "SOURCE_DIR=/opt/rustwide/workdir" "-e" "CARGO_TARGET_DIR=/opt/rustwide/target" "-e" "CARGO_INCREMENTAL=0" "-e" "RUST_BACKTRACE=full" "-e" "RUSTDOCFLAGS=--cap-lints=warn" "-e" "CARGO_HOME=/opt/rustwide/cargo-home" "-e" "RUSTUP_HOME=/opt/rustwide/rustup-home" "-w" "/opt/rustwide/workdir" "-m" "1610612736" "--user" "0:0" "--network" "none" "ghcr.io/rust-lang/crates-build-env/linux@sha256:34b6a614d2c27851fe6cbf88fbd1137609cefab8b10d0615aaeb6fd47975d74e" "/opt/rustwide/cargo-home/bin/cargo" "+beta-2021-08-01" "doc" "--frozen" "--no-deps" "--document-private-items" "--message-format=json", kill_on_drop: false }`
[INFO] [stdout] 93f49634e0e0822f29833bc59fcb553dfe950e98f64fdee0eeba5e5ffc348701
[INFO] [stderr] WARNING: Your kernel does not support swap limit capabilities or the cgroup is not mounted. Memory limited without swap.
[INFO] running `Command { std: "docker" "start" "-a" "93f49634e0e0822f29833bc59fcb553dfe950e98f64fdee0eeba5e5ffc348701", kill_on_drop: false }`
[INFO] [stderr]    Compiling libc v0.2.53
[INFO] [stderr]    Compiling syn v0.15.33
[INFO] [stderr]    Compiling num-complex v0.2.1
[INFO] [stderr]     Checking crossbeam-utils v0.2.2
[INFO] [stderr]     Checking num-bigint v0.2.2
[INFO] [stderr]     Checking png v0.14.1
[INFO] [stderr]     Checking crossbeam-epoch v0.3.1
[INFO] [stderr]     Checking crossbeam-deque v0.2.0
[INFO] [stderr]     Checking num-rational v0.2.1
[INFO] [stderr]     Checking num_cpus v1.10.0
[INFO] [stderr]     Checking rand_os v0.1.3
[INFO] [stderr]     Checking rayon-core v1.4.1
[INFO] [stderr]     Checking rand v0.6.5
[INFO] [stderr]     Checking num v0.2.0
[INFO] [stderr]     Checking rayon v1.0.3
[INFO] [stderr]    Compiling num-derive v0.2.5
[INFO] [stderr]     Checking jpeg-decoder v0.1.15
[INFO] [stderr]     Checking tiff v0.2.2
[INFO] [stderr]     Checking image v0.21.1
[INFO] [stderr]  Documenting rust-tracer v0.1.0 (/opt/rustwide/workdir)
[INFO] [stdout] error[E0557]: feature has been removed
[INFO] [stdout]  --> src/main.rs:3:12
[INFO] [stdout]   |
[INFO] [stdout] 3 | #![feature(const_fn)]
[INFO] [stdout]   |            ^^^^^^^^ feature has been removed
[INFO] [stdout]   |
[INFO] [stdout]   = note: split into finer-grained feature gates
[INFO] [stdout] 
[INFO] [stdout] 
[INFO] [stdout] error[E0554]: `#![feature]` may not be used on the beta release channel
[INFO] [stdout]  --> src/main.rs:1:1
[INFO] [stdout]   |
[INFO] [stdout] 1 | #![feature(box_syntax)]
[INFO] [stdout]   | ^^^^^^^^^^^^^^^^^^^^^^^
[INFO] [stdout] 
[INFO] [stdout] 
[INFO] [stdout] error[E0554]: `#![feature]` may not be used on the beta release channel
[INFO] [stdout]  --> src/main.rs:2:1
[INFO] [stdout]   |
[INFO] [stdout] 2 | #![feature(box_patterns)]
[INFO] [stdout]   | ^^^^^^^^^^^^^^^^^^^^^^^^^
[INFO] [stdout] 
[INFO] [stdout] 
[INFO] [stdout] error[E0554]: `#![feature]` may not be used on the beta release channel
[INFO] [stdout]  --> src/main.rs:3:1
[INFO] [stdout]   |
[INFO] [stdout] 3 | #![feature(const_fn)]
[INFO] [stdout]   | ^^^^^^^^^^^^^^^^^^^^^
[INFO] [stdout] 
[INFO] [stdout] 
[INFO] [stdout] error: Compilation failed, aborting rustdoc
[INFO] [stdout] 
[INFO] [stdout] 
[INFO] [stdout] error: aborting due to 5 previous errors
[INFO] [stdout] 
[INFO] [stdout] 
[INFO] [stdout] Some errors have detailed explanations: E0554, E0557.
[INFO] [stdout] 
[INFO] [stdout] For more information about an error, try `rustc --explain E0554`.
[INFO] [stdout] 
[INFO] [stderr] error: could not document `rust-tracer`
[INFO] [stderr] 
[INFO] [stderr] Caused by:
[INFO] [stderr]   process didn't exit successfully: `rustdoc --crate-type bin --crate-name rust_tracer src/main.rs -o /opt/rustwide/target/doc --error-format=json --json=diagnostic-rendered-ansi --document-private-items -L dependency=/opt/rustwide/target/debug/deps --extern byteorder=/opt/rustwide/target/debug/deps/libbyteorder-da89145079f6550a.rmeta --extern image=/opt/rustwide/target/debug/deps/libimage-efe4ba126149570a.rmeta --extern num=/opt/rustwide/target/debug/deps/libnum-188fb81569e1519b.rmeta --extern num_cpus=/opt/rustwide/target/debug/deps/libnum_cpus-dc340749c0c185ac.rmeta --extern rand=/opt/rustwide/target/debug/deps/librand-b4c0436fa7aafb45.rmeta --extern rand_chacha=/opt/rustwide/target/debug/deps/librand_chacha-c01506b8c1ea4d67.rmeta --extern rand_xorshift=/opt/rustwide/target/debug/deps/librand_xorshift-eda0ee96ccfac858.rmeta --cap-lints=warn --crate-version 0.1.0` (exit status: 1)
[INFO] running `Command { std: "docker" "inspect" "93f49634e0e0822f29833bc59fcb553dfe950e98f64fdee0eeba5e5ffc348701", kill_on_drop: false }`
[INFO] running `Command { std: "docker" "rm" "-f" "93f49634e0e0822f29833bc59fcb553dfe950e98f64fdee0eeba5e5ffc348701", kill_on_drop: false }`
[INFO] [stdout] 93f49634e0e0822f29833bc59fcb553dfe950e98f64fdee0eeba5e5ffc348701
