[INFO] cloning repository https://github.com/chakravarthysm/perf
[INFO] running `Command { std: "git" "-c" "credential.helper=" "-c" "credential.helper=/workspace/cargo-home/bin/git-credential-null" "clone" "--bare" "https://github.com/chakravarthysm/perf" "/workspace/cache/git-repos/https%3A%2F%2Fgithub.com%2Fchakravarthysm%2Fperf", kill_on_drop: false }`
[INFO] [stderr] Cloning into bare repository '/workspace/cache/git-repos/https%3A%2F%2Fgithub.com%2Fchakravarthysm%2Fperf'...
[INFO] running `Command { std: "git" "rev-parse" "HEAD", kill_on_drop: false }`
[INFO] [stdout] eef2beac49b4abaed0382b87a914112486b65e28
[INFO] documenting chakravarthysm/perf against beta-2021-08-01 for beta-1.55-rustdoc-1
[INFO] running `Command { std: "git" "clone" "/workspace/cache/git-repos/https%3A%2F%2Fgithub.com%2Fchakravarthysm%2Fperf" "/workspace/builds/worker-14/source", kill_on_drop: false }`
[INFO] [stderr] Cloning into '/workspace/builds/worker-14/source'...
[INFO] [stderr] done.
[INFO] validating manifest of git repo https://github.com/chakravarthysm/perf on toolchain beta-2021-08-01
[INFO] running `Command { std: "/workspace/cargo-home/bin/cargo" "+beta-2021-08-01" "metadata" "--manifest-path" "Cargo.toml" "--no-deps", kill_on_drop: false }`
[INFO] started tweaking git repo https://github.com/chakravarthysm/perf
[INFO] finished tweaking git repo https://github.com/chakravarthysm/perf
[INFO] tweaked toml for git repo https://github.com/chakravarthysm/perf written to /workspace/builds/worker-14/source/Cargo.toml
[INFO] crate git repo https://github.com/chakravarthysm/perf already has a lockfile, it will not be regenerated
[INFO] running `Command { std: "/workspace/cargo-home/bin/cargo" "+beta-2021-08-01" "fetch" "--manifest-path" "Cargo.toml", kill_on_drop: false }`
[INFO] [stderr]     Blocking waiting for file lock on package cache
[INFO] [stderr]  Downloading crates ...
[INFO] [stderr]   Downloaded pkg-config v0.3.8
[INFO] [stderr]   Downloaded openssl-sys v0.7.17
[INFO] [stderr]   Downloaded httparse v1.1.2
[INFO] [stderr]   Downloaded openssl-sys-extras v0.7.14
[INFO] [stderr]   Downloaded cookie v0.2.5
[INFO] [stderr]   Downloaded num_cpus v0.2.13
[INFO] [stderr]   Downloaded mime v0.2.2
[INFO] [stderr]   Downloaded hyper v0.9.10
[INFO] [stderr]   Downloaded url v1.2.3
[INFO] [stderr]   Downloaded libc v0.2.17
[INFO] [stderr]   Downloaded lazy_static v0.2.1
[INFO] [stderr]   Downloaded gcc v0.3.38
[INFO] [stderr]   Downloaded idna v0.1.0
[INFO] [stderr]   Downloaded openssl v0.7.14
[INFO] [stderr]   Downloaded openssl-verify v0.1.0
[INFO] [stderr]   Downloaded unicode-bidi v0.2.3
[INFO] [stderr]   Downloaded rand v0.3.14
[INFO] [stderr]   Downloaded matches v0.1.3
[INFO] [stderr]   Downloaded unicode-normalization v0.1.2
[INFO] running `Command { std: "docker" "create" "-v" "/var/lib/crater-agent-workspace/builds/worker-14/target:/opt/rustwide/target:rw,Z" "-v" "/var/lib/crater-agent-workspace/builds/worker-14/source:/opt/rustwide/workdir:ro,Z" "-v" "/var/lib/crater-agent-workspace/cargo-home:/opt/rustwide/cargo-home:ro,Z" "-v" "/var/lib/crater-agent-workspace/rustup-home:/opt/rustwide/rustup-home:ro,Z" "-e" "SOURCE_DIR=/opt/rustwide/workdir" "-e" "CARGO_TARGET_DIR=/opt/rustwide/target" "-e" "CARGO_HOME=/opt/rustwide/cargo-home" "-e" "RUSTUP_HOME=/opt/rustwide/rustup-home" "-w" "/opt/rustwide/workdir" "-m" "1610612736" "--user" "0:0" "--network" "none" "ghcr.io/rust-lang/crates-build-env/linux@sha256:34b6a614d2c27851fe6cbf88fbd1137609cefab8b10d0615aaeb6fd47975d74e" "/opt/rustwide/cargo-home/bin/cargo" "+beta-2021-08-01" "metadata" "--no-deps" "--format-version=1", kill_on_drop: false }`
[INFO] [stdout] deb601f42ac2d6ac4f3c8f514e8a46ef85c6448335c27c7c6eb8a528dd633f71
[INFO] running `Command { std: "docker" "start" "-a" "deb601f42ac2d6ac4f3c8f514e8a46ef85c6448335c27c7c6eb8a528dd633f71", kill_on_drop: false }`
[INFO] running `Command { std: "docker" "inspect" "deb601f42ac2d6ac4f3c8f514e8a46ef85c6448335c27c7c6eb8a528dd633f71", kill_on_drop: false }`
[INFO] running `Command { std: "docker" "rm" "-f" "deb601f42ac2d6ac4f3c8f514e8a46ef85c6448335c27c7c6eb8a528dd633f71", kill_on_drop: false }`
[INFO] [stdout] deb601f42ac2d6ac4f3c8f514e8a46ef85c6448335c27c7c6eb8a528dd633f71
[INFO] running `Command { std: "docker" "create" "-v" "/var/lib/crater-agent-workspace/builds/worker-14/target:/opt/rustwide/target:rw,Z" "-v" "/var/lib/crater-agent-workspace/builds/worker-14/source:/opt/rustwide/workdir:ro,Z" "-v" "/var/lib/crater-agent-workspace/cargo-home:/opt/rustwide/cargo-home:ro,Z" "-v" "/var/lib/crater-agent-workspace/rustup-home:/opt/rustwide/rustup-home:ro,Z" "-e" "SOURCE_DIR=/opt/rustwide/workdir" "-e" "CARGO_TARGET_DIR=/opt/rustwide/target" "-e" "CARGO_INCREMENTAL=0" "-e" "RUST_BACKTRACE=full" "-e" "RUSTDOCFLAGS=--cap-lints=warn" "-e" "CARGO_HOME=/opt/rustwide/cargo-home" "-e" "RUSTUP_HOME=/opt/rustwide/rustup-home" "-w" "/opt/rustwide/workdir" "-m" "1610612736" "--user" "0:0" "--network" "none" "ghcr.io/rust-lang/crates-build-env/linux@sha256:34b6a614d2c27851fe6cbf88fbd1137609cefab8b10d0615aaeb6fd47975d74e" "/opt/rustwide/cargo-home/bin/cargo" "+beta-2021-08-01" "doc" "--frozen" "--no-deps" "--document-private-items" "--message-format=json", kill_on_drop: false }`
[INFO] [stdout] f8c291da653217460f4c76cd1eeda890611642fb53edf637d485593eedcc607c
[INFO] running `Command { std: "docker" "start" "-a" "f8c291da653217460f4c76cd1eeda890611642fb53edf637d485593eedcc607c", kill_on_drop: false }`
[INFO] [stderr]    Compiling gcc v0.3.38
[INFO] [stderr]     Checking matches v0.1.3
[INFO] [stderr]     Checking lazy_static v0.2.1
[INFO] [stderr]     Checking rustc-serialize v0.3.19
[INFO] [stderr]     Checking num_cpus v0.2.13
[INFO] [stderr]     Checking openssl-sys v0.7.17
[INFO] [stderr]     Checking time v0.1.35
[INFO] [stderr]     Checking unicode-bidi v0.2.3
[INFO] [stdout] error[E0642]: patterns aren't allowed in functions without bodies
[INFO] [stdout]    --> /opt/rustwide/cargo-home/registry/src/github.com-1ecc6299db9ec823/rustc-serialize-0.3.19/src/serialize.rs:147:45
[INFO] [stdout]     |
[INFO] [stdout] 147 | ...                   &f_name: &str,
[INFO] [stdout]     |                       ^^^^^^^ pattern not allowed in function without body
[INFO] [stdout] 
[INFO] [stdout] 
[INFO] [stderr]     Checking idna v0.1.0
[INFO] [stderr]    Compiling openssl-sys-extras v0.7.14
[INFO] [stderr]    Compiling openssl v0.7.14
[INFO] [stdout] error: aborting due to previous error
[INFO] [stdout] 
[INFO] [stdout] 
[INFO] [stdout] For more information about this error, try `rustc --explain E0642`.
[INFO] [stdout] 
[INFO] [stderr] error: could not compile `rustc-serialize` due to 2 previous errors
[INFO] [stderr] warning: build failed, waiting for other jobs to finish...
[INFO] [stderr] The following warnings were emitted during compilation:
[INFO] [stderr] 
[INFO] [stderr] warning: src/c_helpers.c: In function 'rust_SSL_clone':
[INFO] [stderr] warning: src/c_helpers.c:4:5: warning: implicit declaration of function 'CRYPTO_add' [-Wimplicit-function-declaration]
[INFO] [stderr] warning:     4 |     CRYPTO_add(&ssl->references, 1, CRYPTO_LOCK_SSL);
[INFO] [stderr] warning:       |     ^~~~~~~~~~
[INFO] [stderr] warning: src/c_helpers.c:4:20: error: dereferencing pointer to incomplete type 'SSL' {aka 'struct ssl_st'}
[INFO] [stderr] warning:     4 |     CRYPTO_add(&ssl->references, 1, CRYPTO_LOCK_SSL);
[INFO] [stderr] warning:       |                    ^~
[INFO] [stderr] warning: src/c_helpers.c:4:37: error: 'CRYPTO_LOCK_SSL' undeclared (first use in this function); did you mean 'CRYPTO_LOCK'?
[INFO] [stderr] warning:     4 |     CRYPTO_add(&ssl->references, 1, CRYPTO_LOCK_SSL);
[INFO] [stderr] warning:       |                                     ^~~~~~~~~~~~~~~
[INFO] [stderr] warning:       |                                     CRYPTO_LOCK
[INFO] [stderr] warning: src/c_helpers.c:4:37: note: each undeclared identifier is reported only once for each function it appears in
[INFO] [stderr] warning: src/c_helpers.c: In function 'rust_SSL_CTX_clone':
[INFO] [stderr] warning: src/c_helpers.c:8:20: error: dereferencing pointer to incomplete type 'SSL_CTX' {aka 'struct ssl_ctx_st'}
[INFO] [stderr] warning:     8 |     CRYPTO_add(&ctx->references,1,CRYPTO_LOCK_SSL_CTX);
[INFO] [stderr] warning:       |                    ^~
[INFO] [stderr] warning: src/c_helpers.c:8:35: error: 'CRYPTO_LOCK_SSL_CTX' undeclared (first use in this function); did you mean 'CRYPTO_EX_INDEX_SSL_CTX'?
[INFO] [stderr] warning:     8 |     CRYPTO_add(&ctx->references,1,CRYPTO_LOCK_SSL_CTX);
[INFO] [stderr] warning:       |                                   ^~~~~~~~~~~~~~~~~~~
[INFO] [stderr] warning:       |                                   CRYPTO_EX_INDEX_SSL_CTX
[INFO] [stderr] warning: src/c_helpers.c: In function 'rust_X509_clone':
[INFO] [stderr] warning: src/c_helpers.c:12:21: error: dereferencing pointer to incomplete type 'X509' {aka 'struct x509_st'}
[INFO] [stderr] warning:    12 |     CRYPTO_add(&x509->references,1,CRYPTO_LOCK_X509);
[INFO] [stderr] warning:       |                     ^~
[INFO] [stderr] warning: src/c_helpers.c:12:36: error: 'CRYPTO_LOCK_X509' undeclared (first use in this function); did you mean 'CRYPTO_LOCK'?
[INFO] [stderr] warning:    12 |     CRYPTO_add(&x509->references,1,CRYPTO_LOCK_X509);
[INFO] [stderr] warning:       |                                    ^~~~~~~~~~~~~~~~
[INFO] [stderr] warning:       |                                    CRYPTO_LOCK
[INFO] [stderr] 
[INFO] [stderr] error: build failed
[INFO] running `Command { std: "docker" "inspect" "f8c291da653217460f4c76cd1eeda890611642fb53edf637d485593eedcc607c", kill_on_drop: false }`
[INFO] running `Command { std: "docker" "rm" "-f" "f8c291da653217460f4c76cd1eeda890611642fb53edf637d485593eedcc607c", kill_on_drop: false }`
[INFO] [stdout] f8c291da653217460f4c76cd1eeda890611642fb53edf637d485593eedcc607c
