[INFO] cloning repository https://github.com/cdong1012/Crab-Runner
[INFO] running `Command { std: "git" "-c" "credential.helper=" "-c" "credential.helper=/workspace/cargo-home/bin/git-credential-null" "clone" "--bare" "https://github.com/cdong1012/Crab-Runner" "/workspace/cache/git-repos/https%3A%2F%2Fgithub.com%2Fcdong1012%2FCrab-Runner", kill_on_drop: false }`
[INFO] [stderr] Cloning into bare repository '/workspace/cache/git-repos/https%3A%2F%2Fgithub.com%2Fcdong1012%2FCrab-Runner'...
[INFO] running `Command { std: "git" "rev-parse" "HEAD", kill_on_drop: false }`
[INFO] [stdout] 3f99b1c9cb781e190769fae5f55fdc57ac9cd3a7
[INFO] documenting cdong1012/Crab-Runner against 1.54.0 for beta-1.55-rustdoc-1
[INFO] running `Command { std: "git" "clone" "/workspace/cache/git-repos/https%3A%2F%2Fgithub.com%2Fcdong1012%2FCrab-Runner" "/workspace/builds/worker-1/source", kill_on_drop: false }`
[INFO] [stderr] Cloning into '/workspace/builds/worker-1/source'...
[INFO] [stderr] done.
[INFO] validating manifest of git repo https://github.com/cdong1012/Crab-Runner on toolchain 1.54.0
[INFO] running `Command { std: "/workspace/cargo-home/bin/cargo" "+1.54.0" "metadata" "--manifest-path" "Cargo.toml" "--no-deps", kill_on_drop: false }`
[INFO] started tweaking git repo https://github.com/cdong1012/Crab-Runner
[INFO] finished tweaking git repo https://github.com/cdong1012/Crab-Runner
[INFO] tweaked toml for git repo https://github.com/cdong1012/Crab-Runner written to /workspace/builds/worker-1/source/Cargo.toml
[INFO] crate git repo https://github.com/cdong1012/Crab-Runner already has a lockfile, it will not be regenerated
[INFO] running `Command { std: "/workspace/cargo-home/bin/cargo" "+1.54.0" "fetch" "--manifest-path" "Cargo.toml", kill_on_drop: false }`
[INFO] [stderr]     Blocking waiting for file lock on package cache
[INFO] [stderr]     Blocking waiting for file lock on package cache
[INFO] running `Command { std: "docker" "create" "-v" "/var/lib/crater-agent-workspace/builds/worker-1/target:/opt/rustwide/target:rw,Z" "-v" "/var/lib/crater-agent-workspace/builds/worker-1/source:/opt/rustwide/workdir:ro,Z" "-v" "/var/lib/crater-agent-workspace/cargo-home:/opt/rustwide/cargo-home:ro,Z" "-v" "/var/lib/crater-agent-workspace/rustup-home:/opt/rustwide/rustup-home:ro,Z" "-e" "SOURCE_DIR=/opt/rustwide/workdir" "-e" "CARGO_TARGET_DIR=/opt/rustwide/target" "-e" "CARGO_HOME=/opt/rustwide/cargo-home" "-e" "RUSTUP_HOME=/opt/rustwide/rustup-home" "-w" "/opt/rustwide/workdir" "-m" "1610612736" "--user" "0:0" "--network" "none" "ghcr.io/rust-lang/crates-build-env/linux@sha256:34b6a614d2c27851fe6cbf88fbd1137609cefab8b10d0615aaeb6fd47975d74e" "/opt/rustwide/cargo-home/bin/cargo" "+1.54.0" "metadata" "--no-deps" "--format-version=1", kill_on_drop: false }`
[INFO] [stdout] a6610bc88ea3f53efcab4156da69ae02613f1548309f400e7512192930d86cef
[INFO] running `Command { std: "docker" "start" "-a" "a6610bc88ea3f53efcab4156da69ae02613f1548309f400e7512192930d86cef", kill_on_drop: false }`
[INFO] running `Command { std: "docker" "inspect" "a6610bc88ea3f53efcab4156da69ae02613f1548309f400e7512192930d86cef", kill_on_drop: false }`
[INFO] running `Command { std: "docker" "rm" "-f" "a6610bc88ea3f53efcab4156da69ae02613f1548309f400e7512192930d86cef", kill_on_drop: false }`
[INFO] [stdout] a6610bc88ea3f53efcab4156da69ae02613f1548309f400e7512192930d86cef
[INFO] running `Command { std: "docker" "create" "-v" "/var/lib/crater-agent-workspace/builds/worker-1/target:/opt/rustwide/target:rw,Z" "-v" "/var/lib/crater-agent-workspace/builds/worker-1/source:/opt/rustwide/workdir:ro,Z" "-v" "/var/lib/crater-agent-workspace/cargo-home:/opt/rustwide/cargo-home:ro,Z" "-v" "/var/lib/crater-agent-workspace/rustup-home:/opt/rustwide/rustup-home:ro,Z" "-e" "SOURCE_DIR=/opt/rustwide/workdir" "-e" "CARGO_TARGET_DIR=/opt/rustwide/target" "-e" "CARGO_INCREMENTAL=0" "-e" "RUST_BACKTRACE=full" "-e" "RUSTDOCFLAGS=--cap-lints=warn" "-e" "CARGO_HOME=/opt/rustwide/cargo-home" "-e" "RUSTUP_HOME=/opt/rustwide/rustup-home" "-w" "/opt/rustwide/workdir" "-m" "1610612736" "--user" "0:0" "--network" "none" "ghcr.io/rust-lang/crates-build-env/linux@sha256:34b6a614d2c27851fe6cbf88fbd1137609cefab8b10d0615aaeb6fd47975d74e" "/opt/rustwide/cargo-home/bin/cargo" "+1.54.0" "doc" "--frozen" "--no-deps" "--document-private-items" "--message-format=json", kill_on_drop: false }`
[INFO] [stdout] 154bb710ed133a874226c5e62adba741c549ca1c644479f9fdb21db1c63af13c
[INFO] running `Command { std: "docker" "start" "-a" "154bb710ed133a874226c5e62adba741c549ca1c644479f9fdb21db1c63af13c", kill_on_drop: false }`
[INFO] [stderr]  Documenting crab_runner v0.1.0 (/opt/rustwide/workdir)
[INFO] [stdout] error[E0433]: failed to resolve: use of undeclared crate or module `winapi`
[INFO] [stdout]  --> src/launcher.rs:6:5
[INFO] [stdout]   |
[INFO] [stdout] 6 | use winapi::shared::minwindef::{DWORD, LPVOID};
[INFO] [stdout]   |     ^^^^^^ use of undeclared crate or module `winapi`
[INFO] [stdout] 
[INFO] [stdout] 
[INFO] [stdout] error[E0433]: failed to resolve: use of undeclared crate or module `winapi`
[INFO] [stdout]  --> src/launcher.rs:7:5
[INFO] [stdout]   |
[INFO] [stdout] 7 | use winapi::um::fileapi::{CreateFileA, GetFileSize, ReadFile, OPEN_EXISTING};
[INFO] [stdout]   |     ^^^^^^ use of undeclared crate or module `winapi`
[INFO] [stdout] 
[INFO] [stdout] 
[INFO] [stdout] error[E0433]: failed to resolve: use of undeclared crate or module `winapi`
[INFO] [stdout]  --> src/launcher.rs:8:5
[INFO] [stdout]   |
[INFO] [stdout] 8 | use winapi::um::handleapi::{CloseHandle, INVALID_HANDLE_VALUE};
[INFO] [stdout]   |     ^^^^^^ use of undeclared crate or module `winapi`
[INFO] [stdout] 
[INFO] [stdout] 
[INFO] [stdout] error[E0433]: failed to resolve: use of undeclared crate or module `winapi`
[INFO] [stdout]  --> src/launcher.rs:9:5
[INFO] [stdout]   |
[INFO] [stdout] 9 | use winapi::um::memoryapi::{VirtualAlloc, VirtualFree};
[INFO] [stdout]   |     ^^^^^^ use of undeclared crate or module `winapi`
[INFO] [stdout] 
[INFO] [stdout] 
[INFO] [stdout] error[E0433]: failed to resolve: use of undeclared crate or module `winapi`
[INFO] [stdout]   --> src/launcher.rs:10:5
[INFO] [stdout]    |
[INFO] [stdout] 10 | use winapi::um::processthreadsapi::{CreateThread, ResumeThread};
[INFO] [stdout]    |     ^^^^^^ use of undeclared crate or module `winapi`
[INFO] [stdout] 
[INFO] [stdout] 
[INFO] [stdout] error[E0433]: failed to resolve: use of undeclared crate or module `winapi`
[INFO] [stdout]   --> src/launcher.rs:11:5
[INFO] [stdout]    |
[INFO] [stdout] 11 | use winapi::um::winbase::{CREATE_SUSPENDED, CreateFileMappingA, CopyFileA};
[INFO] [stdout]    |     ^^^^^^ use of undeclared crate or module `winapi`
[INFO] [stdout] 
[INFO] [stdout] 
[INFO] [stdout] error[E0433]: failed to resolve: use of undeclared crate or module `winapi`
[INFO] [stdout]   --> src/launcher.rs:12:5
[INFO] [stdout]    |
[INFO] [stdout] 12 | use winapi::um::winnt::{
[INFO] [stdout]    |     ^^^^^^ use of undeclared crate or module `winapi`
[INFO] [stdout] 
[INFO] [stdout] 
[INFO] [stdout] error[E0433]: failed to resolve: use of undeclared crate or module `winapi`
[INFO] [stdout]   --> src/launcher.rs:16:5
[INFO] [stdout]    |
[INFO] [stdout] 16 | use winapi::um::memoryapi::{FILE_MAP_ALL_ACCESS, FILE_MAP_EXECUTE, MapViewOfFile};
[INFO] [stdout]    |     ^^^^^^ use of undeclared crate or module `winapi`
[INFO] [stdout] 
[INFO] [stdout] 
[INFO] [stdout] error[E0412]: cannot find type `LPVOID` in this scope
[INFO] [stdout]   --> src/launcher.rs:19:66
[INFO] [stdout]    |
[INFO] [stdout] 19 | pub unsafe fn run_shellcode(file_name: CString, offset: i64) -> (LPVOID, u32) {
[INFO] [stdout]    |                                                                  ^^^^^^ not found in this scope
[INFO] [stdout] 
[INFO] [stdout] 
[INFO] [stdout] error[E0412]: cannot find type `LPVOID` in this scope
[INFO] [stdout]   --> src/launcher.rs:68:40
[INFO] [stdout]    |
[INFO] [stdout] 68 | pub unsafe fn launch_thread(code_base: LPVOID, file_size: usize, offset: u64) -> u32 {
[INFO] [stdout]    |                                        ^^^^^^ not found in this scope
[INFO] [stdout] 
[INFO] [stdout] 
[INFO] [stdout] error[E0412]: cannot find type `LPVOID` in this scope
[INFO] [stdout]    --> src/launcher.rs:101:71
[INFO] [stdout]     |
[INFO] [stdout] 101 | pub unsafe fn run_shellcode_dump(file_name: CString, offset: u64) -> (LPVOID, u32) {
[INFO] [stdout]     |                                                                       ^^^^^^ not found in this scope
[INFO] [stdout] 
[INFO] [stdout] 
[INFO] [stdout] error: Compilation failed, aborting rustdoc
[INFO] [stdout] 
[INFO] [stdout] 
[INFO] [stdout] error: aborting due to 12 previous errors
[INFO] [stdout] 
[INFO] [stdout] 
[INFO] [stdout] Some errors have detailed explanations: E0412, E0433.
[INFO] [stdout] 
[INFO] [stdout] For more information about an error, try `rustc --explain E0412`.
[INFO] [stdout] 
[INFO] [stderr] error: could not document `crab_runner`
[INFO] [stderr] 
[INFO] [stderr] Caused by:
[INFO] [stderr]   process didn't exit successfully: `rustdoc --edition=2018 --crate-type bin --crate-name crab_runner src/main.rs -o /opt/rustwide/target/doc --error-format=json --json=diagnostic-rendered-ansi --document-private-items -L dependency=/opt/rustwide/target/debug/deps --cap-lints=warn --crate-version 0.1.0` (exit status: 1)
[INFO] running `Command { std: "docker" "inspect" "154bb710ed133a874226c5e62adba741c549ca1c644479f9fdb21db1c63af13c", kill_on_drop: false }`
[INFO] running `Command { std: "docker" "rm" "-f" "154bb710ed133a874226c5e62adba741c549ca1c644479f9fdb21db1c63af13c", kill_on_drop: false }`
[INFO] [stdout] 154bb710ed133a874226c5e62adba741c549ca1c644479f9fdb21db1c63af13c
