[INFO] cloning repository https://github.com/castaglio/seedwebpack
[INFO] running `Command { std: "git" "-c" "credential.helper=" "-c" "credential.helper=/workspace/cargo-home/bin/git-credential-null" "clone" "--bare" "https://github.com/castaglio/seedwebpack" "/workspace/cache/git-repos/https%3A%2F%2Fgithub.com%2Fcastaglio%2Fseedwebpack", kill_on_drop: false }`
[INFO] [stderr] Cloning into bare repository '/workspace/cache/git-repos/https%3A%2F%2Fgithub.com%2Fcastaglio%2Fseedwebpack'...
[INFO] running `Command { std: "git" "rev-parse" "HEAD", kill_on_drop: false }`
[INFO] [stdout] 8dc0a68fc1652f33727dfbc2dedc85d6657a1dfb
[INFO] documenting castaglio/seedwebpack against 1.54.0 for beta-1.55-rustdoc-1
[INFO] running `Command { std: "git" "clone" "/workspace/cache/git-repos/https%3A%2F%2Fgithub.com%2Fcastaglio%2Fseedwebpack" "/workspace/builds/worker-1/source", kill_on_drop: false }`
[INFO] [stderr] Cloning into '/workspace/builds/worker-1/source'...
[INFO] [stderr] done.
[INFO] validating manifest of git repo https://github.com/castaglio/seedwebpack on toolchain 1.54.0
[INFO] running `Command { std: "/workspace/cargo-home/bin/cargo" "+1.54.0" "metadata" "--manifest-path" "Cargo.toml" "--no-deps", kill_on_drop: false }`
[INFO] started tweaking git repo https://github.com/castaglio/seedwebpack
[INFO] finished tweaking git repo https://github.com/castaglio/seedwebpack
[INFO] tweaked toml for git repo https://github.com/castaglio/seedwebpack written to /workspace/builds/worker-1/source/Cargo.toml
[INFO] crate git repo https://github.com/castaglio/seedwebpack already has a lockfile, it will not be regenerated
[INFO] running `Command { std: "/workspace/cargo-home/bin/cargo" "+1.54.0" "fetch" "--manifest-path" "Cargo.toml", kill_on_drop: false }`
[INFO] [stderr]     Blocking waiting for file lock on package cache
[INFO] running `Command { std: "docker" "create" "-v" "/var/lib/crater-agent-workspace/builds/worker-1/target:/opt/rustwide/target:rw,Z" "-v" "/var/lib/crater-agent-workspace/builds/worker-1/source:/opt/rustwide/workdir:ro,Z" "-v" "/var/lib/crater-agent-workspace/cargo-home:/opt/rustwide/cargo-home:ro,Z" "-v" "/var/lib/crater-agent-workspace/rustup-home:/opt/rustwide/rustup-home:ro,Z" "-e" "SOURCE_DIR=/opt/rustwide/workdir" "-e" "CARGO_TARGET_DIR=/opt/rustwide/target" "-e" "CARGO_HOME=/opt/rustwide/cargo-home" "-e" "RUSTUP_HOME=/opt/rustwide/rustup-home" "-w" "/opt/rustwide/workdir" "-m" "1610612736" "--user" "0:0" "--network" "none" "ghcr.io/rust-lang/crates-build-env/linux@sha256:34b6a614d2c27851fe6cbf88fbd1137609cefab8b10d0615aaeb6fd47975d74e" "/opt/rustwide/cargo-home/bin/cargo" "+1.54.0" "metadata" "--no-deps" "--format-version=1", kill_on_drop: false }`
[INFO] [stdout] eb32bb501245011e8cfe19787e812acbd12ecfe6a1c4848bc9135443e18a1117
[INFO] running `Command { std: "docker" "start" "-a" "eb32bb501245011e8cfe19787e812acbd12ecfe6a1c4848bc9135443e18a1117", kill_on_drop: false }`
[INFO] running `Command { std: "docker" "inspect" "eb32bb501245011e8cfe19787e812acbd12ecfe6a1c4848bc9135443e18a1117", kill_on_drop: false }`
[INFO] running `Command { std: "docker" "rm" "-f" "eb32bb501245011e8cfe19787e812acbd12ecfe6a1c4848bc9135443e18a1117", kill_on_drop: false }`
[INFO] [stdout] eb32bb501245011e8cfe19787e812acbd12ecfe6a1c4848bc9135443e18a1117
[INFO] running `Command { std: "docker" "create" "-v" "/var/lib/crater-agent-workspace/builds/worker-1/target:/opt/rustwide/target:rw,Z" "-v" "/var/lib/crater-agent-workspace/builds/worker-1/source:/opt/rustwide/workdir:ro,Z" "-v" "/var/lib/crater-agent-workspace/cargo-home:/opt/rustwide/cargo-home:ro,Z" "-v" "/var/lib/crater-agent-workspace/rustup-home:/opt/rustwide/rustup-home:ro,Z" "-e" "SOURCE_DIR=/opt/rustwide/workdir" "-e" "CARGO_TARGET_DIR=/opt/rustwide/target" "-e" "CARGO_INCREMENTAL=0" "-e" "RUST_BACKTRACE=full" "-e" "RUSTDOCFLAGS=--cap-lints=warn" "-e" "CARGO_HOME=/opt/rustwide/cargo-home" "-e" "RUSTUP_HOME=/opt/rustwide/rustup-home" "-w" "/opt/rustwide/workdir" "-m" "1610612736" "--user" "0:0" "--network" "none" "ghcr.io/rust-lang/crates-build-env/linux@sha256:34b6a614d2c27851fe6cbf88fbd1137609cefab8b10d0615aaeb6fd47975d74e" "/opt/rustwide/cargo-home/bin/cargo" "+1.54.0" "doc" "--frozen" "--no-deps" "--document-private-items" "--message-format=json", kill_on_drop: false }`
[INFO] [stdout] 147b8dd5223e3015de2dbc39872addb48d95967fcae9d619b28c751aacb2f085
[INFO] running `Command { std: "docker" "start" "-a" "147b8dd5223e3015de2dbc39872addb48d95967fcae9d619b28c751aacb2f085", kill_on_drop: false }`
[INFO] [stderr]  Documenting kavik_cz v0.1.0 (/opt/rustwide/workdir)
[INFO] [stdout] error[E0583]: file not found for module `css_classes`
[INFO] [stdout]  --> src/generated/mod.rs:3:1
[INFO] [stdout]   |
[INFO] [stdout] 3 | pub mod css_classes;
[INFO] [stdout]   | ^^^^^^^^^^^^^^^^^^^^
[INFO] [stdout]   |
[INFO] [stdout]   = help: to create the module `css_classes`, create file "src/generated/css_classes.rs" or "src/generated/css_classes/mod.rs"
[INFO] [stdout] 
[INFO] [stdout] 
[INFO] [stdout] error[E0432]: unresolved import `crate::generated::css_classes::C`
[INFO] [stdout]  --> src/page/about.rs:2:17
[INFO] [stdout]   |
[INFO] [stdout] 2 |     asset_path, generated::css_classes::C, image_src, Msg, MAIL_TO_KAVIK,
[INFO] [stdout]   |                 ^^^^^^^^^^^^^^^^^^^^^^^^^ no `C` in `generated::css_classes`
[INFO] [stdout]   |
[INFO] [stdout]   = note: this could be because a macro annotated with `#[macro_export]` will be exported at the root of the crate instead of the module where it is defined
[INFO] [stdout] help: a macro with this name exists at the root of the crate
[INFO] [stdout]   |
[INFO] [stdout] 1 | use crate::{C, 
[INFO] [stdout] 2 |     asset_path, image_src, Msg, MAIL_TO_KAVIK,
[INFO] [stdout]   |
[INFO] [stdout] 
[INFO] [stdout] 
[INFO] [stdout] error[E0432]: unresolved import `crate::generated::css_classes::C`
[INFO] [stdout]  --> src/page/home.rs:2:5
[INFO] [stdout]   |
[INFO] [stdout] 2 |     generated::css_classes::C, image_src, Msg, Urls, MAIL_TO_HELLWEB,
[INFO] [stdout]   |     ^^^^^^^^^^^^^^^^^^^^^^^^^ no `C` in `generated::css_classes`
[INFO] [stdout]   |
[INFO] [stdout]   = note: this could be because a macro annotated with `#[macro_export]` will be exported at the root of the crate instead of the module where it is defined
[INFO] [stdout] help: a macro with this name exists at the root of the crate
[INFO] [stdout]   |
[INFO] [stdout] 1 | use crate::{C, 
[INFO] [stdout] 2 |     image_src, Msg, Urls, MAIL_TO_HELLWEB,
[INFO] [stdout]   |
[INFO] [stdout] 
[INFO] [stdout] 
[INFO] [stdout] error[E0432]: unresolved import `crate::generated::css_classes::C`
[INFO] [stdout]  --> src/page/not_found.rs:1:13
[INFO] [stdout]   |
[INFO] [stdout] 1 | use crate::{generated::css_classes::C, Msg};
[INFO] [stdout]   |             ^^^^^^^^^^^^^^^^^^^^^^^^^ no `C` in `generated::css_classes`
[INFO] [stdout]   |
[INFO] [stdout]   = note: this could be because a macro annotated with `#[macro_export]` will be exported at the root of the crate instead of the module where it is defined
[INFO] [stdout] help: a macro with this name exists at the root of the crate
[INFO] [stdout]   |
[INFO] [stdout] 1 | use crate::{C, Msg};
[INFO] [stdout]   |            --^
[INFO] [stdout] 
[INFO] [stdout] 
[INFO] [stdout] error[E0432]: unresolved import `crate::generated::css_classes::C`
[INFO] [stdout]  --> src/page/partial/footer.rs:1:13
[INFO] [stdout]   |
[INFO] [stdout] 1 | use crate::{generated::css_classes::C, image_src, Msg, MAIL_TO_KAVIK};
[INFO] [stdout]   |             ^^^^^^^^^^^^^^^^^^^^^^^^^ no `C` in `generated::css_classes`
[INFO] [stdout]   |
[INFO] [stdout]   = note: this could be because a macro annotated with `#[macro_export]` will be exported at the root of the crate instead of the module where it is defined
[INFO] [stdout] help: a macro with this name exists at the root of the crate
[INFO] [stdout]   |
[INFO] [stdout] 1 | use crate::{C, image_src, Msg, MAIL_TO_KAVIK};
[INFO] [stdout]   |            --^
[INFO] [stdout] 
[INFO] [stdout] 
[INFO] [stdout] error[E0432]: unresolved import `crate::generated::css_classes::C`
[INFO] [stdout]  --> src/page/partial/header.rs:3:5
[INFO] [stdout]   |
[INFO] [stdout] 3 |     generated::css_classes::C,
[INFO] [stdout]   |     ^^^^^^^^^^^^^^^^^^^^^^^^^ no `C` in `generated::css_classes`
[INFO] [stdout]   |
[INFO] [stdout]   = note: this could be because a macro annotated with `#[macro_export]` will be exported at the root of the crate instead of the module where it is defined
[INFO] [stdout] help: a macro with this name exists at the root of the crate
[INFO] [stdout]   |
[INFO] [stdout] 1 | use crate::{C, 
[INFO] [stdout] 2 |     asset_path,
[INFO] [stdout] 3 |     
[INFO] [stdout]   |
[INFO] [stdout] 
[INFO] [stdout] 
[INFO] [stdout] error[E0432]: unresolved import `generated::css_classes::C`
[INFO] [stdout]   --> src/lib.rs:16:5
[INFO] [stdout]    |
[INFO] [stdout] 16 | use generated::css_classes::C;
[INFO] [stdout]    |     ^^^^^^^^^^^^^^^^^^^^^^^^^ no `C` in `generated::css_classes`
[INFO] [stdout]    |
[INFO] [stdout]    = note: this could be because a macro annotated with `#[macro_export]` will be exported at the root of the crate instead of the module where it is defined
[INFO] [stdout] help: a macro with this name exists at the root of the crate
[INFO] [stdout]    |
[INFO] [stdout] 16 | use ::C;
[INFO] [stdout]    |     ^^^
[INFO] [stdout] 
[INFO] [stdout] 
[INFO] [stdout] error: Compilation failed, aborting rustdoc
[INFO] [stdout] 
[INFO] [stdout] 
[INFO] [stdout] error: aborting due to 8 previous errors
[INFO] [stdout] 
[INFO] [stdout] 
[INFO] [stdout] Some errors have detailed explanations: E0432, E0583.
[INFO] [stdout] 
[INFO] [stdout] For more information about an error, try `rustc --explain E0432`.
[INFO] [stdout] 
[INFO] [stderr] error: could not document `kavik_cz`
[INFO] [stderr] 
[INFO] [stderr] Caused by:
[INFO] [stderr]   process didn't exit successfully: `rustdoc --edition=2018 --crate-type cdylib --crate-name kavik_cz src/lib.rs -o /opt/rustwide/target/doc --error-format=json --json=diagnostic-rendered-ansi --document-private-items -L dependency=/opt/rustwide/target/debug/deps --extern fixed_vec_deque=/opt/rustwide/target/debug/deps/libfixed_vec_deque-4b68cbf9cccdd2da.rmeta --extern seed=/opt/rustwide/target/debug/deps/libseed-a03aacb5342a9b8a.rmeta --extern web_sys=/opt/rustwide/target/debug/deps/libweb_sys-86890269fcb3b106.rmeta --cap-lints=warn --crate-version 0.1.0` (exit status: 1)
[INFO] running `Command { std: "docker" "inspect" "147b8dd5223e3015de2dbc39872addb48d95967fcae9d619b28c751aacb2f085", kill_on_drop: false }`
[INFO] running `Command { std: "docker" "rm" "-f" "147b8dd5223e3015de2dbc39872addb48d95967fcae9d619b28c751aacb2f085", kill_on_drop: false }`
[INFO] [stdout] 147b8dd5223e3015de2dbc39872addb48d95967fcae9d619b28c751aacb2f085
