[INFO] cloning repository https://github.com/carsonmyers/lsapp
[INFO] running `Command { std: "git" "-c" "credential.helper=" "-c" "credential.helper=/workspace/cargo-home/bin/git-credential-null" "clone" "--bare" "https://github.com/carsonmyers/lsapp" "/workspace/cache/git-repos/https%3A%2F%2Fgithub.com%2Fcarsonmyers%2Flsapp", kill_on_drop: false }`
[INFO] [stderr] Cloning into bare repository '/workspace/cache/git-repos/https%3A%2F%2Fgithub.com%2Fcarsonmyers%2Flsapp'...
[INFO] running `Command { std: "git" "rev-parse" "HEAD", kill_on_drop: false }`
[INFO] [stdout] df5b4c69b463ad77cd0accb7cee0fb69e0f30234
[INFO] documenting carsonmyers/lsapp against beta-2021-08-01 for beta-1.55-rustdoc-1
[INFO] running `Command { std: "git" "clone" "/workspace/cache/git-repos/https%3A%2F%2Fgithub.com%2Fcarsonmyers%2Flsapp" "/workspace/builds/worker-74/source", kill_on_drop: false }`
[INFO] [stderr] Cloning into '/workspace/builds/worker-74/source'...
[INFO] [stderr] done.
[INFO] validating manifest of git repo https://github.com/carsonmyers/lsapp on toolchain beta-2021-08-01
[INFO] running `Command { std: "/workspace/cargo-home/bin/cargo" "+beta-2021-08-01" "metadata" "--manifest-path" "Cargo.toml" "--no-deps", kill_on_drop: false }`
[INFO] started tweaking git repo https://github.com/carsonmyers/lsapp
[INFO] finished tweaking git repo https://github.com/carsonmyers/lsapp
[INFO] tweaked toml for git repo https://github.com/carsonmyers/lsapp written to /workspace/builds/worker-74/source/Cargo.toml
[INFO] crate git repo https://github.com/carsonmyers/lsapp already has a lockfile, it will not be regenerated
[INFO] running `Command { std: "/workspace/cargo-home/bin/cargo" "+beta-2021-08-01" "fetch" "--manifest-path" "Cargo.toml", kill_on_drop: false }`
[INFO] [stderr]     Blocking waiting for file lock on package cache
[INFO] [stderr]     Blocking waiting for file lock on package cache
[INFO] [stderr]  Downloading crates ...
[INFO] [stderr]   Downloaded indenter v0.3.0
[INFO] [stderr]   Downloaded os_str_bytes v2.3.0
[INFO] [stderr]   Downloaded thiserror-impl v1.0.18
[INFO] [stderr]   Downloaded tracing v0.1.14
[INFO] [stderr]   Downloaded tracing-subscriber v0.2.5
[INFO] [stderr]   Downloaded thiserror v1.0.18
[INFO] [stderr]   Downloaded tracing-error v0.1.2
[INFO] [stderr]   Downloaded color-backtrace v0.4.1
[INFO] [stderr]   Downloaded eyre v0.4.2
[INFO] [stderr]   Downloaded color-spantrace v0.1.1
[INFO] [stderr]   Downloaded color-eyre v0.3.1
[INFO] running `Command { std: "docker" "create" "-v" "/var/lib/crater-agent-workspace/builds/worker-74/target:/opt/rustwide/target:rw,Z" "-v" "/var/lib/crater-agent-workspace/builds/worker-74/source:/opt/rustwide/workdir:ro,Z" "-v" "/var/lib/crater-agent-workspace/cargo-home:/opt/rustwide/cargo-home:ro,Z" "-v" "/var/lib/crater-agent-workspace/rustup-home:/opt/rustwide/rustup-home:ro,Z" "-e" "SOURCE_DIR=/opt/rustwide/workdir" "-e" "CARGO_TARGET_DIR=/opt/rustwide/target" "-e" "CARGO_HOME=/opt/rustwide/cargo-home" "-e" "RUSTUP_HOME=/opt/rustwide/rustup-home" "-w" "/opt/rustwide/workdir" "-m" "1610612736" "--user" "0:0" "--network" "none" "ghcr.io/rust-lang/crates-build-env/linux@sha256:34b6a614d2c27851fe6cbf88fbd1137609cefab8b10d0615aaeb6fd47975d74e" "/opt/rustwide/cargo-home/bin/cargo" "+beta-2021-08-01" "metadata" "--no-deps" "--format-version=1", kill_on_drop: false }`
[INFO] [stdout] 7a4bdf931d4e2958e8fc9e7094758fc0427e5078c35d6a34c97e5b674e64a770
[INFO] running `Command { std: "docker" "start" "-a" "7a4bdf931d4e2958e8fc9e7094758fc0427e5078c35d6a34c97e5b674e64a770", kill_on_drop: false }`
[INFO] running `Command { std: "docker" "inspect" "7a4bdf931d4e2958e8fc9e7094758fc0427e5078c35d6a34c97e5b674e64a770", kill_on_drop: false }`
[INFO] running `Command { std: "docker" "rm" "-f" "7a4bdf931d4e2958e8fc9e7094758fc0427e5078c35d6a34c97e5b674e64a770", kill_on_drop: false }`
[INFO] [stdout] 7a4bdf931d4e2958e8fc9e7094758fc0427e5078c35d6a34c97e5b674e64a770
[INFO] running `Command { std: "docker" "create" "-v" "/var/lib/crater-agent-workspace/builds/worker-74/target:/opt/rustwide/target:rw,Z" "-v" "/var/lib/crater-agent-workspace/builds/worker-74/source:/opt/rustwide/workdir:ro,Z" "-v" "/var/lib/crater-agent-workspace/cargo-home:/opt/rustwide/cargo-home:ro,Z" "-v" "/var/lib/crater-agent-workspace/rustup-home:/opt/rustwide/rustup-home:ro,Z" "-e" "SOURCE_DIR=/opt/rustwide/workdir" "-e" "CARGO_TARGET_DIR=/opt/rustwide/target" "-e" "CARGO_INCREMENTAL=0" "-e" "RUST_BACKTRACE=full" "-e" "RUSTDOCFLAGS=--cap-lints=warn" "-e" "CARGO_HOME=/opt/rustwide/cargo-home" "-e" "RUSTUP_HOME=/opt/rustwide/rustup-home" "-w" "/opt/rustwide/workdir" "-m" "1610612736" "--user" "0:0" "--network" "none" "ghcr.io/rust-lang/crates-build-env/linux@sha256:34b6a614d2c27851fe6cbf88fbd1137609cefab8b10d0615aaeb6fd47975d74e" "/opt/rustwide/cargo-home/bin/cargo" "+beta-2021-08-01" "doc" "--frozen" "--no-deps" "--document-private-items" "--message-format=json", kill_on_drop: false }`
[INFO] [stdout] d72eb252b4f412368dede89e3af5391116b07be2e992430457bb8df569f3c02d
[INFO] running `Command { std: "docker" "start" "-a" "d72eb252b4f412368dede89e3af5391116b07be2e992430457bb8df569f3c02d", kill_on_drop: false }`
[INFO] [stderr]    Compiling proc-macro2 v1.0.12
[INFO] [stderr]    Compiling unicode-xid v0.2.0
[INFO] [stderr]    Compiling syn v1.0.19
[INFO] [stderr]    Compiling libc v0.2.69
[INFO] [stderr]    Compiling version_check v0.9.1
[INFO] [stderr]    Compiling autocfg v1.0.0
[INFO] [stderr]     Checking gimli v0.21.0
[INFO] [stderr]    Compiling unicode-segmentation v1.6.0
[INFO] [stderr]     Checking rustc-demangle v0.1.16
[INFO] [stderr]     Checking termcolor v1.1.0
[INFO] [stderr]    Compiling eyre v0.4.2
[INFO] [stderr]     Checking object v0.19.0
[INFO] [stderr]     Checking ansi_term v0.12.1
[INFO] [stderr]     Checking unicode-width v0.1.7
[INFO] [stderr]     Checking indenter v0.3.0
[INFO] [stderr]     Checking vec_map v0.8.2
[INFO] [stderr]     Checking os_str_bytes v2.3.0
[INFO] [stderr]     Checking tracing-core v0.1.10
[INFO] [stderr]     Checking sharded-slab v0.0.9
[INFO] [stderr]    Compiling bitflags v1.2.1
[INFO] [stderr]     Checking textwrap v0.11.0
[INFO] [stderr]    Compiling heck v0.3.1
[INFO] [stderr]    Compiling indexmap v1.3.2
[INFO] [stderr]    Compiling proc-macro-error-attr v0.4.12
[INFO] [stderr]    Compiling proc-macro-error v0.4.12
[INFO] [stderr]     Checking tracing-subscriber v0.2.5
[INFO] [stderr]    Compiling quote v1.0.4
[INFO] [stderr]     Checking atty v0.2.14
[INFO] [stderr]     Checking dirs-sys v0.3.4
[INFO] [stderr]     Checking dirs v2.0.2
[INFO] [stderr]     Checking shellexpand v2.0.0
[INFO] [stderr]     Checking addr2line v0.12.0
[INFO] [stderr]     Checking backtrace v0.3.48
[INFO] [stderr]     Checking color-backtrace v0.4.1
[INFO] [stderr]    Compiling syn-mid v0.5.0
[INFO] [stderr]    Compiling tracing-attributes v0.1.8
[INFO] [stderr]    Compiling thiserror-impl v1.0.18
[INFO] [stderr]    Compiling clap_derive v3.0.0-beta.1
[INFO] [stderr]     Checking thiserror v1.0.18
[INFO] [stderr]     Checking tracing v0.1.14
[INFO] [stderr]     Checking tracing-error v0.1.2
[INFO] [stderr]     Checking color-spantrace v0.1.1
[INFO] [stderr]     Checking color-eyre v0.3.1
[INFO] [stderr]     Checking clap v3.0.0-beta.1
[INFO] [stderr]  Documenting lsapp v0.1.0 (/opt/rustwide/workdir)
[INFO] [stdout] error: expected one of `:`, `@`, or `|`, found `tokens`
[INFO] [stdout]   --> src/parser/mod.rs:43:34
[INFO] [stdout]    |
[INFO] [stdout] 43 |     fn match_text(&mut self, tok tokens::Token) -> Option<tokens::Token> {
[INFO] [stdout]    |                                  ^^^^^^ expected one of `:`, `@`, or `|`
[INFO] [stdout] 
[INFO] [stdout] 
[INFO] [stdout] error[E0404]: expected trait, found derive macro `Debug`
[INFO] [stdout]   --> src/parser/tokens.rs:23:6
[INFO] [stdout]    |
[INFO] [stdout] 23 | impl Debug for Token {
[INFO] [stdout]    |      ^^^^^ not a trait
[INFO] [stdout]    |
[INFO] [stdout] help: consider importing one of these items instead
[INFO] [stdout]    |
[INFO] [stdout] 1  | use core::fmt::Debug;
[INFO] [stdout]    |
[INFO] [stdout] 1  | use std::fmt::Debug;
[INFO] [stdout]    |
[INFO] [stdout] 
[INFO] [stdout] 
[INFO] [stdout] error[E0412]: cannot find type `Span` in this scope
[INFO] [stdout]  --> src/parser/tree.rs:4:15
[INFO] [stdout]   |
[INFO] [stdout] 4 |     pub span: Span,
[INFO] [stdout]   |               ^^^^ not found in this scope
[INFO] [stdout]   |
[INFO] [stdout] help: consider importing this struct
[INFO] [stdout]   |
[INFO] [stdout] 1 | use crate::parser::span::Span;
[INFO] [stdout]   |
[INFO] [stdout] 
[INFO] [stdout] 
[INFO] [stdout] error[E0412]: cannot find type `Token` in this scope
[INFO] [stdout]  --> src/parser/tree.rs:5:21
[INFO] [stdout]   |
[INFO] [stdout] 5 |     pub tokens: Vec<Token>,
[INFO] [stdout]   |                     ^^^^^ not found in this scope
[INFO] [stdout]   |
[INFO] [stdout] help: consider importing this struct
[INFO] [stdout]   |
[INFO] [stdout] 1 | use crate::parser::tokens::Token;
[INFO] [stdout]   |
[INFO] [stdout] 
[INFO] [stdout] 
[INFO] [stdout] error[E0404]: expected trait, found derive macro `Debug`
[INFO] [stdout]  --> src/parser/tree.rs:8:6
[INFO] [stdout]   |
[INFO] [stdout] 8 | impl Debug for Node {
[INFO] [stdout]   |      ^^^^^ not a trait
[INFO] [stdout]   |
[INFO] [stdout] help: consider importing one of these items instead
[INFO] [stdout]   |
[INFO] [stdout] 1 | use core::fmt::Debug;
[INFO] [stdout]   |
[INFO] [stdout] 1 | use crate::parser::tree::fmt::Debug;
[INFO] [stdout]   |
[INFO] [stdout] 1 | use std::fmt::Debug;
[INFO] [stdout]   |
[INFO] [stdout] 
[INFO] [stdout] 
[INFO] [stdout] error[E0404]: expected trait, found derive macro `Debug`
[INFO] [stdout]   --> src/parser/tree.rs:34:6
[INFO] [stdout]    |
[INFO] [stdout] 34 | impl Debug for Section {
[INFO] [stdout]    |      ^^^^^ not a trait
[INFO] [stdout]    |
[INFO] [stdout] help: consider importing one of these items instead
[INFO] [stdout]    |
[INFO] [stdout] 1  | use core::fmt::Debug;
[INFO] [stdout]    |
[INFO] [stdout] 1  | use crate::parser::tree::fmt::Debug;
[INFO] [stdout]    |
[INFO] [stdout] 1  | use std::fmt::Debug;
[INFO] [stdout]    |
[INFO] [stdout] 
[INFO] [stdout] 
[INFO] [stdout] error[E0404]: expected trait, found derive macro `Debug`
[INFO] [stdout]   --> src/parser/tree.rs:50:6
[INFO] [stdout]    |
[INFO] [stdout] 50 | impl Debug for Entry {
[INFO] [stdout]    |      ^^^^^ not a trait
[INFO] [stdout]    |
[INFO] [stdout] help: consider importing one of these items instead
[INFO] [stdout]    |
[INFO] [stdout] 1  | use core::fmt::Debug;
[INFO] [stdout]    |
[INFO] [stdout] 1  | use crate::parser::tree::fmt::Debug;
[INFO] [stdout]    |
[INFO] [stdout] 1  | use std::fmt::Debug;
[INFO] [stdout]    |
[INFO] [stdout] 
[INFO] [stdout] 
[INFO] [stdout] error[E0404]: expected trait, found derive macro `Debug`
[INFO] [stdout]   --> src/parser/tree.rs:63:6
[INFO] [stdout]    |
[INFO] [stdout] 63 | impl Debug for ValuePart {
[INFO] [stdout]    |      ^^^^^ not a trait
[INFO] [stdout]    |
[INFO] [stdout] help: consider importing one of these items instead
[INFO] [stdout]    |
[INFO] [stdout] 1  | use core::fmt::Debug;
[INFO] [stdout]    |
[INFO] [stdout] 1  | use crate::parser::tree::fmt::Debug;
[INFO] [stdout]    |
[INFO] [stdout] 1  | use std::fmt::Debug;
[INFO] [stdout]    |
[INFO] [stdout] 
[INFO] [stdout] 
[INFO] [stdout] error[E0404]: expected trait, found derive macro `Debug`
[INFO] [stdout]   --> src/parser/tree.rs:79:6
[INFO] [stdout]    |
[INFO] [stdout] 79 | impl Debug for ValueKind {
[INFO] [stdout]    |      ^^^^^ not a trait
[INFO] [stdout]    |
[INFO] [stdout] help: consider importing one of these items instead
[INFO] [stdout]    |
[INFO] [stdout] 1  | use core::fmt::Debug;
[INFO] [stdout]    |
[INFO] [stdout] 1  | use crate::parser::tree::fmt::Debug;
[INFO] [stdout]    |
[INFO] [stdout] 1  | use std::fmt::Debug;
[INFO] [stdout]    |
[INFO] [stdout] 
[INFO] [stdout] 
[INFO] [stdout] error[E0404]: expected trait, found derive macro `Debug`
[INFO] [stdout]   --> src/parser/tree.rs:95:6
[INFO] [stdout]    |
[INFO] [stdout] 95 | impl Debug for Value {
[INFO] [stdout]    |      ^^^^^ not a trait
[INFO] [stdout]    |
[INFO] [stdout] help: consider importing one of these items instead
[INFO] [stdout]    |
[INFO] [stdout] 1  | use core::fmt::Debug;
[INFO] [stdout]    |
[INFO] [stdout] 1  | use crate::parser::tree::fmt::Debug;
[INFO] [stdout]    |
[INFO] [stdout] 1  | use std::fmt::Debug;
[INFO] [stdout]    |
[INFO] [stdout] 
[INFO] [stdout] 
[INFO] [stdout] error[E0412]: cannot find type `TokenData` in this scope
[INFO] [stdout]   --> src/parser/mod.rs:21:11
[INFO] [stdout]    |
[INFO] [stdout] 21 |     data: TokenData<'a>,
[INFO] [stdout]    |           ^^^^^^^^^ not found in this scope
[INFO] [stdout]    |
[INFO] [stdout] help: consider importing this struct
[INFO] [stdout]    |
[INFO] [stdout] 6  | use crate::parser::tokens::TokenData;
[INFO] [stdout]    |
[INFO] [stdout] 
[INFO] [stdout] 
[INFO] [stdout] error[E0412]: cannot find type `Section` in this scope
[INFO] [stdout]   --> src/parser/mod.rs:31:43
[INFO] [stdout]    |
[INFO] [stdout] 31 |     pub fn parse(&mut self) -> Result<Vec<Section>> {
[INFO] [stdout]    |                                           ^^^^^^^ not found in this scope
[INFO] [stdout]    |
[INFO] [stdout] help: consider importing this struct
[INFO] [stdout]    |
[INFO] [stdout] 6  | use crate::parser::tree::Section;
[INFO] [stdout]    |
[INFO] [stdout] 
[INFO] [stdout] 
[INFO] [stdout] error[E0412]: cannot find type `Section` in this scope
[INFO] [stdout]   --> src/parser/mod.rs:35:43
[INFO] [stdout]    |
[INFO] [stdout] 35 |     fn match_heading(&mut self) -> Result<Section> {
[INFO] [stdout]    |                                           ^^^^^^^ not found in this scope
[INFO] [stdout]    |
[INFO] [stdout] help: consider importing this struct
[INFO] [stdout]    |
[INFO] [stdout] 6  | use crate::parser::tree::Section;
[INFO] [stdout]    |
[INFO] [stdout] 
[INFO] [stdout] 
[INFO] [stdout] error[E0412]: cannot find type `Entry` in this scope
[INFO] [stdout]   --> src/parser/mod.rs:39:41
[INFO] [stdout]    |
[INFO] [stdout] 39 |     fn match_entry(&mut self) -> Result<Entry> {
[INFO] [stdout]    |                                         ^^^^^ not found in this scope
[INFO] [stdout]    |
[INFO] [stdout] help: consider importing one of these items
[INFO] [stdout]    |
[INFO] [stdout] 6  | use crate::parser::tree::Entry;
[INFO] [stdout]    |
[INFO] [stdout] 6  | use std::collections::btree_map::Entry;
[INFO] [stdout]    |
[INFO] [stdout] 6  | use std::collections::hash_map::Entry;
[INFO] [stdout]    |
[INFO] [stdout] 
[INFO] [stdout] 
[INFO] [stdout] error[E0554]: `#![feature]` may not be used on the beta release channel
[INFO] [stdout]  --> src/lib.rs:1:1
[INFO] [stdout]   |
[INFO] [stdout] 1 | #![feature(type_alias_impl_trait)]
[INFO] [stdout]   | ^^^^^^^^^^^^^^^^^^^^^^^^^^^^^^^^^^
[INFO] [stdout] 
[INFO] [stdout] 
[INFO] [stdout] error: Compilation failed, aborting rustdoc
[INFO] [stdout] 
[INFO] [stdout] 
[INFO] [stdout] error: aborting due to 16 previous errors
[INFO] [stdout] 
[INFO] [stdout] 
[INFO] [stdout] Some errors have detailed explanations: E0404, E0412, E0554.
[INFO] [stdout] 
[INFO] [stdout] For more information about an error, try `rustc --explain E0404`.
[INFO] [stdout] 
[INFO] [stderr] error: could not document `lsapp`
[INFO] [stderr] 
[INFO] [stderr] Caused by:
[INFO] [stderr]   process didn't exit successfully: `rustdoc --edition=2018 --crate-type lib --crate-name lsapp src/lib.rs -o /opt/rustwide/target/doc --error-format=json --json=diagnostic-rendered-ansi --document-private-items -L dependency=/opt/rustwide/target/debug/deps --extern clap=/opt/rustwide/target/debug/deps/libclap-d3fa758f493ac62f.rmeta --extern color_eyre=/opt/rustwide/target/debug/deps/libcolor_eyre-e4965aeb2f8bccb6.rmeta --extern eyre=/opt/rustwide/target/debug/deps/libeyre-abc6d9171190e838.rmeta --extern shellexpand=/opt/rustwide/target/debug/deps/libshellexpand-a89fd83b7736b3b4.rmeta --extern thiserror=/opt/rustwide/target/debug/deps/libthiserror-536c3d33a707a0ac.rmeta --cap-lints=warn --crate-version 0.1.0` (exit status: 1)
[INFO] running `Command { std: "docker" "inspect" "d72eb252b4f412368dede89e3af5391116b07be2e992430457bb8df569f3c02d", kill_on_drop: false }`
[INFO] running `Command { std: "docker" "rm" "-f" "d72eb252b4f412368dede89e3af5391116b07be2e992430457bb8df569f3c02d", kill_on_drop: false }`
[INFO] [stdout] d72eb252b4f412368dede89e3af5391116b07be2e992430457bb8df569f3c02d
