[INFO] cloning repository https://github.com/carlosb1/cqrs_example
[INFO] running `Command { std: "git" "-c" "credential.helper=" "-c" "credential.helper=/workspace/cargo-home/bin/git-credential-null" "clone" "--bare" "https://github.com/carlosb1/cqrs_example" "/workspace/cache/git-repos/https%3A%2F%2Fgithub.com%2Fcarlosb1%2Fcqrs_example", kill_on_drop: false }`
[INFO] [stderr] Cloning into bare repository '/workspace/cache/git-repos/https%3A%2F%2Fgithub.com%2Fcarlosb1%2Fcqrs_example'...
[INFO] running `Command { std: "git" "rev-parse" "HEAD", kill_on_drop: false }`
[INFO] [stdout] dabac258e199941f037d0178c833ed17f389b7c2
[INFO] documenting carlosb1/cqrs_example against beta-2021-08-01 for beta-1.55-rustdoc-1
[INFO] running `Command { std: "git" "clone" "/workspace/cache/git-repos/https%3A%2F%2Fgithub.com%2Fcarlosb1%2Fcqrs_example" "/workspace/builds/worker-22/source", kill_on_drop: false }`
[INFO] [stderr] Cloning into '/workspace/builds/worker-22/source'...
[INFO] [stderr] done.
[INFO] validating manifest of git repo https://github.com/carlosb1/cqrs_example on toolchain beta-2021-08-01
[INFO] running `Command { std: "/workspace/cargo-home/bin/cargo" "+beta-2021-08-01" "metadata" "--manifest-path" "Cargo.toml" "--no-deps", kill_on_drop: false }`
[INFO] started tweaking git repo https://github.com/carlosb1/cqrs_example
[INFO] finished tweaking git repo https://github.com/carlosb1/cqrs_example
[INFO] tweaked toml for git repo https://github.com/carlosb1/cqrs_example written to /workspace/builds/worker-22/source/Cargo.toml
[INFO] crate git repo https://github.com/carlosb1/cqrs_example already has a lockfile, it will not be regenerated
[INFO] running `Command { std: "/workspace/cargo-home/bin/cargo" "+beta-2021-08-01" "fetch" "--manifest-path" "Cargo.toml", kill_on_drop: false }`
[INFO] [stderr]     Blocking waiting for file lock on package cache
[INFO] [stderr]     Blocking waiting for file lock on package cache
[INFO] running `Command { std: "docker" "create" "-v" "/var/lib/crater-agent-workspace/builds/worker-22/target:/opt/rustwide/target:rw,Z" "-v" "/var/lib/crater-agent-workspace/builds/worker-22/source:/opt/rustwide/workdir:ro,Z" "-v" "/var/lib/crater-agent-workspace/cargo-home:/opt/rustwide/cargo-home:ro,Z" "-v" "/var/lib/crater-agent-workspace/rustup-home:/opt/rustwide/rustup-home:ro,Z" "-e" "SOURCE_DIR=/opt/rustwide/workdir" "-e" "CARGO_TARGET_DIR=/opt/rustwide/target" "-e" "CARGO_HOME=/opt/rustwide/cargo-home" "-e" "RUSTUP_HOME=/opt/rustwide/rustup-home" "-w" "/opt/rustwide/workdir" "-m" "1610612736" "--user" "0:0" "--network" "none" "ghcr.io/rust-lang/crates-build-env/linux@sha256:34b6a614d2c27851fe6cbf88fbd1137609cefab8b10d0615aaeb6fd47975d74e" "/opt/rustwide/cargo-home/bin/cargo" "+beta-2021-08-01" "metadata" "--no-deps" "--format-version=1", kill_on_drop: false }`
[INFO] [stdout] 168264d60e5385396096367b22e03c135c39366552d8d55d70f9df25a32b9fdb
[INFO] running `Command { std: "docker" "start" "-a" "168264d60e5385396096367b22e03c135c39366552d8d55d70f9df25a32b9fdb", kill_on_drop: false }`
[INFO] running `Command { std: "docker" "inspect" "168264d60e5385396096367b22e03c135c39366552d8d55d70f9df25a32b9fdb", kill_on_drop: false }`
[INFO] running `Command { std: "docker" "rm" "-f" "168264d60e5385396096367b22e03c135c39366552d8d55d70f9df25a32b9fdb", kill_on_drop: false }`
[INFO] [stdout] 168264d60e5385396096367b22e03c135c39366552d8d55d70f9df25a32b9fdb
[INFO] running `Command { std: "docker" "create" "-v" "/var/lib/crater-agent-workspace/builds/worker-22/target:/opt/rustwide/target:rw,Z" "-v" "/var/lib/crater-agent-workspace/builds/worker-22/source:/opt/rustwide/workdir:ro,Z" "-v" "/var/lib/crater-agent-workspace/cargo-home:/opt/rustwide/cargo-home:ro,Z" "-v" "/var/lib/crater-agent-workspace/rustup-home:/opt/rustwide/rustup-home:ro,Z" "-e" "SOURCE_DIR=/opt/rustwide/workdir" "-e" "CARGO_TARGET_DIR=/opt/rustwide/target" "-e" "CARGO_INCREMENTAL=0" "-e" "RUST_BACKTRACE=full" "-e" "RUSTDOCFLAGS=--cap-lints=warn" "-e" "CARGO_HOME=/opt/rustwide/cargo-home" "-e" "RUSTUP_HOME=/opt/rustwide/rustup-home" "-w" "/opt/rustwide/workdir" "-m" "1610612736" "--user" "0:0" "--network" "none" "ghcr.io/rust-lang/crates-build-env/linux@sha256:34b6a614d2c27851fe6cbf88fbd1137609cefab8b10d0615aaeb6fd47975d74e" "/opt/rustwide/cargo-home/bin/cargo" "+beta-2021-08-01" "doc" "--frozen" "--no-deps" "--document-private-items" "--message-format=json", kill_on_drop: false }`
[INFO] [stdout] 2d528a18d57c7f532b154dc8f29d170e15754dd9553630a0b8139d97c36cdc3e
[INFO] running `Command { std: "docker" "start" "-a" "2d528a18d57c7f532b154dc8f29d170e15754dd9553630a0b8139d97c36cdc3e", kill_on_drop: false }`
[INFO] [stderr]     Blocking waiting for file lock on package cache
[INFO] [stderr]  Documenting cqrs_example v0.1.0 (/opt/rustwide/workdir)
[INFO] [stdout] error[E0583]: file not found for module `schema`
[INFO] [stdout]   --> src/main.rs:21:1
[INFO] [stdout]    |
[INFO] [stdout] 21 | pub mod schema;
[INFO] [stdout]    | ^^^^^^^^^^^^^^^
[INFO] [stdout]    |
[INFO] [stdout]    = help: to create the module `schema`, create file "src/schema.rs" or "src/schema/mod.rs"
[INFO] [stdout] 
[INFO] [stdout] 
[INFO] [stdout] error[E0432]: unresolved import `schema::posts`
[INFO] [stdout]   --> src/main.rs:22:5
[INFO] [stdout]    |
[INFO] [stdout] 22 | use schema::posts;
[INFO] [stdout]    |     ^^^^^^^^^^^^^ no `posts` in `schema`
[INFO] [stdout] 
[INFO] [stdout] 
[INFO] [stdout] error: cannot find derive macro `Serialize` in this scope
[INFO] [stdout]   --> src/main.rs:25:10
[INFO] [stdout]    |
[INFO] [stdout] 25 | #[derive(Serialize)]
[INFO] [stdout]    |          ^^^^^^^^^
[INFO] [stdout] 
[INFO] [stdout] 
[INFO] [stdout] error: cannot find derive macro `Queryable` in this scope
[INFO] [stdout]   --> src/main.rs:27:10
[INFO] [stdout]    |
[INFO] [stdout] 27 | #[derive(Queryable)]
[INFO] [stdout]    |          ^^^^^^^^^
[INFO] [stdout] 
[INFO] [stdout] 
[INFO] [stdout] error: cannot find derive macro `Serialize` in this scope
[INFO] [stdout]   --> src/main.rs:35:10
[INFO] [stdout]    |
[INFO] [stdout] 35 | #[derive(Serialize, Deserialize)]
[INFO] [stdout]    |          ^^^^^^^^^
[INFO] [stdout] 
[INFO] [stdout] 
[INFO] [stdout] error: cannot find derive macro `Deserialize` in this scope
[INFO] [stdout]   --> src/main.rs:35:21
[INFO] [stdout]    |
[INFO] [stdout] 35 | #[derive(Serialize, Deserialize)]
[INFO] [stdout]    |                     ^^^^^^^^^^^
[INFO] [stdout] 
[INFO] [stdout] 
[INFO] [stdout] error: cannot find derive macro `Insertable` in this scope
[INFO] [stdout]   --> src/main.rs:36:10
[INFO] [stdout]    |
[INFO] [stdout] 36 | #[derive(Insertable)]
[INFO] [stdout]    |          ^^^^^^^^^^
[INFO] [stdout] 
[INFO] [stdout] 
[INFO] [stdout] error: cannot find attribute `table_name` in this scope
[INFO] [stdout]   --> src/main.rs:39:3
[INFO] [stdout]    |
[INFO] [stdout] 39 | #[table_name="posts"]
[INFO] [stdout]    |   ^^^^^^^^^^
[INFO] [stdout] 
[INFO] [stdout] 
[INFO] [stdout] error[E0433]: failed to resolve: use of undeclared crate or module `data`
[INFO] [stdout]   --> src/main.rs:49:48
[INFO] [stdout]    |
[INFO] [stdout] 49 |     fn from_data(req: &Request, data: Data) -> data::Outcome<Self, String> {
[INFO] [stdout]    |                                                ^^^^ use of undeclared crate or module `data`
[INFO] [stdout] 
[INFO] [stdout] 
[INFO] [stdout] error[E0405]: cannot find trait `FromDataSimple` in this scope
[INFO] [stdout]   --> src/main.rs:45:6
[INFO] [stdout]    |
[INFO] [stdout] 45 | impl FromDataSimple for NewPost {
[INFO] [stdout]    |      ^^^^^^^^^^^^^^ not found in this scope
[INFO] [stdout] 
[INFO] [stdout] 
[INFO] [stdout] error[E0412]: cannot find type `Request` in this scope
[INFO] [stdout]   --> src/main.rs:49:24
[INFO] [stdout]    |
[INFO] [stdout] 49 |     fn from_data(req: &Request, data: Data) -> data::Outcome<Self, String> {
[INFO] [stdout]    |                        ^^^^^^^ not found in this scope
[INFO] [stdout] 
[INFO] [stdout] 
[INFO] [stdout] error[E0412]: cannot find type `Data` in this scope
[INFO] [stdout]   --> src/main.rs:49:39
[INFO] [stdout]    |
[INFO] [stdout] 49 |     fn from_data(req: &Request, data: Data) -> data::Outcome<Self, String> {
[INFO] [stdout]    |                                       ^^^^ not found in this scope
[INFO] [stdout] 
[INFO] [stdout] 
[INFO] [stdout] error[E0412]: cannot find type `PgConnection` in this scope
[INFO] [stdout]   --> src/main.rs:70:46
[INFO] [stdout]    |
[INFO] [stdout] 70 |         pub fn establish_connection(self) -> PgConnection {
[INFO] [stdout]    |                                              ^^^^^^^^^^^^ not found in this scope
[INFO] [stdout] 
[INFO] [stdout] 
[INFO] [stdout] error: Compilation failed, aborting rustdoc
[INFO] [stdout] 
[INFO] [stdout] 
[INFO] [stdout] error: aborting due to 14 previous errors
[INFO] [stdout] 
[INFO] [stdout] 
[INFO] [stdout] Some errors have detailed explanations: E0405, E0412, E0432, E0433, E0583.
[INFO] [stdout] 
[INFO] [stdout] For more information about an error, try `rustc --explain E0405`.
[INFO] [stdout] 
[INFO] [stderr] error: could not document `cqrs_example`
[INFO] [stderr] 
[INFO] [stderr] Caused by:
[INFO] [stderr]   process didn't exit successfully: `rustdoc --edition=2018 --crate-type bin --crate-name cqrs_example src/main.rs -o /opt/rustwide/target/doc --error-format=json --json=diagnostic-rendered-ansi --document-private-items -L dependency=/opt/rustwide/target/debug/deps --cap-lints=warn --crate-version 0.1.0` (exit status: 1)
[INFO] running `Command { std: "docker" "inspect" "2d528a18d57c7f532b154dc8f29d170e15754dd9553630a0b8139d97c36cdc3e", kill_on_drop: false }`
[INFO] running `Command { std: "docker" "rm" "-f" "2d528a18d57c7f532b154dc8f29d170e15754dd9553630a0b8139d97c36cdc3e", kill_on_drop: false }`
[INFO] [stdout] 2d528a18d57c7f532b154dc8f29d170e15754dd9553630a0b8139d97c36cdc3e
