[INFO] cloning repository https://github.com/camjackson/rusteroids
[INFO] running `Command { std: "git" "-c" "credential.helper=" "-c" "credential.helper=/workspace/cargo-home/bin/git-credential-null" "clone" "--bare" "https://github.com/camjackson/rusteroids" "/workspace/cache/git-repos/https%3A%2F%2Fgithub.com%2Fcamjackson%2Frusteroids", kill_on_drop: false }`
[INFO] [stderr] Cloning into bare repository '/workspace/cache/git-repos/https%3A%2F%2Fgithub.com%2Fcamjackson%2Frusteroids'...
[INFO] running `Command { std: "git" "rev-parse" "HEAD", kill_on_drop: false }`
[INFO] [stdout] e7fad01b5340fd6d16a53ac21d715433a27eefe9
[INFO] documenting camjackson/rusteroids against 1.54.0 for beta-1.55-rustdoc-1
[INFO] running `Command { std: "git" "clone" "/workspace/cache/git-repos/https%3A%2F%2Fgithub.com%2Fcamjackson%2Frusteroids" "/workspace/builds/worker-23/source", kill_on_drop: false }`
[INFO] [stderr] Cloning into '/workspace/builds/worker-23/source'...
[INFO] [stderr] done.
[INFO] validating manifest of git repo https://github.com/camjackson/rusteroids on toolchain 1.54.0
[INFO] running `Command { std: "/workspace/cargo-home/bin/cargo" "+1.54.0" "metadata" "--manifest-path" "Cargo.toml" "--no-deps", kill_on_drop: false }`
[INFO] started tweaking git repo https://github.com/camjackson/rusteroids
[INFO] finished tweaking git repo https://github.com/camjackson/rusteroids
[INFO] tweaked toml for git repo https://github.com/camjackson/rusteroids written to /workspace/builds/worker-23/source/Cargo.toml
[INFO] crate git repo https://github.com/camjackson/rusteroids already has a lockfile, it will not be regenerated
[INFO] running `Command { std: "/workspace/cargo-home/bin/cargo" "+1.54.0" "fetch" "--manifest-path" "Cargo.toml", kill_on_drop: false }`
[INFO] [stderr]     Blocking waiting for file lock on package cache
[INFO] [stderr]     Blocking waiting for file lock on package cache
[INFO] running `Command { std: "docker" "create" "-v" "/var/lib/crater-agent-workspace/builds/worker-23/target:/opt/rustwide/target:rw,Z" "-v" "/var/lib/crater-agent-workspace/builds/worker-23/source:/opt/rustwide/workdir:ro,Z" "-v" "/var/lib/crater-agent-workspace/cargo-home:/opt/rustwide/cargo-home:ro,Z" "-v" "/var/lib/crater-agent-workspace/rustup-home:/opt/rustwide/rustup-home:ro,Z" "-e" "SOURCE_DIR=/opt/rustwide/workdir" "-e" "CARGO_TARGET_DIR=/opt/rustwide/target" "-e" "CARGO_HOME=/opt/rustwide/cargo-home" "-e" "RUSTUP_HOME=/opt/rustwide/rustup-home" "-w" "/opt/rustwide/workdir" "-m" "1610612736" "--user" "0:0" "--network" "none" "ghcr.io/rust-lang/crates-build-env/linux@sha256:34b6a614d2c27851fe6cbf88fbd1137609cefab8b10d0615aaeb6fd47975d74e" "/opt/rustwide/cargo-home/bin/cargo" "+1.54.0" "metadata" "--no-deps" "--format-version=1", kill_on_drop: false }`
[INFO] [stdout] ffd5b99f72aaf9a2f5023b7f66966894f8d0cc86333826953801736e67cc2cae
[INFO] running `Command { std: "docker" "start" "-a" "ffd5b99f72aaf9a2f5023b7f66966894f8d0cc86333826953801736e67cc2cae", kill_on_drop: false }`
[INFO] running `Command { std: "docker" "inspect" "ffd5b99f72aaf9a2f5023b7f66966894f8d0cc86333826953801736e67cc2cae", kill_on_drop: false }`
[INFO] running `Command { std: "docker" "rm" "-f" "ffd5b99f72aaf9a2f5023b7f66966894f8d0cc86333826953801736e67cc2cae", kill_on_drop: false }`
[INFO] [stdout] ffd5b99f72aaf9a2f5023b7f66966894f8d0cc86333826953801736e67cc2cae
[INFO] running `Command { std: "docker" "create" "-v" "/var/lib/crater-agent-workspace/builds/worker-23/target:/opt/rustwide/target:rw,Z" "-v" "/var/lib/crater-agent-workspace/builds/worker-23/source:/opt/rustwide/workdir:ro,Z" "-v" "/var/lib/crater-agent-workspace/cargo-home:/opt/rustwide/cargo-home:ro,Z" "-v" "/var/lib/crater-agent-workspace/rustup-home:/opt/rustwide/rustup-home:ro,Z" "-e" "SOURCE_DIR=/opt/rustwide/workdir" "-e" "CARGO_TARGET_DIR=/opt/rustwide/target" "-e" "CARGO_INCREMENTAL=0" "-e" "RUST_BACKTRACE=full" "-e" "RUSTDOCFLAGS=--cap-lints=warn" "-e" "CARGO_HOME=/opt/rustwide/cargo-home" "-e" "RUSTUP_HOME=/opt/rustwide/rustup-home" "-w" "/opt/rustwide/workdir" "-m" "1610612736" "--user" "0:0" "--network" "none" "ghcr.io/rust-lang/crates-build-env/linux@sha256:34b6a614d2c27851fe6cbf88fbd1137609cefab8b10d0615aaeb6fd47975d74e" "/opt/rustwide/cargo-home/bin/cargo" "+1.54.0" "doc" "--frozen" "--no-deps" "--document-private-items" "--message-format=json", kill_on_drop: false }`
[INFO] [stdout] c1a3073636ad9221a2ee3484efb65e448e4f6bc76caa38454b56678767c9b669
[INFO] running `Command { std: "docker" "start" "-a" "c1a3073636ad9221a2ee3484efb65e448e4f6bc76caa38454b56678767c9b669", kill_on_drop: false }`
[INFO] [stderr]     Blocking waiting for file lock on package cache
[INFO] [stderr]     Checking libc v0.2.35
[INFO] [stderr]    Compiling siphasher v0.2.2
[INFO] [stderr]    Compiling bitflags v0.9.1
[INFO] [stderr]    Compiling serde v0.9.15
[INFO] [stderr]    Compiling itoa v0.3.4
[INFO] [stderr]    Compiling dtoa v0.4.2
[INFO] [stderr]    Compiling num-traits v0.1.41
[INFO] [stderr]     Checking lazy_static v0.2.11
[INFO] [stderr]    Compiling unicode-xid v0.0.4
[INFO] [stderr]    Compiling cfg-if v0.1.2
[INFO] [stderr]    Compiling winapi-build v0.1.1
[INFO] [stderr]    Compiling quote v0.3.15
[INFO] [stderr]    Compiling khronos_api v1.0.1
[INFO] [stderr]     Checking winapi v0.2.8
[INFO] [stderr]    Compiling typenum v1.9.0
[INFO] [stderr]    Compiling matrixmultiply v0.1.14
[INFO] [stderr]     Checking rustc-serialize v0.3.24
[INFO] [stderr]     Checking lazy_static v1.0.0
[INFO] [stderr]    Compiling cc v1.0.3
[INFO] [stderr]     Checking rawpointer v0.1.0
[INFO] [stderr]     Checking byteorder v1.2.1
[INFO] [stderr]     Checking approx v0.1.1
[INFO] [stderr]     Checking nodrop v0.1.12
[INFO] [stderr]     Checking smallvec v0.4.4
[INFO] [stderr]    Compiling glob v0.2.11
[INFO] [stderr]     Checking bitflags v0.7.0
[INFO] [stderr]    Compiling ordermap v0.3.4
[INFO] [stderr]     Checking hamming v0.1.3
[INFO] [stderr]     Checking rustc-demangle v0.1.5
[INFO] [stderr]     Checking primal-estimate v0.2.1
[INFO] [stderr]    Compiling gcc v0.3.54
[INFO] [stderr]     Checking allocators v0.1.0 (https://github.com/citybound/citybound#824b389b)
[INFO] [stderr]     Checking void v1.0.2
[INFO] [stderr]     Checking either v1.4.0
[INFO] [stderr]     Checking serde v1.0.27
[INFO] [stderr]     Checking xdg v2.1.0
[INFO] [stderr]    Compiling x11-dl v2.17.2
[INFO] [stderr]    Compiling log v0.4.1
[INFO] [stderr]     Checking chunky v0.1.0 (https://github.com/citybound/citybound#824b389b)
[INFO] [stdout] error[E0554]: `#![feature]` may not be used on the stable release channel
[INFO] [stdout]   --> /opt/rustwide/cargo-home/git/checkouts/citybound-01a382b1dd62b125/824b389/engine/chunky/src/lib.rs:12:1
[INFO] [stdout]    |
[INFO] [stdout] 12 | #![feature(vec_resize_default)]
[INFO] [stdout]    | ^^^^^^^^^^^^^^^^^^^^^^^^^^^^^^^
[INFO] [stdout] 
[INFO] [stdout] 
[INFO] [stdout] error[E0554]: `#![feature]` may not be used on the stable release channel
[INFO] [stdout]   --> /opt/rustwide/cargo-home/git/checkouts/citybound-01a382b1dd62b125/824b389/engine/chunky/src/lib.rs:13:1
[INFO] [stdout]    |
[INFO] [stdout] 13 | #![feature(conservative_impl_trait)]
[INFO] [stdout]    | ^^^^^^^^^^^^^^^^^^^^^^^^^^^^^^^^^^^^ help: remove the attribute
[INFO] [stdout]    |
[INFO] [stdout]    = help: the feature `conservative_impl_trait` has been stable since 1.26.0 and no longer requires an attribute to enable
[INFO] [stdout] 
[INFO] [stdout] 
[INFO] [stdout] error[E0599]: no method named `resize_default` found for struct `Vec<Option<Arena<H>>>` in the current scope
[INFO] [stdout]    --> /opt/rustwide/cargo-home/git/checkouts/citybound-01a382b1dd62b125/824b389/engine/chunky/src/lib.rs:570:23
[INFO] [stdout]     |
[INFO] [stdout] 570 |             self.bins.resize_default(index + 1)
[INFO] [stdout]     |                       ^^^^^^^^^^^^^^ method not found in `Vec<Option<Arena<H>>>`
[INFO] [stdout] 
[INFO] [stdout] 
[INFO] [stdout] error: aborting due to 3 previous errors
[INFO] [stdout] 
[INFO] [stdout] 
[INFO] [stdout] Some errors have detailed explanations: E0554, E0599.
[INFO] [stdout] 
[INFO] [stdout] For more information about an error, try `rustc --explain E0554`.
[INFO] [stdout] 
[INFO] [stderr] error: could not compile `chunky`
[INFO] [stderr] 
[INFO] [stderr] To learn more, run the command again with --verbose.
[INFO] [stderr] warning: build failed, waiting for other jobs to finish...
[INFO] [stderr] error: build failed
[INFO] running `Command { std: "docker" "inspect" "c1a3073636ad9221a2ee3484efb65e448e4f6bc76caa38454b56678767c9b669", kill_on_drop: false }`
[INFO] running `Command { std: "docker" "rm" "-f" "c1a3073636ad9221a2ee3484efb65e448e4f6bc76caa38454b56678767c9b669", kill_on_drop: false }`
[INFO] [stdout] c1a3073636ad9221a2ee3484efb65e448e4f6bc76caa38454b56678767c9b669
