[INFO] cloning repository https://github.com/callym/pbrst
[INFO] running `Command { std: "git" "-c" "credential.helper=" "-c" "credential.helper=/workspace/cargo-home/bin/git-credential-null" "clone" "--bare" "https://github.com/callym/pbrst" "/workspace/cache/git-repos/https%3A%2F%2Fgithub.com%2Fcallym%2Fpbrst", kill_on_drop: false }`
[INFO] [stderr] Cloning into bare repository '/workspace/cache/git-repos/https%3A%2F%2Fgithub.com%2Fcallym%2Fpbrst'...
[INFO] running `Command { std: "git" "rev-parse" "HEAD", kill_on_drop: false }`
[INFO] [stdout] 45c291ff9e833c0731d37e218bf30761791d18b9
[INFO] documenting callym/pbrst against beta-2021-08-01 for beta-1.55-rustdoc-1
[INFO] running `Command { std: "git" "clone" "/workspace/cache/git-repos/https%3A%2F%2Fgithub.com%2Fcallym%2Fpbrst" "/workspace/builds/worker-43/source", kill_on_drop: false }`
[INFO] [stderr] Cloning into '/workspace/builds/worker-43/source'...
[INFO] [stderr] done.
[INFO] validating manifest of git repo https://github.com/callym/pbrst on toolchain beta-2021-08-01
[INFO] running `Command { std: "/workspace/cargo-home/bin/cargo" "+beta-2021-08-01" "metadata" "--manifest-path" "Cargo.toml" "--no-deps", kill_on_drop: false }`
[INFO] started tweaking git repo https://github.com/callym/pbrst
[INFO] finished tweaking git repo https://github.com/callym/pbrst
[INFO] tweaked toml for git repo https://github.com/callym/pbrst written to /workspace/builds/worker-43/source/Cargo.toml
[INFO] crate git repo https://github.com/callym/pbrst already has a lockfile, it will not be regenerated
[INFO] running `Command { std: "/workspace/cargo-home/bin/cargo" "+beta-2021-08-01" "fetch" "--manifest-path" "Cargo.toml", kill_on_drop: false }`
[INFO] [stderr] warning: /workspace/builds/worker-43/source/pbrt/Cargo.toml: the cargo feature `edition` has been stabilized in the 1.31 release and is no longer necessary to be listed in the manifest
[INFO] [stderr]   See https://doc.rust-lang.org/beta/cargo/reference/manifest.html#the-edition-field for more information about using this feature.
[INFO] [stderr]     Blocking waiting for file lock on package cache
[INFO] [stderr]     Updating git repository `https://github.com/callym/bitwise`
[INFO] [stderr]     Blocking waiting for file lock on package cache
[INFO] [stderr]  Downloading crates ...
[INFO] [stderr]   Downloaded physical_constants v0.3.0
[INFO] [stderr]   Downloaded hexf-parse v0.1.0
[INFO] [stderr]   Downloaded bitintr v0.2.0
[INFO] [stderr]   Downloaded crossbeam v0.3.2
[INFO] [stderr]   Downloaded derive_more v0.11.0
[INFO] [stderr]   Downloaded hexf-impl v0.1.0
[INFO] [stderr]   Downloaded hexf v0.1.0
[INFO] [stderr]   Downloaded xoshiro v0.0.3
[INFO] [stderr]   Downloaded shrinkwraprs v0.2.0
[INFO] [stderr]   Downloaded simd v0.2.2
[INFO] [stderr]   Downloaded noisy_float v0.1.6
[INFO] [stderr]   Downloaded atomic v0.4.1
[INFO] running `Command { std: "docker" "create" "-v" "/var/lib/crater-agent-workspace/builds/worker-43/target:/opt/rustwide/target:rw,Z" "-v" "/var/lib/crater-agent-workspace/builds/worker-43/source:/opt/rustwide/workdir:ro,Z" "-v" "/var/lib/crater-agent-workspace/cargo-home:/opt/rustwide/cargo-home:ro,Z" "-v" "/var/lib/crater-agent-workspace/rustup-home:/opt/rustwide/rustup-home:ro,Z" "-e" "SOURCE_DIR=/opt/rustwide/workdir" "-e" "CARGO_TARGET_DIR=/opt/rustwide/target" "-e" "CARGO_HOME=/opt/rustwide/cargo-home" "-e" "RUSTUP_HOME=/opt/rustwide/rustup-home" "-w" "/opt/rustwide/workdir" "-m" "1610612736" "--user" "0:0" "--network" "none" "ghcr.io/rust-lang/crates-build-env/linux@sha256:34b6a614d2c27851fe6cbf88fbd1137609cefab8b10d0615aaeb6fd47975d74e" "/opt/rustwide/cargo-home/bin/cargo" "+beta-2021-08-01" "metadata" "--no-deps" "--format-version=1", kill_on_drop: false }`
[INFO] [stdout] 70455083c60043a7c2c43529e0a1a58bbe3af7261c08fc6955ae3496b9380994
[INFO] running `Command { std: "docker" "start" "-a" "70455083c60043a7c2c43529e0a1a58bbe3af7261c08fc6955ae3496b9380994", kill_on_drop: false }`
[INFO] running `Command { std: "docker" "inspect" "70455083c60043a7c2c43529e0a1a58bbe3af7261c08fc6955ae3496b9380994", kill_on_drop: false }`
[INFO] running `Command { std: "docker" "rm" "-f" "70455083c60043a7c2c43529e0a1a58bbe3af7261c08fc6955ae3496b9380994", kill_on_drop: false }`
[INFO] [stdout] 70455083c60043a7c2c43529e0a1a58bbe3af7261c08fc6955ae3496b9380994
[INFO] running `Command { std: "docker" "create" "-v" "/var/lib/crater-agent-workspace/builds/worker-43/target:/opt/rustwide/target:rw,Z" "-v" "/var/lib/crater-agent-workspace/builds/worker-43/source:/opt/rustwide/workdir:ro,Z" "-v" "/var/lib/crater-agent-workspace/cargo-home:/opt/rustwide/cargo-home:ro,Z" "-v" "/var/lib/crater-agent-workspace/rustup-home:/opt/rustwide/rustup-home:ro,Z" "-e" "SOURCE_DIR=/opt/rustwide/workdir" "-e" "CARGO_TARGET_DIR=/opt/rustwide/target" "-e" "CARGO_INCREMENTAL=0" "-e" "RUST_BACKTRACE=full" "-e" "RUSTDOCFLAGS=--cap-lints=warn" "-e" "CARGO_HOME=/opt/rustwide/cargo-home" "-e" "RUSTUP_HOME=/opt/rustwide/rustup-home" "-w" "/opt/rustwide/workdir" "-m" "1610612736" "--user" "0:0" "--network" "none" "ghcr.io/rust-lang/crates-build-env/linux@sha256:34b6a614d2c27851fe6cbf88fbd1137609cefab8b10d0615aaeb6fd47975d74e" "/opt/rustwide/cargo-home/bin/cargo" "+beta-2021-08-01" "doc" "--frozen" "--no-deps" "--document-private-items" "--message-format=json", kill_on_drop: false }`
[INFO] [stdout] 632a134d31e855c2e5a3c0b00093e76ca6230b1a0a2ec4b55c37ab0fadebffb3
[INFO] running `Command { std: "docker" "start" "-a" "632a134d31e855c2e5a3c0b00093e76ca6230b1a0a2ec4b55c37ab0fadebffb3", kill_on_drop: false }`
[INFO] [stderr] warning: /opt/rustwide/workdir/pbrt/Cargo.toml: the cargo feature `edition` has been stabilized in the 1.31 release and is no longer necessary to be listed in the manifest
[INFO] [stderr]   See https://doc.rust-lang.org/beta/cargo/reference/manifest.html#the-edition-field for more information about using this feature.
[INFO] [stderr]    Compiling num-traits v0.2.5
[INFO] [stderr]    Compiling num-integer v0.1.39
[INFO] [stderr]     Checking libc v0.2.42
[INFO] [stderr]     Checking cfg-if v0.1.4
[INFO] [stderr]     Checking nodrop v0.1.12
[INFO] [stderr]     Checking lazy_static v1.0.2
[INFO] [stderr]     Checking scopeguard v0.3.3
[INFO] [stderr]    Compiling unicode-xid v0.0.4
[INFO] [stderr]     Checking memoffset v0.2.1
[INFO] [stderr]    Compiling num-iter v0.1.37
[INFO] [stderr]    Compiling semver-parser v0.7.0
[INFO] [stderr]    Compiling quote v0.3.15
[INFO] [stderr]     Checking byteorder v1.2.4
[INFO] [stderr]     Checking adler32 v1.0.3
[INFO] [stderr]    Compiling rayon v1.0.2
[INFO] [stderr]    Compiling either v1.5.0
[INFO] [stderr]    Compiling num-bigint v0.2.0
[INFO] [stderr]    Compiling proc-macro-hack-impl v0.3.3
[INFO] [stderr]     Checking unicode-xid v0.1.0
[INFO] [stderr]    Compiling num-rational v0.2.1
[INFO] [stderr]    Compiling num-complex v0.2.0
[INFO] [stderr]    Compiling hexf-parse v0.1.0
[INFO] [stderr]     Checking color_quant v1.0.1
[INFO] [stderr]    Compiling physical_constants v0.3.0
[INFO] [stderr]    Compiling cgmath v0.16.1
[INFO] [stderr]     Checking rand_core v0.2.1
[INFO] [stderr]     Checking bitflags v1.0.3
[INFO] [stderr]     Checking lzw v0.10.0
[INFO] [stderr]     Checking scoped_threadpool v0.1.9
[INFO] [stderr]     Checking simd v0.2.2
[INFO] [stderr]     Checking approx v0.1.1
[INFO] [stderr]     Checking bitintr v0.2.0
[INFO] [stderr]     Checking atomic v0.4.1
[INFO] [stderr]     Checking crossbeam v0.3.2
[INFO] [stderr]    Compiling proc-macro2 v0.4.9
[INFO] [stderr]    Compiling rayon-core v1.4.1
[INFO] [stderr]    Compiling proc-macro2 v0.3.8
[INFO] [stderr]    Compiling proc-macro2 v0.2.3
[INFO] [stdout] error[E0557]: feature has been removed
[INFO] [stdout]  --> /opt/rustwide/cargo-home/registry/src/github.com-1ecc6299db9ec823/simd-0.2.2/src/lib.rs:4:64
[INFO] [stdout]   |
[INFO] [stdout] 4 | #![feature(cfg_target_feature, repr_simd, platform_intrinsics, const_fn)]
[INFO] [stdout]   |                                                                ^^^^^^^^ feature has been removed
[INFO] [stdout]   |
[INFO] [stdout]   = note: split into finer-grained feature gates
[INFO] [stdout] 
[INFO] [stdout] 
[INFO] [stderr]     Checking crossbeam-utils v0.2.2
[INFO] [stdout] error[E0557]: feature has been removed
[INFO] [stdout]   --> /opt/rustwide/cargo-home/registry/src/github.com-1ecc6299db9ec823/atomic-0.4.1/src/lib.rs:36:34
[INFO] [stdout]    |
[INFO] [stdout] 36 |     feature = "nightly", feature(const_fn, const_int_ops, const_let, cfg_target_has_atomic, integer_atomics, atomic_min_max)
[INFO] [stdout]    |                                  ^^^^^^^^ feature has been removed
[INFO] [stdout]    |
[INFO] [stdout]    = note: split into finer-grained feature gates
[INFO] [stdout] 
[INFO] [stdout] 
[INFO] [stdout] error[E0554]: `#![feature]` may not be used on the beta release channel
[INFO] [stdout]  --> /opt/rustwide/cargo-home/registry/src/github.com-1ecc6299db9ec823/simd-0.2.2/src/lib.rs:4:1
[INFO] [stdout]   |
[INFO] [stdout] 4 | #![feature(cfg_target_feature, repr_simd, platform_intrinsics, const_fn)]
[INFO] [stdout]   | ^^^^^^^^^^^^^^^^^^^^^^^^^^^^^^^^^^^^^^^^^^^^^^^^^^^^^^^^^^^^^^^^^^^^^^^^^
[INFO] [stdout]   |
[INFO] [stdout]   = help: the feature `cfg_target_feature` has been stable since 1.27.0 and no longer requires an attribute to enable
[INFO] [stdout] 
[INFO] [stdout] 
[INFO] [stdout] error[E0554]: `#![feature]` may not be used on the beta release channel
[INFO] [stdout]   --> /opt/rustwide/cargo-home/registry/src/github.com-1ecc6299db9ec823/proc-macro2-0.4.9/src/lib.rs:47:34
[INFO] [stdout]    |
[INFO] [stdout] 47 | #![cfg_attr(feature = "nightly", feature(proc_macro_raw_ident, proc_macro_span))]
[INFO] [stdout]    |                                  ^^^^^^^^^^^^^^^^^^^^^^^^^^^^^^^^^^^^^^^^^^^^^^
[INFO] [stdout] 
[INFO] [stdout] 
[INFO] [stdout] error[E0554]: `#![feature]` may not be used on the beta release channel
[INFO] [stdout]   --> /opt/rustwide/cargo-home/registry/src/github.com-1ecc6299db9ec823/atomic-0.4.1/src/lib.rs:36:26
[INFO] [stdout]    |
[INFO] [stdout] 36 |     feature = "nightly", feature(const_fn, const_int_ops, const_let, cfg_target_has_atomic, integer_atomics, atomic_min_max)
[INFO] [stdout]    |                          ^^^^^^^^^^^^^^^^^^^^^^^^^^^^^^^^^^^^^^^^^^^^^^^^^^^^^^^^^^^^^^^^^^^^^^^^^^^^^^^^^^^^^^^^^^^^^^^^^^^
[INFO] [stdout]    |
[INFO] [stdout]    = help: the feature `const_let` has been stable since 1.33.0 and no longer requires an attribute to enable
[INFO] [stdout] 
[INFO] [stdout] 
[INFO] [stderr]     Checking arrayvec v0.4.7
[INFO] [stdout] error[E0554]: `#![feature]` may not be used on the beta release channel
[INFO] [stdout]    --> /opt/rustwide/cargo-home/registry/src/github.com-1ecc6299db9ec823/lazy_static-1.0.2/src/lib.rs:104:32
[INFO] [stdout]     |
[INFO] [stdout] 104 | #![cfg_attr(feature="nightly", feature(unreachable))]
[INFO] [stdout]     |                                ^^^^^^^^^^^^^^^^^^^^
[INFO] [stdout] 
[INFO] [stdout] 
[INFO] [stdout] error: aborting due to 2 previous errors
[INFO] [stdout] 
[INFO] [stdout] 
[INFO] [stdout] Some errors have detailed explanations: E0554, E0557.
[INFO] [stdout] 
[INFO] [stdout] For more information about an error, try `rustc --explain E0554`.
[INFO] [stdout] 
[INFO] [stderr] error: could not compile `atomic` due to 3 previous errors
[INFO] [stderr] warning: build failed, waiting for other jobs to finish...
[INFO] [stdout] error: unrecognized platform-specific intrinsic function: `x86_mm_movemask_ps`
[INFO] [stdout]   --> /opt/rustwide/cargo-home/registry/src/github.com-1ecc6299db9ec823/simd-0.2.2/src/x86/sse2.rs:10:5
[INFO] [stdout]    |
[INFO] [stdout] 10 |     fn x86_mm_movemask_ps(x: f32x4) -> i32;
[INFO] [stdout]    |     ^^^^^^^^^^^^^^^^^^^^^^^^^^^^^^^^^^^^^^^
[INFO] [stdout] 
[INFO] [stdout] 
[INFO] [stdout] error: unrecognized platform-specific intrinsic function: `x86_mm_max_ps`
[INFO] [stdout]   --> /opt/rustwide/cargo-home/registry/src/github.com-1ecc6299db9ec823/simd-0.2.2/src/x86/sse2.rs:11:5
[INFO] [stdout]    |
[INFO] [stdout] 11 |     fn x86_mm_max_ps(x: f32x4, y: f32x4) -> f32x4;
[INFO] [stdout]    |     ^^^^^^^^^^^^^^^^^^^^^^^^^^^^^^^^^^^^^^^^^^^^^^
[INFO] [stdout] 
[INFO] [stdout] 
[INFO] [stdout] error: unrecognized platform-specific intrinsic function: `x86_mm_min_ps`
[INFO] [stdout]   --> /opt/rustwide/cargo-home/registry/src/github.com-1ecc6299db9ec823/simd-0.2.2/src/x86/sse2.rs:12:5
[INFO] [stdout]    |
[INFO] [stdout] 12 |     fn x86_mm_min_ps(x: f32x4, y: f32x4) -> f32x4;
[INFO] [stdout]    |     ^^^^^^^^^^^^^^^^^^^^^^^^^^^^^^^^^^^^^^^^^^^^^^
[INFO] [stdout] 
[INFO] [stdout] 
[INFO] [stdout] error: unrecognized platform-specific intrinsic function: `x86_mm_rsqrt_ps`
[INFO] [stdout]   --> /opt/rustwide/cargo-home/registry/src/github.com-1ecc6299db9ec823/simd-0.2.2/src/x86/sse2.rs:13:5
[INFO] [stdout]    |
[INFO] [stdout] 13 |     fn x86_mm_rsqrt_ps(x: f32x4) -> f32x4;
[INFO] [stdout]    |     ^^^^^^^^^^^^^^^^^^^^^^^^^^^^^^^^^^^^^^
[INFO] [stdout] 
[INFO] [stdout] 
[INFO] [stdout] error: unrecognized platform-specific intrinsic function: `x86_mm_rcp_ps`
[INFO] [stdout]   --> /opt/rustwide/cargo-home/registry/src/github.com-1ecc6299db9ec823/simd-0.2.2/src/x86/sse2.rs:14:5
[INFO] [stdout]    |
[INFO] [stdout] 14 |     fn x86_mm_rcp_ps(x: f32x4) -> f32x4;
[INFO] [stdout]    |     ^^^^^^^^^^^^^^^^^^^^^^^^^^^^^^^^^^^^
[INFO] [stdout] 
[INFO] [stdout] 
[INFO] [stdout] error: unrecognized platform-specific intrinsic function: `x86_mm_sqrt_ps`
[INFO] [stdout]   --> /opt/rustwide/cargo-home/registry/src/github.com-1ecc6299db9ec823/simd-0.2.2/src/x86/sse2.rs:15:5
[INFO] [stdout]    |
[INFO] [stdout] 15 |     fn x86_mm_sqrt_ps(x: f32x4) -> f32x4;
[INFO] [stdout]    |     ^^^^^^^^^^^^^^^^^^^^^^^^^^^^^^^^^^^^^
[INFO] [stdout] 
[INFO] [stdout] 
[INFO] [stdout] error: unrecognized platform-specific intrinsic function: `x86_mm_adds_epi8`
[INFO] [stdout]   --> /opt/rustwide/cargo-home/registry/src/github.com-1ecc6299db9ec823/simd-0.2.2/src/x86/sse2.rs:19:5
[INFO] [stdout]    |
[INFO] [stdout] 19 |     fn x86_mm_adds_epi8(x: i8x16, y: i8x16) -> i8x16;
[INFO] [stdout]    |     ^^^^^^^^^^^^^^^^^^^^^^^^^^^^^^^^^^^^^^^^^^^^^^^^^
[INFO] [stdout] 
[INFO] [stdout] 
[INFO] [stdout] error: unrecognized platform-specific intrinsic function: `x86_mm_adds_epu8`
[INFO] [stdout]   --> /opt/rustwide/cargo-home/registry/src/github.com-1ecc6299db9ec823/simd-0.2.2/src/x86/sse2.rs:20:5
[INFO] [stdout]    |
[INFO] [stdout] 20 |     fn x86_mm_adds_epu8(x: u8x16, y: u8x16) -> u8x16;
[INFO] [stdout]    |     ^^^^^^^^^^^^^^^^^^^^^^^^^^^^^^^^^^^^^^^^^^^^^^^^^
[INFO] [stdout] 
[INFO] [stdout] 
[INFO] [stdout] error: unrecognized platform-specific intrinsic function: `x86_mm_adds_epi16`
[INFO] [stdout]   --> /opt/rustwide/cargo-home/registry/src/github.com-1ecc6299db9ec823/simd-0.2.2/src/x86/sse2.rs:21:5
[INFO] [stdout]    |
[INFO] [stdout] 21 |     fn x86_mm_adds_epi16(x: i16x8, y: i16x8) -> i16x8;
[INFO] [stdout]    |     ^^^^^^^^^^^^^^^^^^^^^^^^^^^^^^^^^^^^^^^^^^^^^^^^^^
[INFO] [stdout] 
[INFO] [stdout] 
[INFO] [stdout] error: unrecognized platform-specific intrinsic function: `x86_mm_adds_epu16`
[INFO] [stdout]   --> /opt/rustwide/cargo-home/registry/src/github.com-1ecc6299db9ec823/simd-0.2.2/src/x86/sse2.rs:22:5
[INFO] [stdout]    |
[INFO] [stdout] 22 |     fn x86_mm_adds_epu16(x: u16x8, y: u16x8) -> u16x8;
[INFO] [stdout]    |     ^^^^^^^^^^^^^^^^^^^^^^^^^^^^^^^^^^^^^^^^^^^^^^^^^^
[INFO] [stdout] 
[INFO] [stdout] 
[INFO] [stdout] error: unrecognized platform-specific intrinsic function: `x86_mm_avg_epu8`
[INFO] [stdout]   --> /opt/rustwide/cargo-home/registry/src/github.com-1ecc6299db9ec823/simd-0.2.2/src/x86/sse2.rs:23:5
[INFO] [stdout]    |
[INFO] [stdout] 23 |     fn x86_mm_avg_epu8(x: u8x16, y: u8x16) -> u8x16;
[INFO] [stdout]    |     ^^^^^^^^^^^^^^^^^^^^^^^^^^^^^^^^^^^^^^^^^^^^^^^^
[INFO] [stdout] 
[INFO] [stdout] 
[INFO] [stdout] error: unrecognized platform-specific intrinsic function: `x86_mm_avg_epu16`
[INFO] [stdout]   --> /opt/rustwide/cargo-home/registry/src/github.com-1ecc6299db9ec823/simd-0.2.2/src/x86/sse2.rs:24:5
[INFO] [stdout]    |
[INFO] [stdout] 24 |     fn x86_mm_avg_epu16(x: u16x8, y: u16x8) -> u16x8;
[INFO] [stdout]    |     ^^^^^^^^^^^^^^^^^^^^^^^^^^^^^^^^^^^^^^^^^^^^^^^^^
[INFO] [stdout] 
[INFO] [stdout] 
[INFO] [stdout] error: unrecognized platform-specific intrinsic function: `x86_mm_madd_epi16`
[INFO] [stdout]   --> /opt/rustwide/cargo-home/registry/src/github.com-1ecc6299db9ec823/simd-0.2.2/src/x86/sse2.rs:25:5
[INFO] [stdout]    |
[INFO] [stdout] 25 |     fn x86_mm_madd_epi16(x: i16x8, y: i16x8) -> i32x4;
[INFO] [stdout]    |     ^^^^^^^^^^^^^^^^^^^^^^^^^^^^^^^^^^^^^^^^^^^^^^^^^^
[INFO] [stdout] 
[INFO] [stdout] 
[INFO] [stdout] error: unrecognized platform-specific intrinsic function: `x86_mm_max_epi16`
[INFO] [stdout]   --> /opt/rustwide/cargo-home/registry/src/github.com-1ecc6299db9ec823/simd-0.2.2/src/x86/sse2.rs:26:5
[INFO] [stdout]    |
[INFO] [stdout] 26 |     fn x86_mm_max_epi16(x: i16x8, y: i16x8) -> i16x8;
[INFO] [stdout]    |     ^^^^^^^^^^^^^^^^^^^^^^^^^^^^^^^^^^^^^^^^^^^^^^^^^
[INFO] [stdout] 
[INFO] [stdout] 
[INFO] [stdout] error: unrecognized platform-specific intrinsic function: `x86_mm_max_epu8`
[INFO] [stdout]   --> /opt/rustwide/cargo-home/registry/src/github.com-1ecc6299db9ec823/simd-0.2.2/src/x86/sse2.rs:27:5
[INFO] [stdout]    |
[INFO] [stdout] 27 |     fn x86_mm_max_epu8(x: u8x16, y: u8x16) -> u8x16;
[INFO] [stdout]    |     ^^^^^^^^^^^^^^^^^^^^^^^^^^^^^^^^^^^^^^^^^^^^^^^^
[INFO] [stdout] 
[INFO] [stdout] 
[INFO] [stdout] error: unrecognized platform-specific intrinsic function: `x86_mm_max_pd`
[INFO] [stdout]   --> /opt/rustwide/cargo-home/registry/src/github.com-1ecc6299db9ec823/simd-0.2.2/src/x86/sse2.rs:28:5
[INFO] [stdout]    |
[INFO] [stdout] 28 |     fn x86_mm_max_pd(x: f64x2, y: f64x2) -> f64x2;
[INFO] [stdout]    |     ^^^^^^^^^^^^^^^^^^^^^^^^^^^^^^^^^^^^^^^^^^^^^^
[INFO] [stdout] 
[INFO] [stdout] 
[INFO] [stdout] error: unrecognized platform-specific intrinsic function: `x86_mm_min_epi16`
[INFO] [stdout]   --> /opt/rustwide/cargo-home/registry/src/github.com-1ecc6299db9ec823/simd-0.2.2/src/x86/sse2.rs:29:5
[INFO] [stdout]    |
[INFO] [stdout] 29 |     fn x86_mm_min_epi16(x: i16x8, y: i16x8) -> i16x8;
[INFO] [stdout]    |     ^^^^^^^^^^^^^^^^^^^^^^^^^^^^^^^^^^^^^^^^^^^^^^^^^
[INFO] [stdout] 
[INFO] [stdout] 
[INFO] [stdout] error: unrecognized platform-specific intrinsic function: `x86_mm_min_epu8`
[INFO] [stdout]   --> /opt/rustwide/cargo-home/registry/src/github.com-1ecc6299db9ec823/simd-0.2.2/src/x86/sse2.rs:30:5
[INFO] [stdout]    |
[INFO] [stdout] 30 |     fn x86_mm_min_epu8(x: u8x16, y: u8x16) -> u8x16;
[INFO] [stdout]    |     ^^^^^^^^^^^^^^^^^^^^^^^^^^^^^^^^^^^^^^^^^^^^^^^^
[INFO] [stdout] 
[INFO] [stdout] 
[INFO] [stdout] error: unrecognized platform-specific intrinsic function: `x86_mm_min_pd`
[INFO] [stdout]   --> /opt/rustwide/cargo-home/registry/src/github.com-1ecc6299db9ec823/simd-0.2.2/src/x86/sse2.rs:31:5
[INFO] [stdout]    |
[INFO] [stdout] 31 |     fn x86_mm_min_pd(x: f64x2, y: f64x2) -> f64x2;
[INFO] [stdout]    |     ^^^^^^^^^^^^^^^^^^^^^^^^^^^^^^^^^^^^^^^^^^^^^^
[INFO] [stdout] 
[INFO] [stdout] 
[INFO] [stdout] error: unrecognized platform-specific intrinsic function: `x86_mm_movemask_pd`
[INFO] [stdout]   --> /opt/rustwide/cargo-home/registry/src/github.com-1ecc6299db9ec823/simd-0.2.2/src/x86/sse2.rs:32:5
[INFO] [stdout]    |
[INFO] [stdout] 32 |     fn x86_mm_movemask_pd(x: f64x2) -> i32;
[INFO] [stdout]    |     ^^^^^^^^^^^^^^^^^^^^^^^^^^^^^^^^^^^^^^^
[INFO] [stdout] 
[INFO] [stdout] 
[INFO] [stdout] error: unrecognized platform-specific intrinsic function: `x86_mm_movemask_epi8`
[INFO] [stdout]   --> /opt/rustwide/cargo-home/registry/src/github.com-1ecc6299db9ec823/simd-0.2.2/src/x86/sse2.rs:33:5
[INFO] [stdout]    |
[INFO] [stdout] 33 |     fn x86_mm_movemask_epi8(x: i8x16) -> i32;
[INFO] [stdout]    |     ^^^^^^^^^^^^^^^^^^^^^^^^^^^^^^^^^^^^^^^^^
[INFO] [stdout] 
[INFO] [stdout] 
[INFO] [stdout] error: unrecognized platform-specific intrinsic function: `x86_mm_mul_epu32`
[INFO] [stdout]   --> /opt/rustwide/cargo-home/registry/src/github.com-1ecc6299db9ec823/simd-0.2.2/src/x86/sse2.rs:34:5
[INFO] [stdout]    |
[INFO] [stdout] 34 |     fn x86_mm_mul_epu32(x: u32x4, y: u32x4) -> u64x2;
[INFO] [stdout]    |     ^^^^^^^^^^^^^^^^^^^^^^^^^^^^^^^^^^^^^^^^^^^^^^^^^
[INFO] [stdout] 
[INFO] [stdout] 
[INFO] [stdout] error: unrecognized platform-specific intrinsic function: `x86_mm_mulhi_epi16`
[INFO] [stdout]   --> /opt/rustwide/cargo-home/registry/src/github.com-1ecc6299db9ec823/simd-0.2.2/src/x86/sse2.rs:35:5
[INFO] [stdout]    |
[INFO] [stdout] 35 |     fn x86_mm_mulhi_epi16(x: i16x8, y: i16x8) -> i16x8;
[INFO] [stdout]    |     ^^^^^^^^^^^^^^^^^^^^^^^^^^^^^^^^^^^^^^^^^^^^^^^^^^^
[INFO] [stdout] 
[INFO] [stdout] 
[INFO] [stdout] error: unrecognized platform-specific intrinsic function: `x86_mm_mulhi_epu16`
[INFO] [stdout]   --> /opt/rustwide/cargo-home/registry/src/github.com-1ecc6299db9ec823/simd-0.2.2/src/x86/sse2.rs:36:5
[INFO] [stdout]    |
[INFO] [stdout] 36 |     fn x86_mm_mulhi_epu16(x: u16x8, y: u16x8) -> u16x8;
[INFO] [stdout]    |     ^^^^^^^^^^^^^^^^^^^^^^^^^^^^^^^^^^^^^^^^^^^^^^^^^^^
[INFO] [stdout] 
[INFO] [stdout] 
[INFO] [stdout] error: unrecognized platform-specific intrinsic function: `x86_mm_packs_epi16`
[INFO] [stdout]   --> /opt/rustwide/cargo-home/registry/src/github.com-1ecc6299db9ec823/simd-0.2.2/src/x86/sse2.rs:37:5
[INFO] [stdout]    |
[INFO] [stdout] 37 |     fn x86_mm_packs_epi16(x: i16x8, y: i16x8) -> i8x16;
[INFO] [stdout]    |     ^^^^^^^^^^^^^^^^^^^^^^^^^^^^^^^^^^^^^^^^^^^^^^^^^^^
[INFO] [stdout] 
[INFO] [stdout] 
[INFO] [stdout] error: unrecognized platform-specific intrinsic function: `x86_mm_packs_epi32`
[INFO] [stdout]   --> /opt/rustwide/cargo-home/registry/src/github.com-1ecc6299db9ec823/simd-0.2.2/src/x86/sse2.rs:38:5
[INFO] [stdout]    |
[INFO] [stdout] 38 |     fn x86_mm_packs_epi32(x: i32x4, y: i32x4) -> i16x8;
[INFO] [stdout]    |     ^^^^^^^^^^^^^^^^^^^^^^^^^^^^^^^^^^^^^^^^^^^^^^^^^^^
[INFO] [stdout] 
[INFO] [stdout] 
[INFO] [stdout] error: unrecognized platform-specific intrinsic function: `x86_mm_packus_epi16`
[INFO] [stdout]   --> /opt/rustwide/cargo-home/registry/src/github.com-1ecc6299db9ec823/simd-0.2.2/src/x86/sse2.rs:39:5
[INFO] [stdout]    |
[INFO] [stdout] 39 |     fn x86_mm_packus_epi16(x: i16x8, y: i16x8) -> u8x16;
[INFO] [stdout]    |     ^^^^^^^^^^^^^^^^^^^^^^^^^^^^^^^^^^^^^^^^^^^^^^^^^^^^
[INFO] [stdout] 
[INFO] [stdout] 
[INFO] [stdout] error: unrecognized platform-specific intrinsic function: `x86_mm_sad_epu8`
[INFO] [stdout]   --> /opt/rustwide/cargo-home/registry/src/github.com-1ecc6299db9ec823/simd-0.2.2/src/x86/sse2.rs:40:5
[INFO] [stdout]    |
[INFO] [stdout] 40 |     fn x86_mm_sad_epu8(x: u8x16, y: u8x16) -> u64x2;
[INFO] [stdout]    |     ^^^^^^^^^^^^^^^^^^^^^^^^^^^^^^^^^^^^^^^^^^^^^^^^
[INFO] [stdout] 
[INFO] [stdout] 
[INFO] [stdout] error: unrecognized platform-specific intrinsic function: `x86_mm_sqrt_pd`
[INFO] [stdout]   --> /opt/rustwide/cargo-home/registry/src/github.com-1ecc6299db9ec823/simd-0.2.2/src/x86/sse2.rs:41:5
[INFO] [stdout]    |
[INFO] [stdout] 41 |     fn x86_mm_sqrt_pd(x: f64x2) -> f64x2;
[INFO] [stdout]    |     ^^^^^^^^^^^^^^^^^^^^^^^^^^^^^^^^^^^^^
[INFO] [stdout] 
[INFO] [stdout] 
[INFO] [stdout] error: unrecognized platform-specific intrinsic function: `x86_mm_subs_epi8`
[INFO] [stdout]   --> /opt/rustwide/cargo-home/registry/src/github.com-1ecc6299db9ec823/simd-0.2.2/src/x86/sse2.rs:42:5
[INFO] [stdout]    |
[INFO] [stdout] 42 |     fn x86_mm_subs_epi8(x: i8x16, y: i8x16) -> i8x16;
[INFO] [stdout]    |     ^^^^^^^^^^^^^^^^^^^^^^^^^^^^^^^^^^^^^^^^^^^^^^^^^
[INFO] [stdout] 
[INFO] [stdout] 
[INFO] [stdout] error: unrecognized platform-specific intrinsic function: `x86_mm_subs_epu8`
[INFO] [stdout]   --> /opt/rustwide/cargo-home/registry/src/github.com-1ecc6299db9ec823/simd-0.2.2/src/x86/sse2.rs:43:5
[INFO] [stdout]    |
[INFO] [stdout] 43 |     fn x86_mm_subs_epu8(x: u8x16, y: u8x16) -> u8x16;
[INFO] [stdout]    |     ^^^^^^^^^^^^^^^^^^^^^^^^^^^^^^^^^^^^^^^^^^^^^^^^^
[INFO] [stdout] 
[INFO] [stdout] 
[INFO] [stdout] error: unrecognized platform-specific intrinsic function: `x86_mm_subs_epi16`
[INFO] [stdout]   --> /opt/rustwide/cargo-home/registry/src/github.com-1ecc6299db9ec823/simd-0.2.2/src/x86/sse2.rs:44:5
[INFO] [stdout]    |
[INFO] [stdout] 44 |     fn x86_mm_subs_epi16(x: i16x8, y: i16x8) -> i16x8;
[INFO] [stdout]    |     ^^^^^^^^^^^^^^^^^^^^^^^^^^^^^^^^^^^^^^^^^^^^^^^^^^
[INFO] [stdout] 
[INFO] [stdout] 
[INFO] [stdout] error: unrecognized platform-specific intrinsic function: `x86_mm_subs_epu16`
[INFO] [stdout]   --> /opt/rustwide/cargo-home/registry/src/github.com-1ecc6299db9ec823/simd-0.2.2/src/x86/sse2.rs:45:5
[INFO] [stdout]    |
[INFO] [stdout] 45 |     fn x86_mm_subs_epu16(x: u16x8, y: u16x8) -> u16x8;
[INFO] [stdout]    |     ^^^^^^^^^^^^^^^^^^^^^^^^^^^^^^^^^^^^^^^^^^^^^^^^^^
[INFO] [stdout] 
[INFO] [stdout] 
[INFO] [stdout] error: aborting due to previous error
[INFO] [stdout] 
[INFO] [stdout] 
[INFO] [stdout] For more information about this error, try `rustc --explain E0554`.
[INFO] [stdout] 
[INFO] [stdout] error[E0658]: use of unstable library feature 'proc_macro_def_site'
[INFO] [stdout]    --> /opt/rustwide/cargo-home/registry/src/github.com-1ecc6299db9ec823/proc-macro2-0.4.9/src/unstable.rs:347:27
[INFO] [stdout]     |
[INFO] [stdout] 347 |             Span::Nightly(proc_macro::Span::def_site())
[INFO] [stdout]     |                           ^^^^^^^^^^^^^^^^^^^^^^^^^^
[INFO] [stdout]     |
[INFO] [stdout]     = note: see issue #54724 <https://github.com/rust-lang/rust/issues/54724> for more information
[INFO] [stdout] 
[INFO] [stdout] 
[INFO] [stdout] error: aborting due to 2 previous errors
[INFO] [stdout] 
[INFO] [stdout] 
[INFO] [stdout] Some errors have detailed explanations: E0554, E0658.
[INFO] [stdout] 
[INFO] [stdout] For more information about an error, try `rustc --explain E0554`.
[INFO] [stdout] 
[INFO] [stdout] error: aborting due to 35 previous errors
[INFO] [stdout] 
[INFO] [stdout] 
[INFO] [stdout] Some errors have detailed explanations: E0554, E0557.
[INFO] [stdout] 
[INFO] [stdout] For more information about an error, try `rustc --explain E0554`.
[INFO] [stdout] 
[INFO] [stderr] error: build failed
[INFO] running `Command { std: "docker" "inspect" "632a134d31e855c2e5a3c0b00093e76ca6230b1a0a2ec4b55c37ab0fadebffb3", kill_on_drop: false }`
[INFO] running `Command { std: "docker" "rm" "-f" "632a134d31e855c2e5a3c0b00093e76ca6230b1a0a2ec4b55c37ab0fadebffb3", kill_on_drop: false }`
[INFO] [stdout] 632a134d31e855c2e5a3c0b00093e76ca6230b1a0a2ec4b55c37ab0fadebffb3
