[INFO] cloning repository https://github.com/bzm3r/piet-dx12
[INFO] running `Command { std: "git" "-c" "credential.helper=" "-c" "credential.helper=/workspace/cargo-home/bin/git-credential-null" "clone" "--bare" "https://github.com/bzm3r/piet-dx12" "/workspace/cache/git-repos/https%3A%2F%2Fgithub.com%2Fbzm3r%2Fpiet-dx12", kill_on_drop: false }`
[INFO] [stderr] Cloning into bare repository '/workspace/cache/git-repos/https%3A%2F%2Fgithub.com%2Fbzm3r%2Fpiet-dx12'...
[INFO] running `Command { std: "git" "rev-parse" "HEAD", kill_on_drop: false }`
[INFO] [stdout] c9d675eaf01e7eda0f1b9aee8887217a25d5b46f
[INFO] documenting bzm3r/piet-dx12 against beta-2021-08-01 for beta-1.55-rustdoc-1
[INFO] running `Command { std: "git" "clone" "/workspace/cache/git-repos/https%3A%2F%2Fgithub.com%2Fbzm3r%2Fpiet-dx12" "/workspace/builds/worker-54/source", kill_on_drop: false }`
[INFO] [stderr] Cloning into '/workspace/builds/worker-54/source'...
[INFO] [stderr] done.
[INFO] validating manifest of git repo https://github.com/bzm3r/piet-dx12 on toolchain beta-2021-08-01
[INFO] running `Command { std: "/workspace/cargo-home/bin/cargo" "+beta-2021-08-01" "metadata" "--manifest-path" "Cargo.toml" "--no-deps", kill_on_drop: false }`
[INFO] started tweaking git repo https://github.com/bzm3r/piet-dx12
[INFO] finished tweaking git repo https://github.com/bzm3r/piet-dx12
[INFO] tweaked toml for git repo https://github.com/bzm3r/piet-dx12 written to /workspace/builds/worker-54/source/Cargo.toml
[INFO] crate git repo https://github.com/bzm3r/piet-dx12 already has a lockfile, it will not be regenerated
[INFO] running `Command { std: "/workspace/cargo-home/bin/cargo" "+beta-2021-08-01" "fetch" "--manifest-path" "Cargo.toml", kill_on_drop: false }`
[INFO] [stderr]     Blocking waiting for file lock on package cache
[INFO] [stderr]     Blocking waiting for file lock on package cache
[INFO] running `Command { std: "docker" "create" "-v" "/var/lib/crater-agent-workspace/builds/worker-54/target:/opt/rustwide/target:rw,Z" "-v" "/var/lib/crater-agent-workspace/builds/worker-54/source:/opt/rustwide/workdir:ro,Z" "-v" "/var/lib/crater-agent-workspace/cargo-home:/opt/rustwide/cargo-home:ro,Z" "-v" "/var/lib/crater-agent-workspace/rustup-home:/opt/rustwide/rustup-home:ro,Z" "-e" "SOURCE_DIR=/opt/rustwide/workdir" "-e" "CARGO_TARGET_DIR=/opt/rustwide/target" "-e" "CARGO_HOME=/opt/rustwide/cargo-home" "-e" "RUSTUP_HOME=/opt/rustwide/rustup-home" "-w" "/opt/rustwide/workdir" "-m" "1610612736" "--user" "0:0" "--network" "none" "ghcr.io/rust-lang/crates-build-env/linux@sha256:34b6a614d2c27851fe6cbf88fbd1137609cefab8b10d0615aaeb6fd47975d74e" "/opt/rustwide/cargo-home/bin/cargo" "+beta-2021-08-01" "metadata" "--no-deps" "--format-version=1", kill_on_drop: false }`
[INFO] [stdout] 8cca1c9b7f491f7b651cef1bbbcb0e6bf0456539860959e4e4551a7621febc34
[INFO] running `Command { std: "docker" "start" "-a" "8cca1c9b7f491f7b651cef1bbbcb0e6bf0456539860959e4e4551a7621febc34", kill_on_drop: false }`
[INFO] running `Command { std: "docker" "inspect" "8cca1c9b7f491f7b651cef1bbbcb0e6bf0456539860959e4e4551a7621febc34", kill_on_drop: false }`
[INFO] running `Command { std: "docker" "rm" "-f" "8cca1c9b7f491f7b651cef1bbbcb0e6bf0456539860959e4e4551a7621febc34", kill_on_drop: false }`
[INFO] [stdout] 8cca1c9b7f491f7b651cef1bbbcb0e6bf0456539860959e4e4551a7621febc34
[INFO] running `Command { std: "docker" "create" "-v" "/var/lib/crater-agent-workspace/builds/worker-54/target:/opt/rustwide/target:rw,Z" "-v" "/var/lib/crater-agent-workspace/builds/worker-54/source:/opt/rustwide/workdir:ro,Z" "-v" "/var/lib/crater-agent-workspace/cargo-home:/opt/rustwide/cargo-home:ro,Z" "-v" "/var/lib/crater-agent-workspace/rustup-home:/opt/rustwide/rustup-home:ro,Z" "-e" "SOURCE_DIR=/opt/rustwide/workdir" "-e" "CARGO_TARGET_DIR=/opt/rustwide/target" "-e" "CARGO_INCREMENTAL=0" "-e" "RUST_BACKTRACE=full" "-e" "RUSTDOCFLAGS=--cap-lints=warn" "-e" "CARGO_HOME=/opt/rustwide/cargo-home" "-e" "RUSTUP_HOME=/opt/rustwide/rustup-home" "-w" "/opt/rustwide/workdir" "-m" "1610612736" "--user" "0:0" "--network" "none" "ghcr.io/rust-lang/crates-build-env/linux@sha256:34b6a614d2c27851fe6cbf88fbd1137609cefab8b10d0615aaeb6fd47975d74e" "/opt/rustwide/cargo-home/bin/cargo" "+beta-2021-08-01" "doc" "--frozen" "--no-deps" "--document-private-items" "--message-format=json", kill_on_drop: false }`
[INFO] [stdout] 47b819b59d75a2687ec16091419f41336ad9b356660d891730ffa6b0eb9913b6
[INFO] running `Command { std: "docker" "start" "-a" "47b819b59d75a2687ec16091419f41336ad9b356660d891730ffa6b0eb9913b6", kill_on_drop: false }`
[INFO] [stderr]     Blocking waiting for file lock on package cache
[INFO] [stderr]    Compiling autocfg v0.1.4
[INFO] [stderr]     Checking spin v0.5.0
[INFO] [stderr]    Compiling libc v0.2.58
[INFO] [stderr]    Compiling semver-parser v0.7.0
[INFO] [stderr]    Compiling arrayvec v0.4.11
[INFO] [stderr]     Checking cfg-if v0.1.9
[INFO] [stderr]     Checking nodrop v0.1.13
[INFO] [stderr]    Compiling proc-macro2 v0.4.30
[INFO] [stderr]     Checking scopeguard v1.0.0
[INFO] [stderr]    Compiling proc-macro2 v1.0.7
[INFO] [stderr]    Compiling rayon-core v1.5.0
[INFO] [stderr]    Compiling syn v0.15.42
[INFO] [stderr]    Compiling unicode-xid v0.2.0
[INFO] [stderr]    Compiling crc32fast v1.2.0
[INFO] [stderr]    Compiling bitflags v1.1.0
[INFO] [stderr]    Compiling syn v1.0.13
[INFO] [stderr]     Checking adler32 v1.0.3
[INFO] [stderr]    Compiling num-derive v0.2.5
[INFO] [stderr]    Compiling winapi v0.3.7
[INFO] [stderr]     Checking ppv-lite86 v0.2.5
[INFO] [stderr]     Checking lzw v0.10.0
[INFO] [stderr]     Checking either v1.5.2
[INFO] [stderr]     Checking color_quant v1.0.1
[INFO] [stderr]     Checking scoped_threadpool v0.1.9
[INFO] [stderr]     Checking font-rs v0.1.3 (https://github.com/raphlinus/font-rs.git?branch=master#ad0b79ea)
[INFO] [stderr]    Compiling semver v0.9.0
[INFO] [stderr]     Checking inflate v0.4.5
[INFO] [stderr]     Checking deflate v0.7.20
[INFO] [stderr]     Checking lazy_static v1.3.0
[INFO] [stderr]    Compiling num-traits v0.2.8
[INFO] [stderr]    Compiling num-integer v0.1.41
[INFO] [stderr]    Compiling rand_chacha v0.2.0
[INFO] [stderr]    Compiling num-iter v0.1.39
[INFO] [stderr]    Compiling num-rational v0.2.2
[INFO] [stderr]     Checking crossbeam-utils v0.6.6
[INFO] [stderr]     Checking c2-chacha v0.2.2
[INFO] [stderr]     Checking gif v0.10.2
[INFO] [stderr]    Compiling rustc_version v0.2.3
[INFO] [stderr]     Checking crossbeam-queue v0.1.2
[INFO] [stderr]    Compiling memoffset v0.5.1
[INFO] [stderr]     Checking png v0.15.0
[INFO] [stderr]     Checking wio v0.2.2
[INFO] [stderr]    Compiling quote v0.6.13
[INFO] [stderr]     Checking kurbo v0.5.1
[INFO] [stderr]     Checking num_cpus v1.10.1
[INFO] [stderr]     Checking getrandom v0.1.6
[INFO] [stderr]     Checking rand_core v0.5.0
[INFO] [stderr]    Compiling quote v1.0.2
[INFO] [stderr]     Checking piet v0.0.6
[INFO] [stderr]     Checking crossbeam-epoch v0.7.2
[INFO] [stderr]     Checking rand v0.7.0
[INFO] [stderr]     Checking crossbeam-deque v0.6.3
[INFO] [stderr]     Checking rayon v1.1.0
[INFO] [stderr]     Checking jpeg-decoder v0.1.15
[INFO] [stderr]     Checking tiff v0.3.1
[INFO] [stderr]     Checking image v0.22.0
[INFO] [stderr]    Compiling piet-gpu-derive v0.0.0 (/opt/rustwide/workdir/piet-gpu-derive)
[INFO] [stdout] warning: unused variable: `name`
[INFO] [stdout]     --> piet-gpu-derive/src/lib.rs:1100:32
[INFO] [stdout]      |
[INFO] [stdout] 1100 |             GpuTypeDef::Struct(name, fields) => 4,
[INFO] [stdout]      |                                ^^^^ help: if this is intentional, prefix it with an underscore: `_name`
[INFO] [stdout]      |
[INFO] [stdout]      = note: `#[warn(unused_variables)]` on by default
[INFO] [stdout] 
[INFO] [stdout] 
[INFO] [stdout] warning: unused variable: `fields`
[INFO] [stdout]     --> piet-gpu-derive/src/lib.rs:1100:38
[INFO] [stdout]      |
[INFO] [stdout] 1100 |             GpuTypeDef::Struct(name, fields) => 4,
[INFO] [stdout]      |                                      ^^^^^^ help: if this is intentional, prefix it with an underscore: `_fields`
[INFO] [stdout] 
[INFO] [stdout] 
[INFO] [stdout] warning: unused variable: `module`
[INFO] [stdout]     --> piet-gpu-derive/src/lib.rs:1098:25
[INFO] [stdout]      |
[INFO] [stdout] 1098 |     fn alignment(&self, module: &GpuModule) -> usize {
[INFO] [stdout]      |                         ^^^^^^ help: if this is intentional, prefix it with an underscore: `_module`
[INFO] [stdout] 
[INFO] [stdout] 
[INFO] [stdout] warning: associated function is never used: `alignment`
[INFO] [stdout]     --> piet-gpu-derive/src/lib.rs:1098:8
[INFO] [stdout]      |
[INFO] [stdout] 1098 |     fn alignment(&self, module: &GpuModule) -> usize {
[INFO] [stdout]      |        ^^^^^^^^^
[INFO] [stdout]      |
[INFO] [stdout]      = note: `#[warn(dead_code)]` on by default
[INFO] [stdout] 
[INFO] [stdout] 
[INFO] [stdout] warning: 4 warnings emitted
[INFO] [stdout] 
[INFO] [stdout] 
[INFO] [stderr]     Checking piet-gpu-types v0.0.0 (/opt/rustwide/workdir/piet-gpu-types)
[INFO] [stdout] warning: unused borrow that must be used
[INFO] [stdout]   --> piet-gpu-types/src/scene.rs:3:1
[INFO] [stdout]    |
[INFO] [stdout] 3  | / piet_gpu! {
[INFO] [stdout] 4  | |     #[rust_encode]
[INFO] [stdout] 5  | |     mod scene {
[INFO] [stdout] 6  | |         struct BBox {
[INFO] [stdout] ...  |
[INFO] [stdout] 35 | |     }
[INFO] [stdout] 36 | | }
[INFO] [stdout]    | |_^
[INFO] [stdout]    |
[INFO] [stdout]    = note: `#[warn(unused_must_use)]` on by default
[INFO] [stdout]    = note: this warning originates in the macro `piet_gpu` (in Nightly builds, run with -Z macro-backtrace for more info)
[INFO] [stdout] 
[INFO] [stdout] 
[INFO] [stdout] warning: unused borrow that must be used
[INFO] [stdout]   --> piet-gpu-types/src/scene.rs:3:1
[INFO] [stdout]    |
[INFO] [stdout] 3  | / piet_gpu! {
[INFO] [stdout] 4  | |     #[rust_encode]
[INFO] [stdout] 5  | |     mod scene {
[INFO] [stdout] 6  | |         struct BBox {
[INFO] [stdout] ...  |
[INFO] [stdout] 35 | |     }
[INFO] [stdout] 36 | | }
[INFO] [stdout]    | |_^
[INFO] [stdout]    |
[INFO] [stdout]    = note: this warning originates in the macro `piet_gpu` (in Nightly builds, run with -Z macro-backtrace for more info)
[INFO] [stdout] 
[INFO] [stdout] 
[INFO] [stdout] warning: 2 warnings emitted
[INFO] [stdout] 
[INFO] [stdout] 
[INFO] [stderr]  Documenting piet-dx12 v0.0.0 (/opt/rustwide/workdir)
[INFO] [stdout] error[E0433]: failed to resolve: could not find `um` in `winapi`
[INFO] [stdout]   --> src/dx12.rs:12:19
[INFO] [stdout]    |
[INFO] [stdout] 12 | use self::winapi::um::d3dcommon::ID3DBlob;
[INFO] [stdout]    |                   ^^ could not find `um` in `winapi`
[INFO] [stdout] 
[INFO] [stdout] 
[INFO] [stdout] error[E0432]: unresolved import `winapi::shared`
[INFO] [stdout]   --> src/dx12.rs:17:13
[INFO] [stdout]    |
[INFO] [stdout] 17 | use winapi::shared::{
[INFO] [stdout]    |             ^^^^^^ could not find `shared` in `winapi`
[INFO] [stdout] 
[INFO] [stdout] 
[INFO] [stdout] error[E0432]: unresolved import `winapi::um`
[INFO] [stdout]   --> src/dx12.rs:20:13
[INFO] [stdout]    |
[INFO] [stdout] 20 | use winapi::um::{d3d12, d3d12sdklayers, d3dcommon, d3dcompiler, dxgidebug, synchapi, winnt};
[INFO] [stdout]    |             ^^ could not find `um` in `winapi`
[INFO] [stdout] 
[INFO] [stdout] 
[INFO] [stdout] error[E0432]: unresolved import `winapi::Interface`
[INFO] [stdout]   --> src/dx12.rs:21:5
[INFO] [stdout]    |
[INFO] [stdout] 21 | use winapi::Interface;
[INFO] [stdout]    |     ^^^^^^^^^^^^^^^^^ no `Interface` in the root
[INFO] [stdout] 
[INFO] [stdout] 
[INFO] [stdout] error[E0432]: unresolved import `wio::com`
[INFO] [stdout]   --> src/dx12.rs:22:10
[INFO] [stdout]    |
[INFO] [stdout] 22 | use wio::com::ComPtr;
[INFO] [stdout]    |          ^^^ could not find `com` in `wio`
[INFO] [stdout] 
[INFO] [stdout] 
[INFO] [stdout] error[E0432]: unresolved import `winapi::shared`
[INFO] [stdout]   --> src/error.rs:11:13
[INFO] [stdout]    |
[INFO] [stdout] 11 | use winapi::shared::winerror;
[INFO] [stdout]    |             ^^^^^^ could not find `shared` in `winapi`
[INFO] [stdout] 
[INFO] [stdout] 
[INFO] [stdout] error[E0432]: unresolved import `winapi::shared`
[INFO] [stdout]   --> src/gpu.rs:19:13
[INFO] [stdout]    |
[INFO] [stdout] 19 | use winapi::shared::{dxgi, dxgi1_2, dxgi1_3, dxgiformat, dxgitype, minwindef, winerror};
[INFO] [stdout]    |             ^^^^^^ could not find `shared` in `winapi`
[INFO] [stdout] 
[INFO] [stdout] 
[INFO] [stdout] error[E0432]: unresolved import `winapi::um`
[INFO] [stdout]   --> src/gpu.rs:20:13
[INFO] [stdout]    |
[INFO] [stdout] 20 | use winapi::um::{d3d12, d3dcommon};
[INFO] [stdout]    |             ^^ could not find `um` in `winapi`
[INFO] [stdout] 
[INFO] [stdout] 
[INFO] [stdout] error[E0432]: unresolved import `winapi::shared`
[INFO] [stdout]   --> src/window.rs:12:13
[INFO] [stdout]    |
[INFO] [stdout] 12 | use winapi::shared::{minwindef, ntdef, windef};
[INFO] [stdout]    |             ^^^^^^ could not find `shared` in `winapi`
[INFO] [stdout] 
[INFO] [stdout] 
[INFO] [stdout] error[E0433]: failed to resolve: could not find `windows` in `os`
[INFO] [stdout]   --> src/main.rs:38:14
[INFO] [stdout]    |
[INFO] [stdout] 38 | use std::os::windows::ffi::OsStrExt;
[INFO] [stdout]    |              ^^^^^^^ could not find `windows` in `os`
[INFO] [stdout] 
[INFO] [stdout] 
[INFO] [stdout] error[E0432]: unresolved import `winapi::um`
[INFO] [stdout]   --> src/window.rs:13:13
[INFO] [stdout]    |
[INFO] [stdout] 13 | use winapi::um::{libloaderapi, shellscalingapi, wingdi, winuser};
[INFO] [stdout]    |             ^^ could not find `um` in `winapi`
[INFO] [stdout] 
[INFO] [stdout] 
[INFO] [stdout] error: Compilation failed, aborting rustdoc
[INFO] [stdout] 
[INFO] [stdout] 
[INFO] [stdout] error: aborting due to 12 previous errors
[INFO] [stdout] 
[INFO] [stdout] 
[INFO] [stdout] Some errors have detailed explanations: E0432, E0433.
[INFO] [stdout] 
[INFO] [stdout] For more information about an error, try `rustc --explain E0432`.
[INFO] [stdout] 
[INFO] [stderr] error: could not document `piet-dx12`
[INFO] [stderr] 
[INFO] [stderr] Caused by:
[INFO] [stderr]   process didn't exit successfully: `rustdoc --edition=2018 --crate-type bin --crate-name piet_dx12 src/main.rs -o /opt/rustwide/target/doc --error-format=json --json=diagnostic-rendered-ansi --document-private-items -L dependency=/opt/rustwide/target/debug/deps --extern bitflags=/opt/rustwide/target/debug/deps/libbitflags-171b34ce03b222d5.rmeta --extern byteorder=/opt/rustwide/target/debug/deps/libbyteorder-86ffcfcb5274dd16.rmeta --extern font_rs=/opt/rustwide/target/debug/deps/libfont_rs-ea52d5116ffd5478.rmeta --extern image=/opt/rustwide/target/debug/deps/libimage-fc841f00d882df81.rmeta --extern kurbo=/opt/rustwide/target/debug/deps/libkurbo-a9cee1c55ed69357.rmeta --extern piet=/opt/rustwide/target/debug/deps/libpiet-1d23a349cd7219fc.rmeta --extern piet_gpu_derive=/opt/rustwide/target/debug/deps/libpiet_gpu_derive-71a81e2fde05a173.so --extern piet_gpu_types=/opt/rustwide/target/debug/deps/libpiet_gpu_types-c7940bcb2541c563.rmeta --extern rand=/opt/rustwide/target/debug/deps/librand-7a2d8347e19b9d56.rmeta --extern winapi=/opt/rustwide/target/debug/deps/libwinapi-db71722f4df11092.rmeta --extern wio=/opt/rustwide/target/debug/deps/libwio-8062f87efabc9fa1.rmeta --cap-lints=warn --crate-version 0.0.0` (exit status: 1)
[INFO] running `Command { std: "docker" "inspect" "47b819b59d75a2687ec16091419f41336ad9b356660d891730ffa6b0eb9913b6", kill_on_drop: false }`
[INFO] running `Command { std: "docker" "rm" "-f" "47b819b59d75a2687ec16091419f41336ad9b356660d891730ffa6b0eb9913b6", kill_on_drop: false }`
[INFO] [stdout] 47b819b59d75a2687ec16091419f41336ad9b356660d891730ffa6b0eb9913b6
